-- Table structure for table `fz6t4_schemas`
--

CREATE TABLE `fz6t4_schemas` (
  `extension_id` int NOT NULL,
  `version_id` varchar(20) CHARACTER SET utf8mb4 COLLATE utf8mb4_unicode_ci NOT NULL,
  PRIMARY KEY (`extension_id`,`version_id`)
) ENGINE=MyISAM DEFAULT CHARSET=utf8mb4 COLLATE=utf8mb4_unicode_ci;

--
-- Dumping data for table `fz6t4_schemas`
--

INSERT INTO `fz6t4_schemas` VALUES (700,'3.10.7-2022-03-18'),(10039,'4.0'),(10127,'2.0.1');

--
-- Table structure for table `fz6t4_session`
--

CREATE TABLE `fz6t4_session` (
  `session_id` varbinary(192) NOT NULL,
  `client_id` tinyint unsigned DEFAULT NULL,
  `guest` tinyint unsigned DEFAULT '1',
  `time` int NOT NULL DEFAULT '0',
  `data` mediumtext CHARACTER SET utf8mb4 COLLATE utf8mb4_unicode_ci,
  `userid` int DEFAULT '0',
  `username` varchar(150) CHARACTER SET utf8mb4 COLLATE utf8mb4_unicode_ci DEFAULT '',
  PRIMARY KEY (`session_id`),
  KEY `userid` (`userid`),
  KEY `time` (`time`),
  KEY `client_id_guest` (`client_id`,`guest`)
) ENGINE=MyISAM DEFAULT CHARSET=utf8mb4 COLLATE=utf8mb4_unicode_ci;

--
-- Dumping data for table `fz6t4_session`
--

INSERT INTO `fz6t4_session` VALUES (_binary '6a9824e834944f49825b2ca18cfe9d1a',0,1,1782326470,'joomla|s:664:\"TzoyNDoiSm9vbWxhXFJlZ2lzdHJ5XFJlZ2lzdHJ5IjozOntzOjc6IgAqAGRhdGEiO086ODoic3RkQ2xhc3MiOjE6e3M6OToiX19kZWZhdWx0IjtPOjg6InN0ZENsYXNzIjozOntzOjc6InNlc3Npb24iO086ODoic3RkQ2xhc3MiOjI6e3M6NzoiY291bnRlciI7aToyO3M6NToidGltZXIiO086ODoic3RkQ2xhc3MiOjM6e3M6NToic3RhcnQiO2k6MTc4MjMyNjQ3MDtzOjQ6Imxhc3QiO2k6MTc4MjMyNjQ3MDtzOjM6Im5vdyI7aToxNzgyMzI2NDcwO319czo4OiJyZWdpc3RyeSI7TzoyNDoiSm9vbWxhXFJlZ2lzdHJ5XFJlZ2lzdHJ5IjozOntzOjc6IgAqAGRhdGEiO086ODoic3RkQ2xhc3MiOjA6e31zOjE0OiIAKgBpbml0aWFsaXplZCI7YjowO3M6OToic2VwYXJhdG9yIjtzOjE6Ii4iO31zOjQ6InVzZXIiO086MjA6Ikpvb21sYVxDTVNcVXNlclxVc2VyIjoxOntzOjI6ImlkIjtpOjA7fX19czoxNDoiACoAaW5pdGlhbGl6ZWQiO2I6MDtzOjk6InNlcGFyYXRvciI7czoxOiIuIjt9\";',0,''),(_binary 'be2b0b58bafbbc8aecc80fcfe7141cb1',0,1,1782326522,'joomla|s:668:\"TzoyNDoiSm9vbWxhXFJlZ2lzdHJ5XFJlZ2lzdHJ5IjozOntzOjc6IgAqAGRhdGEiO086ODoic3RkQ2xhc3MiOjE6e3M6OToiX19kZWZhdWx0IjtPOjg6InN0ZENsYXNzIjozOntzOjc6InNlc3Npb24iO086ODoic3RkQ2xhc3MiOjI6e3M6NzoiY291bnRlciI7aToxMDU7czo1OiJ0aW1lciI7Tzo4OiJzdGRDbGFzcyI6Mzp7czo1OiJzdGFydCI7aToxNzgyMzI2NDcwO3M6NDoibGFzdCI7aToxNzgyMzI2NTIyO3M6Mzoibm93IjtpOjE3ODIzMjY1MjI7fX1zOjg6InJlZ2lzdHJ5IjtPOjI0OiJKb29tbGFcUmVnaXN0cnlcUmVnaXN0cnkiOjM6e3M6NzoiACoAZGF0YSI7Tzo4OiJzdGRDbGFzcyI6MDp7fXM6MTQ6IgAqAGluaXRpYWxpemVkIjtiOjA7czo5OiJzZXBhcmF0b3IiO3M6MToiLiI7fXM6NDoidXNlciI7TzoyMDoiSm9vbWxhXENNU1xVc2VyXFVzZXIiOjE6e3M6MjoiaWQiO2k6MDt9fX1zOjE0OiIAKgBpbml0aWFsaXplZCI7YjowO3M6OToic2VwYXJhdG9yIjtzOjE6Ii4iO30=\";',0,''),(_binary '7c7c75d2f44371aa23a9a50931bbfaa2',0,1,1782326525,'joomla|s:664:\"TzoyNDoiSm9vbWxhXFJlZ2lzdHJ5XFJlZ2lzdHJ5IjozOntzOjc6IgAqAGRhdGEiO086ODoic3RkQ2xhc3MiOjE6e3M6OToiX19kZWZhdWx0IjtPOjg6InN0ZENsYXNzIjozOntzOjc6InNlc3Npb24iO086ODoic3RkQ2xhc3MiOjI6e3M6NzoiY291bnRlciI7aToyO3M6NToidGltZXIiO086ODoic3RkQ2xhc3MiOjM6e3M6NToic3RhcnQiO2k6MTc4MjMyNjUyNDtzOjQ6Imxhc3QiO2k6MTc4MjMyNjUyNDtzOjM6Im5vdyI7aToxNzgyMzI2NTI1O319czo4OiJyZWdpc3RyeSI7TzoyNDoiSm9vbWxhXFJlZ2lzdHJ5XFJlZ2lzdHJ5IjozOntzOjc6IgAqAGRhdGEiO086ODoic3RkQ2xhc3MiOjA6e31zOjE0OiIAKgBpbml0aWFsaXplZCI7YjowO3M6OToic2VwYXJhdG9yIjtzOjE6Ii4iO31zOjQ6InVzZXIiO086MjA6Ikpvb21sYVxDTVNcVXNlclxVc2VyIjoxOntzOjI6ImlkIjtpOjA7fX19czoxNDoiACoAaW5pdGlhbGl6ZWQiO2I6MDtzOjk6InNlcGFyYXRvciI7czoxOiIuIjt9\";',0,''),(_binary 'c31aa402defaec1a26e0fecbe399d79a',0,1,1782326544,'joomla|s:668:\"TzoyNDoiSm9vbWxhXFJlZ2lzdHJ5XFJlZ2lzdHJ5IjozOntzOjc6IgAqAGRhdGEiO086ODoic3RkQ2xhc3MiOjE6e3M6OToiX19kZWZhdWx0IjtPOjg6InN0ZENsYXNzIjozOntzOjc6InNlc3Npb24iO086ODoic3RkQ2xhc3MiOjI6e3M6NzoiY291bnRlciI7aTozOTtzOjU6InRpbWVyIjtPOjg6InN0ZENsYXNzIjozOntzOjU6InN0YXJ0IjtpOjE3ODIzMjY1MjQ7czo0OiJsYXN0IjtpOjE3ODIzMjY1NDM7czozOiJub3ciO2k6MTc4MjMyNjU0NDt9fXM6ODoicmVnaXN0cnkiO086MjQ6Ikpvb21sYVxSZWdpc3RyeVxSZWdpc3RyeSI6Mzp7czo3OiIAKgBkYXRhIjtPOjg6InN0ZENsYXNzIjowOnt9czoxNDoiACoAaW5pdGlhbGl6ZWQiO2I6MDtzOjk6InNlcGFyYXRvciI7czoxOiIuIjt9czo0OiJ1c2VyIjtPOjIwOiJKb29tbGFcQ01TXFVzZXJcVXNlciI6MTp7czoyOiJpZCI7aTowO319fXM6MTQ6IgAqAGluaXRpYWxpemVkIjtiOjA7czo5OiJzZXBhcmF0b3IiO3M6MToiLiI7fQ==\";',0,''),(_binary 'f227e92142d6b0ed22642a7a651b96e6',0,1,1782326469,'joomla|s:668:\"TzoyNDoiSm9vbWxhXFJlZ2lzdHJ5XFJlZ2lzdHJ5IjozOntzOjc6IgAqAGRhdGEiO086ODoic3RkQ2xhc3MiOjE6e3M6OToiX19kZWZhdWx0IjtPOjg6InN0ZENsYXNzIjozOntzOjc6InNlc3Npb24iO086ODoic3RkQ2xhc3MiOjI6e3M6NzoiY291bnRlciI7aTo4ODtzOjU6InRpbWVyIjtPOjg6InN0ZENsYXNzIjozOntzOjU6InN0YXJ0IjtpOjE3ODIzMjY0MjU7czo0OiJsYXN0IjtpOjE3ODIzMjY0Njg7czozOiJub3ciO2k6MTc4MjMyNjQ2OTt9fXM6ODoicmVnaXN0cnkiO086MjQ6Ikpvb21sYVxSZWdpc3RyeVxSZWdpc3RyeSI6Mzp7czo3OiIAKgBkYXRhIjtPOjg6InN0ZENsYXNzIjowOnt9czoxNDoiACoAaW5pdGlhbGl6ZWQiO2I6MDtzOjk6InNlcGFyYXRvciI7czoxOiIuIjt9czo0OiJ1c2VyIjtPOjIwOiJKb29tbGFcQ01TXFVzZXJcVXNlciI6MTp7czoyOiJpZCI7aTowO319fXM6MTQ6IgAqAGluaXRpYWxpemVkIjtiOjA7czo5OiJzZXBhcmF0b3IiO3M6MToiLiI7fQ==\";',0,''),(_binary '8d680e87f48faf03f406f393b98dc4db',0,1,1782326426,'joomla|s:664:\"TzoyNDoiSm9vbWxhXFJlZ2lzdHJ5XFJlZ2lzdHJ5IjozOntzOjc6IgAqAGRhdGEiO086ODoic3RkQ2xhc3MiOjE6e3M6OToiX19kZWZhdWx0IjtPOjg6InN0ZENsYXNzIjozOntzOjc6InNlc3Npb24iO086ODoic3RkQ2xhc3MiOjI6e3M6NzoiY291bnRlciI7aToyO3M6NToidGltZXIiO086ODoic3RkQ2xhc3MiOjM6e3M6NToic3RhcnQiO2k6MTc4MjMyNjQyNTtzOjQ6Imxhc3QiO2k6MTc4MjMyNjQyNTtzOjM6Im5vdyI7aToxNzgyMzI2NDI1O319czo4OiJyZWdpc3RyeSI7TzoyNDoiSm9vbWxhXFJlZ2lzdHJ5XFJlZ2lzdHJ5IjozOntzOjc6IgAqAGRhdGEiO086ODoic3RkQ2xhc3MiOjA6e31zOjE0OiIAKgBpbml0aWFsaXplZCI7YjowO3M6OToic2VwYXJhdG9yIjtzOjE6Ii4iO31zOjQ6InVzZXIiO086MjA6Ikpvb21sYVxDTVNcVXNlclxVc2VyIjoxOntzOjI6ImlkIjtpOjA7fX19czoxNDoiACoAaW5pdGlhbGl6ZWQiO2I6MDtzOjk6InNlcGFyYXRvciI7czoxOiIuIjt9\";',0,''),(_binary '90703c994fc58599e58621bdab289990',0,1,1782326546,'joomla|s:664:\"TzoyNDoiSm9vbWxhXFJlZ2lzdHJ5XFJlZ2lzdHJ5IjozOntzOjc6IgAqAGRhdGEiO086ODoic3RkQ2xhc3MiOjE6e3M6OToiX19kZWZhdWx0IjtPOjg6InN0ZENsYXNzIjozOntzOjc6InNlc3Npb24iO086ODoic3RkQ2xhc3MiOjI6e3M6NzoiY291bnRlciI7aToyO3M6NToidGltZXIiO086ODoic3RkQ2xhc3MiOjM6e3M6NToic3RhcnQiO2k6MTc4MjMyNjU0NTtzOjQ6Imxhc3QiO2k6MTc4MjMyNjU0NTtzOjM6Im5vdyI7aToxNzgyMzI2NTQ2O319czo4OiJyZWdpc3RyeSI7TzoyNDoiSm9vbWxhXFJlZ2lzdHJ5XFJlZ2lzdHJ5IjozOntzOjc6IgAqAGRhdGEiO086ODoic3RkQ2xhc3MiOjA6e31zOjE0OiIAKgBpbml0aWFsaXplZCI7YjowO3M6OToic2VwYXJhdG9yIjtzOjE6Ii4iO31zOjQ6InVzZXIiO086MjA6Ikpvb21sYVxDTVNcVXNlclxVc2VyIjoxOntzOjI6ImlkIjtpOjA7fX19czoxNDoiACoAaW5pdGlhbGl6ZWQiO2I6MDtzOjk6InNlcGFyYXRvciI7czoxOiIuIjt9\";',0,''),(_binary '57f90fb2e027ae1e4be714e7394c5aa3',0,1,1782326591,'joomla|s:668:\"TzoyNDoiSm9vbWxhXFJlZ2lzdHJ5XFJlZ2lzdHJ5IjozOntzOjc6IgAqAGRhdGEiO086ODoic3RkQ2xhc3MiOjE6e3M6OToiX19kZWZhdWx0IjtPOjg6InN0ZENsYXNzIjozOntzOjc6InNlc3Npb24iO086ODoic3RkQ2xhc3MiOjI6e3M6NzoiY291bnRlciI7aTo5NDtzOjU6InRpbWVyIjtPOjg6InN0ZENsYXNzIjozOntzOjU6InN0YXJ0IjtpOjE3ODIzMjY1NDY7czo0OiJsYXN0IjtpOjE3ODIzMjY1OTA7czozOiJub3ciO2k6MTc4MjMyNjU5MDt9fXM6ODoicmVnaXN0cnkiO086MjQ6Ikpvb21sYVxSZWdpc3RyeVxSZWdpc3RyeSI6Mzp7czo3OiIAKgBkYXRhIjtPOjg6InN0ZENsYXNzIjowOnt9czoxNDoiACoAaW5pdGlhbGl6ZWQiO2I6MDtzOjk6InNlcGFyYXRvciI7czoxOiIuIjt9czo0OiJ1c2VyIjtPOjIwOiJKb29tbGFcQ01TXFVzZXJcVXNlciI6MTp7czoyOiJpZCI7aTowO319fXM6MTQ6IgAqAGluaXRpYWxpemVkIjtiOjA7czo5OiJzZXBhcmF0b3IiO3M6MToiLiI7fQ==\";',0,''),(_binary '0ab6d74aee99c8120173031ccfd8f48d',0,1,1782326593,'joomla|s:664:\"TzoyNDoiSm9vbWxhXFJlZ2lzdHJ5XFJlZ2lzdHJ5IjozOntzOjc6IgAqAGRhdGEiO086ODoic3RkQ2xhc3MiOjE6e3M6OToiX19kZWZhdWx0IjtPOjg6InN0ZENsYXNzIjozOntzOjc6InNlc3Npb24iO086ODoic3RkQ2xhc3MiOjI6e3M6NzoiY291bnRlciI7aToyO3M6NToidGltZXIiO086ODoic3RkQ2xhc3MiOjM6e3M6NToic3RhcnQiO2k6MTc4MjMyNjU5MjtzOjQ6Imxhc3QiO2k6MTc4MjMyNjU5MjtzOjM6Im5vdyI7aToxNzgyMzI2NTkyO319czo4OiJyZWdpc3RyeSI7TzoyNDoiSm9vbWxhXFJlZ2lzdHJ5XFJlZ2lzdHJ5IjozOntzOjc6IgAqAGRhdGEiO086ODoic3RkQ2xhc3MiOjA6e31zOjE0OiIAKgBpbml0aWFsaXplZCI7YjowO3M6OToic2VwYXJhdG9yIjtzOjE6Ii4iO31zOjQ6InVzZXIiO086MjA6Ikpvb21sYVxDTVNcVXNlclxVc2VyIjoxOntzOjI6ImlkIjtpOjA7fX19czoxNDoiACoAaW5pdGlhbGl6ZWQiO2I6MDtzOjk6InNlcGFyYXRvciI7czoxOiIuIjt9\";',0,''),(_binary 'c718e8ba7cad6f3b5d93957f5804c737',0,1,1782326697,'joomla|s:668:\"TzoyNDoiSm9vbWxhXFJlZ2lzdHJ5XFJlZ2lzdHJ5IjozOntzOjc6IgAqAGRhdGEiO086ODoic3RkQ2xhc3MiOjE6e3M6OToiX19kZWZhdWx0IjtPOjg6InN0ZENsYXNzIjozOntzOjc6InNlc3Npb24iO086ODoic3RkQ2xhc3MiOjI6e3M6NzoiY291bnRlciI7aToxMDY7czo1OiJ0aW1lciI7Tzo4OiJzdGRDbGFzcyI6Mzp7czo1OiJzdGFydCI7aToxNzgyMzI2NTkyO3M6NDoibGFzdCI7aToxNzgyMzI2Njk3O3M6Mzoibm93IjtpOjE3ODIzMjY2OTc7fX1zOjg6InJlZ2lzdHJ5IjtPOjI0OiJKb29tbGFcUmVnaXN0cnlcUmVnaXN0cnkiOjM6e3M6NzoiACoAZGF0YSI7Tzo4OiJzdGRDbGFzcyI6MDp7fXM6MTQ6IgAqAGluaXRpYWxpemVkIjtiOjA7czo5OiJzZXBhcmF0b3IiO3M6MToiLiI7fXM6NDoidXNlciI7TzoyMDoiSm9vbWxhXENNU1xVc2VyXFVzZXIiOjE6e3M6MjoiaWQiO2k6MDt9fX1zOjE0OiIAKgBpbml0aWFsaXplZCI7YjowO3M6OToic2VwYXJhdG9yIjtzOjE6Ii4iO30=\";',0,''),(_binary 'a81b62b2c0ebdc35c8402132503d352e',0,1,1782326623,'joomla|s:664:\"TzoyNDoiSm9vbWxhXFJlZ2lzdHJ5XFJlZ2lzdHJ5IjozOntzOjc6IgAqAGRhdGEiO086ODoic3RkQ2xhc3MiOjE6e3M6OToiX19kZWZhdWx0IjtPOjg6InN0ZENsYXNzIjozOntzOjc6InNlc3Npb24iO086ODoic3RkQ2xhc3MiOjI6e3M6NzoiY291bnRlciI7aToyO3M6NToidGltZXIiO086ODoic3RkQ2xhc3MiOjM6e3M6NToic3RhcnQiO2k6MTc4MjMyNjYyMjtzOjQ6Imxhc3QiO2k6MTc4MjMyNjYyMjtzOjM6Im5vdyI7aToxNzgyMzI2NjIyO319czo4OiJyZWdpc3RyeSI7TzoyNDoiSm9vbWxhXFJlZ2lzdHJ5XFJlZ2lzdHJ5IjozOntzOjc6IgAqAGRhdGEiO086ODoic3RkQ2xhc3MiOjA6e31zOjE0OiIAKgBpbml0aWFsaXplZCI7YjowO3M6OToic2VwYXJhdG9yIjtzOjE6Ii4iO31zOjQ6InVzZXIiO086MjA6Ikpvb21sYVxDTVNcVXNlclxVc2VyIjoxOntzOjI6ImlkIjtpOjA7fX19czoxNDoiACoAaW5pdGlhbGl6ZWQiO2I6MDtzOjk6InNlcGFyYXRvciI7czoxOiIuIjt9\";',0,''),(_binary 'a60a74a63710fb4c18eb1666fa76839a',0,1,1782326674,'joomla|s:668:\"TzoyNDoiSm9vbWxhXFJlZ2lzdHJ5XFJlZ2lzdHJ5IjozOntzOjc6IgAqAGRhdGEiO086ODoic3RkQ2xhc3MiOjE6e3M6OToiX19kZWZhdWx0IjtPOjg6InN0ZENsYXNzIjozOntzOjc6InNlc3Npb24iO086ODoic3RkQ2xhc3MiOjI6e3M6NzoiY291bnRlciI7aToxMDM7czo1OiJ0aW1lciI7Tzo4OiJzdGRDbGFzcyI6Mzp7czo1OiJzdGFydCI7aToxNzgyMzI2NjIyO3M6NDoibGFzdCI7aToxNzgyMzI2NjczO3M6Mzoibm93IjtpOjE3ODIzMjY2NzQ7fX1zOjg6InJlZ2lzdHJ5IjtPOjI0OiJKb29tbGFcUmVnaXN0cnlcUmVnaXN0cnkiOjM6e3M6NzoiACoAZGF0YSI7Tzo4OiJzdGRDbGFzcyI6MDp7fXM6MTQ6IgAqAGluaXRpYWxpemVkIjtiOjA7czo5OiJzZXBhcmF0b3IiO3M6MToiLiI7fXM6NDoidXNlciI7TzoyMDoiSm9vbWxhXENNU1xVc2VyXFVzZXIiOjE6e3M6MjoiaWQiO2k6MDt9fX1zOjE0OiIAKgBpbml0aWFsaXplZCI7YjowO3M6OToic2VwYXJhdG9yIjtzOjE6Ii4iO30=\";',0,''),(_binary '0d2c653c397143aade5bb3de12631079',0,1,1782326647,'joomla|s:664:\"TzoyNDoiSm9vbWxhXFJlZ2lzdHJ5XFJlZ2lzdHJ5IjozOntzOjc6IgAqAGRhdGEiO086ODoic3RkQ2xhc3MiOjE6e3M6OToiX19kZWZhdWx0IjtPOjg6InN0ZENsYXNzIjozOntzOjc6InNlc3Npb24iO086ODoic3RkQ2xhc3MiOjI6e3M6NzoiY291bnRlciI7aToyO3M6NToidGltZXIiO086ODoic3RkQ2xhc3MiOjM6e3M6NToic3RhcnQiO2k6MTc4MjMyNjY0NTtzOjQ6Imxhc3QiO2k6MTc4MjMyNjY0NTtzOjM6Im5vdyI7aToxNzgyMzI2NjQ3O319czo4OiJyZWdpc3RyeSI7TzoyNDoiSm9vbWxhXFJlZ2lzdHJ5XFJlZ2lzdHJ5IjozOntzOjc6IgAqAGRhdGEiO086ODoic3RkQ2xhc3MiOjA6e31zOjE0OiIAKgBpbml0aWFsaXplZCI7YjowO3M6OToic2VwYXJhdG9yIjtzOjE6Ii4iO31zOjQ6InVzZXIiO086MjA6Ikpvb21sYVxDTVNcVXNlclxVc2VyIjoxOntzOjI6ImlkIjtpOjA7fX19czoxNDoiACoAaW5pdGlhbGl6ZWQiO2I6MDtzOjk6InNlcGFyYXRvciI7czoxOiIuIjt9\";',0,''),(_binary 'b83dce42acc9d2e7e9485bef1bfb1b3f',0,1,1782326662,'joomla|s:736:\"TzoyNDoiSm9vbWxhXFJlZ2lzdHJ5XFJlZ2lzdHJ5IjozOntzOjc6IgAqAGRhdGEiO086ODoic3RkQ2xhc3MiOjE6e3M6OToiX19kZWZhdWx0IjtPOjg6InN0ZENsYXNzIjozOntzOjc6InNlc3Npb24iO086ODoic3RkQ2xhc3MiOjM6e3M6NzoiY291bnRlciI7aToxO3M6NToidGltZXIiO086ODoic3RkQ2xhc3MiOjM6e3M6NToic3RhcnQiO2k6MTc4MjMyNjY2MjtzOjQ6Imxhc3QiO2k6MTc4MjMyNjY2MjtzOjM6Im5vdyI7aToxNzgyMzI2NjYyO31zOjU6InRva2VuIjtzOjMyOiJoOVlxYVlnUjJUWURjRU55emo4QTVFTVhDdEFBR2l0dSI7fXM6ODoicmVnaXN0cnkiO086MjQ6Ikpvb21sYVxSZWdpc3RyeVxSZWdpc3RyeSI6Mzp7czo3OiIAKgBkYXRhIjtPOjg6InN0ZENsYXNzIjowOnt9czoxNDoiACoAaW5pdGlhbGl6ZWQiO2I6MDtzOjk6InNlcGFyYXRvciI7czoxOiIuIjt9czo0OiJ1c2VyIjtPOjIwOiJKb29tbGFcQ01TXFVzZXJcVXNlciI6MTp7czoyOiJpZCI7aTowO319fXM6MTQ6IgAqAGluaXRpYWxpemVkIjtiOjA7czo5OiJzZXBhcmF0b3IiO3M6MToiLiI7fQ==\";',0,''),(_binary 'd96b27122690a338bcb9e9565ea544e1',0,1,1782326671,'joomla|s:736:\"TzoyNDoiSm9vbWxhXFJlZ2lzdHJ5XFJlZ2lzdHJ5IjozOntzOjc6IgAqAGRhdGEiO086ODoic3RkQ2xhc3MiOjE6e3M6OToiX19kZWZhdWx0IjtPOjg6InN0ZENsYXNzIjozOntzOjc6InNlc3Npb24iO086ODoic3RkQ2xhc3MiOjM6e3M6NzoiY291bnRlciI7aTozO3M6NToidGltZXIiO086ODoic3RkQ2xhc3MiOjM6e3M6NToic3RhcnQiO2k6MTc4MjMyNjY2NDtzOjQ6Imxhc3QiO2k6MTc4MjMyNjY2NTtzOjM6Im5vdyI7aToxNzgyMzI2NjcxO31zOjU6InRva2VuIjtzOjMyOiJvMmlyamRTNWVIdmRtcTdsN1pzcWhic1dUZFhySk1nViI7fXM6ODoicmVnaXN0cnkiO086MjQ6Ikpvb21sYVxSZWdpc3RyeVxSZWdpc3RyeSI6Mzp7czo3OiIAKgBkYXRhIjtPOjg6InN0ZENsYXNzIjowOnt9czoxNDoiACoAaW5pdGlhbGl6ZWQiO2I6MDtzOjk6InNlcGFyYXRvciI7czoxOiIuIjt9czo0OiJ1c2VyIjtPOjIwOiJKb29tbGFcQ01TXFVzZXJcVXNlciI6MTp7czoyOiJpZCI7aTowO319fXM6MTQ6IgAqAGluaXRpYWxpemVkIjtiOjA7czo5OiJzZXBhcmF0b3IiO3M6MToiLiI7fQ==\";',0,''),(_binary '12fff5c92af8ba7d703deff59d510c54',0,1,1782326698,'joomla|s:664:\"TzoyNDoiSm9vbWxhXFJlZ2lzdHJ5XFJlZ2lzdHJ5IjozOntzOjc6IgAqAGRhdGEiO086ODoic3RkQ2xhc3MiOjE6e3M6OToiX19kZWZhdWx0IjtPOjg6InN0ZENsYXNzIjozOntzOjc6InNlc3Npb24iO086ODoic3RkQ2xhc3MiOjI6e3M6NzoiY291bnRlciI7aToyO3M6NToidGltZXIiO086ODoic3RkQ2xhc3MiOjM6e3M6NToic3RhcnQiO2k6MTc4MjMyNjY5ODtzOjQ6Imxhc3QiO2k6MTc4MjMyNjY5ODtzOjM6Im5vdyI7aToxNzgyMzI2Njk4O319czo4OiJyZWdpc3RyeSI7TzoyNDoiSm9vbWxhXFJlZ2lzdHJ5XFJlZ2lzdHJ5IjozOntzOjc6IgAqAGRhdGEiO086ODoic3RkQ2xhc3MiOjA6e31zOjE0OiIAKgBpbml0aWFsaXplZCI7YjowO3M6OToic2VwYXJhdG9yIjtzOjE6Ii4iO31zOjQ6InVzZXIiO086MjA6Ikpvb21sYVxDTVNcVXNlclxVc2VyIjoxOntzOjI6ImlkIjtpOjA7fX19czoxNDoiACoAaW5pdGlhbGl6ZWQiO2I6MDtzOjk6InNlcGFyYXRvciI7czoxOiIuIjt9\";',0,''),(_binary '191167dc22f4ad9ce9d95001d3126700',0,1,1782326728,'joomla|s:668:\"TzoyNDoiSm9vbWxhXFJlZ2lzdHJ5XFJlZ2lzdHJ5IjozOntzOjc6IgAqAGRhdGEiO086ODoic3RkQ2xhc3MiOjE6e3M6OToiX19kZWZhdWx0IjtPOjg6InN0ZENsYXNzIjozOntzOjc6InNlc3Npb24iO086ODoic3RkQ2xhc3MiOjI6e3M6NzoiY291bnRlciI7aTo1OTtzOjU6InRpbWVyIjtPOjg6InN0ZENsYXNzIjozOntzOjU6InN0YXJ0IjtpOjE3ODIzMjY2OTg7czo0OiJsYXN0IjtpOjE3ODIzMjY3Mjc7czozOiJub3ciO2k6MTc4MjMyNjcyODt9fXM6ODoicmVnaXN0cnkiO086MjQ6Ikpvb21sYVxSZWdpc3RyeVxSZWdpc3RyeSI6Mzp7czo3OiIAKgBkYXRhIjtPOjg6InN0ZENsYXNzIjowOnt9czoxNDoiACoAaW5pdGlhbGl6ZWQiO2I6MDtzOjk6InNlcGFyYXRvciI7czoxOiIuIjt9czo0OiJ1c2VyIjtPOjIwOiJKb29tbGFcQ01TXFVzZXJcVXNlciI6MTp7czoyOiJpZCI7aTowO319fXM6MTQ6IgAqAGluaXRpYWxpemVkIjtiOjA7czo5OiJzZXBhcmF0b3IiO3M6MToiLiI7fQ==\";',0,''),(_binary 'a7ae9e085cb3391b25bbeeae1b7d5a27',0,1,1782326729,'joomla|s:664:\"TzoyNDoiSm9vbWxhXFJlZ2lzdHJ5XFJlZ2lzdHJ5IjozOntzOjc6IgAqAGRhdGEiO086ODoic3RkQ2xhc3MiOjE6e3M6OToiX19kZWZhdWx0IjtPOjg6InN0ZENsYXNzIjozOntzOjc6InNlc3Npb24iO086ODoic3RkQ2xhc3MiOjI6e3M6NzoiY291bnRlciI7aToyO3M6NToidGltZXIiO086ODoic3RkQ2xhc3MiOjM6e3M6NToic3RhcnQiO2k6MTc4MjMyNjcyODtzOjQ6Imxhc3QiO2k6MTc4MjMyNjcyODtzOjM6Im5vdyI7aToxNzgyMzI2NzI4O319czo4OiJyZWdpc3RyeSI7TzoyNDoiSm9vbWxhXFJlZ2lzdHJ5XFJlZ2lzdHJ5IjozOntzOjc6IgAqAGRhdGEiO086ODoic3RkQ2xhc3MiOjA6e31zOjE0OiIAKgBpbml0aWFsaXplZCI7YjowO3M6OToic2VwYXJhdG9yIjtzOjE6Ii4iO31zOjQ6InVzZXIiO086MjA6Ikpvb21sYVxDTVNcVXNlclxVc2VyIjoxOntzOjI6ImlkIjtpOjA7fX19czoxNDoiACoAaW5pdGlhbGl6ZWQiO2I6MDtzOjk6InNlcGFyYXRvciI7czoxOiIuIjt9\";',0,''),(_binary '543ddf990dd77f4c65fb6d3ad98356bc',0,1,1782326779,'joomla|s:668:\"TzoyNDoiSm9vbWxhXFJlZ2lzdHJ5XFJlZ2lzdHJ5IjozOntzOjc6IgAqAGRhdGEiO086ODoic3RkQ2xhc3MiOjE6e3M6OToiX19kZWZhdWx0IjtPOjg6InN0ZENsYXNzIjozOntzOjc6InNlc3Npb24iO086ODoic3RkQ2xhc3MiOjI6e3M6NzoiY291bnRlciI7aToxMDU7czo1OiJ0aW1lciI7Tzo4OiJzdGRDbGFzcyI6Mzp7czo1OiJzdGFydCI7aToxNzgyMzI2NzI4O3M6NDoibGFzdCI7aToxNzgyMzI2Nzc5O3M6Mzoibm93IjtpOjE3ODIzMjY3Nzk7fX1zOjg6InJlZ2lzdHJ5IjtPOjI0OiJKb29tbGFcUmVnaXN0cnlcUmVnaXN0cnkiOjM6e3M6NzoiACoAZGF0YSI7Tzo4OiJzdGRDbGFzcyI6MDp7fXM6MTQ6IgAqAGluaXRpYWxpemVkIjtiOjA7czo5OiJzZXBhcmF0b3IiO3M6MToiLiI7fXM6NDoidXNlciI7TzoyMDoiSm9vbWxhXENNU1xVc2VyXFVzZXIiOjE6e3M6MjoiaWQiO2k6MDt9fX1zOjE0OiIAKgBpbml0aWFsaXplZCI7YjowO3M6OToic2VwYXJhdG9yIjtzOjE6Ii4iO30=\";',0,''),(_binary '30c073b59d5fa293fca15753100f485f',1,1,1782326742,'joomla|s:736:\"TzoyNDoiSm9vbWxhXFJlZ2lzdHJ5XFJlZ2lzdHJ5IjozOntzOjc6IgAqAGRhdGEiO086ODoic3RkQ2xhc3MiOjE6e3M6OToiX19kZWZhdWx0IjtPOjg6InN0ZENsYXNzIjozOntzOjc6InNlc3Npb24iO086ODoic3RkQ2xhc3MiOjM6e3M6NzoiY291bnRlciI7aToxO3M6NToidGltZXIiO086ODoic3RkQ2xhc3MiOjM6e3M6NToic3RhcnQiO2k6MTc4MjMyNjc0MjtzOjQ6Imxhc3QiO2k6MTc4MjMyNjc0MjtzOjM6Im5vdyI7aToxNzgyMzI2NzQyO31zOjU6InRva2VuIjtzOjMyOiI1Wkl3TTc1QjZ6ZFZxd2dTNVVJYmF2NHFpNHNEMEtQQiI7fXM6ODoicmVnaXN0cnkiO086MjQ6Ikpvb21sYVxSZWdpc3RyeVxSZWdpc3RyeSI6Mzp7czo3OiIAKgBkYXRhIjtPOjg6InN0ZENsYXNzIjowOnt9czoxNDoiACoAaW5pdGlhbGl6ZWQiO2I6MDtzOjk6InNlcGFyYXRvciI7czoxOiIuIjt9czo0OiJ1c2VyIjtPOjIwOiJKb29tbGFcQ01TXFVzZXJcVXNlciI6MTp7czoyOiJpZCI7aTowO319fXM6MTQ6IgAqAGluaXRpYWxpemVkIjtiOjA7czo5OiJzZXBhcmF0b3IiO3M6MToiLiI7fQ==\";',0,''),(_binary 'b94e6a79a5757746819b59b9b2a68480',0,1,1782326781,'joomla|s:664:\"TzoyNDoiSm9vbWxhXFJlZ2lzdHJ5XFJlZ2lzdHJ5IjozOntzOjc6IgAqAGRhdGEiO086ODoic3RkQ2xhc3MiOjE6e3M6OToiX19kZWZhdWx0IjtPOjg6InN0ZENsYXNzIjozOntzOjc6InNlc3Npb24iO086ODoic3RkQ2xhc3MiOjI6e3M6NzoiY291bnRlciI7aToyO3M6NToidGltZXIiO086ODoic3RkQ2xhc3MiOjM6e3M6NToic3RhcnQiO2k6MTc4MjMyNjc4MDtzOjQ6Imxhc3QiO2k6MTc4MjMyNjc4MDtzOjM6Im5vdyI7aToxNzgyMzI2NzgxO319czo4OiJyZWdpc3RyeSI7TzoyNDoiSm9vbWxhXFJlZ2lzdHJ5XFJlZ2lzdHJ5IjozOntzOjc6IgAqAGRhdGEiO086ODoic3RkQ2xhc3MiOjA6e31zOjE0OiIAKgBpbml0aWFsaXplZCI7YjowO3M6OToic2VwYXJhdG9yIjtzOjE6Ii4iO31zOjQ6InVzZXIiO086MjA6Ikpvb21sYVxDTVNcVXNlclxVc2VyIjoxOntzOjI6ImlkIjtpOjA7fX19czoxNDoiACoAaW5pdGlhbGl6ZWQiO2I6MDtzOjk6InNlcGFyYXRvciI7czoxOiIuIjt9\";',0,''),(_binary 'cc3a5febfc35cdade1d33c0b172a02b8',0,1,1782326787,'joomla|s:668:\"TzoyNDoiSm9vbWxhXFJlZ2lzdHJ5XFJlZ2lzdHJ5IjozOntzOjc6IgAqAGRhdGEiO086ODoic3RkQ2xhc3MiOjE6e3M6OToiX19kZWZhdWx0IjtPOjg6InN0ZENsYXNzIjozOntzOjc6InNlc3Npb24iO086ODoic3RkQ2xhc3MiOjI6e3M6NzoiY291bnRlciI7aToxODtzOjU6InRpbWVyIjtPOjg6InN0ZENsYXNzIjozOntzOjU6InN0YXJ0IjtpOjE3ODIzMjY3ODA7czo0OiJsYXN0IjtpOjE3ODIzMjY3ODY7czozOiJub3ciO2k6MTc4MjMyNjc4Nzt9fXM6ODoicmVnaXN0cnkiO086MjQ6Ikpvb21sYVxSZWdpc3RyeVxSZWdpc3RyeSI6Mzp7czo3OiIAKgBkYXRhIjtPOjg6InN0ZENsYXNzIjowOnt9czoxNDoiACoAaW5pdGlhbGl6ZWQiO2I6MDtzOjk6InNlcGFyYXRvciI7czoxOiIuIjt9czo0OiJ1c2VyIjtPOjIwOiJKb29tbGFcQ01TXFVzZXJcVXNlciI6MTp7czoyOiJpZCI7aTowO319fXM6MTQ6IgAqAGluaXRpYWxpemVkIjtiOjA7czo5OiJzZXBhcmF0b3IiO3M6MToiLiI7fQ==\";',0,''),(_binary '6c849776214417cca61d54c4b0b8d1bc',0,1,1782326789,'joomla|s:664:\"TzoyNDoiSm9vbWxhXFJlZ2lzdHJ5XFJlZ2lzdHJ5IjozOntzOjc6IgAqAGRhdGEiO086ODoic3RkQ2xhc3MiOjE6e3M6OToiX19kZWZhdWx0IjtPOjg6InN0ZENsYXNzIjozOntzOjc6InNlc3Npb24iO086ODoic3RkQ2xhc3MiOjI6e3M6NzoiY291bnRlciI7aToyO3M6NToidGltZXIiO086ODoic3RkQ2xhc3MiOjM6e3M6NToic3RhcnQiO2k6MTc4MjMyNjc4OTtzOjQ6Imxhc3QiO2k6MTc4MjMyNjc4OTtzOjM6Im5vdyI7aToxNzgyMzI2Nzg5O319czo4OiJyZWdpc3RyeSI7TzoyNDoiSm9vbWxhXFJlZ2lzdHJ5XFJlZ2lzdHJ5IjozOntzOjc6IgAqAGRhdGEiO086ODoic3RkQ2xhc3MiOjA6e31zOjE0OiIAKgBpbml0aWFsaXplZCI7YjowO3M6OToic2VwYXJhdG9yIjtzOjE6Ii4iO31zOjQ6InVzZXIiO086MjA6Ikpvb21sYVxDTVNcVXNlclxVc2VyIjoxOntzOjI6ImlkIjtpOjA7fX19czoxNDoiACoAaW5pdGlhbGl6ZWQiO2I6MDtzOjk6InNlcGFyYXRvciI7czoxOiIuIjt9\";',0,''),(_binary '634977467fe207a81899e59e0a8d6bf6',0,1,1782326819,'joomla|s:668:\"TzoyNDoiSm9vbWxhXFJlZ2lzdHJ5XFJlZ2lzdHJ5IjozOntzOjc6IgAqAGRhdGEiO086ODoic3RkQ2xhc3MiOjE6e3M6OToiX19kZWZhdWx0IjtPOjg6InN0ZENsYXNzIjozOntzOjc6InNlc3Npb24iO086ODoic3RkQ2xhc3MiOjI6e3M6NzoiY291bnRlciI7aTo2NjtzOjU6InRpbWVyIjtPOjg6InN0ZENsYXNzIjozOntzOjU6InN0YXJ0IjtpOjE3ODIzMjY3ODk7czo0OiJsYXN0IjtpOjE3ODIzMjY4MTk7czozOiJub3ciO2k6MTc4MjMyNjgxOTt9fXM6ODoicmVnaXN0cnkiO086MjQ6Ikpvb21sYVxSZWdpc3RyeVxSZWdpc3RyeSI6Mzp7czo3OiIAKgBkYXRhIjtPOjg6InN0ZENsYXNzIjowOnt9czoxNDoiACoAaW5pdGlhbGl6ZWQiO2I6MDtzOjk6InNlcGFyYXRvciI7czoxOiIuIjt9czo0OiJ1c2VyIjtPOjIwOiJKb29tbGFcQ01TXFVzZXJcVXNlciI6MTp7czoyOiJpZCI7aTowO319fXM6MTQ6IgAqAGluaXRpYWxpemVkIjtiOjA7czo5OiJzZXBhcmF0b3IiO3M6MToiLiI7fQ==\";',0,''),(_binary '0ff71063114bf14361c457fa4ec69527',0,1,1782326821,'joomla|s:664:\"TzoyNDoiSm9vbWxhXFJlZ2lzdHJ5XFJlZ2lzdHJ5IjozOntzOjc6IgAqAGRhdGEiO086ODoic3RkQ2xhc3MiOjE6e3M6OToiX19kZWZhdWx0IjtPOjg6InN0ZENsYXNzIjozOntzOjc6InNlc3Npb24iO086ODoic3RkQ2xhc3MiOjI6e3M6NzoiY291bnRlciI7aToyO3M6NToidGltZXIiO086ODoic3RkQ2xhc3MiOjM6e3M6NToic3RhcnQiO2k6MTc4MjMyNjgyMTtzOjQ6Imxhc3QiO2k6MTc4MjMyNjgyMTtzOjM6Im5vdyI7aToxNzgyMzI2ODIxO319czo4OiJyZWdpc3RyeSI7TzoyNDoiSm9vbWxhXFJlZ2lzdHJ5XFJlZ2lzdHJ5IjozOntzOjc6IgAqAGRhdGEiO086ODoic3RkQ2xhc3MiOjA6e31zOjE0OiIAKgBpbml0aWFsaXplZCI7YjowO3M6OToic2VwYXJhdG9yIjtzOjE6Ii4iO31zOjQ6InVzZXIiO086MjA6Ikpvb21sYVxDTVNcVXNlclxVc2VyIjoxOntzOjI6ImlkIjtpOjA7fX19czoxNDoiACoAaW5pdGlhbGl6ZWQiO2I6MDtzOjk6InNlcGFyYXRvciI7czoxOiIuIjt9\";',0,''),(_binary 'ead44092ad6529f6158bdb471499e1ab',0,1,1782326873,'joomla|s:668:\"TzoyNDoiSm9vbWxhXFJlZ2lzdHJ5XFJlZ2lzdHJ5IjozOntzOjc6IgAqAGRhdGEiO086ODoic3RkQ2xhc3MiOjE6e3M6OToiX19kZWZhdWx0IjtPOjg6InN0ZENsYXNzIjozOntzOjc6InNlc3Npb24iO086ODoic3RkQ2xhc3MiOjI6e3M6NzoiY291bnRlciI7aToxMDY7czo1OiJ0aW1lciI7Tzo4OiJzdGRDbGFzcyI6Mzp7czo1OiJzdGFydCI7aToxNzgyMzI2ODIxO3M6NDoibGFzdCI7aToxNzgyMzI2ODcyO3M6Mzoibm93IjtpOjE3ODIzMjY4NzI7fX1zOjg6InJlZ2lzdHJ5IjtPOjI0OiJKb29tbGFcUmVnaXN0cnlcUmVnaXN0cnkiOjM6e3M6NzoiACoAZGF0YSI7Tzo4OiJzdGRDbGFzcyI6MDp7fXM6MTQ6IgAqAGluaXRpYWxpemVkIjtiOjA7czo5OiJzZXBhcmF0b3IiO3M6MToiLiI7fXM6NDoidXNlciI7TzoyMDoiSm9vbWxhXENNU1xVc2VyXFVzZXIiOjE6e3M6MjoiaWQiO2k6MDt9fX1zOjE0OiIAKgBpbml0aWFsaXplZCI7YjowO3M6OToic2VwYXJhdG9yIjtzOjE6Ii4iO30=\";',0,''),(_binary 'c6b770ba66a05f29846e13ae36edcf28',0,1,1782326874,'joomla|s:664:\"TzoyNDoiSm9vbWxhXFJlZ2lzdHJ5XFJlZ2lzdHJ5IjozOntzOjc6IgAqAGRhdGEiO086ODoic3RkQ2xhc3MiOjE6e3M6OToiX19kZWZhdWx0IjtPOjg6InN0ZENsYXNzIjozOntzOjc6InNlc3Npb24iO086ODoic3RkQ2xhc3MiOjI6e3M6NzoiY291bnRlciI7aToyO3M6NToidGltZXIiO086ODoic3RkQ2xhc3MiOjM6e3M6NToic3RhcnQiO2k6MTc4MjMyNjg3MztzOjQ6Imxhc3QiO2k6MTc4MjMyNjg3MztzOjM6Im5vdyI7aToxNzgyMzI2ODc0O319czo4OiJyZWdpc3RyeSI7TzoyNDoiSm9vbWxhXFJlZ2lzdHJ5XFJlZ2lzdHJ5IjozOntzOjc6IgAqAGRhdGEiO086ODoic3RkQ2xhc3MiOjA6e31zOjE0OiIAKgBpbml0aWFsaXplZCI7YjowO3M6OToic2VwYXJhdG9yIjtzOjE6Ii4iO31zOjQ6InVzZXIiO086MjA6Ikpvb21sYVxDTVNcVXNlclxVc2VyIjoxOntzOjI6ImlkIjtpOjA7fX19czoxNDoiACoAaW5pdGlhbGl6ZWQiO2I6MDtzOjk6InNlcGFyYXRvciI7czoxOiIuIjt9\";',0,''),(_binary 'ff3fc146b9c9eeaa8a3612264dcf2380',0,1,1782326900,'joomla|s:668:\"TzoyNDoiSm9vbWxhXFJlZ2lzdHJ5XFJlZ2lzdHJ5IjozOntzOjc6IgAqAGRhdGEiO086ODoic3RkQ2xhc3MiOjE6e3M6OToiX19kZWZhdWx0IjtPOjg6InN0ZENsYXNzIjozOntzOjc6InNlc3Npb24iO086ODoic3RkQ2xhc3MiOjI6e3M6NzoiY291bnRlciI7aTo1NDtzOjU6InRpbWVyIjtPOjg6InN0ZENsYXNzIjozOntzOjU6InN0YXJ0IjtpOjE3ODIzMjY4NzM7czo0OiJsYXN0IjtpOjE3ODIzMjY4OTk7czozOiJub3ciO2k6MTc4MjMyNjkwMDt9fXM6ODoicmVnaXN0cnkiO086MjQ6Ikpvb21sYVxSZWdpc3RyeVxSZWdpc3RyeSI6Mzp7czo3OiIAKgBkYXRhIjtPOjg6InN0ZENsYXNzIjowOnt9czoxNDoiACoAaW5pdGlhbGl6ZWQiO2I6MDtzOjk6InNlcGFyYXRvciI7czoxOiIuIjt9czo0OiJ1c2VyIjtPOjIwOiJKb29tbGFcQ01TXFVzZXJcVXNlciI6MTp7czoyOiJpZCI7aTowO319fXM6MTQ6IgAqAGluaXRpYWxpemVkIjtiOjA7czo5OiJzZXBhcmF0b3IiO3M6MToiLiI7fQ==\";',0,'');

--
-- Table structure for table `fz6t4_tags`
--

CREATE TABLE `fz6t4_tags` (
  `id` int unsigned NOT NULL AUTO_INCREMENT,
  `parent_id` int unsigned NOT NULL DEFAULT '0',
  `lft` int NOT NULL DEFAULT '0',
  `rgt` int NOT NULL DEFAULT '0',
  `level` int unsigned NOT NULL DEFAULT '0',
  `path` varchar(400) CHARACTER SET utf8mb4 COLLATE utf8mb4_unicode_ci NOT NULL DEFAULT '',
  `title` varchar(255) CHARACTER SET utf8mb4 COLLATE utf8mb4_unicode_ci NOT NULL,
  `alias` varchar(400) CHARACTER SET utf8mb4 COLLATE utf8mb4_bin NOT NULL DEFAULT '',
  `note` varchar(255) CHARACTER SET utf8mb4 COLLATE utf8mb4_unicode_ci NOT NULL DEFAULT '',
  `description` longtext CHARACTER SET utf8mb4 COLLATE utf8mb4_unicode_ci NOT NULL,
  `published` tinyint(1) NOT NULL DEFAULT '0',
  `checked_out` int unsigned NOT NULL DEFAULT '0',
  `checked_out_time` datetime NOT NULL DEFAULT '0000-00-00 00:00:00',
  `access` int unsigned NOT NULL DEFAULT '0',
  `params` mediumtext CHARACTER SET utf8mb4 COLLATE utf8mb4_unicode_ci NOT NULL,
  `metadesc` varchar(1024) CHARACTER SET utf8mb4 COLLATE utf8mb4_unicode_ci NOT NULL COMMENT 'The meta description for the page.',
  `metakey` varchar(1024) CHARACTER SET utf8mb4 COLLATE utf8mb4_unicode_ci NOT NULL COMMENT 'The meta keywords for the page.',
  `metadata` varchar(2048) CHARACTER SET utf8mb4 COLLATE utf8mb4_unicode_ci NOT NULL COMMENT 'JSON encoded metadata properties.',
  `created_user_id` int unsigned NOT NULL DEFAULT '0',
  `created_time` datetime NOT NULL DEFAULT '0000-00-00 00:00:00',
  `created_by_alias` varchar(255) CHARACTER SET utf8mb4 COLLATE utf8mb4_unicode_ci NOT NULL DEFAULT '',
  `modified_user_id` int unsigned NOT NULL DEFAULT '0',
  `modified_time` datetime NOT NULL DEFAULT '0000-00-00 00:00:00',
  `images` mediumtext CHARACTER SET utf8mb4 COLLATE utf8mb4_unicode_ci NOT NULL,
  `urls` mediumtext CHARACTER SET utf8mb4 COLLATE utf8mb4_unicode_ci NOT NULL,
  `hits` int unsigned NOT NULL DEFAULT '0',
  `language` char(7) CHARACTER SET utf8mb4 COLLATE utf8mb4_unicode_ci NOT NULL,
  `version` int unsigned NOT NULL DEFAULT '1',
  `publish_up` datetime NOT NULL DEFAULT '0000-00-00 00:00:00',
  `publish_down` datetime NOT NULL DEFAULT '0000-00-00 00:00:00',
  PRIMARY KEY (`id`),
  KEY `tag_idx` (`published`,`access`),
  KEY `idx_access` (`access`),
  KEY `idx_checkout` (`checked_out`),
  KEY `idx_left_right` (`lft`,`rgt`),
  KEY `idx_language` (`language`),
  KEY `idx_path` (`path`(100)),
  KEY `idx_alias` (`alias`(100))
) ENGINE=MyISAM DEFAULT CHARSET=utf8mb4 COLLATE=utf8mb4_unicode_ci;

--
-- Dumping data for table `fz6t4_tags`
--


--
-- Table structure for table `fz6t4_template_styles`
--

CREATE TABLE `fz6t4_template_styles` (
  `id` int unsigned NOT NULL AUTO_INCREMENT,
  `template` varchar(50) CHARACTER SET utf8mb4 COLLATE utf8mb4_unicode_ci NOT NULL DEFAULT '',
  `client_id` tinyint unsigned NOT NULL DEFAULT '0',
  `home` char(7) CHARACTER SET utf8mb4 COLLATE utf8mb4_unicode_ci NOT NULL DEFAULT '0',
  `title` varchar(255) CHARACTER SET utf8mb4 COLLATE utf8mb4_unicode_ci NOT NULL DEFAULT '',
  `params` mediumtext CHARACTER SET utf8mb4 COLLATE utf8mb4_unicode_ci NOT NULL,
  `inheritable` tinyint NOT NULL DEFAULT '0',
  `parent` varchar(50) CHARACTER SET utf8mb4 COLLATE utf8mb4_unicode_ci DEFAULT '',
  PRIMARY KEY (`id`),
  KEY `idx_template` (`template`),
  KEY `idx_client_id` (`client_id`),
  KEY `idx_client_id_home` (`client_id`,`home`)
) ENGINE=MyISAM AUTO_INCREMENT=121 DEFAULT CHARSET=utf8mb4 COLLATE=utf8mb4_unicode_ci;

--
-- Dumping data for table `fz6t4_template_styles`
--

INSERT INTO `fz6t4_template_styles` VALUES (2,'bluestork',1,'0','Bluestork - Default','{\"useRoundedCorners\":\"1\",\"showSiteName\":\"0\"}',0,''),(3,'atomic',0,'0','Atomic - Default','{}',0,''),(4,'beez_20',0,'0','Beez2 - Default','{\"wrapperSmall\":53,\"wrapperLarge\":72,\"logo\":\"images\\/logo\\/logo-3S.JPG\",\"sitetitle\":\"3S Technologies\",\"sitedescription\":\"\",\"navposition\":\"left\",\"templatecolor\":\"personal\"}',0,''),(5,'hathor',1,'0','Hathor - Default','{\"showSiteName\":\"0\",\"logoFile\":\"\",\"colourChoice\":\"\",\"boldText\":\"0\"}',0,''),(6,'beez5',0,'0','Beez5 - Default','{\"wrapperSmall\":53,\"wrapperLarge\":72,\"logo\":\"images\\/logo\\/logo-3S.JPG\",\"sitetitle\":\"3S Technologies\",\"sitedescription\":\"\",\"navposition\":\"left\",\"html5\":0}',0,''),(114,'beez_20',0,'0','Beez2 - Parks Site','{\"wrapperSmall\":53,\"wrapperLarge\":72,\"logo\":\"\",\"sitetitle\":\"Australian Parks\",\"sitedescription\":\"Parks Sample Site\",\"navposition\":\"center\",\"templatecolor\":\"nature\"}',0,''),(115,'beez5',0,'1','Beez5 - Modifiye','{\"wrapperSmall\":53,\"wrapperLarge\":72,\"logo\":\"images\\/logo\\/logo-3S.JPG\",\"sitetitle\":\"3S Technologies\",\"sitedescription\":\"\",\"navposition\":\"left\",\"html5\":0}',0,''),(116,'beez3',0,'0','beez3 - Default','{\"wrapperSmall\":\"53\",\"wrapperLarge\":\"72\",\"sitetitle\":\"\",\"sitedescription\":\"\",\"navposition\":\"center\",\"templatecolor\":\"nature\",\"backgroundcolor\":\"#eee\"}',0,''),(117,'isis',1,'1','Isis Administrator template - Default','{\"templateColor\":\"#10223e\",\"headerColor\":\"#1a3867\",\"sidebarColor\":\"#3071a9\",\"linkColor\":\"#3071a9\",\"loginBackgroundColor\":\"#17568c\",\"logoFile\":\"\",\"loginLogoFile\":\"\",\"admin_menus\":1,\"displayHeader\":1,\"statusFixed\":1,\"stickyToolbar\":1}',0,''),(118,'protostar',0,'0','protostar - Default','{\"templateColor\":\"#08C\",\"templateBackgroundColor\":\"#F4F6F7\",\"logoFile\":\"\",\"sitetitle\":\"\",\"sitedescription\":\"\",\"googleFont\":\"1\",\"googleFontName\":\"Open+Sans\",\"fluidContainer\":\"0\"}',0,''),(119,'jf_muoti',0,'0','Varsayılan - jf_muoti','{\"logoOption\":\"\",\"logoFile\":\"\",\"logoText\":\"MUOTI\",\"backgroundColor\":\"\",\"googleFont\":\"\",\"templateColor\":\"#00aeef\",\"homepageLayout\":\"\",\"social\":\"1\",\"twitterIcon\":\"1\",\"twitterLink\":\"\",\"facebookIcon\":\"1\",\"facebookLink\":\"\",\"googleIcon\":\"1\",\"googleLink\":\"\",\"linkedInIcon\":\"1\",\"linkedInLink\":\"\",\"vimeoIcon\":\"1\",\"vimeoLink\":\"\",\"pinterestIcon\":\"1\",\"pinterestLink\":\"\",\"copyright\":\"\\u00a9 Copyright 2017.\",\"map\":\"1\",\"latitude\":\"40.790278\",\"longitude\":\"-73.959722\"}',0,''),(120,'jf_couda',0,'0','Varsayılan - jf_couda','{\"logoOption\":\"\",\"logoFile\":\"\",\"logoText\":\"COUDA\",\"backgroundColor\":\"\",\"googleFont\":\"\",\"templateColor\":\"#00aeef\",\"social\":\"1\",\"twitterIcon\":\"1\",\"twitterLink\":\"\",\"facebookIcon\":\"1\",\"facebookLink\":\"\",\"pinterestIcon\":\"1\",\"pinterestLink\":\"\",\"instagramIcon\":\"1\",\"instagramLink\":\"\",\"dribbbleIcon\":\"1\",\"dribbbleLink\":\"\",\"copyright\":\"Copyright 2016\",\"map\":\"1\",\"latitude\":\"40.790278\",\"longitude\":\"-73.959722\"}',0,'');

--
-- Table structure for table `fz6t4_ucm_base`
--

CREATE TABLE `fz6t4_ucm_base` (
  `ucm_id` int unsigned NOT NULL,
  `ucm_item_id` int NOT NULL,
  `ucm_type_id` int NOT NULL,
  `ucm_language_id` int NOT NULL,
  PRIMARY KEY (`ucm_id`),
  KEY `idx_ucm_item_id` (`ucm_item_id`),
  KEY `idx_ucm_type_id` (`ucm_type_id`),
  KEY `idx_ucm_language_id` (`ucm_language_id`)
) ENGINE=MyISAM DEFAULT CHARSET=utf8mb4 COLLATE=utf8mb4_unicode_ci;

--
-- Dumping data for table `fz6t4_ucm_base`
--


--
-- Table structure for table `fz6t4_ucm_content`
--

CREATE TABLE `fz6t4_ucm_content` (
  `core_content_id` int unsigned NOT NULL AUTO_INCREMENT,
  `core_type_alias` varchar(400) CHARACTER SET utf8mb4 COLLATE utf8mb4_unicode_ci NOT NULL DEFAULT '' COMMENT 'FK to the content types table',
  `core_title` varchar(400) CHARACTER SET utf8mb4 COLLATE utf8mb4_unicode_ci NOT NULL DEFAULT '',
  `core_alias` varchar(400) CHARACTER SET utf8mb4 COLLATE utf8mb4_bin NOT NULL DEFAULT '',
  `core_body` mediumtext CHARACTER SET utf8mb4 COLLATE utf8mb4_unicode_ci,
  `core_state` tinyint(1) NOT NULL DEFAULT '0',
  `core_checked_out_time` varchar(255) CHARACTER SET utf8mb4 COLLATE utf8mb4_unicode_ci NOT NULL DEFAULT '0000-00-00 00:00:00',
  `core_checked_out_user_id` int unsigned NOT NULL DEFAULT '0',
  `core_access` int unsigned NOT NULL DEFAULT '0',
  `core_params` text CHARACTER SET utf8mb4 COLLATE utf8mb4_unicode_ci,
  `core_featured` tinyint unsigned NOT NULL DEFAULT '0',
  `core_metadata` varchar(2048) CHARACTER SET utf8mb4 COLLATE utf8mb4_unicode_ci NOT NULL DEFAULT '' COMMENT 'JSON encoded metadata properties.',
  `core_created_user_id` int unsigned NOT NULL DEFAULT '0',
  `core_created_by_alias` varchar(255) CHARACTER SET utf8mb4 COLLATE utf8mb4_unicode_ci NOT NULL DEFAULT '',
  `core_created_time` datetime NOT NULL DEFAULT '0000-00-00 00:00:00',
  `core_modified_user_id` int unsigned NOT NULL DEFAULT '0' COMMENT 'Most recent user that modified',
  `core_modified_time` datetime NOT NULL DEFAULT '0000-00-00 00:00:00',
  `core_language` char(7) CHARACTER SET utf8mb4 COLLATE utf8mb4_unicode_ci NOT NULL DEFAULT '',
  `core_publish_up` datetime NOT NULL DEFAULT '0000-00-00 00:00:00',
  `core_publish_down` datetime NOT NULL DEFAULT '0000-00-00 00:00:00',
  `core_content_item_id` int unsigned NOT NULL DEFAULT '0' COMMENT 'ID from the individual type table',
  `asset_id` int unsigned NOT NULL DEFAULT '0' COMMENT 'FK to the #__assets table.',
  `core_images` text CHARACTER SET utf8mb4 COLLATE utf8mb4_unicode_ci,
  `core_urls` text CHARACTER SET utf8mb4 COLLATE utf8mb4_unicode_ci,
  `core_hits` int unsigned NOT NULL DEFAULT '0',
  `core_version` int unsigned NOT NULL DEFAULT '1',
  `core_ordering` int NOT NULL DEFAULT '0',
  `core_metakey` text CHARACTER SET utf8mb4 COLLATE utf8mb4_unicode_ci,
  `core_metadesc` text CHARACTER SET utf8mb4 COLLATE utf8mb4_unicode_ci,
  `core_catid` int unsigned NOT NULL DEFAULT '0',
  `core_xreference` varchar(50) CHARACTER SET utf8mb4 COLLATE utf8mb4_unicode_ci NOT NULL DEFAULT '' COMMENT 'A reference to enable linkages to external data sets.',
  `core_type_id` int unsigned NOT NULL DEFAULT '0',
  PRIMARY KEY (`core_content_id`),
  KEY `tag_idx` (`core_state`,`core_access`),
  KEY `idx_access` (`core_access`),
  KEY `idx_language` (`core_language`),
  KEY `idx_modified_time` (`core_modified_time`),
  KEY `idx_created_time` (`core_created_time`),
  KEY `idx_core_modified_user_id` (`core_modified_user_id`),
  KEY `idx_core_checked_out_user_id` (`core_checked_out_user_id`),
  KEY `idx_core_created_user_id` (`core_created_user_id`),
  KEY `idx_core_type_id` (`core_type_id`),
  KEY `idx_alias` (`core_alias`(100)),
  KEY `idx_title` (`core_title`(100)),
  KEY `idx_content_type` (`core_type_alias`(100))
) ENGINE=MyISAM DEFAULT CHARSET=utf8mb4 COLLATE=utf8mb4_unicode_ci COMMENT='Contains core content data in name spaced fields';

--
-- Dumping data for table `fz6t4_ucm_content`
--


--
-- Table structure for table `fz6t4_ucm_history`
--

CREATE TABLE `fz6t4_ucm_history` (
  `version_id` int unsigned NOT NULL AUTO_INCREMENT,
  `ucm_item_id` int unsigned NOT NULL,
  `ucm_type_id` int unsigned NOT NULL,
  `version_note` varchar(255) CHARACTER SET utf8mb4 COLLATE utf8mb4_unicode_ci NOT NULL DEFAULT '' COMMENT 'Optional version name',
  `save_date` datetime NOT NULL DEFAULT '0000-00-00 00:00:00',
  `editor_user_id` int unsigned NOT NULL DEFAULT '0',
  `character_count` int unsigned NOT NULL DEFAULT '0' COMMENT 'Number of characters in this version.',
  `sha1_hash` varchar(50) CHARACTER SET utf8mb4 COLLATE utf8mb4_unicode_ci NOT NULL DEFAULT '' COMMENT 'SHA1 hash of the version_data column.',
  `version_data` longtext CHARACTER SET utf8mb4 COLLATE utf8mb4_unicode_ci NOT NULL COMMENT 'json-encoded string of version data',
  `keep_forever` tinyint NOT NULL DEFAULT '0' COMMENT '0=auto delete; 1=keep',
  PRIMARY KEY (`version_id`),
  KEY `idx_ucm_item_id` (`ucm_type_id`,`ucm_item_id`),
  KEY `idx_save_date` (`save_date`)
) ENGINE=MyISAM DEFAULT CHARSET=utf8mb4 COLLATE=utf8mb4_unicode_ci;

--
-- Dumping data for table `fz6t4_ucm_history`
--


--
-- Table structure for table `fz6t4_update_categories`
--

CREATE TABLE `fz6t4_update_categories` (
  `categoryid` int NOT NULL AUTO_INCREMENT,
  `name` varchar(20) DEFAULT '',
  `description` text NOT NULL,
  `parent` int DEFAULT '0',
  `updatesite` int DEFAULT '0',
  PRIMARY KEY (`categoryid`)
) ENGINE=MyISAM DEFAULT CHARSET=utf8mb3 COMMENT='Update Categories';

--
-- Dumping data for table `fz6t4_update_categories`
--


--
-- Table structure for table `fz6t4_update_sites`
--

CREATE TABLE `fz6t4_update_sites` (
  `update_site_id` int NOT NULL AUTO_INCREMENT,
  `name` varchar(100) CHARACTER SET utf8mb4 COLLATE utf8mb4_unicode_ci DEFAULT '',
  `type` varchar(20) CHARACTER SET utf8mb4 COLLATE utf8mb4_unicode_ci DEFAULT '',
  `location` mediumtext CHARACTER SET utf8mb4 COLLATE utf8mb4_unicode_ci NOT NULL,
  `enabled` int DEFAULT '0',
  `last_check_timestamp` bigint DEFAULT '0',
  `extra_query` varchar(1000) CHARACTER SET utf8mb4 COLLATE utf8mb4_unicode_ci DEFAULT '',
  PRIMARY KEY (`update_site_id`)
) ENGINE=MyISAM AUTO_INCREMENT=166 DEFAULT CHARSET=utf8mb4 COLLATE=utf8mb4_unicode_ci COMMENT='Update Sites';

--
-- Dumping data for table `fz6t4_update_sites`
--

INSERT INTO `fz6t4_update_sites` VALUES (1,'Joomla Core','collection','https://update.joomla.org/core/list.xml',1,1728280864,''),(2,'Joomla Extension Directory','collection','http://update.joomla.org/jed/list.xml',1,1728280864,''),(145,'VirtueMart3 MOD_VMENU Update Site','extension','http://virtuemart.net/releases/vm3/mod_vmmenu_update.xml',1,1728280864,''),(70,'Joomla! Update Component Update Site','extension','https://update.joomla.org/core/extensions/com_joomlaupdate.xml',1,1728281225,''),(144,'VirtueMart3 plg_search_virtuemart Update Site','extension','http://virtuemart.net/releases/vm3/plg_search_virtuemart_update.xml',1,1728280865,''),(143,'VirtueMart3 plg_vmcalculation_avalara Update Site','extension','http://virtuemart.net/releases/vm3/plg_vmcalculation_avalara_update.xml',1,1728280865,''),(142,'VirtueMart3 plg_vmcustom_specification Update Site','extension','http://virtuemart.net/releases/vm3/plg_vmcustom_specification_update.xml',0,0,''),(141,'VirtueMart3 plg_vmcustom_textinput Update Site','extension','http://virtuemart.net/releases/vm3/plg_vmcustom_textinput_update.xml',1,1728280865,''),(140,'VirtueMart3 plg_vmshipment_weight_countries Update Site','extension','http://virtuemart.net/releases/vm3/plg_vmshipment_weight_countries_update.xml',1,1728280865,''),(139,'VirtueMart plg_vmpayment_sofort_ideal Update Site','extension','http://virtuemart.net/releases/vm3/plg_vmpayment_sofort_ideal_update.xml',1,1728280865,''),(138,'VirtueMart plg_vmpayment_authorizenet Update Site','extension','http://virtuemart.net/releases/vm3/plg_vmpayment_authorisenet_update.xml',1,1728280865,''),(137,'VirtueMart plg_vmuserfield_realex_hpp_api Update Site','extension','\n            http://virtuemart.net/releases/vm3/plg_vmuserfield_realex_hpp_api_update.xml',0,0,''),(136,'VirtueMart plg_vmpayment_realex_hpp_api Update Site','extension','http://virtuemart.net/releases/vm3/plg_vmpayment_realex_hpp_api_update.xml',1,1728280865,''),(135,'VirtueMart plg_system_amazon Update Site','extension','http://virtuemart.net/releases/vm3/plg_system_amazon_update.xml',1,1728280865,''),(134,'VirtueMart plg_vmpayment_amazon Update Site','extension','http://virtuemart.net/releases/vm3/plg_vmpayment_amazon_update.xml',1,1728280865,''),(133,'VirtueMart plg_vmpayment_heidelpay Update Site','extension','http://virtuemart.net/releases/vm3/plg_vmpayment_heidelpay_update.xml',1,1728280866,''),(132,'VirtueMart plg_vmpayment_sofort Update Site','extension','http://virtuemart.net/releases/vm3/plg_vmpayment_sofort_update.xml',1,1728280866,''),(131,'VirtueMart plg_vmpayment_klarnacheckout Update Site','extension','http://virtuemart.net/releases/vm3/plg_vmpayment_klarnacheckout_update.xml',1,1728280866,''),(159,'FOF 3.x','extension','http://cdn.akeeba.com/updates/fof3_file.xml',1,1728280866,''),(151,'FOF 3.x','extension','http://cdn.akeebabackup.com/updates/fof3_file.xml',0,0,''),(126,'VirtueMart3 Update Site','extension','http://virtuemart.net/releases/vm3/virtuemart_update.xml',1,1728280866,''),(124,'WebInstaller Update Site','extension','https://appscdn.joomla.org/webapps/jedapps/webinstaller.xml',0,0,''),(125,'VirtueMart3 AIO Update Site','extension','http://virtuemart.net/releases/vm3/virtuemart_aio_update.xml',1,1728280866,''),(123,'VirtueMart3 plg_vmpayment_tco Update Site','extension','http://virtuemart.net/releases/vm3/plg_vmpayment_tco_update.xml',1,1728280866,''),(122,'VirtueMart3 plg_vmpayment_skrill Update Site','extension','http://virtuemart.net/releases/vm3/plg_vmpayment_skrill_update.xml',1,1728280866,''),(121,'VirtueMart plg_vmpayment_paybox Update Site','extension','http://virtuemart.net/releases/vm3/plg_vmpayment_paybox_update.xml',1,1728280866,''),(120,'VirtueMart plg_vmpayment_paypal Update Site','extension','http://virtuemart.net/releases/vm3/plg_vmpayment_paypal_update.xml',0,0,''),(119,'VirtueMart plg_vmpayment_klikandpay Update Site','extension','http://virtuemart.net/releases/vm3/plg_vmpayment_klikandpay_update.xml',1,1728280867,''),(118,'VM Framework Loader during Plugin Updates','extension','http://virtuemart.net/releases/vm3/plg_system_vmLoaderPluginUpdate_update.xml',0,0,''),(117,'Plugin Googlemap Update Site','extension','http://tech.reumer.net/update/plugin_googlemap3/extension.xml',0,0,''),(115,'VirtueMart3 mod_virtuemart_currencies Update Site','extension','http://virtuemart.net/releases/vm3/mod_virtuemart_currencies_update.xml',0,0,''),(116,'eorisis: Google Analytics','extension','https://eorisis.com/updates/eorisis-google-analytics/extension.xml',0,0,''),(129,'VirtueMart plg_vmpayment_standard Update Site','extension','http://virtuemart.net/releases/vm3/plg_vmpayment_standard_update.xml',1,1728280867,''),(110,'VirtueMart3 mod_virtuemart_search Update Site','extension','http://virtuemart.net/releases/vm3/mod_virtuemart_search_update.xml',0,0,''),(111,'VirtueMart3 mod_virtuemart_cart Update Site','extension','http://virtuemart.net/releases/vm3/mod_virtuemart_cart_update.xml',0,0,''),(112,'VirtueMart3 mod_virtuemart_category Update Site','extension','http://virtuemart.net/releases/vm3/mod_virtuemart_category_update.xml',1,1728280867,''),(130,'VirtueMart plg_vmpayment_klarna Update Site','extension','http://virtuemart.net/releases/vm3/plg_vmpayment_klarna_update.xml',0,0,''),(114,'VirtueMart3 mod_virtuemart_product Update Site','extension','http://virtuemart.net/releases/vm3/mod_virtuemart_product_update.xml',0,0,''),(113,'VirtueMart3 mod_virtuemart_manufacturer Update Site','extension','http://virtuemart.net/releases/vm3/mod_virtuemart_manufacturer_update.xml',1,1728280867,''),(146,'TCPDF Update Site','extension','http://virtuemart.net/releases/TCPDF/tcpdf.xml',0,0,''),(147,'jDiction Package on jdiction.org','extension','http://update.jdiction.org/packages/pkg_jdiction/extension.xml',0,0,''),(148,'Collection on jdiction.org','collection','http://update.jdiction.org/update.xml',0,0,''),(150,'Akeeba FEF','extension','http://cdn.akeebabackup.com/updates/fef.xml',0,0,''),(157,'VirtueMart plg_vmpayment_eway Update Site','extension','\n            http://virtuemart.net/releases/vm3/plg_vmpayment_eway_update.xml',0,0,''),(153,'Accredited Joomla! Translations','collection','http://update.joomla.org/language/translationlist_3.xml',1,1728280867,''),(154,'AllVideos','extension','http://cdn.joomlaworks.org/updates/allvideos.xml',0,0,''),(155,'PLG_EASYKEYWORDSITEMAP','extension','https://check.kubik-rubik.de/updates/easykeywordsitemap.xml',0,0,''),(156,'JL Sitemap','extension','https://joomline.net/update.html?extension_id=2.xml',0,0,''),(158,'VirtueMart, ${PHING.COMPANY} - ${PHING.NAME.EXTSHORT} - Update Site','extension','http://virtuemart.net/releases/vm3/plg_vmcustom_download_simple_update.xml',0,0,''),(160,'Akeeba FEF','extension','http://cdn.akeeba.com/updates/fef.xml',1,1728280867,''),(161,'Akeeba Backup Core','extension','https://cdn.akeeba.com/updates/pkgakeebacore.xml',1,1728280867,''),(162,'Admin Tools Core','extension','https://cdn.akeeba.com/updates/pkgadmintoolscore.xml',1,1728280867,''),(163,'JCE Editor Package','extension','https://cdn.joomlacontenteditor.net/updates/xml/editor/pkg_jce.xml',1,1728280867,''),(164,'DJ-ImageSlider Package','extension','http://dj-extensions.com/updates/djimageslider.xml',1,1728280868,''),(165,'FOF 4.x','extension','http://cdn.akeeba.com/updates/fof4_file.xml',1,1728280868,'');

--
-- Table structure for table `fz6t4_update_sites_extensions`
--

CREATE TABLE `fz6t4_update_sites_extensions` (
  `update_site_id` int NOT NULL DEFAULT '0',
  `extension_id` int NOT NULL DEFAULT '0',
  PRIMARY KEY (`update_site_id`,`extension_id`)
) ENGINE=InnoDB DEFAULT CHARSET=utf8mb4 COLLATE=utf8mb4_unicode_ci COMMENT='Links extensions to update sites';

--
-- Dumping data for table `fz6t4_update_sites_extensions`
--

INSERT INTO `fz6t4_update_sites_extensions` VALUES (1,700),(2,700),(70,28),(110,10029),(111,10031),(112,10032),(113,10030),(114,10028),(115,10027),(116,10054),(117,10047),(118,10121),(119,10063),(120,10006),(121,10008),(122,10116),(123,10117),(124,10106),(125,10001),(126,10000),(129,10002),(130,10003),(131,10004),(132,10005),(133,10007),(134,10061),(135,10062),(136,10052),(137,10053),(138,10018),(139,10019),(140,10020),(141,10021),(142,10022),(143,10024),(144,10025),(145,10026),(146,10122),(147,10129),(148,10129),(150,10131),(151,10132),(153,10038),(154,10135),(155,10137),(156,10146),(157,10147),(158,10148),(159,10132),(160,10131),(161,10134),(162,10152),(163,10154),(164,10041),(165,10157);

--
-- Table structure for table `fz6t4_updates`
--

CREATE TABLE `fz6t4_updates` (
  `update_id` int NOT NULL AUTO_INCREMENT,
  `update_site_id` int DEFAULT '0',
  `extension_id` int DEFAULT '0',
  `name` varchar(100) CHARACTER SET utf8mb4 COLLATE utf8mb4_unicode_ci DEFAULT '',
  `description` mediumtext CHARACTER SET utf8mb4 COLLATE utf8mb4_unicode_ci NOT NULL,
  `element` varchar(100) CHARACTER SET utf8mb4 COLLATE utf8mb4_unicode_ci DEFAULT '',
  `type` varchar(20) CHARACTER SET utf8mb4 COLLATE utf8mb4_unicode_ci DEFAULT '',
  `folder` varchar(20) CHARACTER SET utf8mb4 COLLATE utf8mb4_unicode_ci DEFAULT '',
  `client_id` tinyint DEFAULT '0',
  `version` varchar(32) CHARACTER SET utf8mb4 COLLATE utf8mb4_unicode_ci DEFAULT '',
  `data` mediumtext CHARACTER SET utf8mb4 COLLATE utf8mb4_unicode_ci NOT NULL,
  `detailsurl` mediumtext CHARACTER SET utf8mb4 COLLATE utf8mb4_unicode_ci NOT NULL,
  `infourl` mediumtext CHARACTER SET utf8mb4 COLLATE utf8mb4_unicode_ci NOT NULL,
  `extra_query` varchar(1000) CHARACTER SET utf8mb4 COLLATE utf8mb4_unicode_ci DEFAULT '',
  PRIMARY KEY (`update_id`)
) ENGINE=MyISAM AUTO_INCREMENT=690 DEFAULT CHARSET=utf8mb4 COLLATE=utf8mb4_unicode_ci COMMENT='Available Updates';

--
-- Dumping data for table `fz6t4_updates`
--

INSERT INTO `fz6t4_updates` VALUES (594,140,0,'VirtueMart - Shipment, by Weight, country, zip,... ','VirtueMart - Shipment, Shipment, by Weight, country, zip,... ','standard','plugin','vmshipment',0,'4.0.2','','http://virtuemart.net/releases/vm3/plg_vmshipment_weight_countries_update.xml','https://docs.virtuemart.net/tutorials/installation-migration-upgrade/226-update-single-plugin-delivered-by-aio.html',''),(591,144,10025,'Search - VirtueMart','Search - VirtueMart','virtuemart','plugin','search',0,'4.0.2','','http://virtuemart.net/releases/vm3/plg_search_virtuemart_update.xml','https://docs.virtuemart.net/tutorials/installation-migration-upgrade/226-update-single-plugin-delivered-by-aio.html',''),(590,145,10026,'VirtueMart Admin module','VirtueMart Admin module','mod_vmmenu','module','',1,'4.0.2','','http://virtuemart.net/releases/vm3/mod_vmmenu_update.xml','https://docs.virtuemart.net/tutorials/installation-migration-upgrade/226-update-single-plugin-delivered-by-aio.html',''),(682,153,0,'Uyghur','','pkg_ug-CN','package','',0,'3.7.5.2','','https://update.joomla.org/language/details3/ug-CN_details.xml','',''),(683,153,0,'Vietnamese','','pkg_vi-VN','package','',0,'3.2.1.2','','https://update.joomla.org/language/details3/vi-VN_details.xml','',''),(681,153,0,'Ukrainian','','pkg_uk-UA','package','',0,'3.10.2.1','','https://update.joomla.org/language/details3/uk-UA_details.xml','',''),(680,153,0,'Turkmen','','pkg_tk-TM','package','',0,'3.5.0.2','','https://update.joomla.org/language/details3/tk-TM_details.xml','',''),(677,153,0,'Tamil, India','','pkg_ta-IN','package','',0,'3.10.11.1','','https://update.joomla.org/language/details3/ta-IN_details.xml','',''),(678,153,0,'Thai','','pkg_th-TH','package','',0,'3.10.12.1','','https://update.joomla.org/language/details3/th-TH_details.xml','',''),(676,153,0,'Syriac, East','','pkg_sy-IQ','package','',0,'3.4.5.1','','https://update.joomla.org/language/details3/sy-IQ_details.xml','',''),(674,153,0,'Swahili','','pkg_sw-KE','package','',0,'3.10.12.1','','https://update.joomla.org/language/details3/sw-KE_details.xml','',''),(675,153,0,'Swedish','','pkg_sv-SE','package','',0,'3.10.12.1','','https://update.joomla.org/language/details3/sv-SE_details.xml','',''),(673,153,0,'Spanish, Colombia','','pkg_es-CO','package','',0,'3.9.15.1','','https://update.joomla.org/language/details3/es-CO_details.xml','',''),(671,153,0,'Slovenian','','pkg_sl-SI','package','',0,'3.10.12.1','','https://update.joomla.org/language/details3/sl-SI_details.xml','',''),(672,153,0,'Spanish','','pkg_es-ES','package','',0,'3.10.10.1','','https://update.joomla.org/language/details3/es-ES_details.xml','',''),(669,153,0,'Sinhala','','pkg_si-LK','package','',0,'3.3.1.2','','https://update.joomla.org/language/details3/si-LK_details.xml','',''),(670,153,0,'Slovak','','pkg_sk-SK','package','',0,'3.10.5.1','','https://update.joomla.org/language/details3/sk-SK_details.xml','',''),(668,153,0,'Serbian, Latin','','pkg_sr-YU','package','',0,'3.10.2.1','','https://update.joomla.org/language/details3/sr-YU_details.xml','',''),(665,153,0,'Romanian','','pkg_ro-RO','package','',0,'3.10.12.1','','https://update.joomla.org/language/details3/ro-RO_details.xml','',''),(666,153,0,'Russian','','pkg_ru-RU','package','',0,'3.10.12.1','','https://update.joomla.org/language/details3/ru-RU_details.xml','',''),(667,153,0,'Serbian, Cyrillic','','pkg_sr-RS','package','',0,'3.10.2.1','','https://update.joomla.org/language/details3/sr-RS_details.xml','',''),(664,153,0,'Portuguese, Portugal','','pkg_pt-PT','package','',0,'3.9.29.2','','https://update.joomla.org/language/details3/pt-PT_details.xml','',''),(661,153,0,'Persian Farsi','','pkg_fa-IR','package','',0,'3.10.12.1','','https://update.joomla.org/language/details3/fa-IR_details.xml','',''),(662,153,0,'Polish','','pkg_pl-PL','package','',0,'3.10.10.1','','https://update.joomla.org/language/details3/pl-PL_details.xml','',''),(663,153,0,'Portuguese, Brazil','','pkg_pt-BR','package','',0,'3.9.21.1','','https://update.joomla.org/language/details3/pt-BR_details.xml','',''),(660,153,0,'Norwegian Nynorsk','','pkg_nn-NO','package','',0,'3.4.2.1','','https://update.joomla.org/language/details3/nn-NO_details.xml','',''),(658,153,0,'Montenegrin','','pkg_srp-ME','package','',0,'3.3.1.2','','https://update.joomla.org/language/details3/srp-ME_details.xml','',''),(659,153,0,'Norwegian Bokmål','','pkg_nb-NO','package','',0,'3.10.12.2','','https://update.joomla.org/language/details3/nb-NO_details.xml','',''),(656,153,0,'Macedonian','','pkg_mk-MK','package','',0,'3.6.5.1','','https://update.joomla.org/language/details3/mk-MK_details.xml','',''),(657,153,0,'Malay','','pkg_ms-MY','package','',0,'3.4.1.2','','https://update.joomla.org/language/details3/ms-MY_details.xml','',''),(655,153,0,'Lithuanian','','pkg_lt-LT','package','',0,'3.9.16.1','','https://update.joomla.org/language/details3/lt-LT_details.xml','',''),(654,153,0,'Latvian','','pkg_lv-LV','package','',0,'3.9.25.2','','https://update.joomla.org/language/details3/lv-LV_details.xml','',''),(653,153,0,'Korean','','pkg_ko-KR','package','',0,'3.8.9.1','','https://update.joomla.org/language/details3/ko-KR_details.xml','',''),(652,153,0,'Khmer','','pkg_km-KH','package','',0,'3.4.5.1','','https://update.joomla.org/language/details3/km-KH_details.xml','',''),(651,153,0,'Kazakh','','pkg_kk-KZ','package','',0,'3.9.23.1','','https://update.joomla.org/language/details3/kk-KZ_details.xml','',''),(650,153,0,'Japanese','','pkg_ja-JP','package','',0,'3.10.12.1','','https://update.joomla.org/language/details3/ja-JP_details.xml','',''),(649,153,0,'Italian','','pkg_it-IT','package','',0,'3.10.12.1','','https://update.joomla.org/language/details3/it-IT_details.xml','',''),(647,153,0,'Indonesian, Bahasa Indonesia','','pkg_id-ID','package','',0,'3.6.2.1','','https://update.joomla.org/language/details3/id-ID_details.xml','',''),(648,153,0,'Irish','','pkg_ga-IE','package','',0,'3.10.12.1','','https://update.joomla.org/language/details3/ga-IE_details.xml','',''),(646,153,0,'Hungarian','','pkg_hu-HU','package','',0,'3.10.12.2','','https://update.joomla.org/language/details3/hu-HU_details.xml','',''),(643,153,0,'Greek','','pkg_el-GR','package','',0,'3.10.11.1','','https://update.joomla.org/language/details3/el-GR_details.xml','',''),(644,153,0,'Hebrew','','pkg_he-IL','package','',0,'3.1.1.2','','https://update.joomla.org/language/details3/he-IL_details.xml','',''),(645,153,0,'Hindi, India','','pkg_hi-IN','package','',0,'3.3.6.2','','https://update.joomla.org/language/details3/hi-IN_details.xml','',''),(642,153,0,'German, Switzerland','','pkg_de-CH','package','',0,'3.10.12.1','','https://update.joomla.org/language/details3/de-CH_details.xml','',''),(639,153,0,'German, Austria','','pkg_de-AT','package','',0,'3.10.12.1','','https://update.joomla.org/language/details3/de-AT_details.xml','',''),(641,153,0,'German, Luxembourg','','pkg_de-LU','package','',0,'3.10.12.1','','https://update.joomla.org/language/details3/de-LU_details.xml','',''),(640,153,0,'German, Liechtenstein','','pkg_de-LI','package','',0,'3.10.12.1','','https://update.joomla.org/language/details3/de-LI_details.xml','',''),(638,153,0,'German','','pkg_de-DE','package','',0,'3.10.12.1','','https://update.joomla.org/language/details3/de-DE_details.xml','',''),(637,153,0,'Georgian','','pkg_ka-GE','package','',0,'3.10.12.1','','https://update.joomla.org/language/details3/ka-GE_details.xml','',''),(636,153,0,'Galician','','pkg_gl-ES','package','',0,'3.3.1.2','','https://update.joomla.org/language/details3/gl-ES_details.xml','',''),(635,153,0,'French, Canada','','pkg_fr-CA','package','',0,'3.6.5.1','','https://update.joomla.org/language/details3/fr-CA_details.xml','',''),(634,153,0,'French','','pkg_fr-FR','package','',0,'3.10.12.1','','https://update.joomla.org/language/details3/fr-FR_details.xml','',''),(633,153,0,'Flemish','','pkg_nl-BE','package','',0,'3.10.11.1','','https://update.joomla.org/language/details3/nl-BE_details.xml','',''),(631,153,0,'Estonian','','pkg_et-EE','package','',0,'3.9.21.1','','https://update.joomla.org/language/details3/et-EE_details.xml','',''),(632,153,0,'Finnish','','pkg_fi-FI','package','',0,'3.9.16.1','','https://update.joomla.org/language/details3/fi-FI_details.xml','',''),(630,153,0,'Esperanto','','pkg_eo-XX','package','',0,'3.8.11.1','','https://update.joomla.org/language/details3/eo-XX_details.xml','',''),(629,153,0,'English, USA','','pkg_en-US','package','',0,'3.9.28.1','','https://update.joomla.org/language/details3/en-US_details.xml','',''),(628,153,0,'English, New Zealand','','pkg_en-NZ','package','',0,'3.9.28.1','','https://update.joomla.org/language/details3/en-NZ_details.xml','',''),(626,153,0,'English, Australia','','pkg_en-AU','package','',0,'3.9.28.1','','https://update.joomla.org/language/details3/en-AU_details.xml','',''),(627,153,0,'English, Canada','','pkg_en-CA','package','',0,'3.9.28.1','','https://update.joomla.org/language/details3/en-CA_details.xml','',''),(616,153,0,'Bulgarian','','pkg_bg-BG','package','',0,'3.6.5.2','','https://update.joomla.org/language/details3/bg-BG_details.xml','',''),(617,153,0,'Catalan','','pkg_ca-ES','package','',0,'3.9.23.1','','https://update.joomla.org/language/details3/ca-ES_details.xml','',''),(618,153,0,'Chinese, Simplified','','pkg_zh-CN','package','',0,'3.10.6.1','','https://update.joomla.org/language/details3/zh-CN_details.xml','',''),(619,153,0,'Chinese, Traditional','','pkg_zh-TW','package','',0,'3.8.0.1','','https://update.joomla.org/language/details3/zh-TW_details.xml','',''),(620,153,0,'Croatian','','pkg_hr-HR','package','',0,'3.10.11.1','','https://update.joomla.org/language/details3/hr-HR_details.xml','',''),(621,153,0,'Czech','','pkg_cs-CZ','package','',0,'3.10.11.1','','https://update.joomla.org/language/details3/cs-CZ_details.xml','',''),(622,153,0,'Danish','','pkg_da-DK','package','',0,'3.10.10.1','','https://update.joomla.org/language/details3/da-DK_details.xml','',''),(623,153,0,'Dari Persian','','pkg_prs-AF','package','',0,'3.4.4.3','','https://update.joomla.org/language/details3/prs-AF_details.xml','',''),(624,153,0,'Dutch','','pkg_nl-NL','package','',0,'3.10.12.1','','https://update.joomla.org/language/details3/nl-NL_details.xml','',''),(625,153,0,'Dzongkha','','pkg_dz-BT','package','',0,'3.6.2.1','','https://update.joomla.org/language/details3/dz-BT_details.xml','',''),(615,153,0,'Bosnian','','pkg_bs-BA','package','',0,'3.9.24.1','','https://update.joomla.org/language/details3/bs-BA_details.xml','',''),(613,153,0,'Belarusian','','pkg_be-BY','package','',0,'3.2.1.2','','https://update.joomla.org/language/details3/be-BY_details.xml','',''),(614,153,0,'Bengali, Bangladesh','','pkg_bn-BD','package','',0,'3.8.10.1','','https://update.joomla.org/language/details3/bn-BD_details.xml','',''),(612,153,0,'Basque','','pkg_eu-ES','package','',0,'3.9.24.1','','https://update.joomla.org/language/details3/eu-ES_details.xml','',''),(610,153,0,'Arabic Unitag','','pkg_ar-AA','package','',0,'3.9.27.1','','https://update.joomla.org/language/details3/ar-AA_details.xml','',''),(611,153,0,'Armenian','','pkg_hy-AM','package','',0,'3.4.4.1','','https://update.joomla.org/language/details3/hy-AM_details.xml','',''),(592,143,10024,'VirtueMart - Avatax','VirtueMart - Avatax, dynamic realtime tax calculation by Avalara','avalara','plugin','vmcalculation',0,'4.0.2','','http://virtuemart.net/releases/vm3/plg_vmcalculation_avalara_update.xml','https://docs.virtuemart.net/tutorials/installation-migration-upgrade/226-update-single-plugin-delivered-by-aio.html',''),(593,141,10021,'VirtueMart - Textinput','VirtueMart - Textinput','textinput','plugin','vmcustom',0,'4.0.2','','http://virtuemart.net/releases/vm3/plg_vmcustom_textinput_update.xml','https://docs.virtuemart.net/tutorials/installation-migration-upgrade/226-update-single-plugin-delivered-by-aio.html',''),(595,138,10018,'VirtueMart - Payments, Authorise.net','VirtueMart - Payments, Authorise.net','authorizenet','plugin','vmpayment',0,'4.0.2','','http://virtuemart.net/releases/vm3/plg_vmpayment_authorisenet_update.xml','https://docs.virtuemart.net/tutorials/installation-migration-upgrade/226-update-single-plugin-delivered-by-aio.html',''),(596,134,10061,'VirtueMart - Payments, Amazon','VirtueMart - Payments, Amazon','amazon','plugin','vmpayment',0,'4.0.2','','http://virtuemart.net/releases/vm3/plg_vmpayment_amazon_update.xml','https://docs.virtuemart.net/tutorials/installation-migration-upgrade/226-update-single-plugin-delivered-by-aio.html',''),(597,132,10005,'VirtueMart - Payments, Sofort','VirtueMart - Payments, Sofort','sofort','plugin','vmpayment',0,'4.0.2','','http://virtuemart.net/releases/vm3/plg_vmpayment_sofort_update.xml','https://docs.virtuemart.net/tutorials/installation-migration-upgrade/226-update-single-plugin-delivered-by-aio.html',''),(598,131,10004,'VirtueMart - Payments, Klarna Checkout','VirtueMart - Payments, Klarna Checkout','klarnacheckout','plugin','vmpayment',0,'4.0.2','','http://virtuemart.net/releases/vm3/plg_vmpayment_klarnacheckout_update.xml','https://docs.virtuemart.net/tutorials/installation-migration-upgrade/226-update-single-plugin-delivered-by-aio.html',''),(599,159,10132,'FOF 3.x Stable','','file_fof30','file','',0,'3.8.1','','http://cdn.akeeba.com/updates/fof3_file.xml','https://www.akeeba.com/download/fof3/3-8-1.html',''),(600,126,10000,'VirtueMart','VirtueMart Component','com_virtuemart','component','',1,'4.2.6','','http://virtuemart.net/releases/vm3/virtuemart_update.xml','https://www.virtuemart.net/news/virtuemart-for-joomla-5',''),(601,125,10001,'VirtueMart AIO','VirtueMart AIO Component','com_virtuemart_allinone','component','',1,'4.2.4','','http://virtuemart.net/releases/vm3/virtuemart_aio_update.xml','http://virtuemart.net/news/latest-news/effective-and-sustainable-funding-with-a-virtuemart-membership',''),(602,122,10116,'VirtueMart - Payments, Skrill','VirtueMart - Payments, Skrill','skrill','plugin','vmpayment',0,'4.0.2','','http://virtuemart.net/releases/vm3/plg_vmpayment_skrill_update.xml','https://docs.virtuemart.net/tutorials/installation-migration-upgrade/226-update-single-plugin-delivered-by-aio.html',''),(603,121,10008,'VirtueMart - Payments, Paybox','VirtueMart - Payments, Paybox','paybox','plugin','vmpayment',0,'4.0.2','','http://virtuemart.net/releases/vm3/plg_vmpayment_paybox_update.xml','https://docs.virtuemart.net/tutorials/installation-migration-upgrade/226-update-single-plugin-delivered-by-aio.html',''),(604,119,10063,'VirtueMart - Payments, Klick and Pay','VirtueMart - Payments, Klick and Pay','klikandpay','plugin','vmpayment',0,'4.0.2','','http://virtuemart.net/releases/vm3/plg_vmpayment_klikandpay_update.xml','https://docs.virtuemart.net/tutorials/installation-migration-upgrade/226-update-single-plugin-delivered-by-aio.html',''),(605,129,10002,'VirtueMart - Payments, Standard','VirtueMart - Payments, Standard','standard','plugin','vmpayment',0,'4.0.2','','http://virtuemart.net/releases/vm3/plg_vmpayment_standard_update.xml','https://docs.virtuemart.net/tutorials/installation-migration-upgrade/226-update-single-plugin-delivered-by-aio.html',''),(606,112,10032,'VirtueMart Category module','VirtueMart Category module','mod_virtuemart_category','module','',0,'4.0.2','','http://virtuemart.net/releases/vm3/mod_virtuemart_category_update.xml','https://docs.virtuemart.net/tutorials/installation-migration-upgrade/226-update-single-plugin-delivered-by-aio.html',''),(607,113,10030,'VirtueMart Brand module','VirtueMart Brand module','mod_virtuemart_manufacturer','module','',0,'4.0.2','','http://virtuemart.net/releases/vm3/mod_virtuemart_manufacturer_update.xml','https://docs.virtuemart.net/tutorials/installation-migration-upgrade/226-update-single-plugin-delivered-by-aio.html',''),(609,153,0,'Albanian','','pkg_sq-AL','package','',0,'3.1.1.2','','https://update.joomla.org/language/details3/sq-AL_details.xml','',''),(608,153,0,'Afrikaans','','pkg_af-ZA','package','',0,'3.9.16.1','','https://update.joomla.org/language/details3/af-ZA_details.xml','',''),(688,164,10041,'DJ-ImageSlider Package','','pkg_dj-imageslider','package','',0,'4.6.2 for Joomla 4.x','','http://dj-extensions.com/updates/djimageslider.xml','https://dj-extensions.com/component/ars/items/dj-imageslider462?category_id=11',''),(684,153,0,'Welsh','','pkg_cy-GB','package','',0,'3.10.12.1','','https://update.joomla.org/language/details3/cy-GB_details.xml','','');

--
-- Table structure for table `fz6t4_user_keys`
--

CREATE TABLE `fz6t4_user_keys` (
  `id` int unsigned NOT NULL AUTO_INCREMENT,
  `user_id` varchar(150) CHARACTER SET utf8mb4 COLLATE utf8mb4_unicode_ci NOT NULL,
  `token` varchar(255) CHARACTER SET utf8mb4 COLLATE utf8mb4_unicode_ci NOT NULL,
  `series` varchar(191) CHARACTER SET utf8mb4 COLLATE utf8mb4_unicode_ci NOT NULL,
  `invalid` tinyint NOT NULL,
  `time` varchar(200) CHARACTER SET utf8mb4 COLLATE utf8mb4_unicode_ci NOT NULL,
  `uastring` varchar(255) CHARACTER SET utf8mb4 COLLATE utf8mb4_unicode_ci NOT NULL,
  PRIMARY KEY (`id`),
  UNIQUE KEY `series` (`series`),
  KEY `user_id` (`user_id`)
) ENGINE=MyISAM DEFAULT CHARSET=utf8mb4 COLLATE=utf8mb4_unicode_ci;

--
-- Dumping data for table `fz6t4_user_keys`
--


--
-- Table structure for table `fz6t4_user_notes`
--

CREATE TABLE `fz6t4_user_notes` (
  `id` int unsigned NOT NULL AUTO_INCREMENT,
  `user_id` int unsigned NOT NULL DEFAULT '0',
  `catid` int unsigned NOT NULL DEFAULT '0',
  `subject` varchar(100) CHARACTER SET utf8mb4 COLLATE utf8mb4_unicode_ci NOT NULL DEFAULT '',
  `body` mediumtext CHARACTER SET utf8mb4 COLLATE utf8mb4_unicode_ci NOT NULL,
  `state` tinyint NOT NULL DEFAULT '0',
  `checked_out` int unsigned NOT NULL DEFAULT '0',
  `checked_out_time` datetime NOT NULL DEFAULT '0000-00-00 00:00:00',
  `created_user_id` int unsigned NOT NULL DEFAULT '0',
  `created_time` datetime NOT NULL DEFAULT '0000-00-00 00:00:00',
  `modified_user_id` int unsigned NOT NULL,
  `modified_time` datetime NOT NULL DEFAULT '0000-00-00 00:00:00',
  `review_time` datetime NOT NULL DEFAULT '0000-00-00 00:00:00',
  `publish_up` datetime NOT NULL DEFAULT '0000-00-00 00:00:00',
  `publish_down` datetime NOT NULL DEFAULT '0000-00-00 00:00:00',
  PRIMARY KEY (`id`),
  KEY `idx_user_id` (`user_id`),
  KEY `idx_category_id` (`catid`)
) ENGINE=MyISAM DEFAULT CHARSET=utf8mb4 COLLATE=utf8mb4_unicode_ci;

--
-- Dumping data for table `fz6t4_user_notes`
--


--
-- Table structure for table `fz6t4_user_profiles`
--

CREATE TABLE `fz6t4_user_profiles` (
  `user_id` int NOT NULL,
  `profile_key` varchar(100) CHARACTER SET utf8mb4 COLLATE utf8mb4_unicode_ci NOT NULL,
  `profile_value` mediumtext CHARACTER SET utf8mb4 COLLATE utf8mb4_unicode_ci NOT NULL,
  `ordering` int NOT NULL DEFAULT '0',
  UNIQUE KEY `idx_user_id_profile_key` (`user_id`,`profile_key`)
) ENGINE=MyISAM DEFAULT CHARSET=utf8mb4 COLLATE=utf8mb4_unicode_ci COMMENT='Simple user profile storage table';

--
-- Dumping data for table `fz6t4_user_profiles`
--


--
-- Table structure for table `fz6t4_user_usergroup_map`
--

CREATE TABLE `fz6t4_user_usergroup_map` (
  `user_id` int unsigned NOT NULL DEFAULT '0' COMMENT 'Foreign Key to #__users.id',
  `group_id` int unsigned NOT NULL DEFAULT '0' COMMENT 'Foreign Key to #__usergroups.id',
  PRIMARY KEY (`user_id`,`group_id`)
) ENGINE=MyISAM DEFAULT CHARSET=utf8mb4 COLLATE=utf8mb4_unicode_ci;

--
-- Dumping data for table `fz6t4_user_usergroup_map`
--

INSERT INTO `fz6t4_user_usergroup_map` VALUES (676,8),(677,2),(683,2),(696,2),(698,2),(743,2);

--
-- Table structure for table `fz6t4_usergroups`
--

CREATE TABLE `fz6t4_usergroups` (
  `id` int unsigned NOT NULL AUTO_INCREMENT COMMENT 'Primary Key',
  `parent_id` int unsigned NOT NULL DEFAULT '0' COMMENT 'Adjacency List Reference Id',
  `lft` int NOT NULL DEFAULT '0' COMMENT 'Nested set lft.',
  `rgt` int NOT NULL DEFAULT '0' COMMENT 'Nested set rgt.',
  `title` varchar(100) CHARACTER SET utf8mb4 COLLATE utf8mb4_unicode_ci NOT NULL DEFAULT '',
  PRIMARY KEY (`id`),
  UNIQUE KEY `idx_usergroup_parent_title_lookup` (`parent_id`,`title`),
  KEY `idx_usergroup_title_lookup` (`title`),
  KEY `idx_usergroup_adjacency_lookup` (`parent_id`),
  KEY `idx_usergroup_nested_set_lookup` (`lft`,`rgt`) USING BTREE
) ENGINE=MyISAM AUTO_INCREMENT=13 DEFAULT CHARSET=utf8mb4 COLLATE=utf8mb4_unicode_ci;

--
-- Dumping data for table `fz6t4_usergroups`
--

INSERT INTO `fz6t4_usergroups` VALUES (1,0,1,20,'Public'),(2,1,6,17,'Registered'),(3,2,7,14,'Author'),(4,3,8,11,'Editor'),(5,4,9,10,'Publisher'),(6,1,2,5,'Manager'),(7,6,3,4,'Administrator'),(8,1,18,19,'Super Users'),(12,2,15,16,'Customer Group (Example)'),(10,3,12,13,'Shop Suppliers (Example)');

--
-- Table structure for table `fz6t4_users`
--

CREATE TABLE `fz6t4_users` (
  `id` int NOT NULL AUTO_INCREMENT,
  `name` varchar(400) CHARACTER SET utf8mb4 COLLATE utf8mb4_unicode_ci NOT NULL DEFAULT '',
  `username` varchar(150) CHARACTER SET utf8mb4 COLLATE utf8mb4_unicode_ci NOT NULL DEFAULT '',
  `email` varchar(100) CHARACTER SET utf8mb4 COLLATE utf8mb4_unicode_ci NOT NULL DEFAULT '',
  `password` varchar(100) CHARACTER SET utf8mb4 COLLATE utf8mb4_unicode_ci NOT NULL DEFAULT '',
  `block` tinyint NOT NULL DEFAULT '0',
  `sendEmail` tinyint DEFAULT '0',
  `registerDate` datetime NOT NULL DEFAULT '0000-00-00 00:00:00',
  `lastvisitDate` datetime NOT NULL DEFAULT '0000-00-00 00:00:00',
  `activation` varchar(100) CHARACTER SET utf8mb4 COLLATE utf8mb4_unicode_ci NOT NULL DEFAULT '',
  `params` mediumtext CHARACTER SET utf8mb4 COLLATE utf8mb4_unicode_ci NOT NULL,
  `lastResetTime` datetime NOT NULL DEFAULT '0000-00-00 00:00:00' COMMENT 'Date of last password reset',
  `resetCount` int NOT NULL DEFAULT '0' COMMENT 'Count of password resets since lastResetTime',
  `otpKey` varchar(1000) CHARACTER SET utf8mb4 COLLATE utf8mb4_unicode_ci NOT NULL DEFAULT '' COMMENT 'Two factor authentication encrypted keys',
  `otep` varchar(1000) CHARACTER SET utf8mb4 COLLATE utf8mb4_unicode_ci NOT NULL DEFAULT '' COMMENT 'One time emergency passwords',
  `requireReset` tinyint NOT NULL DEFAULT '0' COMMENT 'Require user to reset password on next login',
  `authProvider` varchar(100) CHARACTER SET utf8mb4 COLLATE utf8mb4_unicode_ci NOT NULL DEFAULT '' COMMENT 'Name of used authentication plugin',
  PRIMARY KEY (`id`),
  UNIQUE KEY `idx_username` (`username`),
  KEY `idx_block` (`block`),
  KEY `email` (`email`),
  KEY `idx_name` (`name`(100))
) ENGINE=MyISAM AUTO_INCREMENT=744 DEFAULT CHARSET=utf8mb4 COLLATE=utf8mb4_unicode_ci;

--
-- Dumping data for table `fz6t4_users`
--

INSERT INTO `fz6t4_users` VALUES (676,'Super User','admin','info@3s-technologies.com.tr','$2y$10$nV/ioVpu2goxW7GBuGC0aODUM0PMjTaWdCHcw8XahFoytLexgIuhK',0,1,'2014-08-01 07:21:38','2024-10-07 07:00:54','0','{\"admin_style\":\"\",\"admin_language\":\"\",\"language\":\"\",\"editor\":\"\",\"timezone\":\"\"}','0000-00-00 00:00:00',0,'','',0,''),(677,'Ahmet Unlu','DMB','info@dmb-elektronik.com','$P$D9DsbdGaVDiLV.3A682yOlxHJBK1yb1',0,0,'2014-08-07 06:38:53','2014-08-08 07:07:18','','{\"activate\":0,\"language\":\"tr-TR\"}','0000-00-00 00:00:00',0,'','',0,''),(683,'çığır aydınlatma','çığırayduınlatma','info@cigiraydinlatma.com','$P$DCA7tYOQv48IL22Q2tw7qKgQYJS.f6.',1,0,'2015-03-13 11:07:01','0000-00-00 00:00:00','c2f889075f0c111e9b4d27ba8331bdb1','{}','0000-00-00 00:00:00',0,'','',0,''),(42,'OB','OB','info3@dmb-elektronik.com','$2y$10$DJ.q3DQsPjnoiR6unSnS2.uKeRjqCWezpmwE9UBOm4.jtQES2sEzi',0,0,'2017-11-14 21:23:29','0000-00-00 00:00:00','','{\"admin_style\":\"\",\"admin_language\":\"\",\"language\":\"\",\"editor\":\"\",\"helpsite\":\"\",\"timezone\":\"\"}','0000-00-00 00:00:00',0,'','',0,''),(696,'Eartechnic','Eartechnic','pcb@eartechnic.com','$P$DYy90tfdl9fcRne0nW4e0W/rlsHyEX/',0,0,'2016-11-17 10:57:33','2016-11-21 07:37:40','','{\"activate\":0}','0000-00-00 00:00:00',0,'','',0,''),(698,'mesut','mesut54','mesuterbas1@hotmail.com','$P$Dapc2g5Lja7wby0TsUK4HnQSEZorDL.',0,0,'2016-12-12 04:33:32','0000-00-00 00:00:00','','{\"activate\":0}','0000-00-00 00:00:00',0,'','',0,'');

--
-- Table structure for table `fz6t4_utf8_conversion`
--

CREATE TABLE `fz6t4_utf8_conversion` (
  `converted` tinyint NOT NULL DEFAULT '0'
) ENGINE=MyISAM DEFAULT CHARSET=utf8mb4 COLLATE=utf8mb4_unicode_ci;

--
-- Dumping data for table `fz6t4_utf8_conversion`
--

INSERT INTO `fz6t4_utf8_conversion` VALUES (5);

--
-- Table structure for table `fz6t4_viewlevels`
--

CREATE TABLE `fz6t4_viewlevels` (
  `id` int unsigned NOT NULL AUTO_INCREMENT COMMENT 'Primary Key',
  `title` varchar(100) CHARACTER SET utf8mb4 COLLATE utf8mb4_unicode_ci NOT NULL DEFAULT '',
  `ordering` int NOT NULL DEFAULT '0',
  `rules` varchar(5120) CHARACTER SET utf8mb4 COLLATE utf8mb4_unicode_ci NOT NULL COMMENT 'JSON encoded access control.',
  PRIMARY KEY (`id`),
  UNIQUE KEY `idx_assetgroup_title_lookup` (`title`)
) ENGINE=MyISAM AUTO_INCREMENT=5 DEFAULT CHARSET=utf8mb4 COLLATE=utf8mb4_unicode_ci;

--
-- Dumping data for table `fz6t4_viewlevels`
--

INSERT INTO `fz6t4_viewlevels` VALUES (1,'Public',0,'[1]'),(2,'Registered',1,'[6,2,8]'),(3,'Special',2,'[6,3,8]'),(4,'Customer Access Level (Example)',3,'[6,3,12]');

--
-- Table structure for table `fz6t4_virtuemart_adminmenuentries`
--

CREATE TABLE `fz6t4_virtuemart_adminmenuentries` (
  `id` tinyint unsigned NOT NULL AUTO_INCREMENT,
  `module_id` tinyint unsigned NOT NULL DEFAULT '0' COMMENT 'THE ID OF THE VM MODULE, THIS ITEM IS ASSIGNED TO',
  `parent_id` tinyint unsigned NOT NULL DEFAULT '0',
  `name` char(64) NOT NULL DEFAULT '0',
  `link` char(64) NOT NULL DEFAULT '0',
  `depends` char(64) NOT NULL DEFAULT '' COMMENT 'Names of the Parameters, this Item depends on',
  `icon_class` char(96) DEFAULT NULL,
  `uikit_icon` char(96) DEFAULT NULL,
  `ordering` int NOT NULL DEFAULT '0',
  `published` tinyint(1) NOT NULL DEFAULT '1',
  `tooltip` char(128) DEFAULT NULL,
  `view` char(32) DEFAULT NULL,
  `task` char(32) DEFAULT NULL,
  PRIMARY KEY (`id`),
  KEY `module_id` (`module_id`),
  KEY `published` (`published`),
  KEY `ordering` (`ordering`)
) ENGINE=MyISAM AUTO_INCREMENT=31 DEFAULT CHARSET=utf8mb3 COMMENT='Administration Menu Items';

--
-- Dumping data for table `fz6t4_virtuemart_adminmenuentries`
--

INSERT INTO `fz6t4_virtuemart_adminmenuentries` VALUES (1,1,0,'COM_VIRTUEMART_CATEGORY_S','','','vmicon vmicon-16-folder_camera','category',1,1,'','category',''),(2,1,0,'COM_VIRTUEMART_PRODUCT_S','','','vmicon vmicon-16-camera','product',2,1,'','product',''),(3,1,0,'COM_VIRTUEMART_PRODUCT_CUSTOM_FIELD_S','','','vmicon vmicon-16-document_move','customfield',5,1,'','custom',''),(4,1,0,'COM_VIRTUEMART_PRODUCT_INVENTORY','','','vmicon vmicon-16-price_watch','inventory',7,1,'','inventory',''),(5,1,0,'COM_VIRTUEMART_CALC_S','','','vmicon vmicon-16-calculator','calculator',8,1,'','calc',''),(6,1,0,'COM_VIRTUEMART_REVIEW_RATE_S','','','vmicon vmicon-16-comments','comments',9,1,'','ratings',''),(7,2,0,'COM_VIRTUEMART_ORDER_S','','','vmicon vmicon-16-page_white_stack','cart',1,1,'','orders',''),(8,2,0,'COM_VIRTUEMART_COUPON_S','','','vmicon vmicon-16-shopping','gift-box',10,1,'','coupon',''),(9,2,0,'COM_VIRTUEMART_REPORT','','','vmicon vmicon-16-chart_bar','revenue',3,1,'','report',''),(10,2,0,'COM_VIRTUEMART_USER_S','','','vmicon vmicon-16-user','user',4,1,'','user',''),(11,2,0,'COM_VIRTUEMART_SHOPPERGROUP_S','','','vmicon vmicon-16-user-group','users',5,1,'','shoppergroup',''),(12,3,0,'COM_VIRTUEMART_MANUFACTURER_S','','','vmicon vmicon-16-wrench_orange','manufacturer',1,1,'','manufacturer',''),(13,3,0,'COM_VIRTUEMART_MANUFACTURER_CATEGORY_S','','','vmicon vmicon-16-folder_wrench','category',2,1,'','manufacturercategories',''),(14,4,0,'COM_VIRTUEMART_STORE','','','vmicon vmicon-16-reseller_account_template','shop',1,1,'','user','editshop'),(15,4,0,'COM_VIRTUEMART_MEDIA_S','','','vmicon vmicon-16-pictures','image',2,1,'','media',''),(16,4,0,'COM_VIRTUEMART_SHIPMENTMETHOD_S','','','vmicon vmicon-16-lorry','shipment',3,1,'','shipmentmethod',''),(17,4,0,'COM_VIRTUEMART_PAYMENTMETHOD_S','','','vmicon vmicon-16-creditcards','credit-card',4,1,'','paymentmethod',''),(18,5,0,'COM_VIRTUEMART_CONFIGURATION','','','vmicon vmicon-16-config','cog',1,1,'','config',''),(19,5,0,'COM_VIRTUEMART_USERFIELD_S','','','vmicon vmicon-16-participation_rate','id-card',2,1,'','userfields',''),(20,5,0,'COM_VIRTUEMART_ORDERSTATUS_S','','','vmicon vmicon-16-document_editing','future',3,1,'','orderstatus',''),(21,5,0,'COM_VIRTUEMART_CURRENCY_S','','','vmicon vmicon-16-coins','currencies',5,1,'','currency',''),(22,5,0,'COM_VIRTUEMART_COUNTRY_S','','','vmicon vmicon-16-globe','world',6,1,'','country',''),(23,11,0,'COM_VIRTUEMART_MIGRATION_UPDATE','','','vmicon vmicon-16-installer_box','lifesaver',0,1,'','updatesmigration',''),(24,11,0,'COM_VIRTUEMART_ABOUT','','','vmicon vmicon-16-info','lifesaver',10,1,'','about',''),(25,11,0,'COM_VIRTUEMART_HELP_TOPICS','http://docs.virtuemart.net/','','vmicon vmicon-16-help','lifesaver',5,1,'','',''),(26,11,0,'COM_VIRTUEMART_COMMUNITY_FORUM','http://forum.virtuemart.net/','','vmicon vmicon-16-reseller_programm','lifesaver',7,1,'','',''),(27,11,0,'COM_VIRTUEMART_STATISTIC_SUMMARY','','','vmicon vmicon-16-info','lifesaver',1,1,'','virtuemart',''),(28,77,0,'COM_VIRTUEMART_USER_GROUP_S','','','vmicon vmicon-16-user',NULL,2,1,'','usergroups',''),(29,11,0,'COM_VIRTUEMART_LOG','','','vmicon vmicon-16-info','lifesaver',2,1,'','log',''),(30,11,0,'COM_VIRTUEMART_SUPPORT','','','vmicon vmicon-16-help','lifesaver',3,1,'','support','');

--
-- Table structure for table `fz6t4_virtuemart_calc_categories`
--

CREATE TABLE `fz6t4_virtuemart_calc_categories` (
  `id` int unsigned NOT NULL AUTO_INCREMENT,
  `virtuemart_calc_id` int unsigned NOT NULL DEFAULT '0',
  `virtuemart_category_id` int unsigned NOT NULL DEFAULT '0',
  PRIMARY KEY (`id`),
  UNIQUE KEY `virtuemart_calc_id` (`virtuemart_calc_id`,`virtuemart_category_id`)
) ENGINE=MyISAM DEFAULT CHARSET=utf8mb3;

--
-- Dumping data for table `fz6t4_virtuemart_calc_categories`
--


--
-- Table structure for table `fz6t4_virtuemart_calc_countries`
--

CREATE TABLE `fz6t4_virtuemart_calc_countries` (
  `id` int unsigned NOT NULL AUTO_INCREMENT,
  `virtuemart_calc_id` int unsigned NOT NULL DEFAULT '0',
  `virtuemart_country_id` int unsigned NOT NULL DEFAULT '0',
  PRIMARY KEY (`id`),
  UNIQUE KEY `virtuemart_calc_id` (`virtuemart_calc_id`,`virtuemart_country_id`)
) ENGINE=MyISAM DEFAULT CHARSET=utf8mb3;

--
-- Dumping data for table `fz6t4_virtuemart_calc_countries`
--


--
-- Table structure for table `fz6t4_virtuemart_calc_manufacturers`
--

CREATE TABLE `fz6t4_virtuemart_calc_manufacturers` (
  `id` int unsigned NOT NULL AUTO_INCREMENT,
  `virtuemart_calc_id` int unsigned NOT NULL DEFAULT '0',
  `virtuemart_manufacturer_id` int unsigned NOT NULL DEFAULT '0',
  PRIMARY KEY (`id`),
  UNIQUE KEY `virtuemart_calc_id` (`virtuemart_calc_id`,`virtuemart_manufacturer_id`)
) ENGINE=MyISAM DEFAULT CHARSET=utf8mb3;

--
-- Dumping data for table `fz6t4_virtuemart_calc_manufacturers`
--


--
-- Table structure for table `fz6t4_virtuemart_calc_shoppergroups`
--

CREATE TABLE `fz6t4_virtuemart_calc_shoppergroups` (
  `id` int unsigned NOT NULL AUTO_INCREMENT,
  `virtuemart_calc_id` int unsigned NOT NULL DEFAULT '0',
  `virtuemart_shoppergroup_id` int unsigned NOT NULL DEFAULT '0',
  PRIMARY KEY (`id`),
  UNIQUE KEY `virtuemart_calc_id` (`virtuemart_calc_id`,`virtuemart_shoppergroup_id`)
) ENGINE=MyISAM DEFAULT CHARSET=utf8mb3;

--
-- Dumping data for table `fz6t4_virtuemart_calc_shoppergroups`
--


--
-- Table structure for table `fz6t4_virtuemart_calc_states`
--

CREATE TABLE `fz6t4_virtuemart_calc_states` (
  `id` int unsigned NOT NULL AUTO_INCREMENT,
  `virtuemart_calc_id` int unsigned NOT NULL DEFAULT '0',
  `virtuemart_state_id` int unsigned NOT NULL DEFAULT '0',
  PRIMARY KEY (`id`),
  UNIQUE KEY `virtuemart_calc_id` (`virtuemart_calc_id`,`virtuemart_state_id`)
) ENGINE=MyISAM DEFAULT CHARSET=utf8mb3;

--
-- Dumping data for table `fz6t4_virtuemart_calc_states`
--


--
-- Table structure for table `fz6t4_virtuemart_calcs`
--

CREATE TABLE `fz6t4_virtuemart_calcs` (
  `virtuemart_calc_id` int unsigned NOT NULL AUTO_INCREMENT,
  `virtuemart_vendor_id` int unsigned NOT NULL DEFAULT '1' COMMENT 'BELONGS TO VENDOR',
  `calc_jplugin_id` int NOT NULL DEFAULT '0',
  `calc_name` varchar(64) NOT NULL DEFAULT '' COMMENT 'NAME OF THE RULE',
  `calc_descr` varchar(128) NOT NULL DEFAULT '' COMMENT 'DESCRIPTION',
  `calc_kind` varchar(16) NOT NULL DEFAULT '' COMMENT 'DISCOUNT/TAX/MARGIN/COMMISSION',
  `calc_value_mathop` varchar(8) NOT NULL DEFAULT '' COMMENT 'THE MATHEMATICAL OPERATION LIKE (+,-,+%,-%)',
  `calc_value` decimal(10,4) NOT NULL DEFAULT '0.0000' COMMENT 'The Amount',
  `calc_currency` smallint unsigned NOT NULL DEFAULT '0' COMMENT 'Currency of the Rule',
  `calc_shopper_published` tinyint(1) NOT NULL DEFAULT '0' COMMENT 'Visible for Shoppers',
  `calc_vendor_published` tinyint(1) NOT NULL DEFAULT '0' COMMENT 'Visible for Vendors',
  `publish_up` datetime NOT NULL DEFAULT '0000-00-00 00:00:00' COMMENT 'Startdate if nothing is set = permanent',
  `publish_down` datetime NOT NULL DEFAULT '0000-00-00 00:00:00' COMMENT 'Enddate if nothing is set = permanent',
  `for_override` tinyint(1) NOT NULL DEFAULT '0',
  `has_categories` tinyint(1) DEFAULT NULL,
  `has_shoppergroups` tinyint(1) DEFAULT NULL,
  `has_manufacturers` tinyint(1) DEFAULT NULL,
  `has_countries` tinyint(1) DEFAULT NULL,
  `has_states` tinyint(1) DEFAULT NULL,
  `calc_params` varchar(15359) NOT NULL DEFAULT '',
  `ordering` int NOT NULL DEFAULT '0',
  `shared` tinyint(1) NOT NULL DEFAULT '0',
  `published` tinyint(1) NOT NULL DEFAULT '1',
  `created_on` datetime NOT NULL DEFAULT '0000-00-00 00:00:00',
  `created_by` int NOT NULL DEFAULT '0',
  `modified_on` datetime NOT NULL DEFAULT '0000-00-00 00:00:00',
  `modified_by` int NOT NULL DEFAULT '0',
  `locked_on` datetime NOT NULL DEFAULT '0000-00-00 00:00:00',
  `locked_by` int NOT NULL DEFAULT '0',
  PRIMARY KEY (`virtuemart_calc_id`),
  KEY `virtuemart_vendor_id` (`virtuemart_vendor_id`),
  KEY `published` (`published`),
  KEY `calc_kind` (`calc_kind`),
  KEY `shared` (`shared`),
  KEY `publish_up` (`publish_up`),
  KEY `publish_down` (`publish_down`)
) ENGINE=MyISAM AUTO_INCREMENT=2 DEFAULT CHARSET=utf8mb3;

--
-- Dumping data for table `fz6t4_virtuemart_calcs`
--

INSERT INTO `fz6t4_virtuemart_calcs` VALUES (1,1,0,'KDV_18','','VatTax','+%',18.0000,144,0,0,'2014-08-07 07:34:47','0000-00-00 00:00:00',0,0,0,0,0,0,'',0,0,1,'2014-08-07 07:34:47',676,'2014-08-07 07:34:47',676,'0000-00-00 00:00:00',0);

--
-- Table structure for table `fz6t4_virtuemart_carts`
--

CREATE TABLE `fz6t4_virtuemart_carts` (
  `virtuemart_cart_id` int unsigned NOT NULL AUTO_INCREMENT,
  `virtuemart_user_id` int unsigned NOT NULL,
  `virtuemart_vendor_id` int unsigned NOT NULL,
  `cartData` varbinary(50000) DEFAULT NULL,
  `created_on` datetime NOT NULL DEFAULT '0000-00-00 00:00:00',
  `created_by` int NOT NULL DEFAULT '0',
  `modified_on` datetime NOT NULL DEFAULT '0000-00-00 00:00:00',
  `modified_by` int NOT NULL DEFAULT '0',
  PRIMARY KEY (`virtuemart_cart_id`),
  KEY `virtuemart_vendor_id` (`virtuemart_vendor_id`),
  KEY `virtuemart_user_id` (`virtuemart_user_id`)
) ENGINE=InnoDB DEFAULT CHARSET=utf8mb3 COMMENT='Used to store the cart';

--
-- Dumping data for table `fz6t4_virtuemart_carts`
--


--
-- Table structure for table `fz6t4_virtuemart_categories`
--

CREATE TABLE `fz6t4_virtuemart_categories` (
  `virtuemart_category_id` int unsigned NOT NULL AUTO_INCREMENT,
  `category_parent_id` int unsigned DEFAULT NULL,
  `virtuemart_vendor_id` int unsigned NOT NULL DEFAULT '1' COMMENT 'BELONGS TO VENDOR',
  `category_template` varchar(128) DEFAULT NULL,
  `category_layout` varchar(64) DEFAULT NULL,
  `category_product_layout` varchar(64) DEFAULT NULL,
  `products_per_row` varchar(1) NOT NULL DEFAULT '',
  `limit_list_step` varchar(32) DEFAULT NULL,
  `limit_list_initial` smallint unsigned DEFAULT NULL,
  `hits` int unsigned NOT NULL DEFAULT '0',
  `cat_params` varchar(15359) NOT NULL DEFAULT '',
  `metarobot` varchar(40) NOT NULL DEFAULT '',
  `metaauthor` varchar(64) NOT NULL DEFAULT '',
  `ordering` int NOT NULL DEFAULT '0',
  `shared` tinyint(1) NOT NULL DEFAULT '0',
  `published` tinyint(1) NOT NULL DEFAULT '1',
  `has_children` tinyint(1) DEFAULT NULL,
  `has_medias` tinyint(1) DEFAULT NULL,
  `created_on` datetime NOT NULL DEFAULT '0000-00-00 00:00:00',
  `created_by` int NOT NULL DEFAULT '0',
  `modified_on` datetime NOT NULL DEFAULT '0000-00-00 00:00:00',
  `modified_by` int NOT NULL DEFAULT '0',
  `locked_on` datetime NOT NULL DEFAULT '0000-00-00 00:00:00',
  `locked_by` int NOT NULL DEFAULT '0',
  PRIMARY KEY (`virtuemart_category_id`),
  KEY `virtuemart_vendor_id` (`virtuemart_vendor_id`),
  KEY `published` (`published`),
  KEY `shared` (`shared`),
  KEY `ordering` (`ordering`)
) ENGINE=MyISAM AUTO_INCREMENT=21 DEFAULT CHARSET=utf8mb3 COMMENT='Product Categories are stored here';

--
-- Dumping data for table `fz6t4_virtuemart_categories`
--

INSERT INTO `fz6t4_virtuemart_categories` VALUES (2,0,1,'','default','default','1','0',0,0,'show_store_desc=\"\"|showcategory_desc=\"\"|showcategory=\"\"|categories_per_row=\"\"|showproducts=\"\"|omitLoaded=\"\"|showsearch=\"\"|productsublayout=\"\"|featured=\"\"|featured_rows=\"\"|omitLoaded_featured=\"\"|discontinued=\"\"|discontinued_rows=\"\"|omitLoaded_discontinued=\"\"|latest=\"\"|latest_rows=\"\"|omitLoaded_latest=\"\"|topten=\"\"|topten_rows=\"\"|omitLoaded_topten=\"\"|recent=\"\"|recent_rows=\"\"|omitLoaded_recent=\"\"|','','',5,0,1,0,1,'2014-08-01 09:02:45',676,'2022-07-26 11:56:12',676,'0000-00-00 00:00:00',0),(3,0,1,'','default','default','1','0',0,0,'show_store_desc=\"\"|showcategory_desc=\"\"|showcategory=\"\"|categories_per_row=\"\"|showproducts=\"\"|omitLoaded=\"\"|showsearch=\"\"|productsublayout=\"\"|featured=\"\"|featured_rows=\"\"|omitLoaded_featured=\"\"|discontinued=\"\"|discontinued_rows=\"\"|omitLoaded_discontinued=\"\"|latest=\"\"|latest_rows=\"\"|omitLoaded_latest=\"\"|topten=\"\"|topten_rows=\"\"|omitLoaded_topten=\"\"|recent=\"\"|recent_rows=\"\"|omitLoaded_recent=\"\"|','','',4,0,0,0,1,'2014-08-01 09:04:13',676,'2020-02-11 14:07:40',676,'0000-00-00 00:00:00',0),(4,0,1,'','default','default','1','0',0,0,'show_store_desc=\"\"|showcategory_desc=\"\"|showcategory=\"\"|categories_per_row=\"\"|showproducts=\"\"|omitLoaded=\"\"|showsearch=\"\"|productsublayout=\"\"|featured=\"\"|featured_rows=\"\"|omitLoaded_featured=\"\"|discontinued=\"\"|discontinued_rows=\"\"|omitLoaded_discontinued=\"\"|latest=\"\"|latest_rows=\"\"|omitLoaded_latest=\"\"|topten=\"\"|topten_rows=\"\"|omitLoaded_topten=\"\"|recent=\"\"|recent_rows=\"\"|omitLoaded_recent=\"\"|','','',3,0,0,0,1,'2014-08-02 06:38:50',676,'2020-11-21 22:48:17',676,'0000-00-00 00:00:00',0),(5,0,1,'0','default','default','1','0',0,0,'','','',6,0,1,0,1,'2014-08-02 07:46:40',676,'2016-12-08 14:46:12',676,'0000-00-00 00:00:00',0),(6,0,1,'0','default','default','1','0',0,0,'','','',7,0,1,0,1,'2014-08-02 07:47:58',676,'2016-12-08 14:44:17',676,'0000-00-00 00:00:00',0),(7,0,1,'0','default','default','1','0',0,0,'','','',1,0,0,0,1,'2014-08-02 07:50:16',676,'2016-12-08 15:32:09',676,'0000-00-00 00:00:00',0),(8,0,1,'','default','default','1','0',0,0,'show_store_desc=\"\"|showcategory_desc=\"\"|showcategory=\"\"|categories_per_row=\"\"|showproducts=\"\"|omitLoaded=\"\"|showsearch=\"\"|productsublayout=\"\"|featured=\"\"|featured_rows=\"\"|omitLoaded_featured=\"\"|discontinued=\"\"|discontinued_rows=\"\"|omitLoaded_discontinued=\"\"|latest=\"\"|latest_rows=\"\"|omitLoaded_latest=\"\"|topten=\"\"|topten_rows=\"\"|omitLoaded_topten=\"\"|recent=\"\"|recent_rows=\"\"|omitLoaded_recent=\"\"|','','',8,0,1,0,1,'2014-08-02 07:52:35',676,'2020-11-21 22:49:30',676,'0000-00-00 00:00:00',0),(9,0,1,'0','default','default','1','0',0,0,'','','',9,0,1,0,1,'2014-08-02 07:58:27',676,'2016-12-08 14:54:14',676,'0000-00-00 00:00:00',0),(10,0,1,'0','default','default','1','0',0,0,'','','',10,0,0,0,1,'2014-08-02 09:19:38',676,'2016-12-08 14:43:52',676,'0000-00-00 00:00:00',0),(11,0,1,'0','default','default','1','0',0,0,'','','',11,0,1,0,1,'2014-08-02 09:21:12',676,'2016-12-08 14:53:40',676,'0000-00-00 00:00:00',0),(12,0,1,'0','default','default','2','0',0,0,'','','',13,0,0,1,1,'2014-08-02 09:35:53',676,'2016-12-08 14:52:56',676,'0000-00-00 00:00:00',0),(13,0,1,'0','default','default','1','0',0,0,'','','',12,0,1,0,1,'2014-08-02 09:41:05',676,'2016-12-08 14:54:48',676,'0000-00-00 00:00:00',0),(14,12,1,'0','default','default','2','0',0,0,'','','',1,0,1,0,1,'2014-08-03 10:50:44',676,'2014-08-03 10:51:02',676,'0000-00-00 00:00:00',0),(15,12,1,'0','default','default','2','0',0,0,'','','',1,0,1,0,1,'2014-08-03 10:52:42',676,'2014-08-03 10:52:56',676,'0000-00-00 00:00:00',0),(16,12,1,'0','default','default','0','0',0,0,'','','',2,0,1,0,1,'2014-08-03 10:54:37',676,'2014-08-03 10:54:59',676,'0000-00-00 00:00:00',0),(17,12,1,'0','default','default','2','0',0,0,'','','',3,0,1,0,1,'2014-08-03 10:55:51',676,'2014-08-03 11:55:34',676,'0000-00-00 00:00:00',0),(18,0,1,'','default','default','1','0',0,0,'show_store_desc=\"\"|showcategory_desc=\"\"|showcategory=\"\"|categories_per_row=\"\"|showproducts=\"\"|omitLoaded=\"\"|showsearch=\"\"|productsublayout=\"\"|featured=\"\"|featured_rows=\"\"|omitLoaded_featured=\"\"|discontinued=\"\"|discontinued_rows=\"\"|omitLoaded_discontinued=\"\"|latest=\"\"|latest_rows=\"\"|omitLoaded_latest=\"\"|topten=\"\"|topten_rows=\"\"|omitLoaded_topten=\"\"|recent=\"\"|recent_rows=\"\"|omitLoaded_recent=\"\"|','','',1,0,1,0,1,'2019-09-16 08:34:27',676,'2019-09-16 10:28:19',676,'0000-00-00 00:00:00',0),(19,0,1,'','default','default','1','0',0,0,'show_store_desc=\"\"|showcategory_desc=\"\"|showcategory=\"\"|categories_per_row=\"\"|showproducts=\"\"|omitLoaded=\"\"|showsearch=\"\"|productsublayout=\"\"|featured=\"\"|featured_rows=\"\"|omitLoaded_featured=\"\"|discontinued=\"\"|discontinued_rows=\"\"|omitLoaded_discontinued=\"\"|latest=\"\"|latest_rows=\"\"|omitLoaded_latest=\"\"|topten=\"\"|topten_rows=\"\"|omitLoaded_topten=\"\"|recent=\"\"|recent_rows=\"\"|omitLoaded_recent=\"\"|','','',1,0,0,0,1,'2020-02-11 09:33:53',676,'2020-02-11 13:14:25',676,'0000-00-00 00:00:00',0),(20,0,1,'','default','default','1','0',0,0,'show_store_desc=\"\"|showcategory_desc=\"\"|showcategory=\"\"|categories_per_row=\"\"|showproducts=\"\"|omitLoaded=\"\"|showsearch=\"\"|productsublayout=\"\"|featured=\"\"|featured_rows=\"\"|omitLoaded_featured=\"\"|discontinued=\"\"|discontinued_rows=\"\"|omitLoaded_discontinued=\"\"|latest=\"\"|latest_rows=\"\"|omitLoaded_latest=\"\"|topten=\"\"|topten_rows=\"\"|omitLoaded_topten=\"\"|recent=\"\"|recent_rows=\"\"|omitLoaded_recent=\"\"|','','',1,0,0,0,1,'2020-02-11 12:19:21',676,'2020-02-11 13:34:49',676,'0000-00-00 00:00:00',0);

--
-- Table structure for table `fz6t4_virtuemart_categories_en_gb`
--

CREATE TABLE `fz6t4_virtuemart_categories_en_gb` (
  `virtuemart_category_id` int unsigned NOT NULL,
  `category_name` varchar(180) NOT NULL DEFAULT '',
  `category_description` varchar(19000) NOT NULL DEFAULT '',
  `metadesc` varchar(400) NOT NULL DEFAULT '',
  `metakey` varchar(400) NOT NULL DEFAULT '',
  `customtitle` varchar(255) NOT NULL DEFAULT '',
  `slug` varchar(192) NOT NULL DEFAULT '',
  PRIMARY KEY (`virtuemart_category_id`),
  UNIQUE KEY `slug` (`slug`)
) ENGINE=MyISAM DEFAULT CHARSET=utf8mb3;

--
-- Dumping data for table `fz6t4_virtuemart_categories_en_gb`
--

INSERT INTO `fz6t4_virtuemart_categories_en_gb` VALUES (2,'SMD','','','','','smd-düşük-hızlı'),(3,'SMD (Mid-Speed)','','','','','smd-orta-hızlı'),(4,'SMD (Ultra-Speed)','','','','','smd-ultra-hız'),(5,'Screen Printer','','','','','screen-printer'),(6,'SMD Reflow','','','','','smd-fırın'),(7,'Through-Hole','','','','','thru-hole'),(8,'Wave Soldering','','','','','dalga-lehim'),(9,'Selective Soldering','','','','','bölgesel-lehimleme'),(10,'Cleaning Machines','','','','','temizleme-makineleri'),(11,'Conveyors','','','','','konveyorler'),(12,'Soldering Material','','','','','lehimleme-malzemeleri'),(13,'Second Hand M/C','','','','','2.-el-makineler'),(14,'Solder Wire','','','','','tel-lehim'),(15,'Solder Bar','','','','','çubuk-lehim'),(16,'Flux','','','','','flux'),(17,'Solder Paste','','','','','krem-lehim'),(18,'CNC','','','','','cnc'),(19,'Laser Marking Machine','','','','','laser-marking-machine'),(20,'Odd-Shape Insertion','','','','','odd-shape-inserter');

--
-- Table structure for table `fz6t4_virtuemart_categories_tr_tr`
--

CREATE TABLE `fz6t4_virtuemart_categories_tr_tr` (
  `virtuemart_category_id` int unsigned NOT NULL,
  `category_name` varchar(180) NOT NULL DEFAULT '',
  `category_description` varchar(19000) NOT NULL DEFAULT '',
  `metadesc` varchar(400) NOT NULL DEFAULT '',
  `metakey` varchar(400) NOT NULL DEFAULT '',
  `customtitle` varchar(255) NOT NULL DEFAULT '',
  `slug` varchar(192) NOT NULL DEFAULT '',
  PRIMARY KEY (`virtuemart_category_id`),
  UNIQUE KEY `slug` (`slug`)
) ENGINE=MyISAM DEFAULT CHARSET=utf8mb3;

--
-- Dumping data for table `fz6t4_virtuemart_categories_tr_tr`
--

INSERT INTO `fz6t4_virtuemart_categories_tr_tr` VALUES (2,'SMD ','','','SMD Dizgi, Düşük hızlı dizgi, numune dizgi, pilot dizgi','','smd-düşük-hızlı'),(3,'SMD (Orta Hızlı)','','','SMD Dizgi, Orta hızlı SMD Dizgi, Orta hızlı dizgi','','smd-orta-hızlı'),(4,'SMD (Ultra-Hız)','','','SMD Dizgi makinesi, Ultra hızlı SMD Dizgi, Yüksek Hızlı Dizgi','','smd-ultra-hız'),(5,'Screen Printer','','','Screen printer, Krem lehim makinesi, krem lehim baskı, baskı makinesi','','screen-printer'),(6,'SMD Fırın','','','SMD Fırın, Reflow Fırın, Elektronik fırın','','smd-fırın'),(7,'Thru-Hole','','','Aksiyel dizgi, Radyal dizgi, Bacaklı eleman dizgi, manuel dizgi','','thru-hole'),(8,'Dalga Lehim','','','Dalga lehim makinesi, pota','','dalga-lehim'),(9,'Bölgesel Lehimleme','','','selective soldering, bölgesel lehimleme','','bölgesel-lehimleme'),(10,'Temizleme Makineleri','','','PCB Temizleme, Elek Temizleme, Stencil Temizleme, PCB Yıkama, Elek Yıkama, Stencil Yıkama','','temizleme-makineleri'),(11,'Konveyorler','','','konveyorler, pcb konveyor, elektronik kart konveyoru, kart yükleme, kart boşaltma, magazin yükleme, magazin boşaltma','','konveyorler'),(12,'Lehimleme Malzemeleri','','','Lehimleme malzemeleri, krem lehim, çubuk lehim, tel lehim, flux','','lehimleme-malzemeleri'),(13,'2. El Makineler','','','kullanılmış dizgi makinesi, kullanılmış SMD makinesi, kullanılmış SMD dizgi','','2-el-makineler'),(14,'Tel Lehim','','','','','tel-lehim'),(15,'Çubuk Lehim','','','','','çubuk-lehim'),(16,'Flux','','','','','flux'),(17,'Krem Lehim','','','','','krem-lehim'),(18,'CNC','','','','','cnc'),(19,'Lazer Markalama','','','','','lazer-markalama'),(20,'Odd-form Dizgi','','','','','odd-shape-inserter');

--
-- Table structure for table `fz6t4_virtuemart_category_categories`
--

CREATE TABLE `fz6t4_virtuemart_category_categories` (
  `id` int unsigned NOT NULL AUTO_INCREMENT,
  `category_parent_id` int unsigned NOT NULL DEFAULT '0',
  `category_child_id` int unsigned NOT NULL DEFAULT '0',
  `ordering` int NOT NULL DEFAULT '0',
  PRIMARY KEY (`id`),
  UNIQUE KEY `category_parent_id` (`category_parent_id`,`category_child_id`),
  KEY `ordering` (`ordering`),
  KEY `category_child_id` (`category_child_id`)
) ENGINE=MyISAM AUTO_INCREMENT=21 DEFAULT CHARSET=utf8mb3 COMMENT='Category child-parent relation list';

--
-- Dumping data for table `fz6t4_virtuemart_category_categories`
--

INSERT INTO `fz6t4_virtuemart_category_categories` VALUES (2,0,2,5),(3,0,3,4),(4,0,4,3),(5,0,5,6),(6,0,6,7),(7,0,7,1),(8,0,8,8),(9,0,9,9),(10,0,10,10),(11,0,11,11),(12,0,12,13),(13,0,13,12),(14,12,14,1),(15,12,15,1),(16,12,16,2),(17,12,17,3),(18,0,18,1),(19,0,19,1),(20,0,20,1);

--
-- Table structure for table `fz6t4_virtuemart_category_medias`
--

CREATE TABLE `fz6t4_virtuemart_category_medias` (
  `id` int unsigned NOT NULL AUTO_INCREMENT,
  `virtuemart_category_id` int unsigned NOT NULL DEFAULT '0',
  `virtuemart_media_id` int unsigned NOT NULL DEFAULT '0',
  `ordering` int NOT NULL DEFAULT '0',
  PRIMARY KEY (`id`),
  UNIQUE KEY `virtuemart_category_id` (`virtuemart_category_id`,`virtuemart_media_id`),
  KEY `ordering` (`virtuemart_category_id`,`ordering`)
) ENGINE=MyISAM AUTO_INCREMENT=25 DEFAULT CHARSET=utf8mb3;

--
-- Dumping data for table `fz6t4_virtuemart_category_medias`
--

INSERT INTO `fz6t4_virtuemart_category_medias` VALUES (23,20,115,1),(4,2,28,1),(7,5,44,1),(6,4,43,1),(8,6,45,1),(9,7,46,1),(10,8,47,1),(11,9,48,1),(12,10,49,1),(13,11,50,1),(14,12,54,1),(15,13,55,1),(16,14,75,1),(17,15,76,1),(18,16,77,1),(19,17,78,1),(20,18,96,1),(24,3,117,1),(22,19,113,1);

--
-- Table structure for table `fz6t4_virtuemart_configs`
--

CREATE TABLE `fz6t4_virtuemart_configs` (
  `virtuemart_config_id` tinyint unsigned NOT NULL AUTO_INCREMENT,
  `config` text,
  `created_on` datetime NOT NULL DEFAULT '0000-00-00 00:00:00',
  `created_by` int NOT NULL DEFAULT '0',
  `modified_on` datetime NOT NULL DEFAULT '0000-00-00 00:00:00',
  `modified_by` int NOT NULL DEFAULT '0',
  `locked_on` datetime NOT NULL DEFAULT '0000-00-00 00:00:00',
  `locked_by` int NOT NULL DEFAULT '0',
  PRIMARY KEY (`virtuemart_config_id`)
) ENGINE=MyISAM AUTO_INCREMENT=2 DEFAULT CHARSET=utf8mb3 COMMENT='Holds configuration settings';

--
-- Dumping data for table `fz6t4_virtuemart_configs`
--

INSERT INTO `fz6t4_virtuemart_configs` VALUES (1,'shop_is_offline=\"0\"|offline_message=\"Our Shop is currently down for maintenance. Please check back again soon.\"|use_as_catalog=\"0\"|currency_converter_module=\"convertECB.php\"|order_mail_html=\"1\"|dateformat=\"%m\\/%d\\/%y\"|useSSL=\"0\"|dangeroustools=0|debug_enable=\"admin\"|google_jquery=\"1\"|multix=\"none\"|pdf_button_enable=\"1\"|show_emailfriend=\"0\"|show_printicon=\"1\"|show_out_of_stock_products=\"1\"|coupons_enable=\"0\"|show_uncat_child_products=\"0\"|coupons_default_expire=\"1,D\"|weight_unit_default=\"KG\"|lwh_unit_default=\"M\"|list_limit=\"10\"|showReviewFor=\"none\"|reviewMode=\"none\"|showRatingFor=\"none\"|ratingMode=\"bought\"|reviews_autopublish=\"0\"|reviews_minimum_comment_length=\"0\"|reviews_maximum_comment_length=\"2000\"|vmtemplate=\"\"|categorytemplate=\"\"|showCategory=\"1\"|categorylayout=\"categories\"|categories_per_row=\"2\"|productlayout=\"default\"|products_per_row=\"3\"|vmlayout=\"\"|show_featured=\"1\"|featured_products_per_row=\"3\"|show_topTen=\"1\"|topten_products_per_row=\"3\"|show_recent=\"1\"|show_latest=\"1\"|assets_general_path=\"components\\/com_virtuemart\\/assets\\/\"|media_category_path=\"images\\/stories\\/virtuemart\\/category\\/\"|media_product_path=\"images\\/stories\\/virtuemart\\/product\\/\"|media_manufacturer_path=\"images\\/stories\\/virtuemart\\/manufacturer\\/\"|media_vendor_path=\"images\\/stories\\/virtuemart\\/vendor\\/\"|forSale_path_thumb=\"images\\/stories\\/virtuemart\\/forSale\\/resized\\/\"|img_resize_enable=\"1\"|img_width=\"300\"|img_height=\"300\"|no_image_set=\"noimage.gif\"|no_image_found=\"warning.png\"|browse_orderby_field=\"pc.ordering\"|browse_orderby_fields=[\"product_name\",\"`p`.product_sku\",\"category_name\",\"mf_name\",\"pc.ordering\"]|browse_search_fields=[\"product_name\",\"`p`.product_sku\",\"product_s_desc\",\"product_desc\",\"category_name\",\"category_description\",\"mf_name\"]|show_prices=\"1\"|price_show_packaging_pricelabel=\"0\"|show_tax=\"1\"|basePrice=\"0\"|basePriceText=\"0\"|basePriceRounding=\"-1\"|variantModification=\"0\"|variantModificationText=\"0\"|variantModificationRounding=\"-1\"|basePriceVariant=\"0\"|basePriceVariantText=\"0\"|basePriceVariantRounding=\"-1\"|basePriceWithTax=\"0\"|basePriceWithTaxText=\"0\"|basePriceWithTaxRounding=\"-1\"|discountedPriceWithoutTax=\"1\"|discountedPriceWithoutTaxText=\"1\"|discountedPriceWithoutTaxRounding=\"-1\"|salesPriceWithDiscount=\"0\"|salesPriceWithDiscountText=\"0\"|salesPriceWithDiscountRounding=\"-1\"|salesPrice=\"1\"|salesPriceText=\"1\"|salesPriceRounding=\"-1\"|priceWithoutTax=\"1\"|priceWithoutTaxText=\"1\"|priceWithoutTaxRounding=\"-1\"|discountAmount=\"0\"|discountAmountText=\"0\"|discountAmountRounding=\"-1\"|taxAmount=\"0\"|taxAmountText=\"0\"|taxAmountRounding=\"-1\"|addtocart_popup=\"1\"|check_stock=\"0\"|automatic_payment=\"1\"|automatic_shipment=\"1\"|agree_to_tos_onorder=\"0\"|oncheckout_show_legal_info=\"1\"|oncheckout_show_register=\"1\"|oncheckout_show_steps=\"0\"|oncheckout_show_register_text=\"COM_VIRTUEMART_ONCHECKOUT_DEFAULT_TEXT_REGISTER\"|seo_disabled=\"0\"|seo_translate=\"0\"|seo_use_id=\"0\"|enable_content_plugin=\"1\"|reg_captcha=\"0\"|handle_404=\"1\"|member_access_number=\"\"|enableEnglish=\"1\"|vmDefLang=\"\"|active_languages=[\"en-GB\",\"tr-TR\"]|prodOnlyWLang=\"0\"|vm_lfbs=\"\"|ReInjectJLanguage=\"0\"|debug_enable_methods=\"0\"|debug_enable_router=\"0\"|revproxvar=\"\"|multixcart=\"0\"|optimisedProductSql=\"1\"|optimisedCalcSql=\"1\"|optimisedCatSql=\"1\"|useVendorEmail=\"0\"|invoiceInUserLang=\"0\"|debug_mail=\"debug_email_send\"|addVendorEmail=\"info@3s-technologies.com.tr\"|email_sf_s=[\"email\"]|email_os_s=[\"U\",\"C\",\"X\",\"R\",\"S\"]|email_os_v=[\"U\",\"C\",\"X\",\"R\"]|attach=\"\"|attach_os=[\"U\",\"C\",\"X\",\"R\"]|inv_os=[\"C\"]|norm_units=\"KG,100G,M,SM,CUBM,L,100ML,P\"|pdf_icon=\"0\"|recommend_unauth=\"1\"|ask_captcha=\"1\"|ask_question=\"1\"|asks_minimum_comment_length=\"10\"|asks_maximum_comment_length=\"2000\"|cp_rm=[\"C\"]|product_navigation=\"0\"|display_stock=\"0\"|show_pcustoms=\"1\"|show_subcat_products=\"0\"|show_uncat_parent_products=\"0\"|show_unpub_cat_products=\"1\"|cat_productdetails=\"0\"|latest_products_days=\"7\"|latest_products_orderBy=\"created_on\"|lstockmail=\"0\"|stockhandle_products=\"0\"|stockhandle=\"none\"|rised_availability=\"\"|image=\"\"|reviews_languagefilter=\"0\"|vm_num_ratings_show=\"3\"|rr_os=[\"C\"]|show_store_desc=\"1\"|showcategory_desc=\"1\"|showsearch=\"1\"|showcategory=\"1\"|showproducts=\"1\"|omitLoaded=\"1\"|show_manufacturers=\"1\"|manufacturer_per_row=\"3\"|featured=\"1\"|featured_rows=\"1\"|omitLoaded_featured=\"1\"|discontinued=\"0\"|discontinued_rows=\"1\"|omitLoaded_discontinued=\"1\"|topten=\"1\"|topten_rows=\"1\"|omitLoaded_topten=\"1\"|recent=\"1\"|recent_rows=\"1\"|omitLoaded_recent=\"1\"|latest=\"1\"|latest_rows=\"1\"|omitLoaded_latest=\"1\"|bootstrap=\"\"|cartlayout=\"default\"|productsublayout=\"\"|lazyLoad=\"1\"|useLayoutOverrides=\"1\"|usefancy=\"1\"|css=\"1\"|jquery_framework=\"1\"|jquery=\"0\"|jprice=\"1\"|jsite=\"1\"|jchosen=\"1\"|jdynupdate=\"1\"|ajax_category=\"0\"|legacylayouts=\"1\"|show_categories=\"1\"|homepage_categories_per_row=\"3\"|homepage_products_per_row=\"3\"|add_img_main=\"1\"|img_width_full=\"\"|img_height_full=\"\"|forSale_path=\"\\/home\\/ledbazaa\\/public_html\\/dmb-elektronik.com\\/vmfiles\\/\"|mediaLimit=\"20\"|llimit_init_BE=\"20\"|pagseq=\"\"|llimit_init_FE=\"20\"|pagseq_1=\"\"|pagseq_2=\"\"|pagseq_3=\"\"|pagseq_4=\"\"|pagseq_5=\"\"|vm_prices_info_tax=\"0\"|vm_prices_info_delivery=\"0\"|askprice=\"0\"|rappenrundung=\"0\"|roundindig=\"1\"|cVarswT=\"1\"|pricesbyCurrency=\"0\"|price_orderby=\"DESC\"|discountedPriceWithoutTaxTt=\"0\"|discountedPriceWithoutTaxTtText=\"0\"|discountedPriceWithoutTaxTtRounding=\"-1\"|priceWithoutTaxTt=\"0\"|priceWithoutTaxTtText=\"0\"|priceWithoutTaxTtRounding=\"-1\"|taxAmountTt=\"0\"|taxAmountTtText=\"0\"|taxAmountTtRounding=\"-1\"|salesPriceTt=\"0\"|salesPriceTtText=\"0\"|salesPriceTtRounding=\"-1\"|discountAmountTt=\"0\"|discountAmountTtText=\"0\"|discountAmountTtRounding=\"-1\"|unitPrice=\"0\"|unitPriceText=\"0\"|unitPriceRounding=\"-1\"|popup_rel=\"1\"|oncheckout_opc=\"1\"|oncheckout_ajax=\"1\"|set_automatic_shipment=\"0\"|set_automatic_payment=\"0\"|radicalShipPaymentVat=\"1\"|oncheckout_show_images=\"0\"|oncheckout_change_shopper=\"0\"|del_date_type=\"m\"|oncheckout_only_registered=\"0\"|ordertracking=\"guests\"|prd_brws_orderby_dir=\"ASC\"|browse_cat_orderby_field=\"c.ordering,category_name\"|cat_brws_orderby_dir=\"ASC\"|feed_latest_published=\"0\"|feed_latest_nb=\"5\"|feed_topten_published=\"0\"|feed_topten_nb=\"5\"|feed_featured_published=\"0\"|feed_featured_nb=\"5\"|feed_home_show_images=\"0\"|feed_home_show_prices=\"0\"|feed_home_show_description=\"0\"|feed_home_description_type=\"product_s_desc\"|feed_home_max_text_length=\"500\"|feed_cat_published=\"0\"|feed_cat_show_images=\"0\"|feed_cat_show_prices=\"0\"|feed_cat_show_description=\"0\"|feed_cat_description_type=\"product_s_desc\"|feed_cat_max_text_length=\"500\"|use_seo_suffix=\"1\"|seo_sufix=\"-detail\"|transliterateSlugs=\"0\"|seo_full=\"1\"|router_by_menu=\"0\"|sef_for_cart_links=\"1\"|task=\"apply\"|option=\"com_virtuemart\"|view=\"config\"|bb90ee5ac147b486c3a95bdc1ca7da91=\"1\"|sctime=1620761748.58814|vmlang=\"tr_tr\"','0000-00-00 00:00:00',0,'2021-05-11 19:35:59',676,'0000-00-00 00:00:00',0);

--
-- Table structure for table `fz6t4_virtuemart_countries`
--

CREATE TABLE `fz6t4_virtuemart_countries` (
  `virtuemart_country_id` int unsigned NOT NULL AUTO_INCREMENT,
  `virtuemart_worldzone_id` tinyint(1) NOT NULL DEFAULT '1',
  `country_name` varchar(64) DEFAULT NULL,
  `country_3_code` char(3) DEFAULT NULL,
  `country_2_code` char(2) DEFAULT NULL,
  `ordering` int NOT NULL DEFAULT '0',
  `published` tinyint(1) NOT NULL DEFAULT '1',
  `created_on` datetime NOT NULL DEFAULT '0000-00-00 00:00:00',
  `created_by` int NOT NULL DEFAULT '0',
  `modified_on` datetime NOT NULL DEFAULT '0000-00-00 00:00:00',
  `modified_by` int NOT NULL DEFAULT '0',
  `locked_on` datetime NOT NULL DEFAULT '0000-00-00 00:00:00',
  `locked_by` int NOT NULL DEFAULT '0',
  PRIMARY KEY (`virtuemart_country_id`),
  KEY `ordering` (`ordering`),
  KEY `published` (`published`),
  KEY `country_3_code` (`country_3_code`),
  KEY `country_2_code` (`country_2_code`),
  KEY `country_name` (`country_name`)
) ENGINE=MyISAM AUTO_INCREMENT=249 DEFAULT CHARSET=utf8mb3 COMMENT='Country records';

--
-- Dumping data for table `fz6t4_virtuemart_countries`
--

INSERT INTO `fz6t4_virtuemart_countries` VALUES (1,1,'Afghanistan','AFG','AF',0,1,'0000-00-00 00:00:00',0,'0000-00-00 00:00:00',0,'0000-00-00 00:00:00',0),(2,1,'Albania','ALB','AL',0,1,'0000-00-00 00:00:00',0,'0000-00-00 00:00:00',0,'0000-00-00 00:00:00',0),(3,1,'Algeria','DZA','DZ',0,1,'0000-00-00 00:00:00',0,'0000-00-00 00:00:00',0,'0000-00-00 00:00:00',0),(4,1,'American Samoa','ASM','AS',0,1,'0000-00-00 00:00:00',0,'0000-00-00 00:00:00',0,'0000-00-00 00:00:00',0),(5,1,'Andorra','AND','AD',0,1,'0000-00-00 00:00:00',0,'0000-00-00 00:00:00',0,'0000-00-00 00:00:00',0),(6,1,'Angola','AGO','AO',0,1,'0000-00-00 00:00:00',0,'0000-00-00 00:00:00',0,'0000-00-00 00:00:00',0),(7,1,'Anguilla','AIA','AI',0,1,'0000-00-00 00:00:00',0,'0000-00-00 00:00:00',0,'0000-00-00 00:00:00',0),(8,1,'Antarctica','ATA','AQ',0,1,'0000-00-00 00:00:00',0,'0000-00-00 00:00:00',0,'0000-00-00 00:00:00',0),(9,1,'Antigua and Barbuda','ATG','AG',0,1,'0000-00-00 00:00:00',0,'0000-00-00 00:00:00',0,'0000-00-00 00:00:00',0),(10,1,'Argentina','ARG','AR',0,1,'0000-00-00 00:00:00',0,'0000-00-00 00:00:00',0,'0000-00-00 00:00:00',0),(11,1,'Armenia','ARM','AM',0,1,'0000-00-00 00:00:00',0,'0000-00-00 00:00:00',0,'0000-00-00 00:00:00',0),(12,1,'Aruba','ABW','AW',0,1,'0000-00-00 00:00:00',0,'0000-00-00 00:00:00',0,'0000-00-00 00:00:00',0),(13,1,'Australia','AUS','AU',0,1,'0000-00-00 00:00:00',0,'0000-00-00 00:00:00',0,'0000-00-00 00:00:00',0),(14,1,'Austria','AUT','AT',0,1,'0000-00-00 00:00:00',0,'0000-00-00 00:00:00',0,'0000-00-00 00:00:00',0),(15,1,'Azerbaijan','AZE','AZ',0,1,'0000-00-00 00:00:00',0,'0000-00-00 00:00:00',0,'0000-00-00 00:00:00',0),(16,1,'Bahamas','BHS','BS',0,1,'0000-00-00 00:00:00',0,'0000-00-00 00:00:00',0,'0000-00-00 00:00:00',0),(17,1,'Bahrain','BHR','BH',0,1,'0000-00-00 00:00:00',0,'0000-00-00 00:00:00',0,'0000-00-00 00:00:00',0),(18,1,'Bangladesh','BGD','BD',0,1,'0000-00-00 00:00:00',0,'0000-00-00 00:00:00',0,'0000-00-00 00:00:00',0),(19,1,'Barbados','BRB','BB',0,1,'0000-00-00 00:00:00',0,'0000-00-00 00:00:00',0,'0000-00-00 00:00:00',0),(20,1,'Belarus','BLR','BY',0,1,'0000-00-00 00:00:00',0,'0000-00-00 00:00:00',0,'0000-00-00 00:00:00',0),(21,1,'Belgium','BEL','BE',0,1,'0000-00-00 00:00:00',0,'0000-00-00 00:00:00',0,'0000-00-00 00:00:00',0),(22,1,'Belize','BLZ','BZ',0,1,'0000-00-00 00:00:00',0,'0000-00-00 00:00:00',0,'0000-00-00 00:00:00',0),(23,1,'Benin','BEN','BJ',0,1,'0000-00-00 00:00:00',0,'0000-00-00 00:00:00',0,'0000-00-00 00:00:00',0),(24,1,'Bermuda','BMU','BM',0,1,'0000-00-00 00:00:00',0,'0000-00-00 00:00:00',0,'0000-00-00 00:00:00',0),(25,1,'Bhutan','BTN','BT',0,1,'0000-00-00 00:00:00',0,'0000-00-00 00:00:00',0,'0000-00-00 00:00:00',0),(26,1,'Bolivia','BOL','BO',0,1,'0000-00-00 00:00:00',0,'0000-00-00 00:00:00',0,'0000-00-00 00:00:00',0),(27,1,'Bosnia and Herzegowina','BIH','BA',0,1,'0000-00-00 00:00:00',0,'0000-00-00 00:00:00',0,'0000-00-00 00:00:00',0),(28,1,'Botswana','BWA','BW',0,1,'0000-00-00 00:00:00',0,'0000-00-00 00:00:00',0,'0000-00-00 00:00:00',0),(29,1,'Bouvet Island','BVT','BV',0,1,'0000-00-00 00:00:00',0,'0000-00-00 00:00:00',0,'0000-00-00 00:00:00',0),(30,1,'Brazil','BRA','BR',0,1,'0000-00-00 00:00:00',0,'0000-00-00 00:00:00',0,'0000-00-00 00:00:00',0),(31,1,'British Indian Ocean Territory','IOT','IO',0,1,'0000-00-00 00:00:00',0,'0000-00-00 00:00:00',0,'0000-00-00 00:00:00',0),(32,1,'Brunei Darussalam','BRN','BN',0,1,'0000-00-00 00:00:00',0,'0000-00-00 00:00:00',0,'0000-00-00 00:00:00',0),(33,1,'Bulgaria','BGR','BG',0,1,'0000-00-00 00:00:00',0,'0000-00-00 00:00:00',0,'0000-00-00 00:00:00',0),(34,1,'Burkina Faso','BFA','BF',0,1,'0000-00-00 00:00:00',0,'0000-00-00 00:00:00',0,'0000-00-00 00:00:00',0),(35,1,'Burundi','BDI','BI',0,1,'0000-00-00 00:00:00',0,'0000-00-00 00:00:00',0,'0000-00-00 00:00:00',0),(36,1,'Cambodia','KHM','KH',0,1,'0000-00-00 00:00:00',0,'0000-00-00 00:00:00',0,'0000-00-00 00:00:00',0),(37,1,'Cameroon','CMR','CM',0,1,'0000-00-00 00:00:00',0,'0000-00-00 00:00:00',0,'0000-00-00 00:00:00',0),(38,1,'Canada','CAN','CA',0,1,'0000-00-00 00:00:00',0,'0000-00-00 00:00:00',0,'0000-00-00 00:00:00',0),(39,1,'Cape Verde','CPV','CV',0,1,'0000-00-00 00:00:00',0,'0000-00-00 00:00:00',0,'0000-00-00 00:00:00',0),(40,1,'Cayman Islands','CYM','KY',0,1,'0000-00-00 00:00:00',0,'0000-00-00 00:00:00',0,'0000-00-00 00:00:00',0),(41,1,'Central African Republic','CAF','CF',0,1,'0000-00-00 00:00:00',0,'0000-00-00 00:00:00',0,'0000-00-00 00:00:00',0),(42,1,'Chad','TCD','TD',0,1,'0000-00-00 00:00:00',0,'0000-00-00 00:00:00',0,'0000-00-00 00:00:00',0),(43,1,'Chile','CHL','CL',0,1,'0000-00-00 00:00:00',0,'0000-00-00 00:00:00',0,'0000-00-00 00:00:00',0),(44,1,'China','CHN','CN',0,1,'0000-00-00 00:00:00',0,'0000-00-00 00:00:00',0,'0000-00-00 00:00:00',0),(45,1,'Christmas Island','CXR','CX',0,1,'0000-00-00 00:00:00',0,'0000-00-00 00:00:00',0,'0000-00-00 00:00:00',0),(46,1,'Cocos (Keeling) Islands','CCK','CC',0,1,'0000-00-00 00:00:00',0,'0000-00-00 00:00:00',0,'0000-00-00 00:00:00',0),(47,1,'Colombia','COL','CO',0,1,'0000-00-00 00:00:00',0,'0000-00-00 00:00:00',0,'0000-00-00 00:00:00',0),(48,1,'Comoros','COM','KM',0,1,'0000-00-00 00:00:00',0,'0000-00-00 00:00:00',0,'0000-00-00 00:00:00',0),(49,1,'Congo','COG','CG',0,1,'0000-00-00 00:00:00',0,'0000-00-00 00:00:00',0,'0000-00-00 00:00:00',0),(50,1,'Cook Islands','COK','CK',0,1,'0000-00-00 00:00:00',0,'0000-00-00 00:00:00',0,'0000-00-00 00:00:00',0),(51,1,'Costa Rica','CRI','CR',0,1,'0000-00-00 00:00:00',0,'0000-00-00 00:00:00',0,'0000-00-00 00:00:00',0),(52,1,'Cote D\'Ivoire','CIV','CI',0,1,'0000-00-00 00:00:00',0,'0000-00-00 00:00:00',0,'0000-00-00 00:00:00',0),(53,1,'Croatia','HRV','HR',0,1,'0000-00-00 00:00:00',0,'0000-00-00 00:00:00',0,'0000-00-00 00:00:00',0),(54,1,'Cuba','CUB','CU',0,1,'0000-00-00 00:00:00',0,'0000-00-00 00:00:00',0,'0000-00-00 00:00:00',0),(55,1,'Cyprus','CYP','CY',0,1,'0000-00-00 00:00:00',0,'0000-00-00 00:00:00',0,'0000-00-00 00:00:00',0),(56,1,'Czech Republic','CZE','CZ',0,1,'0000-00-00 00:00:00',0,'0000-00-00 00:00:00',0,'0000-00-00 00:00:00',0),(57,1,'Denmark','DNK','DK',0,1,'0000-00-00 00:00:00',0,'0000-00-00 00:00:00',0,'0000-00-00 00:00:00',0),(58,1,'Djibouti','DJI','DJ',0,1,'0000-00-00 00:00:00',0,'0000-00-00 00:00:00',0,'0000-00-00 00:00:00',0),(59,1,'Dominica','DMA','DM',0,1,'0000-00-00 00:00:00',0,'0000-00-00 00:00:00',0,'0000-00-00 00:00:00',0),(60,1,'Dominican Republic','DOM','DO',0,1,'0000-00-00 00:00:00',0,'0000-00-00 00:00:00',0,'0000-00-00 00:00:00',0),(61,1,'East Timor','TMP','TP',0,1,'0000-00-00 00:00:00',0,'0000-00-00 00:00:00',0,'0000-00-00 00:00:00',0),(62,1,'Ecuador','ECU','EC',0,1,'0000-00-00 00:00:00',0,'0000-00-00 00:00:00',0,'0000-00-00 00:00:00',0),(63,1,'Egypt','EGY','EG',0,1,'0000-00-00 00:00:00',0,'0000-00-00 00:00:00',0,'0000-00-00 00:00:00',0),(64,1,'El Salvador','SLV','SV',0,1,'0000-00-00 00:00:00',0,'0000-00-00 00:00:00',0,'0000-00-00 00:00:00',0),(65,1,'Equatorial Guinea','GNQ','GQ',0,1,'0000-00-00 00:00:00',0,'0000-00-00 00:00:00',0,'0000-00-00 00:00:00',0),(66,1,'Eritrea','ERI','ER',0,1,'0000-00-00 00:00:00',0,'0000-00-00 00:00:00',0,'0000-00-00 00:00:00',0),(67,1,'Estonia','EST','EE',0,1,'0000-00-00 00:00:00',0,'0000-00-00 00:00:00',0,'0000-00-00 00:00:00',0),(68,1,'Ethiopia','ETH','ET',0,1,'0000-00-00 00:00:00',0,'0000-00-00 00:00:00',0,'0000-00-00 00:00:00',0),(69,1,'Falkland Islands (Malvinas)','FLK','FK',0,1,'0000-00-00 00:00:00',0,'0000-00-00 00:00:00',0,'0000-00-00 00:00:00',0),(70,1,'Faroe Islands','FRO','FO',0,1,'0000-00-00 00:00:00',0,'0000-00-00 00:00:00',0,'0000-00-00 00:00:00',0),(71,1,'Fiji','FJI','FJ',0,1,'0000-00-00 00:00:00',0,'0000-00-00 00:00:00',0,'0000-00-00 00:00:00',0),(72,1,'Finland','FIN','FI',0,1,'0000-00-00 00:00:00',0,'0000-00-00 00:00:00',0,'0000-00-00 00:00:00',0),(73,1,'France','FRA','FR',0,1,'0000-00-00 00:00:00',0,'0000-00-00 00:00:00',0,'0000-00-00 00:00:00',0),(75,1,'French Guiana','GUF','GF',0,1,'0000-00-00 00:00:00',0,'0000-00-00 00:00:00',0,'0000-00-00 00:00:00',0),(76,1,'French Polynesia','PYF','PF',0,1,'0000-00-00 00:00:00',0,'0000-00-00 00:00:00',0,'0000-00-00 00:00:00',0),(77,1,'French Southern Territories','ATF','TF',0,1,'0000-00-00 00:00:00',0,'0000-00-00 00:00:00',0,'0000-00-00 00:00:00',0),(78,1,'Gabon','GAB','GA',0,1,'0000-00-00 00:00:00',0,'0000-00-00 00:00:00',0,'0000-00-00 00:00:00',0),(79,1,'Gambia','GMB','GM',0,1,'0000-00-00 00:00:00',0,'0000-00-00 00:00:00',0,'0000-00-00 00:00:00',0),(80,1,'Georgia','GEO','GE',0,1,'0000-00-00 00:00:00',0,'0000-00-00 00:00:00',0,'0000-00-00 00:00:00',0),(81,1,'Germany','DEU','DE',0,1,'0000-00-00 00:00:00',0,'0000-00-00 00:00:00',0,'0000-00-00 00:00:00',0),(82,1,'Ghana','GHA','GH',0,1,'0000-00-00 00:00:00',0,'0000-00-00 00:00:00',0,'0000-00-00 00:00:00',0),(83,1,'Gibraltar','GIB','GI',0,1,'0000-00-00 00:00:00',0,'0000-00-00 00:00:00',0,'0000-00-00 00:00:00',0),(84,1,'Greece','GRC','GR',0,1,'0000-00-00 00:00:00',0,'0000-00-00 00:00:00',0,'0000-00-00 00:00:00',0),(85,1,'Greenland','GRL','GL',0,1,'0000-00-00 00:00:00',0,'0000-00-00 00:00:00',0,'0000-00-00 00:00:00',0),(86,1,'Grenada','GRD','GD',0,1,'0000-00-00 00:00:00',0,'0000-00-00 00:00:00',0,'0000-00-00 00:00:00',0),(87,1,'Guadeloupe','GLP','GP',0,1,'0000-00-00 00:00:00',0,'0000-00-00 00:00:00',0,'0000-00-00 00:00:00',0),(88,1,'Guam','GUM','GU',0,1,'0000-00-00 00:00:00',0,'0000-00-00 00:00:00',0,'0000-00-00 00:00:00',0),(89,1,'Guatemala','GTM','GT',0,1,'0000-00-00 00:00:00',0,'0000-00-00 00:00:00',0,'0000-00-00 00:00:00',0),(90,1,'Guinea','GIN','GN',0,1,'0000-00-00 00:00:00',0,'0000-00-00 00:00:00',0,'0000-00-00 00:00:00',0),(91,1,'Guinea-bissau','GNB','GW',0,1,'0000-00-00 00:00:00',0,'0000-00-00 00:00:00',0,'0000-00-00 00:00:00',0),(92,1,'Guyana','GUY','GY',0,1,'0000-00-00 00:00:00',0,'0000-00-00 00:00:00',0,'0000-00-00 00:00:00',0),(93,1,'Haiti','HTI','HT',0,1,'0000-00-00 00:00:00',0,'0000-00-00 00:00:00',0,'0000-00-00 00:00:00',0),(94,1,'Heard and Mc Donald Islands','HMD','HM',0,1,'0000-00-00 00:00:00',0,'0000-00-00 00:00:00',0,'0000-00-00 00:00:00',0),(95,1,'Honduras','HND','HN',0,1,'0000-00-00 00:00:00',0,'0000-00-00 00:00:00',0,'0000-00-00 00:00:00',0),(96,1,'Hong Kong','HKG','HK',0,1,'0000-00-00 00:00:00',0,'0000-00-00 00:00:00',0,'0000-00-00 00:00:00',0),(97,1,'Hungary','HUN','HU',0,1,'0000-00-00 00:00:00',0,'0000-00-00 00:00:00',0,'0000-00-00 00:00:00',0),(98,1,'Iceland','ISL','IS',0,1,'0000-00-00 00:00:00',0,'0000-00-00 00:00:00',0,'0000-00-00 00:00:00',0),(99,1,'India','IND','IN',0,1,'0000-00-00 00:00:00',0,'0000-00-00 00:00:00',0,'0000-00-00 00:00:00',0),(100,1,'Indonesia','IDN','ID',0,1,'0000-00-00 00:00:00',0,'0000-00-00 00:00:00',0,'0000-00-00 00:00:00',0),(101,1,'Iran (Islamic Republic of)','IRN','IR',0,1,'0000-00-00 00:00:00',0,'0000-00-00 00:00:00',0,'0000-00-00 00:00:00',0),(102,1,'Iraq','IRQ','IQ',0,1,'0000-00-00 00:00:00',0,'0000-00-00 00:00:00',0,'0000-00-00 00:00:00',0),(103,1,'Ireland','IRL','IE',0,1,'0000-00-00 00:00:00',0,'0000-00-00 00:00:00',0,'0000-00-00 00:00:00',0),(104,1,'Israel','ISR','IL',0,1,'0000-00-00 00:00:00',0,'0000-00-00 00:00:00',0,'0000-00-00 00:00:00',0),(105,1,'Italy','ITA','IT',0,1,'0000-00-00 00:00:00',0,'0000-00-00 00:00:00',0,'0000-00-00 00:00:00',0),(106,1,'Jamaica','JAM','JM',0,1,'0000-00-00 00:00:00',0,'0000-00-00 00:00:00',0,'0000-00-00 00:00:00',0),(107,1,'Japan','JPN','JP',0,1,'0000-00-00 00:00:00',0,'0000-00-00 00:00:00',0,'0000-00-00 00:00:00',0),(108,1,'Jordan','JOR','JO',0,1,'0000-00-00 00:00:00',0,'0000-00-00 00:00:00',0,'0000-00-00 00:00:00',0),(109,1,'Kazakhstan','KAZ','KZ',0,1,'0000-00-00 00:00:00',0,'0000-00-00 00:00:00',0,'0000-00-00 00:00:00',0),(110,1,'Kenya','KEN','KE',0,1,'0000-00-00 00:00:00',0,'0000-00-00 00:00:00',0,'0000-00-00 00:00:00',0),(111,1,'Kiribati','KIR','KI',0,1,'0000-00-00 00:00:00',0,'0000-00-00 00:00:00',0,'0000-00-00 00:00:00',0),(112,1,'Korea, Democratic People\'s Republic of','PRK','KP',0,1,'0000-00-00 00:00:00',0,'0000-00-00 00:00:00',0,'0000-00-00 00:00:00',0),(113,1,'Korea, Republic of','KOR','KR',0,1,'0000-00-00 00:00:00',0,'0000-00-00 00:00:00',0,'0000-00-00 00:00:00',0),(114,1,'Kuwait','KWT','KW',0,1,'0000-00-00 00:00:00',0,'0000-00-00 00:00:00',0,'0000-00-00 00:00:00',0),(115,1,'Kyrgyzstan','KGZ','KG',0,1,'0000-00-00 00:00:00',0,'0000-00-00 00:00:00',0,'0000-00-00 00:00:00',0),(116,1,'Lao People\'s Democratic Republic','LAO','LA',0,1,'0000-00-00 00:00:00',0,'0000-00-00 00:00:00',0,'0000-00-00 00:00:00',0),(117,1,'Latvia','LVA','LV',0,1,'0000-00-00 00:00:00',0,'0000-00-00 00:00:00',0,'0000-00-00 00:00:00',0),(118,1,'Lebanon','LBN','LB',0,1,'0000-00-00 00:00:00',0,'0000-00-00 00:00:00',0,'0000-00-00 00:00:00',0),(119,1,'Lesotho','LSO','LS',0,1,'0000-00-00 00:00:00',0,'0000-00-00 00:00:00',0,'0000-00-00 00:00:00',0),(120,1,'Liberia','LBR','LR',0,1,'0000-00-00 00:00:00',0,'0000-00-00 00:00:00',0,'0000-00-00 00:00:00',0),(121,1,'Libya','LBY','LY',0,1,'0000-00-00 00:00:00',0,'0000-00-00 00:00:00',0,'0000-00-00 00:00:00',0),(122,1,'Liechtenstein','LIE','LI',0,1,'0000-00-00 00:00:00',0,'0000-00-00 00:00:00',0,'0000-00-00 00:00:00',0),(123,1,'Lithuania','LTU','LT',0,1,'0000-00-00 00:00:00',0,'0000-00-00 00:00:00',0,'0000-00-00 00:00:00',0),(124,1,'Luxembourg','LUX','LU',0,1,'0000-00-00 00:00:00',0,'0000-00-00 00:00:00',0,'0000-00-00 00:00:00',0),(125,1,'Macau','MAC','MO',0,1,'0000-00-00 00:00:00',0,'0000-00-00 00:00:00',0,'0000-00-00 00:00:00',0),(126,1,'Macedonia, The Former Yugoslav Republic of','MKD','MK',0,1,'0000-00-00 00:00:00',0,'0000-00-00 00:00:00',0,'0000-00-00 00:00:00',0),(127,1,'Madagascar','MDG','MG',0,1,'0000-00-00 00:00:00',0,'0000-00-00 00:00:00',0,'0000-00-00 00:00:00',0),(128,1,'Malawi','MWI','MW',0,1,'0000-00-00 00:00:00',0,'0000-00-00 00:00:00',0,'0000-00-00 00:00:00',0),(129,1,'Malaysia','MYS','MY',0,1,'0000-00-00 00:00:00',0,'0000-00-00 00:00:00',0,'0000-00-00 00:00:00',0),(130,1,'Maldives','MDV','MV',0,1,'0000-00-00 00:00:00',0,'0000-00-00 00:00:00',0,'0000-00-00 00:00:00',0),(131,1,'Mali','MLI','ML',0,1,'0000-00-00 00:00:00',0,'0000-00-00 00:00:00',0,'0000-00-00 00:00:00',0),(132,1,'Malta','MLT','MT',0,1,'0000-00-00 00:00:00',0,'0000-00-00 00:00:00',0,'0000-00-00 00:00:00',0),(133,1,'Marshall Islands','MHL','MH',0,1,'0000-00-00 00:00:00',0,'0000-00-00 00:00:00',0,'0000-00-00 00:00:00',0),(134,1,'Martinique','MTQ','MQ',0,1,'0000-00-00 00:00:00',0,'0000-00-00 00:00:00',0,'0000-00-00 00:00:00',0),(135,1,'Mauritania','MRT','MR',0,1,'0000-00-00 00:00:00',0,'0000-00-00 00:00:00',0,'0000-00-00 00:00:00',0),(136,1,'Mauritius','MUS','MU',0,1,'0000-00-00 00:00:00',0,'0000-00-00 00:00:00',0,'0000-00-00 00:00:00',0),(137,1,'Mayotte','MYT','YT',0,1,'0000-00-00 00:00:00',0,'0000-00-00 00:00:00',0,'0000-00-00 00:00:00',0),(138,1,'Mexico','MEX','MX',0,1,'0000-00-00 00:00:00',0,'0000-00-00 00:00:00',0,'0000-00-00 00:00:00',0),(139,1,'Micronesia, Federated States of','FSM','FM',0,1,'0000-00-00 00:00:00',0,'0000-00-00 00:00:00',0,'0000-00-00 00:00:00',0),(140,1,'Moldova, Republic of','MDA','MD',0,1,'0000-00-00 00:00:00',0,'0000-00-00 00:00:00',0,'0000-00-00 00:00:00',0),(141,1,'Monaco','MCO','MC',0,1,'0000-00-00 00:00:00',0,'0000-00-00 00:00:00',0,'0000-00-00 00:00:00',0),(142,1,'Mongolia','MNG','MN',0,1,'0000-00-00 00:00:00',0,'0000-00-00 00:00:00',0,'0000-00-00 00:00:00',0),(143,1,'Montserrat','MSR','MS',0,1,'0000-00-00 00:00:00',0,'0000-00-00 00:00:00',0,'0000-00-00 00:00:00',0),(144,1,'Morocco','MAR','MA',0,1,'0000-00-00 00:00:00',0,'0000-00-00 00:00:00',0,'0000-00-00 00:00:00',0),(145,1,'Mozambique','MOZ','MZ',0,1,'0000-00-00 00:00:00',0,'0000-00-00 00:00:00',0,'0000-00-00 00:00:00',0),(146,1,'Myanmar','MMR','MM',0,1,'0000-00-00 00:00:00',0,'0000-00-00 00:00:00',0,'0000-00-00 00:00:00',0),(147,1,'Namibia','NAM','NA',0,1,'0000-00-00 00:00:00',0,'0000-00-00 00:00:00',0,'0000-00-00 00:00:00',0),(148,1,'Nauru','NRU','NR',0,1,'0000-00-00 00:00:00',0,'0000-00-00 00:00:00',0,'0000-00-00 00:00:00',0),(149,1,'Nepal','NPL','NP',0,1,'0000-00-00 00:00:00',0,'0000-00-00 00:00:00',0,'0000-00-00 00:00:00',0),(150,1,'Netherlands','NLD','NL',0,1,'0000-00-00 00:00:00',0,'0000-00-00 00:00:00',0,'0000-00-00 00:00:00',0),(151,1,'Netherlands Antilles','ANT','AN',0,1,'0000-00-00 00:00:00',0,'0000-00-00 00:00:00',0,'0000-00-00 00:00:00',0),(152,1,'New Caledonia','NCL','NC',0,1,'0000-00-00 00:00:00',0,'0000-00-00 00:00:00',0,'0000-00-00 00:00:00',0),(153,1,'New Zealand','NZL','NZ',0,1,'0000-00-00 00:00:00',0,'0000-00-00 00:00:00',0,'0000-00-00 00:00:00',0),(154,1,'Nicaragua','NIC','NI',0,1,'0000-00-00 00:00:00',0,'0000-00-00 00:00:00',0,'0000-00-00 00:00:00',0),(155,1,'Niger','NER','NE',0,1,'0000-00-00 00:00:00',0,'0000-00-00 00:00:00',0,'0000-00-00 00:00:00',0),(156,1,'Nigeria','NGA','NG',0,1,'0000-00-00 00:00:00',0,'0000-00-00 00:00:00',0,'0000-00-00 00:00:00',0),(157,1,'Niue','NIU','NU',0,1,'0000-00-00 00:00:00',0,'0000-00-00 00:00:00',0,'0000-00-00 00:00:00',0),(158,1,'Norfolk Island','NFK','NF',0,1,'0000-00-00 00:00:00',0,'0000-00-00 00:00:00',0,'0000-00-00 00:00:00',0),(159,1,'Northern Mariana Islands','MNP','MP',0,1,'0000-00-00 00:00:00',0,'0000-00-00 00:00:00',0,'0000-00-00 00:00:00',0),(160,1,'Norway','NOR','NO',0,1,'0000-00-00 00:00:00',0,'0000-00-00 00:00:00',0,'0000-00-00 00:00:00',0),(161,1,'Oman','OMN','OM',0,1,'0000-00-00 00:00:00',0,'0000-00-00 00:00:00',0,'0000-00-00 00:00:00',0),(162,1,'Pakistan','PAK','PK',0,1,'0000-00-00 00:00:00',0,'0000-00-00 00:00:00',0,'0000-00-00 00:00:00',0),(163,1,'Palau','PLW','PW',0,1,'0000-00-00 00:00:00',0,'0000-00-00 00:00:00',0,'0000-00-00 00:00:00',0),(164,1,'Panama','PAN','PA',0,1,'0000-00-00 00:00:00',0,'0000-00-00 00:00:00',0,'0000-00-00 00:00:00',0),(165,1,'Papua New Guinea','PNG','PG',0,1,'0000-00-00 00:00:00',0,'0000-00-00 00:00:00',0,'0000-00-00 00:00:00',0),(166,1,'Paraguay','PRY','PY',0,1,'0000-00-00 00:00:00',0,'0000-00-00 00:00:00',0,'0000-00-00 00:00:00',0),(167,1,'Peru','PER','PE',0,1,'0000-00-00 00:00:00',0,'0000-00-00 00:00:00',0,'0000-00-00 00:00:00',0),(168,1,'Philippines','PHL','PH',0,1,'0000-00-00 00:00:00',0,'0000-00-00 00:00:00',0,'0000-00-00 00:00:00',0),(169,1,'Pitcairn','PCN','PN',0,1,'0000-00-00 00:00:00',0,'0000-00-00 00:00:00',0,'0000-00-00 00:00:00',0),(170,1,'Poland','POL','PL',0,1,'0000-00-00 00:00:00',0,'0000-00-00 00:00:00',0,'0000-00-00 00:00:00',0),(171,1,'Portugal','PRT','PT',0,1,'0000-00-00 00:00:00',0,'0000-00-00 00:00:00',0,'0000-00-00 00:00:00',0),(172,1,'Puerto Rico','PRI','PR',0,1,'0000-00-00 00:00:00',0,'0000-00-00 00:00:00',0,'0000-00-00 00:00:00',0),(173,1,'Qatar','QAT','QA',0,1,'0000-00-00 00:00:00',0,'0000-00-00 00:00:00',0,'0000-00-00 00:00:00',0),(174,1,'Reunion','REU','RE',0,1,'0000-00-00 00:00:00',0,'0000-00-00 00:00:00',0,'0000-00-00 00:00:00',0),(175,1,'Romania','ROM','RO',0,1,'0000-00-00 00:00:00',0,'0000-00-00 00:00:00',0,'0000-00-00 00:00:00',0),(176,1,'Russian Federation','RUS','RU',0,1,'0000-00-00 00:00:00',0,'0000-00-00 00:00:00',0,'0000-00-00 00:00:00',0),(177,1,'Rwanda','RWA','RW',0,1,'0000-00-00 00:00:00',0,'0000-00-00 00:00:00',0,'0000-00-00 00:00:00',0),(178,1,'Saint Kitts and Nevis','KNA','KN',0,1,'0000-00-00 00:00:00',0,'0000-00-00 00:00:00',0,'0000-00-00 00:00:00',0),(179,1,'Saint Lucia','LCA','LC',0,1,'0000-00-00 00:00:00',0,'0000-00-00 00:00:00',0,'0000-00-00 00:00:00',0),(180,1,'Saint Vincent and the Grenadines','VCT','VC',0,1,'0000-00-00 00:00:00',0,'0000-00-00 00:00:00',0,'0000-00-00 00:00:00',0),(181,1,'Samoa','WSM','WS',0,1,'0000-00-00 00:00:00',0,'0000-00-00 00:00:00',0,'0000-00-00 00:00:00',0),(182,1,'San Marino','SMR','SM',0,1,'0000-00-00 00:00:00',0,'0000-00-00 00:00:00',0,'0000-00-00 00:00:00',0),(183,1,'Sao Tome and Principe','STP','ST',0,1,'0000-00-00 00:00:00',0,'0000-00-00 00:00:00',0,'0000-00-00 00:00:00',0),(184,1,'Saudi Arabia','SAU','SA',0,1,'0000-00-00 00:00:00',0,'0000-00-00 00:00:00',0,'0000-00-00 00:00:00',0),(185,1,'Senegal','SEN','SN',0,1,'0000-00-00 00:00:00',0,'0000-00-00 00:00:00',0,'0000-00-00 00:00:00',0),(186,1,'Seychelles','SYC','SC',0,1,'0000-00-00 00:00:00',0,'0000-00-00 00:00:00',0,'0000-00-00 00:00:00',0),(187,1,'Sierra Leone','SLE','SL',0,1,'0000-00-00 00:00:00',0,'0000-00-00 00:00:00',0,'0000-00-00 00:00:00',0),(188,1,'Singapore','SGP','SG',0,1,'0000-00-00 00:00:00',0,'0000-00-00 00:00:00',0,'0000-00-00 00:00:00',0),(189,1,'Slovakia','SVK','SK',0,1,'0000-00-00 00:00:00',0,'0000-00-00 00:00:00',0,'0000-00-00 00:00:00',0),(190,1,'Slovenia','SVN','SI',0,1,'0000-00-00 00:00:00',0,'0000-00-00 00:00:00',0,'0000-00-00 00:00:00',0),(191,1,'Solomon Islands','SLB','SB',0,1,'0000-00-00 00:00:00',0,'0000-00-00 00:00:00',0,'0000-00-00 00:00:00',0),(192,1,'Somalia','SOM','SO',0,1,'0000-00-00 00:00:00',0,'0000-00-00 00:00:00',0,'0000-00-00 00:00:00',0),(193,1,'South Africa','ZAF','ZA',0,1,'0000-00-00 00:00:00',0,'0000-00-00 00:00:00',0,'0000-00-00 00:00:00',0),(194,1,'South Georgia and the South Sandwich Islands','SGS','GS',0,1,'0000-00-00 00:00:00',0,'0000-00-00 00:00:00',0,'0000-00-00 00:00:00',0),(195,1,'Spain','ESP','ES',0,1,'0000-00-00 00:00:00',0,'0000-00-00 00:00:00',0,'0000-00-00 00:00:00',0),(196,1,'Sri Lanka','LKA','LK',0,1,'0000-00-00 00:00:00',0,'0000-00-00 00:00:00',0,'0000-00-00 00:00:00',0),(197,1,'St. Helena','SHN','SH',0,1,'0000-00-00 00:00:00',0,'0000-00-00 00:00:00',0,'0000-00-00 00:00:00',0),(198,1,'St. Pierre and Miquelon','SPM','PM',0,1,'0000-00-00 00:00:00',0,'0000-00-00 00:00:00',0,'0000-00-00 00:00:00',0),(199,1,'Sudan','SDN','SD',0,1,'0000-00-00 00:00:00',0,'0000-00-00 00:00:00',0,'0000-00-00 00:00:00',0),(200,1,'Suriname','SUR','SR',0,1,'0000-00-00 00:00:00',0,'0000-00-00 00:00:00',0,'0000-00-00 00:00:00',0),(201,1,'Svalbard and Jan Mayen Islands','SJM','SJ',0,1,'0000-00-00 00:00:00',0,'0000-00-00 00:00:00',0,'0000-00-00 00:00:00',0),(202,1,'Swaziland','SWZ','SZ',0,1,'0000-00-00 00:00:00',0,'0000-00-00 00:00:00',0,'0000-00-00 00:00:00',0),(203,1,'Sweden','SWE','SE',0,1,'0000-00-00 00:00:00',0,'0000-00-00 00:00:00',0,'0000-00-00 00:00:00',0),(204,1,'Switzerland','CHE','CH',0,1,'0000-00-00 00:00:00',0,'0000-00-00 00:00:00',0,'0000-00-00 00:00:00',0),(205,1,'Syrian Arab Republic','SYR','SY',0,1,'0000-00-00 00:00:00',0,'0000-00-00 00:00:00',0,'0000-00-00 00:00:00',0),(206,1,'Taiwan','TWN','TW',0,1,'0000-00-00 00:00:00',0,'0000-00-00 00:00:00',0,'0000-00-00 00:00:00',0),(207,1,'Tajikistan','TJK','TJ',0,1,'0000-00-00 00:00:00',0,'0000-00-00 00:00:00',0,'0000-00-00 00:00:00',0),(208,1,'Tanzania, United Republic of','TZA','TZ',0,1,'0000-00-00 00:00:00',0,'0000-00-00 00:00:00',0,'0000-00-00 00:00:00',0),(209,1,'Thailand','THA','TH',0,1,'0000-00-00 00:00:00',0,'0000-00-00 00:00:00',0,'0000-00-00 00:00:00',0),(210,1,'Togo','TGO','TG',0,1,'0000-00-00 00:00:00',0,'0000-00-00 00:00:00',0,'0000-00-00 00:00:00',0),(211,1,'Tokelau','TKL','TK',0,1,'0000-00-00 00:00:00',0,'0000-00-00 00:00:00',0,'0000-00-00 00:00:00',0),(212,1,'Tonga','TON','TO',0,1,'0000-00-00 00:00:00',0,'0000-00-00 00:00:00',0,'0000-00-00 00:00:00',0),(213,1,'Trinidad and Tobago','TTO','TT',0,1,'0000-00-00 00:00:00',0,'0000-00-00 00:00:00',0,'0000-00-00 00:00:00',0),(214,1,'Tunisia','TUN','TN',0,1,'0000-00-00 00:00:00',0,'0000-00-00 00:00:00',0,'0000-00-00 00:00:00',0),(215,0,'Turkey','TUR','TR',0,1,'0000-00-00 00:00:00',0,'2017-11-05 11:36:58',676,'0000-00-00 00:00:00',0),(216,1,'Turkmenistan','TKM','TM',0,1,'0000-00-00 00:00:00',0,'0000-00-00 00:00:00',0,'0000-00-00 00:00:00',0),(217,1,'Turks and Caicos Islands','TCA','TC',0,1,'0000-00-00 00:00:00',0,'0000-00-00 00:00:00',0,'0000-00-00 00:00:00',0),(218,1,'Tuvalu','TUV','TV',0,1,'0000-00-00 00:00:00',0,'0000-00-00 00:00:00',0,'0000-00-00 00:00:00',0),(219,1,'Uganda','UGA','UG',0,1,'0000-00-00 00:00:00',0,'0000-00-00 00:00:00',0,'0000-00-00 00:00:00',0),(220,1,'Ukraine','UKR','UA',0,1,'0000-00-00 00:00:00',0,'0000-00-00 00:00:00',0,'0000-00-00 00:00:00',0),(221,1,'United Arab Emirates','ARE','AE',0,1,'0000-00-00 00:00:00',0,'0000-00-00 00:00:00',0,'0000-00-00 00:00:00',0),(222,1,'United Kingdom','GBR','GB',0,1,'0000-00-00 00:00:00',0,'0000-00-00 00:00:00',0,'0000-00-00 00:00:00',0),(223,1,'United States','USA','US',0,1,'0000-00-00 00:00:00',0,'0000-00-00 00:00:00',0,'0000-00-00 00:00:00',0),(224,1,'United States Minor Outlying Islands','UMI','UM',0,1,'0000-00-00 00:00:00',0,'0000-00-00 00:00:00',0,'0000-00-00 00:00:00',0),(225,1,'Uruguay','URY','UY',0,1,'0000-00-00 00:00:00',0,'0000-00-00 00:00:00',0,'0000-00-00 00:00:00',0),(226,1,'Uzbekistan','UZB','UZ',0,1,'0000-00-00 00:00:00',0,'0000-00-00 00:00:00',0,'0000-00-00 00:00:00',0),(227,1,'Vanuatu','VUT','VU',0,1,'0000-00-00 00:00:00',0,'0000-00-00 00:00:00',0,'0000-00-00 00:00:00',0),(228,1,'Vatican City State (Holy See)','VAT','VA',0,1,'0000-00-00 00:00:00',0,'0000-00-00 00:00:00',0,'0000-00-00 00:00:00',0),(229,1,'Venezuela','VEN','VE',0,1,'0000-00-00 00:00:00',0,'0000-00-00 00:00:00',0,'0000-00-00 00:00:00',0),(230,1,'Viet Nam','VNM','VN',0,1,'0000-00-00 00:00:00',0,'0000-00-00 00:00:00',0,'0000-00-00 00:00:00',0),(231,1,'Virgin Islands (British)','VGB','VG',0,1,'0000-00-00 00:00:00',0,'0000-00-00 00:00:00',0,'0000-00-00 00:00:00',0),(232,1,'Virgin Islands (U.S.)','VIR','VI',0,1,'0000-00-00 00:00:00',0,'0000-00-00 00:00:00',0,'0000-00-00 00:00:00',0),(233,1,'Wallis and Futuna Islands','WLF','WF',0,1,'0000-00-00 00:00:00',0,'0000-00-00 00:00:00',0,'0000-00-00 00:00:00',0),(234,1,'Western Sahara','ESH','EH',0,1,'0000-00-00 00:00:00',0,'0000-00-00 00:00:00',0,'0000-00-00 00:00:00',0),(235,1,'Yemen','YEM','YE',0,1,'0000-00-00 00:00:00',0,'0000-00-00 00:00:00',0,'0000-00-00 00:00:00',0),(237,1,'The Democratic Republic of Congo','DRC','DC',0,1,'0000-00-00 00:00:00',0,'0000-00-00 00:00:00',0,'0000-00-00 00:00:00',0),(238,1,'Zambia','ZMB','ZM',0,1,'0000-00-00 00:00:00',0,'0000-00-00 00:00:00',0,'0000-00-00 00:00:00',0),(239,1,'Zimbabwe','ZWE','ZW',0,1,'0000-00-00 00:00:00',0,'0000-00-00 00:00:00',0,'0000-00-00 00:00:00',0),(240,1,'East Timor','XET','XE',0,1,'0000-00-00 00:00:00',0,'0000-00-00 00:00:00',0,'0000-00-00 00:00:00',0),(241,1,'Jersey','JEY','JE',0,1,'0000-00-00 00:00:00',0,'0000-00-00 00:00:00',0,'0000-00-00 00:00:00',0),(242,1,'St. Barthelemy','XSB','XB',0,1,'0000-00-00 00:00:00',0,'0000-00-00 00:00:00',0,'0000-00-00 00:00:00',0),(243,1,'St. Eustatius','XSE','XU',0,1,'0000-00-00 00:00:00',0,'0000-00-00 00:00:00',0,'0000-00-00 00:00:00',0),(244,1,'Canary Islands','XCA','XC',0,1,'0000-00-00 00:00:00',0,'0000-00-00 00:00:00',0,'0000-00-00 00:00:00',0),(245,1,'Serbia','SRB','RS',0,1,'0000-00-00 00:00:00',0,'0000-00-00 00:00:00',0,'0000-00-00 00:00:00',0),(246,1,'Sint Maarten (French Antilles)','MAF','MF',0,1,'0000-00-00 00:00:00',0,'0000-00-00 00:00:00',0,'0000-00-00 00:00:00',0),(247,1,'Sint Maarten (Netherlands Antilles)','SXM','SX',0,1,'0000-00-00 00:00:00',0,'0000-00-00 00:00:00',0,'0000-00-00 00:00:00',0),(248,1,'Palestinian Territory, occupied','PSE','PS',0,1,'0000-00-00 00:00:00',0,'0000-00-00 00:00:00',0,'0000-00-00 00:00:00',0);

--
-- Table structure for table `fz6t4_virtuemart_coupons`
--

CREATE TABLE `fz6t4_virtuemart_coupons` (
  `virtuemart_coupon_id` int unsigned NOT NULL AUTO_INCREMENT,
  `virtuemart_vendor_id` int unsigned NOT NULL,
  `coupon_code` varchar(32) NOT NULL DEFAULT '',
  `percent_or_total` enum('percent','total') NOT NULL DEFAULT 'percent',
  `coupon_type` enum('gift','permanent') NOT NULL DEFAULT 'gift',
  `coupon_value` decimal(15,5) NOT NULL DEFAULT '0.00000',
  `coupon_start_date` datetime NOT NULL DEFAULT '0000-00-00 00:00:00',
  `coupon_expiry_date` datetime NOT NULL DEFAULT '0000-00-00 00:00:00',
  `coupon_value_valid` decimal(15,5) NOT NULL DEFAULT '0.00000',
  `coupon_used` varchar(200) NOT NULL DEFAULT '',
  `coupon_value_max` decimal(15,5) NOT NULL DEFAULT '0.00000',
  `virtuemart_shoppergroup_ids` text NOT NULL,
  `virtuemart_shopper_ids` text NOT NULL,
  `virtuemart_product_ids` text NOT NULL,
  `virtuemart_category_ids` text NOT NULL,
  `virtuemart_coupon_max_attempt_per_user` tinyint NOT NULL,
  `published` tinyint(1) NOT NULL DEFAULT '1',
  `created_on` datetime NOT NULL DEFAULT '0000-00-00 00:00:00',
  `created_by` int NOT NULL DEFAULT '0',
  `modified_on` datetime NOT NULL DEFAULT '0000-00-00 00:00:00',
  `modified_by` int NOT NULL DEFAULT '0',
  `locked_on` datetime NOT NULL DEFAULT '0000-00-00 00:00:00',
  `locked_by` int NOT NULL DEFAULT '0',
  PRIMARY KEY (`virtuemart_coupon_id`),
  KEY `coupon_code` (`coupon_code`),
  KEY `coupon_type` (`coupon_type`),
  KEY `published` (`published`),
  KEY `virtuemart_vendor_id` (`virtuemart_vendor_id`)
) ENGINE=MyISAM DEFAULT CHARSET=utf8mb3 COMMENT='Used to store coupon codes';

--
-- Dumping data for table `fz6t4_virtuemart_coupons`
--


--
-- Table structure for table `fz6t4_virtuemart_currencies`
--

CREATE TABLE `fz6t4_virtuemart_currencies` (
  `virtuemart_currency_id` int unsigned NOT NULL AUTO_INCREMENT,
  `virtuemart_vendor_id` int unsigned NOT NULL DEFAULT '1',
  `currency_name` varchar(64) DEFAULT NULL,
  `currency_code_2` char(2) DEFAULT NULL,
  `currency_code_3` char(3) DEFAULT NULL,
  `currency_numeric_code` int DEFAULT NULL,
  `currency_exchange_rate` decimal(12,5) DEFAULT NULL,
  `currency_symbol` varchar(8) DEFAULT NULL,
  `currency_decimal_place` varchar(8) DEFAULT NULL,
  `currency_decimal_symbol` varchar(8) DEFAULT NULL,
  `currency_thousands` varchar(8) DEFAULT NULL,
  `currency_positive_style` varchar(64) DEFAULT NULL,
  `currency_negative_style` varchar(64) DEFAULT NULL,
  `ordering` int NOT NULL DEFAULT '0',
  `shared` tinyint(1) NOT NULL DEFAULT '1',
  `published` tinyint(1) NOT NULL DEFAULT '1',
  `created_on` datetime NOT NULL DEFAULT '0000-00-00 00:00:00',
  `created_by` int NOT NULL DEFAULT '0',
  `modified_on` datetime NOT NULL DEFAULT '0000-00-00 00:00:00',
  `modified_by` int NOT NULL DEFAULT '0',
  `locked_on` datetime NOT NULL DEFAULT '0000-00-00 00:00:00',
  `locked_by` int NOT NULL DEFAULT '0',
  PRIMARY KEY (`virtuemart_currency_id`),
  UNIQUE KEY `currency_code_3` (`currency_code_3`),
  KEY `ordering` (`ordering`),
  KEY `published` (`published`),
  KEY `shared` (`shared`),
  KEY `virtuemart_vendor_id` (`virtuemart_vendor_id`),
  KEY `currency_name` (`currency_name`),
  KEY `currency_numeric_code` (`currency_numeric_code`)
) ENGINE=MyISAM AUTO_INCREMENT=202 DEFAULT CHARSET=utf8mb3 COMMENT='Used to store currencies';

--
-- Dumping data for table `fz6t4_virtuemart_currencies`
--

INSERT INTO `fz6t4_virtuemart_currencies` VALUES (2,1,'United Arab Emirates dirham','','AED',784,0.00000,'د.إ','2',',','','{number} {symbol}','{sign}{number} {symbol}',0,1,0,'0000-00-00 00:00:00',0,'0000-00-00 00:00:00',0,'0000-00-00 00:00:00',0),(4,1,'Albanian lek','','ALL',8,0.00000,'Lek','2',',','','{number} {symbol}','{sign}{number} {symbol}',0,1,0,'0000-00-00 00:00:00',0,'0000-00-00 00:00:00',0,'0000-00-00 00:00:00',0),(5,1,'Netherlands Antillean gulden','','ANG',532,0.00000,'ƒ','2',',','','{number} {symbol}','{sign}{number} {symbol}',0,1,0,'0000-00-00 00:00:00',0,'0000-00-00 00:00:00',0,'0000-00-00 00:00:00',0),(7,1,'Argentine peso','','ARS',32,0.00000,'$','2',',','','{number} {symbol}','{sign}{number} {symbol}',0,1,0,'0000-00-00 00:00:00',0,'0000-00-00 00:00:00',0,'0000-00-00 00:00:00',0),(9,1,'Australian dollar','','AUD',36,0.00000,'$','2','.','','{symbol} {number}','{sign}{symbol} {number}',0,1,0,'0000-00-00 00:00:00',0,'0000-00-00 00:00:00',0,'0000-00-00 00:00:00',0),(10,1,'Aruban florin','','AWG',533,0.00000,'ƒ','2',',','','{number} {symbol}','{sign}{number} {symbol}',0,1,0,'0000-00-00 00:00:00',0,'0000-00-00 00:00:00',0,'0000-00-00 00:00:00',0),(11,1,'Barbadian dollar','','BBD',52,0.00000,'$','2',',','','{number} {symbol}','{sign}{number} {symbol}',0,1,0,'0000-00-00 00:00:00',0,'0000-00-00 00:00:00',0,'0000-00-00 00:00:00',0),(12,1,'Bangladeshi taka','','BDT',50,0.00000,'৳','2',',','','{number} {symbol}','{sign}{number} {symbol}',0,1,0,'0000-00-00 00:00:00',0,'0000-00-00 00:00:00',0,'0000-00-00 00:00:00',0),(15,1,'Bahraini dinar','','BHD',48,0.00000,'ب.د','2',',','','{number} {symbol}','{sign}{number} {symbol}',0,1,0,'0000-00-00 00:00:00',0,'0000-00-00 00:00:00',0,'0000-00-00 00:00:00',0),(16,1,'Burundian franc','','BIF',108,0.00000,'Fr','0','','','{number} {symbol}','{sign}{number} {symbol}',0,1,0,'0000-00-00 00:00:00',0,'0000-00-00 00:00:00',0,'0000-00-00 00:00:00',0),(17,1,'Bermudian dollar','','BMD',60,0.00000,'$','2',',','','{number} {symbol}','{sign}{number} {symbol}',0,1,0,'0000-00-00 00:00:00',0,'0000-00-00 00:00:00',0,'0000-00-00 00:00:00',0),(18,1,'Brunei dollar','','BND',96,0.00000,'$','2',',','','{number} {symbol}','{sign}{number} {symbol}',0,1,0,'0000-00-00 00:00:00',0,'0000-00-00 00:00:00',0,'0000-00-00 00:00:00',0),(19,1,'Bolivian boliviano','','BOB',68,0.00000,'$b','2',',','','{number} {symbol}','{sign}{number} {symbol}',0,1,0,'0000-00-00 00:00:00',0,'0000-00-00 00:00:00',0,'0000-00-00 00:00:00',0),(20,1,'Brazilian real','','BRL',986,0.00000,'R$','2',',','.','{symbol} {number}','{symbol} {sign}{number}',0,1,0,'0000-00-00 00:00:00',0,'0000-00-00 00:00:00',0,'0000-00-00 00:00:00',0),(21,1,'Bahamian dollar','','BSD',44,0.00000,'$','2',',','','{number} {symbol}','{sign}{number} {symbol}',0,1,0,'0000-00-00 00:00:00',0,'0000-00-00 00:00:00',0,'0000-00-00 00:00:00',0),(22,1,'Bhutanese ngultrum','','BTN',64,0.00000,'BTN','2',',','','{number} {symbol}','{sign}{number} {symbol}',0,1,0,'0000-00-00 00:00:00',0,'0000-00-00 00:00:00',0,'0000-00-00 00:00:00',0),(24,1,'Botswana pula','','BWP',72,0.00000,'P','2',',','','{number} {symbol}','{sign}{number} {symbol}',0,1,0,'0000-00-00 00:00:00',0,'0000-00-00 00:00:00',0,'0000-00-00 00:00:00',0),(25,1,'Belize dollar','','BZD',84,0.00000,'BZ$','2',',','','{number} {symbol}','{sign}{number} {symbol}',0,1,0,'0000-00-00 00:00:00',0,'0000-00-00 00:00:00',0,'0000-00-00 00:00:00',0),(26,1,'Canadian dollar','','CAD',124,0.00000,'$','2','.',',','{symbol}{number}','{symbol}{sign}{number}',0,1,0,'0000-00-00 00:00:00',0,'0000-00-00 00:00:00',0,'0000-00-00 00:00:00',0),(27,1,'Swiss franc','','CHF',756,0.00000,'CHF','2',',','','{number} {symbol}','{sign}{number} {symbol}',0,1,0,'0000-00-00 00:00:00',0,'0000-00-00 00:00:00',0,'0000-00-00 00:00:00',0),(28,1,'Unidad de Fomento','','CLF',990,0.00000,'CLF','0',',','','{number} {symbol}','{sign}{number} {symbol}',0,1,0,'0000-00-00 00:00:00',0,'0000-00-00 00:00:00',0,'0000-00-00 00:00:00',0),(29,1,'Chilean peso','','CLP',152,0.00000,'$','2',',','','{number} {symbol}','{sign}{number} {symbol}',0,1,0,'0000-00-00 00:00:00',0,'0000-00-00 00:00:00',0,'0000-00-00 00:00:00',0),(30,1,'Chinese renminbi yuan','','CNY',156,0.00000,'元','2',',','','{number} {symbol}','{sign}{number} {symbol}',0,1,0,'0000-00-00 00:00:00',0,'0000-00-00 00:00:00',0,'0000-00-00 00:00:00',0),(31,1,'Colombian peso','','COP',170,0.00000,'$','2',',','','{number} {symbol}','{sign}{number} {symbol}',0,1,0,'0000-00-00 00:00:00',0,'0000-00-00 00:00:00',0,'0000-00-00 00:00:00',0),(32,1,'Costa Rican colón','','CRC',188,0.00000,'₡','2',',','','{number} {symbol}','{sign}{number} {symbol}',0,1,0,'0000-00-00 00:00:00',0,'0000-00-00 00:00:00',0,'0000-00-00 00:00:00',0),(33,1,'Czech koruna','','CZK',203,0.00000,'Kč','2',',','','{number} {symbol}','{sign}{number} {symbol}',0,1,0,'0000-00-00 00:00:00',0,'0000-00-00 00:00:00',0,'0000-00-00 00:00:00',0),(34,1,'Cuban peso','','CUP',192,0.00000,'₱','2',',','','{number} {symbol}','{sign}{number} {symbol}',0,1,0,'0000-00-00 00:00:00',0,'0000-00-00 00:00:00',0,'0000-00-00 00:00:00',0),(35,1,'Cape Verdean escudo','','CVE',132,0.00000,'$','0','','','{number} {symbol}','{sign}{number} {symbol}',0,1,0,'0000-00-00 00:00:00',0,'0000-00-00 00:00:00',0,'0000-00-00 00:00:00',0),(40,1,'Danish krone','','DKK',208,0.00000,'kr','2','.',',','{symbol}{number}','{symbol}{sign}{number}',0,1,0,'0000-00-00 00:00:00',0,'0000-00-00 00:00:00',0,'0000-00-00 00:00:00',0),(41,1,'Dominican peso','','DOP',214,0.00000,'RD$','2',',','','{number} {symbol}','{sign}{number} {symbol}',0,1,0,'0000-00-00 00:00:00',0,'0000-00-00 00:00:00',0,'0000-00-00 00:00:00',0),(42,1,'Algerian dinar','','DZD',12,0.00000,'د.ج','2',',','','{number} {symbol}','{sign}{number} {symbol}',0,1,0,'0000-00-00 00:00:00',0,'0000-00-00 00:00:00',0,'0000-00-00 00:00:00',0),(44,1,'Egyptian pound','','EGP',818,0.00000,'£','2',',','','{number} {symbol}','{sign}{number} {symbol}',0,1,0,'0000-00-00 00:00:00',0,'0000-00-00 00:00:00',0,'0000-00-00 00:00:00',0),(46,1,'Ethiopian birr','','ETB',230,0.00000,'ETB','2',',','','{number} {symbol}','{sign}{number} {symbol}',0,1,0,'0000-00-00 00:00:00',0,'0000-00-00 00:00:00',0,'0000-00-00 00:00:00',0),(47,1,'Euro','','EUR',978,0.00000,'€','2',',','','{number} {symbol}','{sign}{number} {symbol}',0,1,1,'0000-00-00 00:00:00',0,'0000-00-00 00:00:00',0,'0000-00-00 00:00:00',0),(49,1,'Fijian dollar','','FJD',242,0.00000,'$','2',',','','{number} {symbol}','{sign}{number} {symbol}',0,1,0,'0000-00-00 00:00:00',0,'0000-00-00 00:00:00',0,'0000-00-00 00:00:00',0),(50,1,'Falkland pound','','FKP',238,0.00000,'£','2',',','','{number} {symbol}','{sign}{number} {symbol}',0,1,0,'0000-00-00 00:00:00',0,'0000-00-00 00:00:00',0,'0000-00-00 00:00:00',0),(52,1,'British pound','','GBP',826,0.00000,'£','2','.',',','{symbol}{number}','{symbol}{sign}{number}',0,1,0,'0000-00-00 00:00:00',0,'0000-00-00 00:00:00',0,'0000-00-00 00:00:00',0),(54,1,'Gibraltar pound','','GIP',292,0.00000,'£','2',',','','{number} {symbol}','{sign}{number} {symbol}',0,1,0,'0000-00-00 00:00:00',0,'0000-00-00 00:00:00',0,'0000-00-00 00:00:00',0),(55,1,'Gambian dalasi','','GMD',270,0.00000,'D','2',',','','{number} {symbol}','{sign}{number} {symbol}',0,1,0,'0000-00-00 00:00:00',0,'0000-00-00 00:00:00',0,'0000-00-00 00:00:00',0),(56,1,'Guinean franc','','GNF',324,0.00000,'Fr','0','','','{number} {symbol}','{sign}{number} {symbol}',0,1,0,'0000-00-00 00:00:00',0,'0000-00-00 00:00:00',0,'0000-00-00 00:00:00',0),(58,1,'Guatemalan quetzal','','GTQ',320,0.00000,'Q','2',',','','{number} {symbol}','{sign}{number} {symbol}',0,1,0,'0000-00-00 00:00:00',0,'0000-00-00 00:00:00',0,'0000-00-00 00:00:00',0),(60,1,'Guyanese dollar','','GYD',328,0.00000,'$','2',',','','{number} {symbol}','{sign}{number} {symbol}',0,1,0,'0000-00-00 00:00:00',0,'0000-00-00 00:00:00',0,'0000-00-00 00:00:00',0),(61,1,'Hong Kong dollar','','HKD',344,0.00000,'元','2',',','','{number} {symbol}','{sign}{number} {symbol}',0,1,0,'0000-00-00 00:00:00',0,'0000-00-00 00:00:00',0,'0000-00-00 00:00:00',0),(62,1,'Honduran lempira','','HNL',340,0.00000,'L','2',',','','{number} {symbol}','{sign}{number} {symbol}',0,1,0,'0000-00-00 00:00:00',0,'0000-00-00 00:00:00',0,'0000-00-00 00:00:00',0),(63,1,'Haitian gourde','','HTG',332,0.00000,'G','2',',','','{number} {symbol}','{sign}{number} {symbol}',0,1,0,'0000-00-00 00:00:00',0,'0000-00-00 00:00:00',0,'0000-00-00 00:00:00',0),(64,1,'Hungarian forint','','HUF',348,0.00000,'Ft','2',',','','{number} {symbol}','{sign}{number} {symbol}',0,1,0,'0000-00-00 00:00:00',0,'0000-00-00 00:00:00',0,'0000-00-00 00:00:00',0),(65,1,'Indonesian rupiah','','IDR',360,0.00000,'Rp','0','','','{symbol}{number}','{symbol}{sign}{number}',0,1,0,'0000-00-00 00:00:00',0,'0000-00-00 00:00:00',0,'0000-00-00 00:00:00',0),(67,1,'Israeli new sheqel','','ILS',376,0.00000,'₪','2',',','','{number} {symbol}','{sign}{number} {symbol}',0,1,0,'0000-00-00 00:00:00',0,'0000-00-00 00:00:00',0,'0000-00-00 00:00:00',0),(68,1,'Indian rupee','','INR',356,0.00000,'₨','2',',','','{number} {symbol}','{sign}{number} {symbol}',0,1,0,'0000-00-00 00:00:00',0,'0000-00-00 00:00:00',0,'0000-00-00 00:00:00',0),(69,1,'Iraqi dinar','','IQD',368,0.00000,'ع.د','0','','','{number} {symbol}','{sign}{number} {symbol}',0,1,0,'0000-00-00 00:00:00',0,'0000-00-00 00:00:00',0,'0000-00-00 00:00:00',0),(70,1,'Iranian rial','','IRR',364,0.00000,'﷼','2',',','','{number} {symbol}','{sign}{number}{symb0l}',0,1,0,'0000-00-00 00:00:00',0,'0000-00-00 00:00:00',0,'0000-00-00 00:00:00',0),(73,1,'Jamaican dollar','','JMD',388,0.00000,'J$','2',',','','{number} {symbol}','{sign}{number} {symbol}',0,1,0,'0000-00-00 00:00:00',0,'0000-00-00 00:00:00',0,'0000-00-00 00:00:00',0),(74,1,'Jordanian dinar','','JOD',400,0.00000,'د.ا','2',',','','{number} {symbol}','{sign}{number} {symbol}',0,1,0,'0000-00-00 00:00:00',0,'0000-00-00 00:00:00',0,'0000-00-00 00:00:00',0),(75,1,'Japanese yen','','JPY',392,0.00000,'¥','0',',','','{number} {symbol}','{sign}{number} {symbol}',0,1,0,'0000-00-00 00:00:00',0,'0000-00-00 00:00:00',0,'0000-00-00 00:00:00',0),(76,1,'Kenyan shilling','','KES',404,0.00000,'Sh','2',',','','{number} {symbol}','{sign}{number} {symbol}',0,1,0,'0000-00-00 00:00:00',0,'0000-00-00 00:00:00',0,'0000-00-00 00:00:00',0),(77,1,'Cambodian riel','','KHR',116,0.00000,'៛','2',',','','{number} {symbol}','{sign}{number} {symbol}',0,1,0,'0000-00-00 00:00:00',0,'0000-00-00 00:00:00',0,'0000-00-00 00:00:00',0),(78,1,'Comorian franc','','KMF',174,0.00000,'Fr','0','','','{number} {symbol}','{sign}{number} {symbol}',0,1,0,'0000-00-00 00:00:00',0,'0000-00-00 00:00:00',0,'0000-00-00 00:00:00',0),(79,1,'North Korean won','','KPW',408,0.00000,'₩','0','','','{number} {symbol}','{sign}{number} {symbol}',0,1,0,'0000-00-00 00:00:00',0,'0000-00-00 00:00:00',0,'0000-00-00 00:00:00',0),(80,1,'South Korean won','','KRW',410,0.00000,'₩','0','','','{number} {symbol}','{sign}{number} {symbol}',0,1,0,'0000-00-00 00:00:00',0,'0000-00-00 00:00:00',0,'0000-00-00 00:00:00',0),(81,1,'Kuwaiti dinar','','KWD',414,0.00000,'د.ك','2',',','','{number} {symbol}','{sign}{number} {symbol}',0,1,0,'0000-00-00 00:00:00',0,'0000-00-00 00:00:00',0,'0000-00-00 00:00:00',0),(82,1,'Cayman Islands dollar','','KYD',136,0.00000,'$','2',',','','{number} {symbol}','{sign}{number} {symbol}',0,1,0,'0000-00-00 00:00:00',0,'0000-00-00 00:00:00',0,'0000-00-00 00:00:00',0),(83,1,'Lao kip','','LAK',418,0.00000,'₭','0','','','{number} {symbol}','{sign}{number} {symbol}',0,1,0,'0000-00-00 00:00:00',0,'0000-00-00 00:00:00',0,'0000-00-00 00:00:00',0),(84,1,'Lebanese pound','','LBP',422,0.00000,'£','0','','','{number} {symbol}','{sign}{number} {symbol}',0,1,0,'0000-00-00 00:00:00',0,'0000-00-00 00:00:00',0,'0000-00-00 00:00:00',0),(85,1,'Sri Lankan rupee','','LKR',144,0.00000,'₨','2',',','','{number} {symbol}','{sign}{number} {symbol}',0,1,0,'0000-00-00 00:00:00',0,'0000-00-00 00:00:00',0,'0000-00-00 00:00:00',0),(86,1,'Liberian dollar','','LRD',430,0.00000,'$','2',',','','{number} {symbol}','{sign}{number} {symbol}',0,1,0,'0000-00-00 00:00:00',0,'0000-00-00 00:00:00',0,'0000-00-00 00:00:00',0),(87,1,'Lesotho loti','','LSL',426,0.00000,'L','2',',','','{number} {symbol}','{sign}{number} {symbol}',0,1,0,'0000-00-00 00:00:00',0,'0000-00-00 00:00:00',0,'0000-00-00 00:00:00',0),(89,1,'Libyan dinar','','LYD',434,0.00000,'ل.د','3',',','','{number} {symbol}','{sign}{number} {symbol}',0,1,0,'0000-00-00 00:00:00',0,'0000-00-00 00:00:00',0,'0000-00-00 00:00:00',0),(90,1,'Moroccan dirham','','MAD',504,0.00000,'د.م.','2',',','','{number} {symbol}','{sign}{number} {symbol}',0,1,0,'0000-00-00 00:00:00',0,'0000-00-00 00:00:00',0,'0000-00-00 00:00:00',0),(92,1,'Mongolian tögrög','','MNT',496,0.00000,'₮','2',',','','{number} {symbol}','{sign}{number} {symbol}',0,1,0,'0000-00-00 00:00:00',0,'0000-00-00 00:00:00',0,'0000-00-00 00:00:00',0),(93,1,'Macanese pataca','','MOP',446,0.00000,'P','1',',','','{symbol}{number}','{symbol}{sign}{number}',0,1,0,'0000-00-00 00:00:00',0,'0000-00-00 00:00:00',0,'0000-00-00 00:00:00',0),(94,1,'Mauritanian ouguiya','','MRO',478,0.00000,'UM','2',',','','{number} {symbol}','{sign}{number} {symbol}',0,1,0,'0000-00-00 00:00:00',0,'0000-00-00 00:00:00',0,'0000-00-00 00:00:00',0),(96,1,'Mauritian rupee','','MUR',480,0.00000,'₨','2',',','','{number} {symbol}','{sign}{number} {symbol}',0,1,0,'0000-00-00 00:00:00',0,'0000-00-00 00:00:00',0,'0000-00-00 00:00:00',0),(97,1,'Maldivian rufiyaa','','MVR',462,0.00000,'ރ.','2',',','','{number} {symbol}','{sign}{number} {symbol}',0,1,0,'0000-00-00 00:00:00',0,'0000-00-00 00:00:00',0,'0000-00-00 00:00:00',0),(98,1,'Malawian kwacha','','MWK',454,0.00000,'MK','2',',','','{number} {symbol}','{sign}{number} {symbol}',0,1,0,'0000-00-00 00:00:00',0,'0000-00-00 00:00:00',0,'0000-00-00 00:00:00',0),(100,1,'Malaysian ringgit','','MYR',458,0.00000,'RM','2',',','','{number} {symbol}','{sign}{number} {symbol}',0,1,0,'0000-00-00 00:00:00',0,'0000-00-00 00:00:00',0,'0000-00-00 00:00:00',0),(102,1,'Nigerian naira','','NGN',566,0.00000,'₦','2',',','','{number} {symbol}','{sign}{number} {symbol}',0,1,0,'0000-00-00 00:00:00',0,'0000-00-00 00:00:00',0,'0000-00-00 00:00:00',0),(105,1,'Norwegian krone','','NOK',578,0.00000,'kr','2',',','','{symbol}{number}','{symbol}{sign}{number}',0,1,0,'0000-00-00 00:00:00',0,'0000-00-00 00:00:00',0,'0000-00-00 00:00:00',0),(106,1,'Nepalese rupee','','NPR',524,0.00000,'₨','2',',','','{number} {symbol}','{sign}{number} {symbol}',0,1,0,'0000-00-00 00:00:00',0,'0000-00-00 00:00:00',0,'0000-00-00 00:00:00',0),(107,1,'New Zealand dollar','','NZD',554,0.00000,'$','2',',','','{number} {symbol}','{symbol}{sign}{number}',0,1,0,'0000-00-00 00:00:00',0,'0000-00-00 00:00:00',0,'0000-00-00 00:00:00',0),(108,1,'Omani rial','','OMR',512,0.00000,'﷼','3','.','','{number} {symbol}','{sign}{number} {symbol}',0,1,0,'0000-00-00 00:00:00',0,'0000-00-00 00:00:00',0,'0000-00-00 00:00:00',0),(109,1,'Panamanian balboa','','PAB',590,0.00000,'B/.','2',',','','{number} {symbol}','{sign}{number} {symbol}',0,1,0,'0000-00-00 00:00:00',0,'0000-00-00 00:00:00',0,'0000-00-00 00:00:00',0),(110,1,'Peruvian nuevo sol','','PEN',604,0.00000,'S/.','2',',','','{number} {symbol}','{sign}{number} {symbol}',0,1,0,'0000-00-00 00:00:00',0,'0000-00-00 00:00:00',0,'0000-00-00 00:00:00',0),(111,1,'Papua New Guinean kina','','PGK',598,0.00000,'K','2',',','','{number} {symbol}','{sign}{number} {symbol}',0,1,0,'0000-00-00 00:00:00',0,'0000-00-00 00:00:00',0,'0000-00-00 00:00:00',0),(112,1,'Philippine peso','','PHP',608,0.00000,'₱','2',',','','{number} {symbol}','{sign}{number} {symbol}',0,1,0,'0000-00-00 00:00:00',0,'0000-00-00 00:00:00',0,'0000-00-00 00:00:00',0),(113,1,'Pakistani rupee','','PKR',586,0.00000,'₨','2',',','','{number} {symbol}','{sign}{number} {symbol}',0,1,0,'0000-00-00 00:00:00',0,'0000-00-00 00:00:00',0,'0000-00-00 00:00:00',0),(114,1,'Polish Złoty','','PLN',985,0.00000,'zł','2',',','','{number} {symbol}','{sign}{number} {symbol}',0,1,0,'0000-00-00 00:00:00',0,'0000-00-00 00:00:00',0,'0000-00-00 00:00:00',0),(116,1,'Paraguayan guaraní','','PYG',600,0.00000,'₲','0','','.','{symbol} {number}','{symbol} {sign}{number}',0,1,0,'0000-00-00 00:00:00',0,'0000-00-00 00:00:00',0,'0000-00-00 00:00:00',0),(117,1,'Qatari riyal','','QAR',634,0.00000,'﷼','2',',','','{number} {symbol}','{sign}{number} {symbol}',0,1,0,'0000-00-00 00:00:00',0,'0000-00-00 00:00:00',0,'0000-00-00 00:00:00',0),(118,1,'Romanian leu','','RON',946,0.00000,'lei','2',',','.','{number} {symbol}','{sign}{number} {symbol}',0,1,0,'0000-00-00 00:00:00',0,'0000-00-00 00:00:00',0,'0000-00-00 00:00:00',0),(119,1,'Rwandan franc','','RWF',646,0.00000,'Fr','2',',','','{number} {symbol}','{sign}{number} {symbol}',0,1,0,'0000-00-00 00:00:00',0,'0000-00-00 00:00:00',0,'0000-00-00 00:00:00',0),(120,1,'Saudi riyal','','SAR',682,0.00000,'﷼','2',',','','{number} {symbol}','{sign}{number} {symbol}',0,1,0,'0000-00-00 00:00:00',0,'0000-00-00 00:00:00',0,'0000-00-00 00:00:00',0),(121,1,'Solomon Islands dollar','','SBD',90,0.00000,'$','2',',','','{number} {symbol}','{sign}{number} {symbol}',0,1,0,'0000-00-00 00:00:00',0,'0000-00-00 00:00:00',0,'0000-00-00 00:00:00',0),(122,1,'Seychellois rupee','','SCR',690,0.00000,'₨','2',',','','{number} {symbol}','{sign}{number} {symbol}',0,1,0,'0000-00-00 00:00:00',0,'0000-00-00 00:00:00',0,'0000-00-00 00:00:00',0),(124,1,'Swedish krona','','SEK',752,0.00000,'kr','2',',','.','{number} {symbol}','{sign}{number} {symbol}',0,1,0,'0000-00-00 00:00:00',0,'0000-00-00 00:00:00',0,'0000-00-00 00:00:00',0),(125,1,'Singapore dollar','','SGD',702,0.00000,'$','2',',','','{number} {symbol}','{sign}{number} {symbol}',0,1,0,'0000-00-00 00:00:00',0,'0000-00-00 00:00:00',0,'0000-00-00 00:00:00',0),(126,1,'Saint Helenian pound','','SHP',654,0.00000,'£','2',',','','{number} {symbol}','{sign}{number} {symbol}',0,1,0,'0000-00-00 00:00:00',0,'0000-00-00 00:00:00',0,'0000-00-00 00:00:00',0),(127,1,'Sierra Leonean leone','','SLL',694,0.00000,'Le','2',',','','{number} {symbol}','{sign}{number} {symbol}',0,1,0,'0000-00-00 00:00:00',0,'0000-00-00 00:00:00',0,'0000-00-00 00:00:00',0),(128,1,'Somali shilling','','SOS',706,0.00000,'S','2',',','','{number} {symbol}','{sign}{number} {symbol}',0,1,0,'0000-00-00 00:00:00',0,'0000-00-00 00:00:00',0,'0000-00-00 00:00:00',0),(130,1,'São Tomé and Príncipe dobra','','STD',678,0.00000,'Db','0','','','{number} {symbol}','{sign}{number} {symbol}',0,1,0,'0000-00-00 00:00:00',0,'0000-00-00 00:00:00',0,'0000-00-00 00:00:00',0),(131,1,'Russian ruble','','RUB',643,0.00000,'руб','2',',','','{number} {symbol}','{sign}{number} {symbol}',0,1,0,'0000-00-00 00:00:00',0,'0000-00-00 00:00:00',0,'0000-00-00 00:00:00',0),(132,1,'Salvadoran colón','','SVC',222,0.00000,'$','2',',','','{number} {symbol}','{sign}{number} {symbol}',0,1,0,'0000-00-00 00:00:00',0,'0000-00-00 00:00:00',0,'0000-00-00 00:00:00',0),(133,1,'Syrian pound','','SYP',760,0.00000,'£','2',',','','{number} {symbol}','{sign}{number} {symbol}',0,1,0,'0000-00-00 00:00:00',0,'0000-00-00 00:00:00',0,'0000-00-00 00:00:00',0),(134,1,'Swazi lilangeni','','SZL',748,0.00000,'L','2',',','','{number} {symbol}','{sign}{number} {symbol}',0,1,0,'0000-00-00 00:00:00',0,'0000-00-00 00:00:00',0,'0000-00-00 00:00:00',0),(135,1,'Thai baht','','THB',764,0.00000,'฿','2',',','','{number} {symbol}','{sign}{number} {symbol}',0,1,0,'0000-00-00 00:00:00',0,'0000-00-00 00:00:00',0,'0000-00-00 00:00:00',0),(136,1,'Tunisian dinar','','TND',788,0.00000,'د.ت','3',',','','{number} {symbol}','{sign}{number} {symbol}',0,1,0,'0000-00-00 00:00:00',0,'0000-00-00 00:00:00',0,'0000-00-00 00:00:00',0),(137,1,'Tongan paʻanga','','TOP',776,0.00000,'T$','2',',','','{number} {symbol}','{sign}{number} {symbol}',0,1,0,'0000-00-00 00:00:00',0,'0000-00-00 00:00:00',0,'0000-00-00 00:00:00',0),(139,1,'Turkish new lira','','TRY',949,0.00000,'YTL','2',',','.','{number} {symbol}','{sign}{number} {symbol}',0,1,1,'0000-00-00 00:00:00',0,'0000-00-00 00:00:00',0,'0000-00-00 00:00:00',0),(140,1,'Trinidad and Tobago dollar','','TTD',780,0.00000,'TT$','2',',','','{number} {symbol}','{sign}{number} {symbol}',0,1,0,'0000-00-00 00:00:00',0,'0000-00-00 00:00:00',0,'0000-00-00 00:00:00',0),(141,1,'New Taiwan dollar','','TWD',901,0.00000,'NT$','2',',','','{number} {symbol}','{sign}{number} {symbol}',0,1,0,'0000-00-00 00:00:00',0,'0000-00-00 00:00:00',0,'0000-00-00 00:00:00',0),(142,1,'Tanzanian shilling','','TZS',834,0.00000,'Sh','2',',','','{number} {symbol}','{sign}{number} {symbol}',0,1,0,'0000-00-00 00:00:00',0,'0000-00-00 00:00:00',0,'0000-00-00 00:00:00',0),(144,1,'United States dollar','','USD',840,0.00000,'$','2','.',',','{symbol}{number}','{symbol}{sign}{number}',0,0,1,'0000-00-00 00:00:00',0,'2017-11-05 11:36:29',676,'0000-00-00 00:00:00',0),(147,1,'Vietnamese Dong','','VND',704,0.00000,'₫','0','','','{number} {symbol}','{sign}{number} {symbol}',0,1,0,'0000-00-00 00:00:00',0,'0000-00-00 00:00:00',0,'0000-00-00 00:00:00',0),(148,1,'Vanuatu vatu','','VUV',548,0.00000,'Vt','2',',','','{number} {symbol}','{sign}{number} {symbol}',0,1,0,'0000-00-00 00:00:00',0,'0000-00-00 00:00:00',0,'0000-00-00 00:00:00',0),(149,1,'Samoan tala','','WST',882,0.00000,'T','2',',','','{number} {symbol}','{sign}{number} {symbol}',0,1,0,'0000-00-00 00:00:00',0,'0000-00-00 00:00:00',0,'0000-00-00 00:00:00',0),(151,1,'Yemeni rial','','YER',886,0.00000,'﷼','2',',','','{number} {symbol}','{sign}{number} {symbol}',0,1,0,'0000-00-00 00:00:00',0,'0000-00-00 00:00:00',0,'0000-00-00 00:00:00',0),(152,1,'Serbian dinar','','RSD',941,0.00000,'Дин.','2',',','','{number} {symbol}','{sign}{number} {symbol}',0,1,0,'0000-00-00 00:00:00',0,'0000-00-00 00:00:00',0,'0000-00-00 00:00:00',0),(153,1,'South African rand','','ZAR',710,0.00000,'R','2',',','','{number} {symbol}','{sign}{number} {symbol}',0,1,0,'0000-00-00 00:00:00',0,'0000-00-00 00:00:00',0,'0000-00-00 00:00:00',0),(154,1,'Zambian kwacha','','ZMK',894,0.00000,'ZK','2',',','','{number} {symbol}','{sign}{number} {symbol}',0,1,0,'0000-00-00 00:00:00',0,'0000-00-00 00:00:00',0,'0000-00-00 00:00:00',0),(156,1,'Zimbabwean dollar','','ZWD',932,0.00000,'Z$','2',',','','{number} {symbol}','{sign}{number} {symbol}',0,1,0,'0000-00-00 00:00:00',0,'0000-00-00 00:00:00',0,'0000-00-00 00:00:00',0),(158,1,'Armenian dram','','AMD',51,0.00000,'դր.','2',',','','{number} {symbol}','{sign}{number} {symbol}',0,1,0,'0000-00-00 00:00:00',0,'0000-00-00 00:00:00',0,'0000-00-00 00:00:00',0),(159,1,'Myanmar kyat','','MMK',104,0.00000,'K','2',',','','{number} {symbol}','{symbol} {sign}{number}',0,1,0,'0000-00-00 00:00:00',0,'0000-00-00 00:00:00',0,'0000-00-00 00:00:00',0),(160,1,'Croatian kuna','','HRK',191,0.00000,'kn','2',',','.','{number} {symbol}','{sign}{number} {symbol}',0,1,0,'0000-00-00 00:00:00',0,'0000-00-00 00:00:00',0,'0000-00-00 00:00:00',0),(161,1,'Eritrean nakfa','','ERN',232,0.00000,'Nfk','2',',','','{number} {symbol}','{sign}{number} {symbol}',0,1,0,'0000-00-00 00:00:00',0,'0000-00-00 00:00:00',0,'0000-00-00 00:00:00',0),(162,1,'Djiboutian franc','','DJF',262,0.00000,'Fr','0','','','{number} {symbol}','{sign}{number} {symbol}',0,1,0,'0000-00-00 00:00:00',0,'0000-00-00 00:00:00',0,'0000-00-00 00:00:00',0),(163,1,'Icelandic króna','','ISK',352,0.00000,'kr','2',',','','{number} {symbol}','{sign}{number} {symbol}',0,1,0,'0000-00-00 00:00:00',0,'0000-00-00 00:00:00',0,'0000-00-00 00:00:00',0),(164,1,'Kazakhstani tenge','','KZT',398,0.00000,'лв','2',',','','{number} {symbol}','{sign}{number} {symbol}',0,1,0,'0000-00-00 00:00:00',0,'0000-00-00 00:00:00',0,'0000-00-00 00:00:00',0),(165,1,'Kyrgyzstani som','','KGS',417,0.00000,'лв','2',',','','{number} {symbol}','{sign}{number} {symbol}',0,1,0,'0000-00-00 00:00:00',0,'0000-00-00 00:00:00',0,'0000-00-00 00:00:00',0),(166,1,'Latvian lats','','LVL',428,0.00000,'Ls','2',',','','{number} {symbol}','{sign}{number} {symbol}',0,1,0,'0000-00-00 00:00:00',0,'0000-00-00 00:00:00',0,'0000-00-00 00:00:00',0),(167,1,'Lithuanian litas','','LTL',440,0.00000,'Lt','2',',','','{number} {symbol}','{sign}{number} {symbol}',0,1,0,'0000-00-00 00:00:00',0,'0000-00-00 00:00:00',0,'0000-00-00 00:00:00',0),(168,1,'Mexican peso','','MXN',484,0.00000,'$','2',',','','{number} {symbol}','{sign}{number} {symbol}',0,1,0,'0000-00-00 00:00:00',0,'0000-00-00 00:00:00',0,'0000-00-00 00:00:00',0),(169,1,'Moldovan leu','','MDL',498,0.00000,'L','2',',','','{number} {symbol}','{sign}{number} {symbol}',0,1,0,'0000-00-00 00:00:00',0,'0000-00-00 00:00:00',0,'0000-00-00 00:00:00',0),(170,1,'Namibian dollar','','NAD',516,0.00000,'$','2',',','','{number} {symbol}','{sign}{number} {symbol}',0,1,0,'0000-00-00 00:00:00',0,'0000-00-00 00:00:00',0,'0000-00-00 00:00:00',0),(171,1,'Nicaraguan córdoba','','NIO',558,0.00000,'C$','2',',','','{number} {symbol}','{sign}{number} {symbol}',0,1,0,'0000-00-00 00:00:00',0,'0000-00-00 00:00:00',0,'0000-00-00 00:00:00',0),(172,1,'Ugandan shilling','','UGX',800,0.00000,'Sh','2',',','','{number} {symbol}','{sign}{number} {symbol}',0,1,0,'0000-00-00 00:00:00',0,'0000-00-00 00:00:00',0,'0000-00-00 00:00:00',0),(173,1,'Macedonian denar','','MKD',807,0.00000,'ден','2',',','','{number} {symbol}','{sign}{number} {symbol}',0,1,0,'0000-00-00 00:00:00',0,'0000-00-00 00:00:00',0,'0000-00-00 00:00:00',0),(174,1,'Uruguayan peso','','UYU',858,0.00000,'$','0','','','{symbol}number}','{symbol}{sign}{number}',0,1,0,'0000-00-00 00:00:00',0,'0000-00-00 00:00:00',0,'0000-00-00 00:00:00',0),(175,1,'Uzbekistani som','','UZS',860,0.00000,'лв','2',',','','{number} {symbol}','{sign}{number} {symbol}',0,1,0,'0000-00-00 00:00:00',0,'0000-00-00 00:00:00',0,'0000-00-00 00:00:00',0),(176,1,'Azerbaijani manat','','AZN',934,0.00000,'ман','2',',','','{number} {symbol}','{sign}{number} {symbol}',0,1,0,'0000-00-00 00:00:00',0,'0000-00-00 00:00:00',0,'0000-00-00 00:00:00',0),(177,1,'Ghanaian cedi','','GHS',936,0.00000,'₵','2',',','','{number} {symbol}','{sign}{number} {symbol}',0,1,0,'0000-00-00 00:00:00',0,'0000-00-00 00:00:00',0,'0000-00-00 00:00:00',0),(178,1,'Venezuelan bolívar','','VEF',937,0.00000,'Bs','2',',','','{number} {symbol}','{sign}{number} {symbol}',0,1,0,'0000-00-00 00:00:00',0,'0000-00-00 00:00:00',0,'0000-00-00 00:00:00',0),(179,1,'Sudanese pound','','SDG',938,0.00000,'£','2',',','','{number} {symbol}','{sign}{number} {symbol}',0,1,0,'0000-00-00 00:00:00',0,'0000-00-00 00:00:00',0,'0000-00-00 00:00:00',0),(180,1,'Uruguay Peso','','UYI',940,0.00000,'UYI','2',',','','{number} {symbol}','{sign}{number} {symbol}',0,1,0,'0000-00-00 00:00:00',0,'0000-00-00 00:00:00',0,'0000-00-00 00:00:00',0),(181,1,'Mozambican metical','','MZN',943,0.00000,'MT','2',',','','{number} {symbol}','{sign}{number} {symbol}',0,1,0,'0000-00-00 00:00:00',0,'0000-00-00 00:00:00',0,'0000-00-00 00:00:00',0),(182,1,'WIR Euro','','CHE',947,0.00000,'€','2',',','','{number} {symbol}','{sign}{number} {symbol}',0,1,0,'0000-00-00 00:00:00',0,'0000-00-00 00:00:00',0,'0000-00-00 00:00:00',0),(183,1,'WIR Franc','','CHW',948,0.00000,'CHW','2',',','','{number} {symbol}','{sign}{number} {symbol}',0,1,0,'0000-00-00 00:00:00',0,'0000-00-00 00:00:00',0,'0000-00-00 00:00:00',0),(184,1,'Central African CFA franc','','XAF',950,0.00000,'Fr','0','','','{number} {symbol}','{sign}{number} {symbol}',0,1,0,'0000-00-00 00:00:00',0,'0000-00-00 00:00:00',0,'0000-00-00 00:00:00',0),(185,1,'East Caribbean dollar','','XCD',951,0.00000,'$','2',',','','{number} {symbol}','{sign}{number} {symbol}',0,1,0,'0000-00-00 00:00:00',0,'0000-00-00 00:00:00',0,'0000-00-00 00:00:00',0),(186,1,'West African CFA franc','','XOF',952,0.00000,'Fr','2',',','','{number} {symbol}','{sign}{number} {symbol}',0,1,0,'0000-00-00 00:00:00',0,'0000-00-00 00:00:00',0,'0000-00-00 00:00:00',0),(187,1,'CFP franc','','XPF',953,0.00000,'Fr','2',',','','{number} {symbol}','{sign}{number} {symbol}',0,1,0,'0000-00-00 00:00:00',0,'0000-00-00 00:00:00',0,'0000-00-00 00:00:00',0),(188,1,'Surinamese dollar','','SRD',968,0.00000,'$','2',',','','{number} {symbol}','{sign}{number} {symbol}',0,1,0,'0000-00-00 00:00:00',0,'0000-00-00 00:00:00',0,'0000-00-00 00:00:00',0),(189,1,'Malagasy ariary','','MGA',969,0.00000,'MGA','2',',','','{number} {symbol}','{sign}{number} {symbol}',0,1,0,'0000-00-00 00:00:00',0,'0000-00-00 00:00:00',0,'0000-00-00 00:00:00',0),(190,1,'Unidad de Valor Real','','COU',970,0.00000,'COU','2',',','','{number} {symbol}','{sign}{number} {symbol}',0,1,0,'0000-00-00 00:00:00',0,'0000-00-00 00:00:00',0,'0000-00-00 00:00:00',0),(191,1,'Afghan afghani','','AFN',971,0.00000,'؋','2',',','','{number} {symbol}','{sign}{number} {symbol}',0,1,0,'0000-00-00 00:00:00',0,'0000-00-00 00:00:00',0,'0000-00-00 00:00:00',0),(192,1,'Tajikistani somoni','','TJS',972,0.00000,'ЅМ','2',',','','{number} {symbol}','{sign}{number} {symbol}',0,1,0,'0000-00-00 00:00:00',0,'0000-00-00 00:00:00',0,'0000-00-00 00:00:00',0),(193,1,'Angolan kwanza','','AOA',973,0.00000,'Kz','2',',','','{number} {symbol}','{sign}{number} {symbol}',0,1,0,'0000-00-00 00:00:00',0,'0000-00-00 00:00:00',0,'0000-00-00 00:00:00',0),(194,1,'Belarusian ruble','','BYR',974,0.00000,'p.','0','','','{number} {symbol}','{sign}{number} {symbol}',0,1,0,'0000-00-00 00:00:00',0,'0000-00-00 00:00:00',0,'0000-00-00 00:00:00',0),(195,1,'Bulgarian lev','','BGN',975,0.00000,'лв','2',',','','{number} {symbol}','{sign}{number} {symbol}',0,1,0,'0000-00-00 00:00:00',0,'0000-00-00 00:00:00',0,'0000-00-00 00:00:00',0),(196,1,'Congolese franc','','CDF',976,0.00000,'Fr','2',',','','{number} {symbol}','{sign}{number} {symbol}',0,1,0,'0000-00-00 00:00:00',0,'0000-00-00 00:00:00',0,'0000-00-00 00:00:00',0),(197,1,'Bosnia and Herzegovina convert','','BAM',977,0.00000,'KM','2',',','','{number} {symbol}','{sign}{number} {symbol}',0,1,0,'0000-00-00 00:00:00',0,'0000-00-00 00:00:00',0,'0000-00-00 00:00:00',0),(198,1,'Mexican Unid','','MXV',979,0.00000,'MXV','2',',','','{number} {symbol}','{sign}{number} {symbol}',0,1,0,'0000-00-00 00:00:00',0,'0000-00-00 00:00:00',0,'0000-00-00 00:00:00',0),(199,1,'Ukrainian hryvnia','','UAH',980,0.00000,'₴','2',',','','{number} {symbol}','{sign}{number} {symbol}',0,1,0,'0000-00-00 00:00:00',0,'0000-00-00 00:00:00',0,'0000-00-00 00:00:00',0),(200,1,'Georgian lari','','GEL',981,0.00000,'ლ','2',',','','{number} {symbol}','{sign}{number} {symbol}',0,1,0,'0000-00-00 00:00:00',0,'0000-00-00 00:00:00',0,'0000-00-00 00:00:00',0),(201,1,'Mvdol','','BOV',984,0.00000,'BOV','2',',','','{number} {symbol}','{sign}{number} {symbol}',0,1,0,'0000-00-00 00:00:00',0,'0000-00-00 00:00:00',0,'0000-00-00 00:00:00',0);

--
-- Table structure for table `fz6t4_virtuemart_customs`
--

CREATE TABLE `fz6t4_virtuemart_customs` (
  `virtuemart_custom_id` int unsigned NOT NULL AUTO_INCREMENT,
  `custom_parent_id` int unsigned NOT NULL DEFAULT '0',
  `virtuemart_vendor_id` int unsigned NOT NULL DEFAULT '1',
  `custom_jplugin_id` int NOT NULL DEFAULT '0',
  `custom_element` varchar(50) NOT NULL DEFAULT '',
  `admin_only` tinyint(1) NOT NULL DEFAULT '0' COMMENT '1:Display in admin only',
  `custom_title` varchar(255) NOT NULL DEFAULT '' COMMENT 'FIELD TITLE',
  `show_title` tinyint(1) NOT NULL DEFAULT '1',
  `custom_tip` varchar(255) NOT NULL DEFAULT '' COMMENT 'TIP',
  `custom_value` varchar(4095) DEFAULT NULL COMMENT 'DEFAULT VALUE',
  `custom_desc` varchar(4095) DEFAULT NULL COMMENT 'DESCRIPTION OR UNIT',
  `field_type` varchar(2) NOT NULL DEFAULT '0' COMMENT 'S:STRING,I:INT,P:PARENT, B:BOOL,D:DATE,T:TIME,H:HIDDEN',
  `is_list` tinyint(1) NOT NULL DEFAULT '0' COMMENT 'list of values',
  `is_hidden` tinyint(1) NOT NULL DEFAULT '0' COMMENT '1:hidden',
  `is_cart_attribute` tinyint(1) NOT NULL DEFAULT '0' COMMENT 'Add attributes to cart',
  `is_input` tinyint(1) NOT NULL DEFAULT '0' COMMENT 'Add input to cart',
  `searchable` tinyint(1) NOT NULL DEFAULT '0' COMMENT 'Available as search filter',
  `layout_pos` varchar(24) DEFAULT NULL COMMENT 'LAYOUT POSITION',
  `custom_params` text NOT NULL,
  `virtuemart_shoppergroup_id` varchar(255) NOT NULL,
  `shared` tinyint(1) NOT NULL DEFAULT '0' COMMENT 'valid for all vendors?',
  `published` tinyint(1) NOT NULL DEFAULT '1',
  `created_on` datetime NOT NULL DEFAULT '0000-00-00 00:00:00',
  `created_by` int NOT NULL DEFAULT '0',
  `ordering` int NOT NULL DEFAULT '0',
  `modified_on` datetime NOT NULL DEFAULT '0000-00-00 00:00:00',
  `modified_by` int NOT NULL DEFAULT '0',
  `locked_on` datetime NOT NULL DEFAULT '0000-00-00 00:00:00',
  `locked_by` int NOT NULL DEFAULT '0',
  PRIMARY KEY (`virtuemart_custom_id`),
  KEY `custom_parent_id` (`custom_parent_id`),
  KEY `virtuemart_vendor_id` (`virtuemart_vendor_id`),
  KEY `custom_element` (`custom_element`),
  KEY `field_type` (`field_type`),
  KEY `is_cart_attribute` (`is_cart_attribute`),
  KEY `is_input` (`is_input`),
  KEY `searchable` (`searchable`),
  KEY `shared` (`shared`),
  KEY `published` (`published`),
  KEY `ordering` (`ordering`)
) ENGINE=MyISAM AUTO_INCREMENT=5 DEFAULT CHARSET=utf8mb3 COMMENT='custom fields definition';

--
-- Dumping data for table `fz6t4_virtuemart_customs`
--

INSERT INTO `fz6t4_virtuemart_customs` VALUES (1,0,1,0,'',0,'COM_VIRTUEMART_RELATED_PRODUCTS',1,'COM_VIRTUEMART_RELATED_PRODUCTS_TIP','related_products','COM_VIRTUEMART_RELATED_PRODUCTS_DESC','R',0,0,0,0,0,NULL,'','',0,1,'2011-05-25 21:52:43',62,0,'2011-05-25 21:52:43',62,'0000-00-00 00:00:00',0),(2,0,1,0,'',0,'COM_VIRTUEMART_RELATED_CATEGORIES',1,'COM_VIRTUEMART_RELATED_CATEGORIES_TIP','related_categories','COM_VIRTUEMART_RELATED_CATEGORIES_DESC','Z',0,0,0,0,0,NULL,'','',0,1,'0000-00-00 00:00:00',0,0,'0000-00-00 00:00:00',0,'0000-00-00 00:00:00',0),(3,0,1,0,'0',0,'Katalog',1,'','','','R',0,0,0,0,0,'','waddtocart=\"0\"|wPrice=\"0\"|wImage=\"1\"|wDescr=\"0\"|width=\"\"|height=\"\"|','',0,1,'2020-11-26 06:23:59',676,0,'2020-11-26 06:25:27',676,'0000-00-00 00:00:00',0),(4,0,1,0,'0',0,'Catalog',1,'','','','S',0,0,0,0,0,'','addEmpty=0|selectType=0|multiplyPrice=\"\"|transform=\"\"|','',0,1,'2020-11-26 06:29:12',676,0,'2020-11-26 06:29:12',676,'0000-00-00 00:00:00',0);

--
-- Table structure for table `fz6t4_virtuemart_invoices`
--

CREATE TABLE `fz6t4_virtuemart_invoices` (
  `virtuemart_invoice_id` int unsigned NOT NULL AUTO_INCREMENT,
  `virtuemart_vendor_id` int unsigned NOT NULL DEFAULT '1',
  `virtuemart_order_id` int unsigned DEFAULT NULL,
  `invoice_number` varchar(64) DEFAULT NULL,
  `order_status` char(2) DEFAULT NULL,
  `xhtml` text,
  `o_hash` varchar(33) DEFAULT NULL,
  `created_on` datetime NOT NULL DEFAULT '0000-00-00 00:00:00',
  `created_by` int NOT NULL DEFAULT '0',
  `modified_on` datetime NOT NULL DEFAULT '0000-00-00 00:00:00',
  `modified_by` int NOT NULL DEFAULT '0',
  `locked_on` datetime NOT NULL DEFAULT '0000-00-00 00:00:00',
  `locked_by` int NOT NULL DEFAULT '0',
  PRIMARY KEY (`virtuemart_invoice_id`),
  UNIQUE KEY `invoice_number` (`invoice_number`,`virtuemart_vendor_id`),
  KEY `virtuemart_order_id` (`virtuemart_order_id`),
  KEY `virtuemart_vendor_id` (`virtuemart_vendor_id`)
) ENGINE=InnoDB DEFAULT CHARSET=utf8mb3 COMMENT='custom fields definition';

--
-- Dumping data for table `fz6t4_virtuemart_invoices`
--


--
-- Table structure for table `fz6t4_virtuemart_manufacturer_medias`
--

CREATE TABLE `fz6t4_virtuemart_manufacturer_medias` (
  `id` int unsigned NOT NULL AUTO_INCREMENT,
  `virtuemart_manufacturer_id` int unsigned NOT NULL DEFAULT '0',
  `virtuemart_media_id` int unsigned NOT NULL DEFAULT '0',
  `ordering` int NOT NULL DEFAULT '0',
  PRIMARY KEY (`id`),
  UNIQUE KEY `virtuemart_manufacturer_id` (`virtuemart_manufacturer_id`,`virtuemart_media_id`),
  KEY `ordering` (`ordering`)
) ENGINE=MyISAM AUTO_INCREMENT=13 DEFAULT CHARSET=utf8mb3;

--
-- Dumping data for table `fz6t4_virtuemart_manufacturer_medias`
--

INSERT INTO `fz6t4_virtuemart_manufacturer_medias` VALUES (10,2,53,1),(5,4,39,1),(4,3,38,1),(6,5,40,1),(7,6,41,1),(8,7,51,1),(9,1,52,1),(12,8,94,1);

--
-- Table structure for table `fz6t4_virtuemart_manufacturercategories`
--

CREATE TABLE `fz6t4_virtuemart_manufacturercategories` (
  `virtuemart_manufacturercategories_id` int unsigned NOT NULL AUTO_INCREMENT,
  `published` tinyint(1) NOT NULL DEFAULT '1',
  `created_on` datetime NOT NULL DEFAULT '0000-00-00 00:00:00',
  `created_by` int NOT NULL DEFAULT '0',
  `modified_on` datetime NOT NULL DEFAULT '0000-00-00 00:00:00',
  `modified_by` int NOT NULL DEFAULT '0',
  `locked_on` datetime NOT NULL DEFAULT '0000-00-00 00:00:00',
  `locked_by` int NOT NULL DEFAULT '0',
  PRIMARY KEY (`virtuemart_manufacturercategories_id`),
  KEY `published` (`published`)
) ENGINE=MyISAM DEFAULT CHARSET=utf8mb3 COMMENT='Manufacturers are assigned to these categories';

--
-- Dumping data for table `fz6t4_virtuemart_manufacturercategories`
--


--
-- Table structure for table `fz6t4_virtuemart_manufacturercategories_en_gb`
--

CREATE TABLE `fz6t4_virtuemart_manufacturercategories_en_gb` (
  `virtuemart_manufacturercategories_id` int unsigned NOT NULL,
  `mf_category_name` varchar(180) NOT NULL DEFAULT '',
  `mf_category_desc` varchar(19000) NOT NULL DEFAULT '',
  `slug` varchar(192) NOT NULL DEFAULT '',
  PRIMARY KEY (`virtuemart_manufacturercategories_id`),
  UNIQUE KEY `slug` (`slug`)
) ENGINE=MyISAM DEFAULT CHARSET=utf8mb3;

--
-- Dumping data for table `fz6t4_virtuemart_manufacturercategories_en_gb`
--


--
-- Table structure for table `fz6t4_virtuemart_manufacturercategories_tr_tr`
--

CREATE TABLE `fz6t4_virtuemart_manufacturercategories_tr_tr` (
  `virtuemart_manufacturercategories_id` int unsigned NOT NULL,
  `mf_category_name` varchar(180) NOT NULL DEFAULT '',
  `mf_category_desc` varchar(19000) NOT NULL DEFAULT '',
  `slug` varchar(192) NOT NULL DEFAULT '',
  PRIMARY KEY (`virtuemart_manufacturercategories_id`),
  UNIQUE KEY `slug` (`slug`)
) ENGINE=MyISAM DEFAULT CHARSET=utf8mb3;

--
-- Dumping data for table `fz6t4_virtuemart_manufacturercategories_tr_tr`
--


--
-- Table structure for table `fz6t4_virtuemart_manufacturers`
--

CREATE TABLE `fz6t4_virtuemart_manufacturers` (
  `virtuemart_manufacturer_id` int unsigned NOT NULL AUTO_INCREMENT,
  `virtuemart_manufacturercategories_id` int DEFAULT NULL,
  `metarobot` varchar(400) DEFAULT NULL,
  `metaauthor` varchar(400) DEFAULT NULL,
  `hits` int unsigned NOT NULL DEFAULT '0',
  `published` tinyint(1) NOT NULL DEFAULT '1',
  `created_on` datetime NOT NULL DEFAULT '0000-00-00 00:00:00',
  `created_by` int NOT NULL DEFAULT '0',
  `modified_on` datetime NOT NULL DEFAULT '0000-00-00 00:00:00',
  `modified_by` int NOT NULL DEFAULT '0',
  `locked_on` datetime NOT NULL DEFAULT '0000-00-00 00:00:00',
  `locked_by` int NOT NULL DEFAULT '0',
  PRIMARY KEY (`virtuemart_manufacturer_id`),
  UNIQUE KEY `virtuemart_manufacturercategories_id` (`virtuemart_manufacturer_id`,`virtuemart_manufacturercategories_id`),
  KEY `published` (`published`)
) ENGINE=MyISAM AUTO_INCREMENT=9 DEFAULT CHARSET=utf8mb3 COMMENT='Manufacturers are those who deliver products';

--
-- Dumping data for table `fz6t4_virtuemart_manufacturers`
--

INSERT INTO `fz6t4_virtuemart_manufacturers` VALUES (1,0,'','',0,0,'2014-08-02 06:54:40',676,'2017-11-05 11:30:14',676,'0000-00-00 00:00:00',0),(2,0,NULL,NULL,0,0,'2014-08-02 06:57:15',676,'2014-08-02 09:25:33',676,'0000-00-00 00:00:00',0),(3,0,NULL,NULL,0,0,'2014-08-02 07:00:18',676,'2014-08-02 07:02:20',676,'0000-00-00 00:00:00',0),(4,0,NULL,NULL,0,1,'2014-08-02 07:05:31',676,'2014-08-02 07:05:51',676,'0000-00-00 00:00:00',0),(6,0,NULL,NULL,0,1,'2014-08-02 07:06:31',676,'2014-08-02 07:06:42',676,'0000-00-00 00:00:00',0),(7,0,'','',0,0,'2014-08-02 09:22:22',676,'2017-11-09 09:36:03',676,'0000-00-00 00:00:00',0),(8,0,'','',0,1,'2019-09-16 09:07:30',676,'2019-09-16 09:16:48',676,'0000-00-00 00:00:00',0);

--
-- Table structure for table `fz6t4_virtuemart_manufacturers_en_gb`
--

CREATE TABLE `fz6t4_virtuemart_manufacturers_en_gb` (
  `virtuemart_manufacturer_id` int unsigned NOT NULL,
  `mf_name` varchar(180) NOT NULL DEFAULT '',
  `mf_email` varchar(255) NOT NULL DEFAULT '',
  `mf_desc` varchar(19000) NOT NULL DEFAULT '',
  `mf_url` varchar(255) NOT NULL DEFAULT '',
  `metadesc` varchar(400) NOT NULL DEFAULT '',
  `metakey` varchar(400) NOT NULL DEFAULT '',
  `customtitle` varchar(255) NOT NULL DEFAULT '',
  `slug` varchar(192) NOT NULL DEFAULT '',
  PRIMARY KEY (`virtuemart_manufacturer_id`),
  UNIQUE KEY `slug` (`slug`)
) ENGINE=MyISAM DEFAULT CHARSET=utf8mb3;

--
-- Dumping data for table `fz6t4_virtuemart_manufacturers_en_gb`
--

INSERT INTO `fz6t4_virtuemart_manufacturers_en_gb` VALUES (1,'Panasonic','','','http://industry.panasonic.com','','','','panasonic'),(2,'Mirae','','','','','','','mirae'),(3,'Kester','','','http://www.kester.com','','','','kester'),(4,'DDM NOVASTAR','','','http://www.ddmnovastar.com','','','','ddm-novastar'),(6,'Tolo','','','','','','','tolo'),(7,'Aqueous','','','','','','','70aqueous'),(8,'3S Technologies','info@3s-technologies.com.tr','','www.3s-technologies.com.tr','','','','3s');

--
-- Table structure for table `fz6t4_virtuemart_manufacturers_tr_tr`
--

CREATE TABLE `fz6t4_virtuemart_manufacturers_tr_tr` (
  `virtuemart_manufacturer_id` int unsigned NOT NULL,
  `mf_name` varchar(180) NOT NULL DEFAULT '',
  `mf_email` varchar(255) NOT NULL DEFAULT '',
  `mf_desc` varchar(19000) NOT NULL DEFAULT '',
  `mf_url` varchar(255) NOT NULL DEFAULT '',
  `metadesc` varchar(400) NOT NULL DEFAULT '',
  `metakey` varchar(400) NOT NULL DEFAULT '',
  `customtitle` varchar(255) NOT NULL DEFAULT '',
  `slug` varchar(192) NOT NULL DEFAULT '',
  PRIMARY KEY (`virtuemart_manufacturer_id`),
  UNIQUE KEY `slug` (`slug`)
) ENGINE=MyISAM DEFAULT CHARSET=utf8mb3;

--
-- Dumping data for table `fz6t4_virtuemart_manufacturers_tr_tr`
--

INSERT INTO `fz6t4_virtuemart_manufacturers_tr_tr` VALUES (1,'Panasonic','','','http://industry.panasonic.com','','','','panasonic'),(2,'Mirae','','','http://www.mirae.com','','','','mirae'),(3,'Kester','','','http://www.kester.com','','','','kester'),(4,'DDM NOVASTAR','','','http://www.ddmnovastar.com','','','','ddm-novastar'),(6,'Tolo','','','','','','','tolo'),(7,'Aqueous','','','http://www.aqueoustech.com','','','','aqueous');

--
-- Table structure for table `fz6t4_virtuemart_medias`
--

CREATE TABLE `fz6t4_virtuemart_medias` (
  `virtuemart_media_id` int unsigned NOT NULL AUTO_INCREMENT,
  `virtuemart_vendor_id` int unsigned NOT NULL DEFAULT '1',
  `file_title` varchar(126) NOT NULL DEFAULT '',
  `file_description` varchar(254) NOT NULL DEFAULT '',
  `file_meta` varchar(254) NOT NULL DEFAULT '',
  `file_class` varchar(64) NOT NULL DEFAULT '',
  `file_mimetype` varchar(64) NOT NULL DEFAULT '',
  `file_type` varchar(32) NOT NULL DEFAULT '',
  `file_url` varchar(900) NOT NULL DEFAULT '',
  `file_url_thumb` varchar(900) NOT NULL DEFAULT '',
  `file_is_product_image` tinyint(1) NOT NULL DEFAULT '0',
  `file_is_downloadable` tinyint(1) NOT NULL DEFAULT '0',
  `file_is_forSale` tinyint(1) NOT NULL DEFAULT '0',
  `file_params` varchar(12287) NOT NULL DEFAULT '',
  `file_lang` varchar(500) NOT NULL DEFAULT '',
  `shared` tinyint(1) NOT NULL DEFAULT '0',
  `published` tinyint(1) NOT NULL DEFAULT '1',
  `created_on` datetime NOT NULL DEFAULT '0000-00-00 00:00:00',
  `created_by` int NOT NULL DEFAULT '0',
  `modified_on` datetime NOT NULL DEFAULT '0000-00-00 00:00:00',
  `modified_by` int NOT NULL DEFAULT '0',
  `locked_on` datetime NOT NULL DEFAULT '0000-00-00 00:00:00',
  `locked_by` int NOT NULL DEFAULT '0',
  PRIMARY KEY (`virtuemart_media_id`),
  KEY `virtuemart_vendor_id` (`virtuemart_vendor_id`),
  KEY `published` (`published`),
  KEY `file_type` (`file_type`),
  KEY `shared` (`shared`)
) ENGINE=MyISAM AUTO_INCREMENT=142 DEFAULT CHARSET=utf8mb3 COMMENT='Additional Images and Files which are assigned to products';

--
-- Dumping data for table `fz6t4_virtuemart_medias`
--

INSERT INTO `fz6t4_virtuemart_medias` VALUES (1,1,'5-aps_kobi.jpg','','','','image/jpeg','category','images/stories/virtuemart/category/5-aps_kobi.jpg','',0,0,0,'','',0,1,'2014-08-01 09:00:50',676,'2014-08-01 09:00:50',676,'0000-00-00 00:00:00',0),(2,1,'5-aps_kobi4.jpg','','','','image/jpeg','category','images/stories/virtuemart/category/5-aps_kobi4.jpg','images/stories/virtuemart/category/resized/',0,0,0,'','',0,1,'2014-08-01 09:02:45',676,'2014-08-01 13:49:23',676,'0000-00-00 00:00:00',0),(3,1,'2-mx100-400.jpg','','','','image/jpeg','category','images/stories/virtuemart/category/2-mx100-400.jpg','',0,0,0,'','',0,1,'2014-08-01 09:04:13',676,'2016-12-08 14:45:19',676,'0000-00-00 00:00:00',0),(4,1,'le40v_300dpi.jpg','','','','image/jpeg','product','images/stories/virtuemart/product/le40v_300dpi.jpg','',0,0,0,'','',0,1,'2014-08-01 11:37:24',676,'2014-08-01 11:37:24',676,'0000-00-00 00:00:00',0),(5,1,'le40v_300dpi.jpg_product','','','','image/jpeg','product','images/stories/virtuemart/product/le40v_300dpi3.jpg','',0,0,0,'','',0,1,'2014-08-01 11:38:33',676,'2014-08-01 11:38:33',676,'0000-00-00 00:00:00',0),(6,1,'le40v_300dpi.jpg_product_product','','','','image/jpeg','product','images/stories/virtuemart/product/le40v_400x214.jpg','',0,0,0,'','',0,1,'2014-08-01 11:39:13',676,'2020-02-17 06:57:18',676,'0000-00-00 00:00:00',0),(7,1,'cowboy_hat.jpg','cowboy_hat.jpg','cowboy_hat.jpg','','image/jpeg','product','images/stories/virtuemart/product/cowboy_hat.jpg','',0,0,0,'','',0,1,'2014-08-01 13:18:48',676,'2014-08-01 13:18:48',676,'0000-00-00 00:00:00',0),(8,1,'jacket_classic.jpg','jacket_classic.jpg','jacket_classic.jpg','','image/jpeg','product','images/stories/virtuemart/product/jacket_classic.jpg','',0,0,0,'','',0,1,'2014-08-01 13:18:48',676,'2014-08-01 13:18:48',676,'0000-00-00 00:00:00',0),(9,1,'marinecap.jpg','marinecap.jpg','marinecap.jpg','','image/jpeg','product','images/stories/virtuemart/product/marinecap.jpg','',0,0,0,'','',0,1,'2014-08-01 13:18:48',676,'2014-08-01 13:18:48',676,'0000-00-00 00:00:00',0),(10,1,'wide_dress_2.jpg','wide_dress_2.jpg','wide_dress_2.jpg','','image/jpeg','product','images/stories/virtuemart/product/wide_dress_2.jpg','',0,0,0,'','',0,1,'2014-08-01 13:18:48',676,'2014-08-01 13:18:48',676,'0000-00-00 00:00:00',0),(11,1,'baseballcap.jpg','baseballcap.jpg','baseballcap.jpg','','image/jpeg','product','images/stories/virtuemart/product/baseballcap.jpg','',0,0,0,'','',0,1,'2014-08-01 13:18:48',676,'2014-08-01 13:18:48',676,'0000-00-00 00:00:00',0),(12,1,'cap.jpg','cap.jpg','cap.jpg','','image/jpeg','product','images/stories/virtuemart/product/cap.jpg','',0,0,0,'','',0,1,'2014-08-01 13:18:48',676,'2014-08-01 13:18:48',676,'0000-00-00 00:00:00',0),(13,1,'poncho.jpg','poncho.jpg','poncho.jpg','','image/jpeg','product','images/stories/virtuemart/product/poncho.jpg','',0,0,0,'','',0,1,'2014-08-01 13:18:48',676,'2014-08-01 13:18:48',676,'0000-00-00 00:00:00',0),(14,1,'cart_logo.jpg','cart_logo.jpg','cart_logo.jpg','','image/jpeg','product','images/stories/virtuemart/product/cart_logo.jpg','',0,0,0,'','',0,1,'2014-08-01 13:18:48',676,'2014-08-01 13:18:48',676,'0000-00-00 00:00:00',0),(15,1,'classic_hat.jpg','classic_hat.jpg','classic_hat.jpg','','image/jpeg','product','images/stories/virtuemart/product/classic_hat.jpg','',0,0,0,'','',0,1,'2014-08-01 13:18:48',676,'2014-08-01 13:18:48',676,'0000-00-00 00:00:00',0),(16,1,'dress.jpg','dress.jpg','dress.jpg','','image/jpeg','product','images/stories/virtuemart/product/dress.jpg','',0,0,0,'','',0,1,'2014-08-01 13:18:48',676,'2014-08-01 13:18:48',676,'0000-00-00 00:00:00',0),(17,1,'santa_cap.jpg','santa_cap.jpg','santa_cap.jpg','','image/jpeg','product','images/stories/virtuemart/product/santa_cap.jpg','',0,0,0,'','',0,1,'2014-08-01 13:18:48',676,'2014-08-01 13:18:48',676,'0000-00-00 00:00:00',0),(18,1,'jumper.jpg','jumper.jpg','jumper.jpg','','image/jpeg','product','images/stories/virtuemart/product/jumper.jpg','',0,0,0,'','',0,1,'2014-08-01 13:18:48',676,'2014-08-01 13:18:48',676,'0000-00-00 00:00:00',0),(19,1,'derbyhat.jpg','derbyhat.jpg','derbyhat.jpg','','image/jpeg','product','images/stories/virtuemart/product/derbyhat.jpg','',0,0,0,'','',0,1,'2014-08-01 13:18:48',676,'2014-08-01 13:18:48',676,'0000-00-00 00:00:00',0),(20,1,'cap6.jpg','cap6.jpg','cap6.jpg','','image/jpeg','category','images/stories/virtuemart/category/cap6.jpg','',0,0,0,'','',0,1,'2014-08-01 13:18:48',676,'2014-08-01 13:18:48',676,'0000-00-00 00:00:00',0),(21,1,'jacket_classic7.jpg','jacket_classic7.jpg','jacket_classic7.jpg','','image/jpeg','category','images/stories/virtuemart/category/jacket_classic7.jpg','',0,0,0,'','',0,1,'2014-08-01 13:18:48',676,'2014-08-01 13:18:48',676,'0000-00-00 00:00:00',0),(22,1,'student_hat_16.jpg','student_hat_16.jpg','student_hat_16.jpg','','image/jpeg','category','images/stories/virtuemart/category/student_hat_16.jpg','',0,0,0,'','',0,1,'2014-08-01 13:18:48',676,'2014-08-01 13:18:48',676,'0000-00-00 00:00:00',0),(23,1,'hat_category8.jpg','hat_category8.jpg','hat_category8.jpg','','image/jpeg','category','images/stories/virtuemart/category/hat_category8.jpg','',0,0,0,'','',0,1,'2014-08-01 13:18:48',676,'2014-08-01 13:18:48',676,'0000-00-00 00:00:00',0),(24,1,'black_dress_2.jpg','black_dress_2.jpg','black_dress_2.jpg','','image/jpeg','category','images/stories/virtuemart/category/black_dress_2.jpg','',0,0,0,'','',0,1,'2014-08-01 13:18:48',676,'2014-08-01 13:18:48',676,'0000-00-00 00:00:00',0),(25,1,'manufacturer.jpg','manufacturer.jpg','manufacturer.jpg','','image/jpeg','manufacturer','images/stories/virtuemart/manufacturer/manufacturer.jpg','',0,0,0,'','',0,1,'2014-08-01 13:18:48',676,'2014-08-01 13:18:48',676,'0000-00-00 00:00:00',0),(26,1,'manufacturersample.jpg','manufacturersample.jpg','manufacturersample.jpg','','image/jpeg','manufacturer','images/stories/virtuemart/manufacturer/manufacturersample.jpg','',0,0,0,'','',0,1,'2014-08-01 13:18:48',676,'2014-08-01 13:18:48',676,'0000-00-00 00:00:00',0),(27,1,'vendor.gif','vendor.gif','vendor.gif','','image/gif','vendor','images/stories/virtuemart/vendor/vendor.gif','',0,0,0,'','',0,1,'2014-08-01 13:18:48',676,'2014-08-01 13:18:48',676,'0000-00-00 00:00:00',0),(28,1,'le40v_400x214.jpg','','','','image/jpeg','category','images/stories/virtuemart/category/le40v_400x214.jpg','',0,0,0,'','',0,1,'2014-08-01 13:51:18',676,'2022-07-26 11:56:12',676,'0000-00-00 00:00:00',0),(29,1,'mx200.jpg','','','','image/jpeg','product','images/stories/virtuemart/product/mx200.jpg','',0,0,0,'','',0,1,'2014-08-01 14:14:37',676,'2014-08-01 14:14:37',676,'0000-00-00 00:00:00',0),(30,1,'mx200.jpg_product','','','','image/jpeg','product','images/stories/virtuemart/product/mx2009.jpg','',0,0,0,'','',0,1,'2014-08-01 14:15:51',676,'2014-08-01 14:15:51',676,'0000-00-00 00:00:00',0),(31,1,'mx200.jpg_product_product','','','','image/jpeg','product','images/stories/virtuemart/product/mx2007.jpg','',0,0,0,'','',0,1,'2014-08-01 14:16:28',676,'2014-08-01 14:16:28',676,'0000-00-00 00:00:00',0),(32,1,'mx2008.jpg','','','','image/jpeg','product','images/stories/virtuemart/product/mx2008.jpg','',0,0,0,'','',0,1,'2014-08-01 14:17:28',676,'2014-08-01 14:17:28',676,'0000-00-00 00:00:00',0),(33,1,'mx200.jpg_product_product_product','','','','image/jpeg','product','images/stories/virtuemart/product/mx200.jpg','images/stories/virtuemart/product/mx200.jpg',0,0,0,'','',0,1,'2014-08-01 14:18:14',676,'2014-08-02 07:07:40',676,'0000-00-00 00:00:00',0),(34,1,'npm-1.jpg','','','','image/jpeg','category','images/stories/virtuemart/category/npm-1.jpg','images/stories/virtuemart/category/npm-1.jpg',0,0,0,'','',0,1,'2014-08-02 06:38:50',676,'2014-08-02 06:43:13',676,'0000-00-00 00:00:00',0),(35,1,'logo-panasonic.jpg','','','','image/jpeg','manufacturer','images/stories/virtuemart/manufacturer/logo-panasonic.jpg','images/stories/virtuemart/manufacturer/logo-panasonic.jpg',0,0,0,'','',0,1,'2014-08-02 06:54:40',676,'2014-08-02 06:58:10',676,'0000-00-00 00:00:00',0),(36,1,'logo.gif','','','','image/gif','manufacturer','images/stories/virtuemart/manufacturer/logo.gif','images/stories/virtuemart/manufacturer/logo.gif',0,0,0,'','',0,1,'2014-08-02 06:57:15',676,'2014-08-02 09:24:40',676,'0000-00-00 00:00:00',0),(37,1,'kester-logo.jpg','','','','image/jpeg','manufacturer','images/stories/virtuemart/manufacturer/kester-logo.jpg','',0,0,0,'','',0,1,'2014-08-02 07:00:18',676,'2014-08-02 07:02:20',676,'0000-00-00 00:00:00',0),(38,1,'kester-logo.jpg_manufacturer','','','','image/jpeg','manufacturer','images/stories/virtuemart/manufacturer/kester-logo2.jpg','',0,0,0,'','',0,1,'2014-08-02 07:01:52',676,'2014-08-02 07:01:52',676,'0000-00-00 00:00:00',0),(39,1,'logo-ddm.jpg','','','','image/jpeg','manufacturer','images/stories/virtuemart/manufacturer/logo-ddm.jpg','',0,0,0,'','',0,1,'2014-08-02 07:05:31',676,'2014-08-02 07:05:51',676,'0000-00-00 00:00:00',0),(40,1,'logo-ddm2.jpg','','','','image/jpeg','manufacturer','images/stories/virtuemart/manufacturer/logo-ddm2.jpg','',0,0,0,'','',0,1,'2014-08-02 07:05:53',676,'2014-08-02 07:05:53',676,'0000-00-00 00:00:00',0),(41,1,'tolo_logo.jpg','','','','image/jpeg','manufacturer','images/stories/virtuemart/manufacturer/tolo_logo.jpg','',0,0,0,'','',0,1,'2014-08-02 07:06:31',676,'2014-08-02 07:06:42',676,'0000-00-00 00:00:00',0),(42,1,'cm602.png','','','','image/png','product','images/stories/virtuemart/product/cm602.png','',0,0,0,'','',0,1,'2014-08-02 07:30:30',676,'2014-08-02 07:39:36',676,'0000-00-00 00:00:00',0),(43,1,'npm-1.jpg_category','','','','image/jpeg','category','images/stories/virtuemart/category/npm.jpg','',0,0,0,'','',0,1,'2014-08-02 07:36:04',676,'2020-11-21 22:48:17',676,'0000-00-00 00:00:00',0),(44,1,'sp18.jpg','','','','image/jpeg','category','images/stories/virtuemart/category/sp18.jpg','',0,0,0,'','',0,1,'2014-08-02 07:46:40',676,'2016-12-08 14:46:12',676,'0000-00-00 00:00:00',0),(45,1,'t_ly8c.jpg','','','','image/jpeg','category','images/stories/virtuemart/category/t_ly8c.jpg','',0,0,0,'','',0,1,'2014-08-02 07:47:58',676,'2016-12-08 14:44:17',676,'0000-00-00 00:00:00',0),(46,1,'avk3_1m.jpg','','','','image/jpeg','category','images/stories/virtuemart/category/avk3_1m.jpg','',0,0,0,'','',0,1,'2014-08-02 07:50:16',676,'2016-12-08 15:32:09',676,'0000-00-00 00:00:00',0),(47,1,'t_mi300.jpg','','','','image/jpeg','category','images/stories/virtuemart/category/t_mi300.jpg','',0,0,0,'','',0,1,'2014-08-02 07:52:35',676,'2020-11-21 22:49:30',676,'0000-00-00 00:00:00',0),(48,1,'ess-310-left-400x464.jpg','','','','image/jpeg','category','images/stories/virtuemart/category/ess-310-left-400x464.jpg','',0,0,0,'','',0,1,'2014-08-02 07:58:27',676,'2016-12-08 14:54:14',676,'0000-00-00 00:00:00',0),(49,1,'trident_full_view.jpg','','','','image/jpeg','category','images/stories/virtuemart/category/trident_full_view.jpg','',0,0,0,'','',0,1,'2014-08-02 09:19:38',676,'2016-12-08 14:43:52',676,'0000-00-00 00:00:00',0),(50,1,'t_pb3_s.jpg','','','','image/jpeg','category','images/stories/virtuemart/category/t_pb3_s.jpg','',0,0,0,'','',0,1,'2014-08-02 09:21:12',676,'2016-12-08 14:53:40',676,'0000-00-00 00:00:00',0),(51,1,'index_01.jpg','','','','image/jpeg','manufacturer','images/stories/virtuemart/manufacturer/index_01.jpg','',0,0,0,'','',0,1,'2014-08-02 09:22:22',676,'2017-11-09 09:36:03',676,'0000-00-00 00:00:00',0),(52,1,'logo-panasonic.jpg_manufacturer','','','','image/jpeg','manufacturer','images/stories/virtuemart/manufacturer/logo-panasonic6.jpg','',0,0,0,'','',0,1,'2014-08-02 09:23:19',676,'2017-11-05 11:30:14',676,'0000-00-00 00:00:00',0),(53,1,'logo.gif_manufacturer','','','','image/gif','manufacturer','images/stories/virtuemart/manufacturer/mirae_logo.gif','',0,0,0,'','',0,1,'2014-08-02 09:25:33',676,'2014-08-02 09:25:33',676,'0000-00-00 00:00:00',0),(54,1,'k_all.png','','','','image/png','category','images/stories/virtuemart/category/k_all.png','',0,0,0,'','',0,1,'2014-08-02 09:35:53',676,'2016-12-08 14:52:56',676,'0000-00-00 00:00:00',0),(55,1,'rhii_640x420.jpg','','','','image/jpeg','category','images/stories/virtuemart/category/rhii_640x420.jpg','',0,0,0,'','',0,1,'2014-08-02 09:41:05',676,'2016-12-08 14:54:48',676,'0000-00-00 00:00:00',0),(56,1,'av132.jpg','','','','image/jpeg','product','images/stories/virtuemart/product/av132.jpg','',0,0,0,'','',0,1,'2014-08-02 10:52:19',676,'2020-02-16 20:57:15',676,'0000-00-00 00:00:00',0),(57,1,'rl132.jpg','','','','image/jpeg','product','images/stories/virtuemart/product/rl132.jpg','',0,0,0,'','',0,1,'2014-08-02 10:59:44',676,'2020-11-26 07:57:22',676,'0000-00-00 00:00:00',0),(58,1,'jv131.jpg','','','','image/jpeg','product','images/stories/virtuemart/product/jv131.jpg','',0,0,0,'','',0,1,'2014-08-02 11:14:41',676,'2020-02-16 20:22:49',676,'0000-00-00 00:00:00',0),(59,1,'cs-40.gif','','','','image/gif','product','images/stories/virtuemart/product/cs-40.gif','',0,0,0,'','',0,1,'2014-08-02 12:48:21',676,'2020-02-17 06:54:46',676,'0000-00-00 00:00:00',0),(60,1,'ls60v.gif','','','','image/gif','product','images/stories/virtuemart/product/ls60v.gif','',0,0,0,'','',0,1,'2014-08-02 12:52:00',676,'2020-02-16 21:58:43',676,'0000-00-00 00:00:00',0),(61,1,'am100.jpg','','','','image/jpeg','product','images/stories/virtuemart/product/lps-c.jpg','',0,0,0,'','',0,1,'2014-08-02 13:03:59',676,'2020-02-11 14:04:36',676,'0000-00-00 00:00:00',0),(62,1,'sp18.jpg','','','','image/jpeg','product','images/stories/virtuemart/product/sp18.jpg','',0,0,0,'','',0,1,'2014-08-02 13:17:31',676,'2020-02-11 19:03:52',676,'0000-00-00 00:00:00',0),(63,1,'t_asp-300.jpg','','','','image/jpeg','product','images/stories/virtuemart/product/t_asp-300.jpg','',0,0,0,'','',0,1,'2014-08-02 13:22:22',676,'2014-08-03 19:55:39',676,'0000-00-00 00:00:00',0),(64,1,'t_ly8c.jpg','','','','image/jpeg','product','images/stories/virtuemart/product/t_ly8c.jpg','',0,0,0,'','',0,1,'2014-08-02 13:26:06',676,'2020-02-17 07:50:14',676,'0000-00-00 00:00:00',0),(65,1,'kopyası-gf-12ht.gif','','','','image/gif','product','images/stories/virtuemart/product/kopyası-gf-12ht.gif','',0,0,0,'','',0,1,'2014-08-02 13:31:05',676,'2020-02-16 21:40:24',676,'0000-00-00 00:00:00',0),(66,1,'t_mi300.jpg','','','','image/jpeg','product','images/stories/virtuemart/product/t_mi300.jpg','',0,0,0,'','',0,1,'2014-08-02 13:49:31',676,'2020-02-11 19:26:30',676,'0000-00-00 00:00:00',0),(67,1,'lfs-1-photo.gif','','','','image/gif','product','images/stories/virtuemart/product/lfs-1-photo.gif','',0,0,0,'','',0,1,'2014-08-03 07:06:22',676,'2020-02-11 19:23:04',676,'0000-00-00 00:00:00',0),(68,1,'avb_1.jpg','','','','image/jpeg','product','images/stories/virtuemart/product/avb_1.jpg','',0,0,0,'','',0,1,'2014-08-03 07:25:37',676,'2020-02-17 09:17:24',676,'0000-00-00 00:00:00',0),(69,1,'avb_12.jpg','','','','image/jpeg','product','images/stories/virtuemart/product/avb_12.jpg','',0,0,0,'','',0,1,'2014-08-03 09:26:39',676,'2020-02-17 09:20:08',676,'0000-00-00 00:00:00',0),(70,1,'rh6-400x300.jpg','','','','image/jpeg','product','images/stories/virtuemart/product/rh6-400x300.jpg','',0,0,0,'','',0,1,'2014-08-03 09:43:00',676,'2020-02-17 09:42:11',676,'0000-00-00 00:00:00',0),(71,1,'rhii_640x420.jpg','','','','image/jpeg','product','images/stories/virtuemart/product/rhii_640x420.jpg','',0,0,0,'','',0,1,'2014-08-03 09:55:07',676,'2020-02-17 10:27:33',676,'0000-00-00 00:00:00',0),(72,1,'jvk.jpg','','','','image/jpeg','product','images/stories/virtuemart/product/jvk.jpg','',0,0,0,'','',0,1,'2014-08-03 10:05:51',676,'2020-02-17 08:55:45',676,'0000-00-00 00:00:00',0),(73,1,'trident_full_view.jpg','','','','image/jpeg','product','images/stories/virtuemart/product/trident_full_view.jpg','',0,0,0,'','',0,1,'2014-08-03 10:20:06',676,'2014-08-03 20:12:24',676,'0000-00-00 00:00:00',0),(74,1,'ess-310-left-400x464.jpg','','','','image/jpeg','product','images/stories/virtuemart/product/ess-310-left-400x464.jpg','',0,0,0,'','',0,1,'2014-08-03 10:32:32',676,'2020-02-17 08:09:23',676,'0000-00-00 00:00:00',0),(75,1,'k_cwt.png','','','','image/png','category','images/stories/virtuemart/category/k_cwt.png','',0,0,0,'','',0,1,'2014-08-03 10:50:44',676,'2014-08-03 10:51:02',676,'0000-00-00 00:00:00',0),(76,1,'k_sb_2.png','','','','image/png','category','images/stories/virtuemart/category/k_sb_2.png','',0,0,0,'','',0,1,'2014-08-03 10:52:42',676,'2014-08-03 10:52:56',676,'0000-00-00 00:00:00',0),(77,1,'k_fl.png','','','','image/png','category','images/stories/virtuemart/category/k_fl.png','',0,0,0,'','',0,1,'2014-08-03 10:54:37',676,'2014-08-03 10:54:59',676,'0000-00-00 00:00:00',0),(78,1,'k_kr907_s.png','','','','image/png','category','images/stories/virtuemart/category/k_kr907_s.png','',0,0,0,'','',0,1,'2014-08-03 10:55:51',676,'2014-08-03 11:55:34',676,'0000-00-00 00:00:00',0),(79,1,'k_solder-bar_.png','','','','image/png','product','images/stories/virtuemart/product/k_solder-bar_.png','',0,0,0,'','',0,1,'2014-08-03 11:13:18',676,'2014-08-03 20:26:25',676,'0000-00-00 00:00:00',0),(80,1,'k_solder-bar_3.png','','','','image/png','product','images/stories/virtuemart/product/k_solder-bar_3.png','',0,0,0,'','',0,1,'2014-08-03 11:13:37',676,'2014-08-03 20:27:28',676,'0000-00-00 00:00:00',0),(81,1,'k_cwlf.png','','','','image/png','product','images/stories/virtuemart/product/k_cwlf.png','',0,0,0,'','',0,1,'2014-08-03 11:16:41',676,'2014-08-07 08:07:11',676,'0000-00-00 00:00:00',0),(82,1,'paste_1.jpg','','','','image/jpeg','product','images/stories/virtuemart/product/paste_1.jpg','',0,0,0,'','',0,1,'2014-08-03 11:28:57',676,'2014-08-03 20:31:35',676,'0000-00-00 00:00:00',0),(83,1,'k_fl.png','','','','image/png','product','images/stories/virtuemart/product/k_fl.png','',0,0,0,'','',0,1,'2014-08-03 11:58:35',676,'2014-08-03 20:32:40',676,'0000-00-00 00:00:00',0),(84,1,'mx200.jpg_product_product_product_product','','','','image/gif','product','images/stories/virtuemart/product/mirae-mx_400_s.gif','',0,0,0,'','',0,1,'2014-08-03 12:45:07',676,'2014-08-03 19:48:54',676,'0000-00-00 00:00:00',0),(85,1,'cm602.png_product','','','','image/jpeg','product','images/stories/virtuemart/product/npm.jpg','',0,0,0,'','',0,1,'2014-08-03 12:49:41',676,'2020-02-11 13:56:13',676,'0000-00-00 00:00:00',0),(86,1,'spr-20.gif','','','','image/gif','product','images/stories/virtuemart/product/spr-20.gif','',0,0,0,'','',0,1,'2014-08-03 18:37:47',676,'2020-02-17 07:37:13',676,'0000-00-00 00:00:00',0),(87,1,'spr-20.gif_product','','','','image/jpeg','product','images/stories/virtuemart/product/spr-25.jpg','',0,0,0,'','',0,1,'2014-08-03 18:40:24',676,'2020-02-17 07:41:49',676,'0000-00-00 00:00:00',0),(88,1,'spr-20.gif_product_product','','','','image/gif','product','images/stories/virtuemart/product/spr-45va.gif','',0,0,0,'','',0,1,'2014-08-03 18:45:36',676,'2020-02-17 07:46:05',676,'0000-00-00 00:00:00',0),(89,1,'spartan_8s.gif','','','','image/gif','product','images/stories/virtuemart/product/spartan_8s.gif','',0,0,0,'','',0,1,'2014-08-03 19:13:20',676,'2020-02-17 07:57:14',676,'0000-00-00 00:00:00',0),(90,1,'spartan_8s.gif_product','','','','image/jpeg','product','images/stories/virtuemart/product/spartan12s-400x268.jpg','',0,0,0,'','',0,1,'2014-08-03 19:17:26',676,'2020-02-17 08:05:01',676,'0000-00-00 00:00:00',0),(91,1,'a_stencilwasher-eco_s.jpg','','','','image/jpeg','product','images/stories/virtuemart/product/a_stencilwasher-eco_s.jpg','',0,0,0,'','',0,1,'2014-08-03 20:35:53',676,'2014-08-03 20:49:44',676,'0000-00-00 00:00:00',0),(92,1,'zero-g3.jpg','','','','image/jpeg','product','images/stories/virtuemart/product/zero-g3.jpg','',0,0,0,'','',0,1,'2014-08-03 20:52:43',676,'2014-08-03 21:10:26',676,'0000-00-00 00:00:00',0),(93,1,'logo-3S.jpg','','','','image/png','manufacturer','images/stories/virtuemart/manufacturer/3s-logo-2-400x88.png','',0,0,0,'','',0,1,'2019-09-16 09:10:45',676,'2019-09-16 09:15:47',676,'0000-00-00 00:00:00',0),(94,1,'3s-logo-2-400x889.png','','','','image/png','manufacturer','images/stories/virtuemart/manufacturer/3s-logo-2-400x889.png','',0,0,0,'','',0,1,'2019-09-16 09:16:48',676,'2019-09-16 09:16:48',676,'0000-00-00 00:00:00',0),(95,1,'center-comp-1-640x614.png','','','','image/png','product','images/stories/virtuemart/product/center-comp-1-640x614.png','',0,0,0,'','',0,1,'2019-09-16 09:17:49',676,'2019-09-16 13:17:17',676,'0000-00-00 00:00:00',0),(96,1,'center-comp-1-640x614.png','','','','image/png','category','images/stories/virtuemart/category/center-comp-1-640x614.png','',0,0,0,'','',0,1,'2019-09-16 09:44:50',676,'2019-09-16 10:28:19',676,'0000-00-00 00:00:00',0),(97,1,'center-comp-1-640x377.png','','','','image/png','product','images/stories/virtuemart/product/right-comp-1-640x402.png','',0,0,0,'','',0,1,'2019-09-16 11:54:06',676,'2019-09-16 11:57:22',676,'0000-00-00 00:00:00',0),(98,1,'center-comp-1-640x377.png_1','','','','image/png','product','images/stories/virtuemart/product/spindle-1024x498.png','',0,0,0,'','',0,1,'2019-09-16 11:55:25',676,'2019-09-16 11:56:49',676,'0000-00-00 00:00:00',0),(99,1,'pano-480x504.png_1','','','','image/png','product','images/stories/virtuemart/product/pano-480x504.png','',0,0,0,'','',0,1,'2019-09-16 11:56:15',676,'2019-09-16 11:56:15',676,'0000-00-00 00:00:00',0),(100,1,'center-comp-1-640x377.png_2','','','','image/png','product','images/stories/virtuemart/product/center-comp-1-640x377.png','',0,0,0,'','',0,1,'2019-09-16 11:57:10',676,'2019-09-19 09:51:09',676,'0000-00-00 00:00:00',0),(101,1,'pano-457x480.png_1','','','','image/png','product','images/stories/virtuemart/product/pano-457x480.png','',0,0,0,'','',0,1,'2019-09-16 12:01:45',676,'2019-09-16 12:04:57',676,'0000-00-00 00:00:00',0),(102,1,'inverter-509x640.png_1','','','','image/png','product','images/stories/virtuemart/product/inverter-509x640.png','',0,0,0,'','',0,1,'2019-09-16 12:02:03',676,'2019-09-16 12:05:43',676,'0000-00-00 00:00:00',0),(103,1,'right-comp-1-640x627.png_1','','','','image/png','product','images/stories/virtuemart/product/right-comp-1-640x627.png','',0,0,0,'','',0,1,'2019-09-16 12:03:55',676,'2019-09-16 12:03:55',676,'0000-00-00 00:00:00',0),(104,1,'spindle-600x1092.png_1','','','','image/png','product','images/stories/virtuemart/product/spindle-600x1092.png','',0,0,0,'','',0,1,'2019-09-16 12:04:21',676,'2019-09-16 12:04:21',676,'0000-00-00 00:00:00',0),(105,1,'spindle-600x10921.png_1','','','','image/png','product','images/stories/virtuemart/product/spindle-600x10921.png','',0,0,0,'','',0,1,'2019-09-16 12:07:42',676,'2019-09-16 12:07:42',676,'0000-00-00 00:00:00',0),(106,1,'spindle-352x640.png_1','','','','image/png','product','images/stories/virtuemart/product/spindle-352x640.png','',0,0,0,'','',0,1,'2019-09-16 12:09:25',676,'2019-09-16 12:09:25',676,'0000-00-00 00:00:00',0),(107,1,'spindle-352x6404.png_1','','','','image/png','product','images/stories/virtuemart/product/spindle-352x6404.png','',0,0,0,'','',0,1,'2019-09-16 12:11:05',676,'2019-09-16 12:11:05',676,'0000-00-00 00:00:00',0),(108,1,'spindle-352x451.png_1','','','','image/png','product','images/stories/virtuemart/product/spindle-352x451.png','',0,0,0,'','',0,1,'2019-09-16 12:13:32',676,'2019-09-16 12:13:32',676,'0000-00-00 00:00:00',0),(109,1,'spindle-352x4511.png_1','','','','image/png','product','images/stories/virtuemart/product/spindle-352x4511.png','',0,0,0,'','',0,1,'2019-09-16 12:14:00',676,'2019-09-16 12:14:00',676,'0000-00-00 00:00:00',0),(110,1,'lps-c.jpg_1','','','','image/jpeg','product','images/stories/virtuemart/product/lps-c.jpg','',0,0,0,'','',0,1,'2020-02-11 09:43:49',676,'2020-02-11 09:53:57',676,'0000-00-00 00:00:00',0),(111,1,'lps-c.-400x448jpg.jpg','','No image set ','','image/jpeg','category','images/stories/virtuemart/category/lps-c.-400x448jpg.jpg','',0,0,0,'','',0,1,'2020-02-11 09:54:39',676,'2020-02-11 09:54:39',676,'0000-00-00 00:00:00',0),(112,1,'lps-c-2-400x449.png_1','','','','image/png','product','images/stories/virtuemart/product/lps-c-2-400x449.png','',0,0,0,'','',0,1,'2020-02-11 10:52:27',676,'2020-02-13 18:51:04',676,'0000-00-00 00:00:00',0),(113,1,'lps-c-2-400x449.png_1','','No image set ','','image/png','category','images/stories/virtuemart/category/lps-c-2-400x449.png','',0,0,0,'','',0,1,'2020-02-11 10:53:13',676,'2020-02-11 13:14:25',676,'0000-00-00 00:00:00',0),(114,1,'npm-vf-400x350.png','','No image set ','','image/png','product','images/stories/virtuemart/product/npm-vf-400x350.png','',0,0,0,'','',0,1,'2020-02-11 13:33:55',676,'2020-11-26 05:27:08',676,'0000-00-00 00:00:00',0),(115,1,'npm-vf-400x350.png','','No image set ','','image/png','category','images/stories/virtuemart/category/npm-vf-400x350.png','',0,0,0,'','',0,1,'2020-02-11 13:34:34',676,'2020-02-11 13:34:49',676,'0000-00-00 00:00:00',0),(116,1,'AM100.jpg_1','','','','image/jpeg','product','images/stories/virtuemart/product/AM100.jpg','',0,0,0,'','',0,1,'2020-02-11 14:05:29',676,'2020-11-26 07:57:45',676,'0000-00-00 00:00:00',0),(117,1,'AM100.jpg_1','','','','image/jpeg','category','images/stories/virtuemart/category/AM100.jpg','',0,0,0,'','',0,1,'2020-02-11 14:07:27',676,'2020-02-11 14:07:40',676,'0000-00-00 00:00:00',0),(118,1,'spg.png_1','','','','image/png','product','images/stories/virtuemart/product/spg.png','',0,0,0,'','',0,1,'2020-02-11 19:07:50',676,'2020-02-17 07:04:07',676,'0000-00-00 00:00:00',0),(119,1,'lps-c-1.png_1','','','','image/png','product','images/stories/virtuemart/product/lps-c-1.png','',0,0,0,'','',0,1,'2020-02-13 18:48:17',676,'2020-02-16 20:56:05',676,'0000-00-00 00:00:00',0),(120,1,'NPM-W2-600x600.png_1','','','','image/png','product','images/stories/virtuemart/product/NPM-W2-600x600.png','',0,0,0,'','',0,1,'2020-02-13 19:35:19',676,'2020-11-23 10:32:02',676,'0000-00-00 00:00:00',0),(121,1,'TOP3-437x1920.png','','','','image/png','product','images/stories/virtuemart/product/TOP3-437x1920.png','',0,0,0,'','',0,1,'2020-11-21 22:52:44',676,'2020-11-21 22:55:00',676,'0000-00-00 00:00:00',0),(122,1,'NPM-D3-front.png','','','','image/png','product','images/stories/virtuemart/product/NPM-D3-front.png','',0,0,0,'','',0,1,'2020-11-23 07:17:24',676,'2020-11-23 07:21:21',676,'0000-00-00 00:00:00',0),(123,1,'NPM-D3A.png_1','','','','image/png','product','images/stories/virtuemart/product/NPM-D3A.png','',0,0,0,'','',0,1,'2020-11-23 07:21:05',676,'2020-11-26 06:52:20',676,'0000-00-00 00:00:00',0),(124,1,'NPM-W2S.png_1','','','','image/png','product','images/stories/virtuemart/product/NPM-W2S.png','',0,0,0,'','',0,1,'2020-11-23 08:38:20',676,'2020-11-26 06:51:28',676,'0000-00-00 00:00:00',0),(125,1,'NPM-VF-1.png_1','','No image set ','','image/png','product','images/stories/virtuemart/product/NPM-VF-1.png','',0,0,0,'','',0,1,'2020-11-26 05:27:00',676,'2020-11-26 05:43:49',676,'0000-00-00 00:00:00',0),(126,1,'AM100_en_18_0101_leaflet.pdf_1','','No image set ','','application/pdf','product','images/stories/virtuemart/product/AM100_en_18_0101_leaflet.pdf','',0,0,0,'','',0,1,'2020-11-26 05:58:15',676,'2020-11-26 05:58:15',676,'0000-00-00 00:00:00',0),(127,1,'AM100_en_18_0101.pdf_1','','','','application/pdf','product','images/stories/virtuemart/product/AM100_en_18_0101.pdf','',0,1,0,'','',0,1,'2020-11-26 05:59:39',676,'2020-11-26 05:59:39',676,'0000-00-00 00:00:00',0),(128,1,'AM100_en_18_01016.pdf_1','Catalog','','','application/pdf','product','images/stories/virtuemart/product/AM100_en_18_01016.pdf','',0,1,0,'','',0,1,'2020-11-26 06:09:28',676,'2020-11-26 06:09:28',676,'0000-00-00 00:00:00',0),(129,1,'AM100_en_18_01015.pdf_1','','Catalog','','application/pdf','product','images/stories/virtuemart/product/AM100_en_18_01015.pdf','',0,1,0,'','',0,1,'2020-11-26 06:11:28',676,'2020-11-26 06:11:28',676,'0000-00-00 00:00:00',0),(130,1,'AM100_en_18_01011.pdf_1','CATALOG2','CATALOG','','application/pdf','product','images/stories/virtuemart/product/AM100_en_18_01011.pdf','',0,1,0,'','',0,1,'2020-11-26 06:44:21',676,'2020-11-26 06:44:21',676,'0000-00-00 00:00:00',0),(131,1,'NPM-W2S_en_20_0101.pdf_1','','','','application/pdf','product','images/stories/virtuemart/product/NPM-W2S_en_20_0101.pdf','',0,1,0,'','',0,1,'2020-11-26 06:51:02',676,'2020-11-26 06:51:02',676,'0000-00-00 00:00:00',0),(132,1,'NPM-D3A_en_20_0803.pdf_1','','','','application/pdf','product','images/stories/virtuemart/product/NPM-D3A_en_20_0803.pdf','',0,1,0,'','',0,1,'2020-11-26 06:52:04',676,'2020-11-26 06:52:04',676,'0000-00-00 00:00:00',0),(133,1,'NPM-W2_en_20_1001.pdf_1','','','','application/pdf','product','images/stories/virtuemart/product/NPM-W2_en_20_1001.pdf','',0,1,0,'','',0,1,'2020-11-26 06:52:44',676,'2020-11-26 06:52:44',676,'0000-00-00 00:00:00',0),(134,1,'spg_en_20_0101.pdf_1','','','','application/pdf','product','images/stories/virtuemart/product/spg_en_20_0101.pdf','',0,1,0,'','',0,1,'2020-11-26 06:53:05',676,'2020-11-26 06:53:05',676,'0000-00-00 00:00:00',0),(135,1,'NPM-VF_en_20_0101.pdf_1','','No image set ','','application/pdf','product','images/stories/virtuemart/product/NPM-VF_en_20_0101.pdf','',0,1,0,'','',0,1,'2020-11-26 06:53:34',676,'2020-11-26 06:53:34',676,'0000-00-00 00:00:00',0),(136,1,'LPS-C_en_20_0101.pdf_1','','','','application/pdf','product','images/stories/virtuemart/product/LPS-C_en_20_0101.pdf','',0,1,0,'','',0,1,'2020-11-26 06:53:57',676,'2020-11-26 06:53:57',676,'0000-00-00 00:00:00',0),(137,1,'rl132_en_20_0101.pdf_1','','','','application/pdf','product','images/stories/virtuemart/product/rl132_en_20_0101.pdf','',0,1,0,'','',0,1,'2020-11-26 06:54:16',676,'2020-11-26 06:54:16',676,'0000-00-00 00:00:00',0),(138,1,'av132_en_20_0101.pdf_1','','','','application/pdf','product','images/stories/virtuemart/product/av132_en_20_0101.pdf','',0,1,0,'','',0,1,'2020-11-26 06:54:35',676,'2020-11-26 06:54:35',676,'0000-00-00 00:00:00',0),(139,1,'rg131.png_1','','','','image/png','product','images/stories/virtuemart/product/rg131.png','',0,0,0,'','',0,1,'2020-11-26 07:29:21',676,'2020-11-26 08:10:18',676,'0000-00-00 00:00:00',0),(140,1,'rg131_en_20_0101.pdf_1','','','','application/pdf','product','images/stories/virtuemart/product/rg131_en_20_0101.pdf','',0,0,0,'','',0,1,'2020-11-26 07:29:46',676,'2020-11-26 07:29:46',676,'0000-00-00 00:00:00',0),(141,1,'rg131_en_20_01017.pdf_1','','','','application/pdf','product','images/stories/virtuemart/product/rg131_en_20_01017.pdf','',0,1,0,'','',0,1,'2020-11-26 07:58:08',676,'2020-11-26 07:58:08',676,'0000-00-00 00:00:00',0);

--
-- Table structure for table `fz6t4_virtuemart_migration_oldtonew_ids`
--

CREATE TABLE `fz6t4_virtuemart_migration_oldtonew_ids` (
  `id` smallint unsigned NOT NULL AUTO_INCREMENT,
  `cats` longblob,
  `catsxref` blob,
  `manus` longblob,
  `mfcats` blob,
  `shoppergroups` longblob,
  `products` longblob,
  `products_start` int DEFAULT NULL,
  `orderstates` blob,
  `orders` longblob,
  `attributes` longblob,
  `relatedproducts` longblob,
  `orders_start` int DEFAULT NULL,
  PRIMARY KEY (`id`)
) ENGINE=MyISAM AUTO_INCREMENT=2 DEFAULT CHARSET=utf8mb3 COMMENT='xref table for vm1 ids to vm2 ids';

--
-- Dumping data for table `fz6t4_virtuemart_migration_oldtonew_ids`
--

INSERT INTO `fz6t4_virtuemart_migration_oldtonew_ids` VALUES (1,NULL,NULL,NULL,NULL,NULL,NULL,NULL,NULL,NULL,NULL,NULL,NULL);

--
-- Table structure for table `fz6t4_virtuemart_modules`
--

CREATE TABLE `fz6t4_virtuemart_modules` (
  `module_id` int unsigned NOT NULL AUTO_INCREMENT,
  `module_name` char(255) DEFAULT NULL,
  `module_description` varchar(15359) DEFAULT NULL,
  `module_perms` char(255) DEFAULT NULL,
  `published` tinyint(1) NOT NULL DEFAULT '1',
  `is_admin` enum('0','1') NOT NULL DEFAULT '0',
  `ordering` int NOT NULL DEFAULT '0',
  PRIMARY KEY (`module_id`),
  KEY `module_name` (`module_name`),
  KEY `ordering` (`ordering`),
  KEY `published` (`published`)
) ENGINE=MyISAM AUTO_INCREMENT=14 DEFAULT CHARSET=utf8mb3 COMMENT='VirtueMart Core Modules, not: Joomla modules';

--
-- Dumping data for table `fz6t4_virtuemart_modules`
--

INSERT INTO `fz6t4_virtuemart_modules` VALUES (1,'product','Here you can administer your online catalog of products.  Categories , Products (view=product), Attributes  ,Product Types      Product Files (view=media), Inventory  , Calculation Rules ,Customer Reviews  ','storeadmin,admin',1,'1',1),(2,'order','View Order and Update Order Status:    Orders , Coupons , Revenue Report ,Shopper , Shopper Groups ','admin,storeadmin',1,'1',2),(3,'manufacturer','Manage the manufacturers of products in your store.','storeadmin,admin',1,'1',3),(4,'store','Store Configuration: Store Information, Payment Methods , Shipment, Shipment Rates','storeadmin,admin',1,'1',4),(5,'configuration','Configuration: shop configuration , currencies (view=currency), Credit Card List, Countries, userfields, order status  ','admin,storeadmin',1,'1',5),(6,'msgs','This module is unprotected an used for displaying system messages to users.  We need to have an area that does not require authorization when things go wrong.','none',0,'0',99),(7,'shop','This is the Washupito store module.  This is the demo store included with the VirtueMart distribution.','none',1,'0',99),(8,'store','Store Configuration: Store Information, Payment Methods , Shipment, Shipment Rates','storeadmin,admin',1,'1',4),(9,'account','This module allows shoppers to update their account information and view previously placed orders.','shopper,storeadmin,admin,demo',1,'0',99),(10,'checkout','','none',0,'0',99),(11,'tools','Tools','admin',1,'1',8),(13,'zone','This is the zone-shipment module. Here you can manage your shipment costs according to Zones.','admin,storeadmin',0,'1',11);

--
-- Table structure for table `fz6t4_virtuemart_order_calc_rules`
--

CREATE TABLE `fz6t4_virtuemart_order_calc_rules` (
  `virtuemart_order_calc_rule_id` int unsigned NOT NULL AUTO_INCREMENT,
  `virtuemart_calc_id` int unsigned DEFAULT NULL,
  `virtuemart_order_id` int unsigned DEFAULT NULL,
  `virtuemart_vendor_id` int unsigned NOT NULL DEFAULT '1',
  `virtuemart_order_item_id` int DEFAULT NULL,
  `calc_rule_name` varchar(64) NOT NULL DEFAULT '' COMMENT 'NAME OF THE RULE',
  `calc_kind` varchar(16) NOT NULL DEFAULT '' COMMENT 'DISCOUNT/TAX/MARGIN/COMMISSION',
  `calc_mathop` varchar(16) NOT NULL DEFAULT '' COMMENT 'DISCOUNT/TAX/MARGIN/COMMISSION',
  `calc_amount` decimal(15,5) NOT NULL DEFAULT '0.00000',
  `calc_result` decimal(15,5) NOT NULL DEFAULT '0.00000',
  `calc_value` decimal(15,5) NOT NULL DEFAULT '0.00000',
  `calc_currency` int DEFAULT NULL,
  `calc_params` varchar(15359) NOT NULL DEFAULT '',
  `created_on` datetime NOT NULL DEFAULT '0000-00-00 00:00:00',
  `created_by` int NOT NULL DEFAULT '0',
  `modified_on` datetime NOT NULL DEFAULT '0000-00-00 00:00:00',
  `modified_by` int NOT NULL DEFAULT '0',
  `locked_on` datetime NOT NULL DEFAULT '0000-00-00 00:00:00',
  `locked_by` int NOT NULL DEFAULT '0',
  PRIMARY KEY (`virtuemart_order_calc_rule_id`),
  KEY `virtuemart_calc_id` (`virtuemart_calc_id`),
  KEY `virtuemart_order_id` (`virtuemart_order_id`),
  KEY `virtuemart_vendor_id` (`virtuemart_vendor_id`)
) ENGINE=MyISAM AUTO_INCREMENT=40 DEFAULT CHARSET=utf8mb3 COMMENT='Stores all calculation rules which are part of an order';

--
-- Dumping data for table `fz6t4_virtuemart_order_calc_rules`
--

INSERT INTO `fz6t4_virtuemart_order_calc_rules` VALUES (1,0,1,1,NULL,'','payment','',0.00000,0.00000,0.00000,0,'','2014-08-07 06:45:52',677,'2014-08-07 06:45:52',677,'0000-00-00 00:00:00',0),(2,0,1,1,NULL,'','shipment','',0.00000,0.00000,0.00000,0,'','2014-08-07 06:45:52',677,'2014-08-07 06:45:52',677,'0000-00-00 00:00:00',0),(3,1,2,1,2,'KDV_18','VatTax','+%',8.64756,60.53292,18.00000,144,'','2014-08-07 08:17:57',677,'2014-08-07 08:17:57',677,'0000-00-00 00:00:00',0),(4,1,2,1,3,'KDV_18','VatTax','+%',8.64756,60.53292,18.00000,144,'','2014-08-07 08:17:57',677,'2014-08-07 08:17:57',677,'0000-00-00 00:00:00',0),(5,0,2,1,NULL,'','payment','',0.00000,0.00000,0.00000,0,'','2014-08-07 08:17:57',677,'2014-08-07 08:17:57',677,'0000-00-00 00:00:00',0),(6,0,2,1,NULL,'','shipment','',0.00000,0.00000,0.00000,0,'','2014-08-07 08:17:57',677,'2014-08-07 08:17:57',677,'0000-00-00 00:00:00',0),(7,1,3,1,4,'KDV_18','VatTax','+%',6.24546,87.43644,18.00000,144,'','2014-08-07 08:41:55',677,'2014-08-07 08:41:55',677,'0000-00-00 00:00:00',0),(8,0,3,1,NULL,'','payment','',0.00000,0.00000,0.00000,0,'','2014-08-07 08:41:55',677,'2014-08-07 08:41:55',677,'0000-00-00 00:00:00',0),(9,0,3,1,NULL,'','shipment','',0.00000,0.00000,0.00000,0,'','2014-08-07 08:41:55',677,'2014-08-07 08:41:55',677,'0000-00-00 00:00:00',0),(10,1,4,1,5,'KDV_18','VatTax','+%',8.64756,8.64756,18.00000,144,'','2014-08-08 07:07:48',677,'2014-08-08 07:07:48',677,'0000-00-00 00:00:00',0),(11,1,4,1,NULL,'KDV_18','payment','+%',0.00000,0.00000,18.00000,144,'','2014-08-08 07:07:48',677,'2014-08-08 07:07:48',677,'0000-00-00 00:00:00',0),(12,0,4,1,NULL,'','shipment','',0.00000,0.00000,0.00000,0,'','2014-08-08 07:07:48',677,'2014-08-08 07:07:48',677,'0000-00-00 00:00:00',0),(13,1,5,1,6,'KDV_18','VatTax','+%',8.64756,8.64756,18.00000,144,'','2014-08-08 07:08:53',677,'2014-08-08 07:08:53',677,'0000-00-00 00:00:00',0),(14,1,5,1,NULL,'KDV_18','payment','+%',0.00000,0.00000,18.00000,144,'','2014-08-08 07:08:53',677,'2014-08-08 07:08:53',677,'0000-00-00 00:00:00',0),(15,0,5,1,NULL,'','shipment','',0.00000,0.00000,0.00000,0,'','2014-08-08 07:08:53',677,'2014-08-08 07:08:53',677,'0000-00-00 00:00:00',0),(16,1,6,1,7,'KDV_18','VatTax','+%',8.64756,8.64756,18.00000,144,'','2014-08-08 07:10:26',677,'2014-08-08 07:10:26',677,'0000-00-00 00:00:00',0),(17,1,6,1,NULL,'KDV_18','payment','+%',0.00000,0.00000,18.00000,144,'','2014-08-08 07:10:26',677,'2014-08-08 07:10:26',677,'0000-00-00 00:00:00',0),(18,0,6,1,NULL,'','shipment','',0.00000,0.00000,0.00000,0,'','2014-08-08 07:10:26',677,'2014-08-08 07:10:26',677,'0000-00-00 00:00:00',0),(19,1,7,1,8,'KDV_18','VatTax','+%',8.64756,8.64756,18.00000,144,'','2014-08-08 07:11:11',677,'2014-08-08 07:11:11',677,'0000-00-00 00:00:00',0),(20,1,7,1,NULL,'KDV_18','payment','+%',0.00000,0.00000,18.00000,144,'','2014-08-08 07:11:11',677,'2014-08-08 07:11:11',677,'0000-00-00 00:00:00',0),(21,0,7,1,NULL,'','shipment','',0.00000,0.00000,0.00000,0,'','2014-08-08 07:11:11',677,'2014-08-08 07:11:11',677,'0000-00-00 00:00:00',0),(22,1,8,1,9,'KDV_18','VatTax','+%',8.64756,8.64756,18.00000,144,'','2014-08-08 07:11:40',677,'2014-08-08 07:11:40',677,'0000-00-00 00:00:00',0),(23,1,8,1,NULL,'KDV_18','payment','+%',0.00000,0.00000,18.00000,144,'','2014-08-08 07:11:40',677,'2014-08-08 07:11:40',677,'0000-00-00 00:00:00',0),(24,0,8,1,NULL,'','shipment','',0.00000,0.00000,0.00000,0,'','2014-08-08 07:11:40',677,'2014-08-08 07:11:40',677,'0000-00-00 00:00:00',0),(25,1,9,1,10,'KDV_18','VatTax','+%',8.64756,8.64756,18.00000,144,'','2014-08-08 07:12:14',677,'2014-08-08 07:12:14',677,'0000-00-00 00:00:00',0),(26,1,9,1,NULL,'KDV_18','payment','+%',0.00000,0.00000,18.00000,144,'','2014-08-08 07:12:14',677,'2014-08-08 07:12:14',677,'0000-00-00 00:00:00',0),(27,0,9,1,NULL,'','shipment','',0.00000,0.00000,0.00000,0,'','2014-08-08 07:12:14',677,'2014-08-08 07:12:14',677,'0000-00-00 00:00:00',0),(28,1,10,1,11,'KDV_18','VatTax','+%',8.64756,8.64756,18.00000,144,'','2014-08-08 07:13:15',677,'2014-08-08 07:13:15',677,'0000-00-00 00:00:00',0),(29,1,10,1,NULL,'KDV_18','payment','+%',0.00000,0.00000,18.00000,144,'','2014-08-08 07:13:15',677,'2014-08-08 07:13:15',677,'0000-00-00 00:00:00',0),(30,0,10,1,NULL,'','shipment','',0.00000,0.00000,0.00000,0,'','2014-08-08 07:13:15',677,'2014-08-08 07:13:15',677,'0000-00-00 00:00:00',0),(31,1,11,1,12,'KDV_18','VatTax','+%',6.24546,31.22730,18.00000,144,'','2014-08-08 07:15:34',677,'2014-08-08 07:15:34',677,'0000-00-00 00:00:00',0),(32,1,11,1,NULL,'KDV_18','payment','+%',0.00000,0.00000,18.00000,144,'','2014-08-08 07:15:34',677,'2014-08-08 07:15:34',677,'0000-00-00 00:00:00',0),(33,0,11,1,NULL,'','shipment','',0.00000,0.00000,0.00000,0,'','2014-08-08 07:15:34',677,'2014-08-08 07:15:34',677,'0000-00-00 00:00:00',0),(34,1,12,1,13,'KDV_18','VatTax','+%',6.24546,31.22730,18.00000,144,'','2014-08-08 07:16:25',677,'2014-08-08 07:16:25',677,'0000-00-00 00:00:00',0),(35,1,12,1,NULL,'KDV_18','payment','+%',0.00000,0.00000,18.00000,144,'','2014-08-08 07:16:25',677,'2014-08-08 07:16:25',677,'0000-00-00 00:00:00',0),(36,0,12,1,NULL,'','shipment','',0.00000,0.00000,0.00000,0,'','2014-08-08 07:16:25',677,'2014-08-08 07:16:25',677,'0000-00-00 00:00:00',0),(37,1,13,1,14,'KDV_18','VatTax','+%',6.24546,31.22730,18.00000,144,'','2014-08-08 07:16:57',677,'2014-08-08 07:16:57',677,'0000-00-00 00:00:00',0),(38,1,13,1,NULL,'KDV_18','payment','+%',0.00000,0.00000,18.00000,144,'','2014-08-08 07:16:57',677,'2014-08-08 07:16:57',677,'0000-00-00 00:00:00',0),(39,0,13,1,NULL,'','shipment','',0.00000,0.00000,0.00000,0,'','2014-08-08 07:16:57',677,'2014-08-08 07:16:57',677,'0000-00-00 00:00:00',0);

--
-- Table structure for table `fz6t4_virtuemart_order_histories`
--

CREATE TABLE `fz6t4_virtuemart_order_histories` (
  `virtuemart_order_history_id` int unsigned NOT NULL AUTO_INCREMENT,
  `virtuemart_order_id` int unsigned NOT NULL DEFAULT '0',
  `order_status_code` char(1) NOT NULL DEFAULT '0',
  `customer_notified` tinyint(1) NOT NULL DEFAULT '0',
  `comments` varchar(15359) DEFAULT NULL,
  `paid` decimal(15,5) NOT NULL DEFAULT '0.00000',
  `o_hash` varchar(33) DEFAULT NULL,
  `published` tinyint(1) NOT NULL DEFAULT '1',
  `created_on` datetime NOT NULL DEFAULT '0000-00-00 00:00:00',
  `created_by` int NOT NULL DEFAULT '0',
  `modified_on` datetime NOT NULL DEFAULT '0000-00-00 00:00:00',
  `modified_by` int NOT NULL DEFAULT '0',
  `locked_on` datetime NOT NULL DEFAULT '0000-00-00 00:00:00',
  `locked_by` int NOT NULL DEFAULT '0',
  PRIMARY KEY (`virtuemart_order_history_id`),
  KEY `virtuemart_order_id` (`virtuemart_order_id`)
) ENGINE=InnoDB AUTO_INCREMENT=3 DEFAULT CHARSET=utf8mb3 COMMENT='Stores all actions and changes that occur to an order';

--
-- Dumping data for table `fz6t4_virtuemart_order_histories`
--

INSERT INTO `fz6t4_virtuemart_order_histories` VALUES (1,14,'P',0,'',0.00000,NULL,1,'2019-08-06 12:15:14',0,'2019-08-06 12:15:14',0,'0000-00-00 00:00:00',0),(2,15,'P',0,'',0.00000,'33370fad1ccd0dbdadad94754debd449',1,'2020-02-13 11:02:04',0,'2020-02-13 11:02:04',0,'0000-00-00 00:00:00',0);

--
-- Table structure for table `fz6t4_virtuemart_order_item_histories`
--

CREATE TABLE `fz6t4_virtuemart_order_item_histories` (
  `virtuemart_order_item_history_id` int unsigned NOT NULL AUTO_INCREMENT,
  `virtuemart_order_item_id` int unsigned NOT NULL,
  `virtuemart_order_id` int unsigned DEFAULT NULL,
  `virtuemart_vendor_id` int unsigned NOT NULL DEFAULT '1',
  `virtuemart_product_id` int DEFAULT NULL,
  `action` varchar(255) NOT NULL DEFAULT '',
  `order_item_sku` varchar(255) NOT NULL DEFAULT '',
  `order_item_name` varchar(4096) NOT NULL DEFAULT '',
  `product_quantity` int DEFAULT NULL,
  `product_item_price` decimal(15,5) DEFAULT NULL,
  `product_priceWithoutTax` decimal(15,5) DEFAULT NULL,
  `product_tax` decimal(15,5) DEFAULT NULL,
  `product_basePriceWithTax` decimal(15,5) DEFAULT NULL,
  `product_discountedPriceWithoutTax` decimal(15,5) DEFAULT NULL,
  `product_final_price` decimal(15,5) NOT NULL DEFAULT '0.00000',
  `product_subtotal_discount` decimal(15,5) NOT NULL DEFAULT '0.00000',
  `product_subtotal_with_tax` decimal(15,5) NOT NULL DEFAULT '0.00000',
  `order_item_currency` int DEFAULT NULL,
  `order_status` char(1) DEFAULT NULL,
  `product_attribute` mediumtext,
  `delivery_date` varchar(200) DEFAULT NULL,
  `paid` decimal(15,5) NOT NULL DEFAULT '0.00000',
  `oi_hash` varchar(33) DEFAULT NULL,
  `created_on` datetime NOT NULL DEFAULT '0000-00-00 00:00:00',
  `created_by` int NOT NULL DEFAULT '0',
  `modified_on` datetime NOT NULL DEFAULT '0000-00-00 00:00:00',
  `modified_by` int NOT NULL DEFAULT '0',
  `locked_on` datetime NOT NULL DEFAULT '0000-00-00 00:00:00',
  `locked_by` int NOT NULL DEFAULT '0',
  PRIMARY KEY (`virtuemart_order_item_history_id`),
  KEY `virtuemart_order_id` (`virtuemart_order_id`)
) ENGINE=InnoDB DEFAULT CHARSET=utf8mb3 COMMENT='Stores all actions and changes that occur to an order item only';

--
-- Dumping data for table `fz6t4_virtuemart_order_item_histories`
--


--
-- Table structure for table `fz6t4_virtuemart_order_items`
--

CREATE TABLE `fz6t4_virtuemart_order_items` (
  `virtuemart_order_item_id` int unsigned NOT NULL AUTO_INCREMENT,
  `virtuemart_order_id` int unsigned DEFAULT NULL,
  `virtuemart_vendor_id` int unsigned NOT NULL DEFAULT '1',
  `virtuemart_product_id` int DEFAULT NULL,
  `order_item_sku` varchar(255) NOT NULL DEFAULT '',
  `order_item_name` varchar(4096) NOT NULL DEFAULT '',
  `product_quantity` int DEFAULT NULL,
  `product_item_price` decimal(15,5) DEFAULT NULL,
  `product_priceWithoutTax` decimal(15,5) DEFAULT NULL,
  `product_tax` decimal(15,5) DEFAULT NULL,
  `product_basePriceWithTax` decimal(15,5) DEFAULT NULL,
  `product_discountedPriceWithoutTax` decimal(15,5) DEFAULT NULL,
  `product_final_price` decimal(15,5) NOT NULL DEFAULT '0.00000',
  `product_subtotal_discount` decimal(15,5) NOT NULL DEFAULT '0.00000',
  `product_subtotal_with_tax` decimal(15,5) NOT NULL DEFAULT '0.00000',
  `order_item_currency` int DEFAULT NULL,
  `order_status` char(1) DEFAULT NULL,
  `product_attribute` mediumtext,
  `delivery_date` varchar(200) DEFAULT NULL,
  `paid` decimal(15,5) NOT NULL DEFAULT '0.00000',
  `oi_hash` varchar(33) DEFAULT NULL,
  `created_on` datetime NOT NULL DEFAULT '0000-00-00 00:00:00',
  `created_by` int NOT NULL DEFAULT '0',
  `modified_on` datetime NOT NULL DEFAULT '0000-00-00 00:00:00',
  `modified_by` int NOT NULL DEFAULT '0',
  `locked_on` datetime NOT NULL DEFAULT '0000-00-00 00:00:00',
  `locked_by` int NOT NULL DEFAULT '0',
  PRIMARY KEY (`virtuemart_order_item_id`),
  KEY `virtuemart_product_id` (`virtuemart_product_id`),
  KEY `virtuemart_order_id` (`virtuemart_order_id`),
  KEY `virtuemart_vendor_id` (`virtuemart_vendor_id`),
  KEY `order_status` (`order_status`)
) ENGINE=InnoDB AUTO_INCREMENT=4 DEFAULT CHARSET=utf8mb3 COMMENT='Stores all items (products) which are part of an order';

--
-- Dumping data for table `fz6t4_virtuemart_order_items`
--

INSERT INTO `fz6t4_virtuemart_order_items` VALUES (1,14,1,14,'','GF-12-HC/HT',1,NULL,NULL,NULL,NULL,NULL,0.00000,0.00000,0.00000,NULL,'P','',NULL,0.00000,NULL,'2019-08-06 12:15:14',0,'2019-08-06 12:15:14',0,'0000-00-00 00:00:00',0),(2,15,1,8,'','CS40',1,NULL,NULL,NULL,NULL,NULL,0.00000,0.00000,0.00000,NULL,'P','',NULL,0.00000,'0179ab777667be9d236a6555caa002ec','2020-02-13 11:02:04',0,'2020-02-13 11:02:04',0,'0000-00-00 00:00:00',0),(3,15,1,14,'','GF-12-HC/HT',1,NULL,NULL,NULL,NULL,NULL,0.00000,0.00000,0.00000,NULL,'P','',NULL,0.00000,'77b4661855228d26278f0ea676ac8780','2020-02-13 11:02:04',0,'2020-02-13 11:02:04',0,'0000-00-00 00:00:00',0);

--
-- Table structure for table `fz6t4_virtuemart_order_userinfos`
--

CREATE TABLE `fz6t4_virtuemart_order_userinfos` (
  `virtuemart_order_userinfo_id` int unsigned NOT NULL AUTO_INCREMENT,
  `virtuemart_order_id` int unsigned NOT NULL DEFAULT '0',
  `virtuemart_user_id` int unsigned NOT NULL DEFAULT '0',
  `address_type` char(2) DEFAULT NULL,
  `address_type_name` char(32) DEFAULT NULL,
  `company` varchar(255) DEFAULT NULL,
  `title` char(32) DEFAULT NULL,
  `last_name` char(48) DEFAULT NULL,
  `first_name` char(48) DEFAULT NULL,
  `middle_name` char(48) DEFAULT NULL,
  `phone_1` char(32) DEFAULT NULL,
  `phone_2` char(32) DEFAULT NULL,
  `fax` varchar(255) DEFAULT NULL,
  `address_1` char(64) NOT NULL DEFAULT '',
  `address_2` char(64) DEFAULT NULL,
  `city` char(64) NOT NULL DEFAULT '',
  `virtuemart_state_id` smallint unsigned NOT NULL DEFAULT '0',
  `virtuemart_country_id` smallint unsigned NOT NULL DEFAULT '0',
  `zip` char(16) NOT NULL DEFAULT '',
  `email` char(128) DEFAULT NULL,
  `agreed` tinyint(1) NOT NULL DEFAULT '0',
  `created_on` datetime NOT NULL DEFAULT '0000-00-00 00:00:00',
  `created_by` int NOT NULL DEFAULT '0',
  `modified_on` datetime NOT NULL DEFAULT '0000-00-00 00:00:00',
  `modified_by` int NOT NULL DEFAULT '0',
  `locked_on` datetime NOT NULL DEFAULT '0000-00-00 00:00:00',
  `locked_by` int NOT NULL DEFAULT '0',
  PRIMARY KEY (`virtuemart_order_userinfo_id`),
  KEY `virtuemart_order_id` (`virtuemart_order_id`),
  KEY `virtuemart_user_id` (`virtuemart_user_id`,`address_type`),
  KEY `address_type` (`address_type`)
) ENGINE=InnoDB AUTO_INCREMENT=22 DEFAULT CHARSET=utf8mb3 COMMENT='Stores the BillTo and ShipTo Information at order time';

--
-- Dumping data for table `fz6t4_virtuemart_order_userinfos`
--

INSERT INTO `fz6t4_virtuemart_order_userinfos` VALUES (1,1,677,'BT',NULL,'DMB Elektronik A.S.','Mr','Enunlu','Ahmet',NULL,'0212 482 8606',NULL,'0212 482 8424','Davutpaşa Caddesi, Serçekale Sokak 10/1, Topkapi 34010',NULL,'Zeytinburnu',0,215,'034010','info@dmb-elektronik.com',0,'2014-08-07 06:45:52',677,'2014-08-07 06:45:52',677,'0000-00-00 00:00:00',0),(2,2,677,'BT',NULL,'DMB Elektronik A.S.','Mr','Enunlu','Ahmet',NULL,'0212 482 8606',NULL,'0212 482 8424','Davutpaşa Caddesi, Serçekale Sokak 10/1, Topkapi 34010',NULL,'Zeytinburnu',0,215,'034010','info@dmb-elektronik.com',0,'2014-08-07 08:17:57',677,'2014-08-07 08:17:57',677,'0000-00-00 00:00:00',0),(3,3,677,'BT',NULL,'DMB Elektronik A.S.','Mr','Enunlu','Ahmet',NULL,'0212 482 8606',NULL,'0212 482 8424','Davutpaşa Caddesi, Serçekale Sokak 10/1, Topkapi 34010',NULL,'Zeytinburnu',0,215,'034010','info@dmb-elektronik.com',0,'2014-08-07 08:41:55',677,'2014-08-07 08:41:55',677,'0000-00-00 00:00:00',0),(4,4,677,'BT',NULL,'DMB Elektronik A.S.','Mr','Enunlu','Ahmet',NULL,'0212 482 8606',NULL,'0212 482 8424','Davutpaşa Caddesi, Serçekale Sokak 10/1, Topkapi 34010',NULL,'Zeytinburnu',0,215,'034010','info@dmb-elektronik.com',0,'2014-08-08 07:07:48',677,'2014-08-08 07:07:48',677,'0000-00-00 00:00:00',0),(5,5,677,'BT',NULL,'DMB Elektronik A.S.','Mr','Enunlu','Ahmet',NULL,'0212 482 8606',NULL,'0212 482 8424','Davutpaşa Caddesi, Serçekale Sokak 10/1, Topkapi 34010',NULL,'Zeytinburnu',0,215,'034010','info@dmb-elektronik.com',0,'2014-08-08 07:08:53',677,'2014-08-08 07:08:53',677,'0000-00-00 00:00:00',0),(6,6,677,'BT',NULL,'DMB Elektronik A.S.','Mr','Enunlu','Ahmet',NULL,'0212 482 8606',NULL,'0212 482 8424','Davutpaşa Caddesi, Serçekale Sokak 10/1, Topkapi 34010',NULL,'Zeytinburnu',0,215,'034010','info@dmb-elektronik.com',0,'2014-08-08 07:10:26',677,'2014-08-08 07:10:26',677,'0000-00-00 00:00:00',0),(7,6,677,'ST',NULL,'DMB Elektronik A.S.',NULL,'Enunlu','Ahmet',NULL,'0212 482 8606',NULL,'0212 482 8424','Davutpaşa Caddesi, Serçekale Sokak 10/1, Topkapi 34010',NULL,'Zeytinburnu',0,215,'034010',NULL,0,'2014-08-08 07:10:26',677,'2014-08-08 07:10:26',677,'0000-00-00 00:00:00',0),(8,7,677,'BT',NULL,'DMB Elektronik A.S.','Mr','Enunlu','Ahmet',NULL,'0212 482 8606',NULL,'0212 482 8424','Davutpaşa Caddesi, Serçekale Sokak 10/1, Topkapi 34010',NULL,'Zeytinburnu',0,215,'034010','info@dmb-elektronik.com',0,'2014-08-08 07:11:11',677,'2014-08-08 07:11:11',677,'0000-00-00 00:00:00',0),(9,7,677,'ST',NULL,'DMB Elektronik A.S.',NULL,'Enunlu','Ahmet',NULL,'0212 482 8606',NULL,'0212 482 8424','Davutpaşa Caddesi, Serçekale Sokak 10/1, Topkapi 34010',NULL,'Zeytinburnu',0,215,'034010',NULL,0,'2014-08-08 07:11:11',677,'2014-08-08 07:11:11',677,'0000-00-00 00:00:00',0),(10,8,677,'BT',NULL,'DMB Elektronik A.S.','Mr','Enunlu','Ahmet',NULL,'0212 482 8606',NULL,'0212 482 8424','Davutpaşa Caddesi, Serçekale Sokak 10/1, Topkapi 34010',NULL,'Zeytinburnu',0,215,'034010','info@dmb-elektronik.com',0,'2014-08-08 07:11:40',677,'2014-08-08 07:11:40',677,'0000-00-00 00:00:00',0),(11,8,677,'ST',NULL,'DMB Elektronik A.S.',NULL,'Enunlu','Ahmet',NULL,'0212 482 8606',NULL,'0212 482 8424','Davutpaşa Caddesi, Serçekale Sokak 10/1, Topkapi 34010',NULL,'Zeytinburnu',0,215,'034010',NULL,0,'2014-08-08 07:11:40',677,'2014-08-08 07:11:40',677,'0000-00-00 00:00:00',0),(12,9,677,'BT',NULL,'DMB Elektronik A.S.','Mr','Enunlu','Ahmet',NULL,'0212 482 8606',NULL,'0212 482 8424','Davutpaşa Caddesi, Serçekale Sokak 10/1, Topkapi 34010',NULL,'Zeytinburnu',0,215,'034010','info@dmb-elektronik.com',0,'2014-08-08 07:12:14',677,'2014-08-08 07:12:14',677,'0000-00-00 00:00:00',0),(13,9,677,'ST',NULL,'DMB Elektronik A.S.',NULL,'Enunlu','Ahmet',NULL,'0212 482 8606',NULL,'0212 482 8424','Davutpaşa Caddesi, Serçekale Sokak 10/1, Topkapi 34010',NULL,'Zeytinburnu',0,215,'034010',NULL,0,'2014-08-08 07:12:14',677,'2014-08-08 07:12:14',677,'0000-00-00 00:00:00',0),(14,10,677,'BT',NULL,'DMB Elektronik A.S.','Mr','Enunlu','Ahmet',NULL,'0212 482 8606',NULL,'0212 482 8424','Davutpaşa Caddesi, Serçekale Sokak 10/1, Topkapi 34010',NULL,'Zeytinburnu',0,215,'034010','info@dmb-elektronik.com',0,'2014-08-08 07:13:15',677,'2014-08-08 07:13:15',677,'0000-00-00 00:00:00',0),(15,10,677,'ST',NULL,'DMB Elektronik A.S.',NULL,'Enunlu','Ahmet',NULL,'0212 482 8606',NULL,'0212 482 8424','Davutpaşa Caddesi, Serçekale Sokak 10/1, Topkapi 34010',NULL,'Zeytinburnu',0,215,'034010',NULL,0,'2014-08-08 07:13:15',677,'2014-08-08 07:13:15',677,'0000-00-00 00:00:00',0),(16,11,677,'BT',NULL,'DMB Elektronik A.S.','Mr','Enunlu','Ahmet',NULL,'0212 482 8606',NULL,'0212 482 8424','Davutpaşa Caddesi, Serçekale Sokak 10/1, Topkapi 34010',NULL,'Zeytinburnu',0,215,'034010','info@dmb-elektronik.com',0,'2014-08-08 07:15:34',677,'2014-08-08 07:15:34',677,'0000-00-00 00:00:00',0),(17,12,677,'BT',NULL,'DMB Elektronik A.S.','Mr','Enunlu','Ahmet',NULL,'0212 482 8606',NULL,'0212 482 8424','Davutpaşa Caddesi, Serçekale Sokak 10/1, Topkapi 34010',NULL,'Zeytinburnu',0,215,'034010','info@dmb-elektronik.com',0,'2014-08-08 07:16:25',677,'2014-08-08 07:16:25',677,'0000-00-00 00:00:00',0),(18,12,677,'ST',NULL,'DMB Elektronik A.S.',NULL,'Enunlu','Ahmet',NULL,'0212 482 8606',NULL,'0212 482 8424','Davutpaşa Caddesi, Serçekale Sokak 10/1, Topkapi 34010',NULL,'Zeytinburnu',0,215,'034010',NULL,0,'2014-08-08 07:16:25',677,'2014-08-08 07:16:25',677,'0000-00-00 00:00:00',0),(19,13,677,'BT',NULL,'DMB Elektronik A.S.','Mr','Enunlu','Ahmet',NULL,'0212 482 8606',NULL,'0212 482 8424','Davutpaşa Caddesi, Serçekale Sokak 10/1, Topkapi 34010',NULL,'Zeytinburnu',0,215,'034010','info@dmb-elektronik.com',0,'2014-08-08 07:16:57',677,'2014-08-08 07:16:57',677,'0000-00-00 00:00:00',0),(20,14,0,'BT',NULL,NULL,NULL,'dgdgd','dgdgdg',NULL,NULL,NULL,NULL,'dgdgdg',NULL,'gdgdgd',560,81,'3465','terter@hotmail.com',1,'2019-08-06 12:15:14',0,'2019-08-06 12:15:14',0,'0000-00-00 00:00:00',0),(21,15,0,'BT',NULL,NULL,'Mr','ÖZTAŞ','KIYASETTİN',NULL,NULL,NULL,NULL,'HÜRRİYET MAHALLESİ FIRAT CADDESİS ÜSTÜNEL APARTMANI 39/B',NULL,'MELİKGAZİ',0,215,'38050','kiyasettinoztas@outlook.com',1,'2020-02-13 11:02:04',0,'2020-02-13 11:02:04',0,'0000-00-00 00:00:00',0);

--
-- Table structure for table `fz6t4_virtuemart_orders`
--

CREATE TABLE `fz6t4_virtuemart_orders` (
  `virtuemart_order_id` int unsigned NOT NULL AUTO_INCREMENT,
  `virtuemart_user_id` int unsigned NOT NULL DEFAULT '0',
  `virtuemart_vendor_id` int unsigned NOT NULL DEFAULT '0',
  `order_note` varchar(5000) DEFAULT NULL,
  `order_number` varchar(64) DEFAULT NULL,
  `customer_number` varchar(32) DEFAULT NULL,
  `order_pass` varchar(34) DEFAULT NULL,
  `order_create_invoice_pass` varchar(32) DEFAULT NULL,
  `invoice_locked` tinyint(1) NOT NULL DEFAULT '0',
  `order_total` decimal(15,5) NOT NULL DEFAULT '0.00000',
  `order_salesPrice` decimal(15,5) NOT NULL DEFAULT '0.00000',
  `order_billTaxAmount` decimal(15,5) NOT NULL DEFAULT '0.00000',
  `order_billTax` varchar(400) DEFAULT NULL,
  `order_billDiscountAmount` decimal(15,5) NOT NULL DEFAULT '0.00000',
  `order_discountAmount` decimal(15,5) NOT NULL DEFAULT '0.00000',
  `order_subtotal` decimal(15,5) DEFAULT NULL,
  `order_tax` decimal(12,5) DEFAULT NULL,
  `order_shipment` decimal(12,5) DEFAULT NULL,
  `order_shipment_tax` decimal(10,5) DEFAULT NULL,
  `order_payment` decimal(12,2) DEFAULT NULL,
  `order_payment_tax` decimal(10,5) DEFAULT NULL,
  `coupon_discount` decimal(12,2) NOT NULL DEFAULT '0.00',
  `coupon_code` varchar(32) DEFAULT NULL,
  `order_discount` decimal(12,2) NOT NULL DEFAULT '0.00',
  `order_currency` smallint DEFAULT NULL,
  `order_status` char(1) DEFAULT NULL,
  `user_currency_id` smallint DEFAULT NULL,
  `user_currency_rate` decimal(12,6) NOT NULL DEFAULT '1.000000',
  `user_shoppergroups` varchar(30) DEFAULT NULL,
  `payment_currency_id` smallint DEFAULT NULL,
  `payment_currency_rate` decimal(12,6) NOT NULL DEFAULT '1.000000',
  `virtuemart_paymentmethod_id` int unsigned DEFAULT NULL,
  `virtuemart_shipmentmethod_id` int unsigned DEFAULT NULL,
  `oc_note` text NOT NULL COMMENT 'old customer notes',
  `delivery_date` varchar(200) DEFAULT NULL,
  `order_language` varchar(7) DEFAULT NULL,
  `ip_address` char(15) NOT NULL DEFAULT '',
  `STsameAsBT` tinyint(1) NOT NULL DEFAULT '0',
  `paid` decimal(15,5) NOT NULL DEFAULT '0.00000',
  `paid_on` datetime NOT NULL DEFAULT '0000-00-00 00:00:00',
  `o_hash` varchar(33) DEFAULT NULL,
  `created_on` datetime NOT NULL DEFAULT '0000-00-00 00:00:00',
  `created_by` int NOT NULL DEFAULT '0',
  `modified_on` datetime NOT NULL DEFAULT '0000-00-00 00:00:00',
  `modified_by` int NOT NULL DEFAULT '0',
  `locked_on` datetime NOT NULL DEFAULT '0000-00-00 00:00:00',
  `locked_by` int NOT NULL DEFAULT '0',
  PRIMARY KEY (`virtuemart_order_id`),
  KEY `virtuemart_user_id` (`virtuemart_user_id`),
  KEY `virtuemart_vendor_id` (`virtuemart_vendor_id`),
  KEY `order_number` (`order_number`),
  KEY `virtuemart_paymentmethod_id` (`virtuemart_paymentmethod_id`),
  KEY `virtuemart_shipmentmethod_id` (`virtuemart_shipmentmethod_id`),
  KEY `created_on` (`created_on`)
) ENGINE=InnoDB AUTO_INCREMENT=16 DEFAULT CHARSET=utf8mb3 COMMENT='Used to store all orders';

--
-- Dumping data for table `fz6t4_virtuemart_orders`
--

INSERT INTO `fz6t4_virtuemart_orders` VALUES (1,677,1,NULL,'41a603','DMefa0e2f9c','p_54c0f',NULL,0,9500.00000,9500.00000,0.00000,'0',0.00000,0.00000,9500.00000,0.00000,0.00000,0.00000,0.00,0.00000,0.00,NULL,0.00,144,'P',139,2.163660,NULL,NULL,1.000000,1,1,'',NULL,'tr-TR','88.249.243.244',0,0.00000,'0000-00-00 00:00:00',NULL,'2014-08-07 06:45:52',677,'2014-08-07 06:45:52',677,'0000-00-00 00:00:00',0),(2,677,1,NULL,'d29404','DMefa0e2f9c','p_7b5a4',NULL,0,396.82692,396.82692,60.53292,'{\"1\":{\"virtuemart_calc_id\":1,\"calc_name\":\"KDV_18\",\"calc_value\":\"18.0000\",\"result\":60.53292}}',0.00000,0.00000,336.29400,60.53292,0.00000,0.00000,0.00,0.00000,0.00,NULL,0.00,144,'U',144,1.000000,NULL,NULL,1.000000,2,2,'','Fatura tarihi ile aynı','tr-TR','88.249.243.244',0,0.00000,'0000-00-00 00:00:00',NULL,'2014-08-07 08:17:57',677,'2014-08-07 08:17:57',677,'0000-00-00 00:00:00',0),(3,677,1,NULL,'706405','DMefa0e2f9c','p_a9927',NULL,0,573.19444,573.19444,87.43644,'{\"1\":{\"virtuemart_calc_id\":1,\"calc_name\":\"KDV_18\",\"calc_value\":\"18.0000\",\"result\":87.4364399999999}}',0.00000,0.00000,485.75800,87.43644,0.00000,0.00000,0.00,0.00000,0.00,NULL,0.00,144,'U',144,1.000000,NULL,NULL,1.000000,2,1,'','Fatura tarihi ile aynı','tr-TR','88.249.243.244',0,0.00000,'0000-00-00 00:00:00',NULL,'2014-08-07 08:41:55',677,'2014-08-07 08:41:55',677,'0000-00-00 00:00:00',0),(4,677,1,NULL,'630406','DMefa0e2f9c','p_20059',NULL,0,56.68956,56.68956,8.64756,'{\"1\":{\"virtuemart_calc_id\":1,\"calc_name\":\"KDV_18\",\"calc_value\":\"18.0000\",\"result\":8.64756}}',0.00000,0.00000,48.04200,8.64756,0.00000,0.00000,0.00,0.00000,0.00,NULL,0.00,144,'X',144,1.000000,NULL,NULL,1.000000,3,2,'','Fatura tarihi ile aynı','tr-TR','78.188.219.196',0,0.00000,'0000-00-00 00:00:00',NULL,'2014-08-08 07:07:48',677,'2014-08-08 07:08:44',677,'0000-00-00 00:00:00',0),(5,677,1,NULL,'9f7b07','DMefa0e2f9c','p_b5b54',NULL,0,56.68956,56.68956,8.64756,'{\"1\":{\"virtuemart_calc_id\":1,\"calc_name\":\"KDV_18\",\"calc_value\":\"18.0000\",\"result\":8.64756}}',0.00000,0.00000,48.04200,8.64756,0.00000,0.00000,0.00,0.00000,0.00,NULL,0.00,144,'P',139,2.163660,NULL,NULL,1.000000,1,2,'',NULL,'tr-TR','78.188.219.196',0,0.00000,'0000-00-00 00:00:00',NULL,'2014-08-08 07:08:53',677,'2014-08-08 07:08:53',677,'0000-00-00 00:00:00',0),(6,677,1,NULL,'166c08','DMefa0e2f9c','p_e41cb',NULL,0,56.68956,56.68956,8.64756,'{\"1\":{\"virtuemart_calc_id\":1,\"calc_name\":\"KDV_18\",\"calc_value\":\"18.0000\",\"result\":8.64756}}',0.00000,0.00000,48.04200,8.64756,0.00000,0.00000,0.00,0.00000,0.00,NULL,0.00,144,'P',139,2.163660,NULL,NULL,1.000000,1,2,'',NULL,'tr-TR','78.188.219.196',0,0.00000,'0000-00-00 00:00:00',NULL,'2014-08-08 07:10:26',677,'2014-08-08 07:10:26',677,'0000-00-00 00:00:00',0),(7,677,1,NULL,'e8c009','DMefa0e2f9c','p_b45e7',NULL,0,56.68956,56.68956,8.64756,'{\"1\":{\"virtuemart_calc_id\":1,\"calc_name\":\"KDV_18\",\"calc_value\":\"18.0000\",\"result\":8.64756}}',0.00000,0.00000,48.04200,8.64756,0.00000,0.00000,0.00,0.00000,0.00,NULL,0.00,144,'P',139,2.163660,NULL,NULL,1.000000,1,2,'',NULL,'tr-TR','78.188.219.196',0,0.00000,'0000-00-00 00:00:00',NULL,'2014-08-08 07:11:11',677,'2014-08-08 07:11:11',677,'0000-00-00 00:00:00',0),(8,677,1,NULL,'d844010','DMefa0e2f9c','p_5314e',NULL,0,56.68956,56.68956,8.64756,'{\"1\":{\"virtuemart_calc_id\":1,\"calc_name\":\"KDV_18\",\"calc_value\":\"18.0000\",\"result\":8.64756}}',0.00000,0.00000,48.04200,8.64756,0.00000,0.00000,0.00,0.00000,0.00,NULL,0.00,144,'P',139,2.163660,NULL,NULL,1.000000,1,2,'',NULL,'tr-TR','78.188.219.196',0,0.00000,'0000-00-00 00:00:00',NULL,'2014-08-08 07:11:40',677,'2014-08-08 07:11:40',677,'0000-00-00 00:00:00',0),(9,677,1,NULL,'acf5011','DMefa0e2f9c','p_67949',NULL,0,56.68956,56.68956,8.64756,'{\"1\":{\"virtuemart_calc_id\":1,\"calc_name\":\"KDV_18\",\"calc_value\":\"18.0000\",\"result\":8.64756}}',0.00000,0.00000,48.04200,8.64756,0.00000,0.00000,0.00,0.00000,0.00,NULL,0.00,144,'P',139,2.163660,NULL,NULL,1.000000,1,2,'',NULL,'tr-TR','78.188.219.196',0,0.00000,'0000-00-00 00:00:00',NULL,'2014-08-08 07:12:14',677,'2014-08-08 07:12:14',677,'0000-00-00 00:00:00',0),(10,677,1,NULL,'241b012','DMefa0e2f9c','p_dc7e1',NULL,0,56.68956,56.68956,8.64756,'{\"1\":{\"virtuemart_calc_id\":1,\"calc_name\":\"KDV_18\",\"calc_value\":\"18.0000\",\"result\":8.64756}}',0.00000,0.00000,48.04200,8.64756,0.00000,0.00000,0.00,0.00000,0.00,NULL,0.00,144,'P',144,1.000000,NULL,NULL,1.000000,3,2,'',NULL,'tr-TR','78.188.219.196',0,0.00000,'0000-00-00 00:00:00',NULL,'2014-08-08 07:13:15',677,'2014-08-08 07:13:15',677,'0000-00-00 00:00:00',0),(11,677,1,NULL,'4448013','DMefa0e2f9c','p_305f4',NULL,0,204.71230,204.71230,31.22730,'{\"1\":{\"virtuemart_calc_id\":1,\"calc_name\":\"KDV_18\",\"calc_value\":\"18.0000\",\"result\":31.2273}}',0.00000,0.00000,173.48500,31.22730,0.00000,0.00000,0.00,0.00000,0.00,NULL,0.00,144,'P',139,2.163660,NULL,NULL,1.000000,1,2,'',NULL,'tr-TR','78.188.219.196',0,0.00000,'0000-00-00 00:00:00',NULL,'2014-08-08 07:15:34',677,'2014-08-08 07:15:34',677,'0000-00-00 00:00:00',0),(12,677,1,NULL,'b6cb014','DMefa0e2f9c','p_81921',NULL,0,204.71230,204.71230,31.22730,'{\"1\":{\"virtuemart_calc_id\":1,\"calc_name\":\"KDV_18\",\"calc_value\":\"18.0000\",\"result\":31.2273}}',0.00000,0.00000,173.48500,31.22730,0.00000,0.00000,0.00,0.00000,0.00,NULL,0.00,144,'P',144,1.000000,NULL,NULL,1.000000,3,2,'',NULL,'tr-TR','78.188.219.196',0,0.00000,'0000-00-00 00:00:00',NULL,'2014-08-08 07:16:25',677,'2014-08-08 07:16:25',677,'0000-00-00 00:00:00',0),(13,677,1,NULL,'06df015','DMefa0e2f9c','p_0d434',NULL,0,204.71230,204.71230,31.22730,'{\"1\":{\"virtuemart_calc_id\":1,\"calc_name\":\"KDV_18\",\"calc_value\":\"18.0000\",\"result\":31.2273}}',0.00000,0.00000,173.48500,31.22730,0.00000,0.00000,0.00,0.00000,0.00,NULL,0.00,144,'P',144,1.000000,NULL,NULL,1.000000,3,2,'',NULL,'tr-TR','78.188.219.196',0,0.00000,'0000-00-00 00:00:00',NULL,'2014-08-08 07:16:57',677,'2014-08-08 07:16:57',677,'0000-00-00 00:00:00',0),(14,0,1,NULL,'G6NQ016','nonreg_dgdgte20190806_121514_','p_6EknUBLH','o9D1RmXM',0,0.00000,0.00000,0.00000,'0',0.00000,0.00000,0.00000,0.00000,0.00000,0.00000,0.00,0.00000,0.00,NULL,0.00,144,'P',144,1.000000,'1',NULL,1.000000,0,1,'',NULL,'tr-TR','46.154.224.xx',0,0.00000,'0000-00-00 00:00:00',NULL,'2019-08-06 12:15:14',0,'2019-08-06 12:15:14',0,'0000-00-00 00:00:00',0),(15,0,1,NULL,'AUQ3017','nonreg_KIÖZki20200213_110204_','p_wrUNWonG','nYbim6sY',0,0.00000,0.00000,0.00000,'0',0.00000,0.00000,0.00000,0.00000,0.00000,0.00000,0.00,0.00000,0.00,NULL,0.00,144,'P',144,1.000000,'1',144,1.000000,3,1,'',NULL,'tr-TR','92.45.189.xx',1,0.00000,'0000-00-00 00:00:00','a5b89ed930199cdedd3ae02f6c5e097e','2020-02-13 11:02:04',0,'2020-02-13 11:02:04',0,'0000-00-00 00:00:00',0);

--
