INSERT INTO `fz6t4_redirect_links` VALUES (79791,'https://3s-technologies.com.tr/tr/91534?path=/home/../lib64/sse2/../python3.12/../python2.7/timeit.py',NULL,'https://3s-technologies.com.tr/91534/?path=%2Fhome%2F..%2Flib64%2Fsse2%2F..%2Fpython3.12%2F..%2Fpython2.7%2Ftimeit.py','',1,0,'2026-06-24 18:40:26','0000-00-00 00:00:00',301),(79792,'https://3s-technologies.com.tr/tr/91534?path=/home/ledbazaa/var/../../../lib64/python3.6/json/../../python2.7/demo/scripts',NULL,'https://3s-technologies.com.tr/91534/?path=%2Fhome%2Fledbazaa%2Fvar%2F..%2F..%2F..%2Flib64%2Fpython3.6%2Fjson%2F..%2F..%2Fpython2.7%2FDemo%2Fscripts','',1,0,'2026-06-24 18:40:27','0000-00-00 00:00:00',301),(79793,'https://3s-technologies.com.tr/tr/91534?path=/home/../lib64/sse2/../python3.12/../python2.7/whichdb.pyc',NULL,'https://3s-technologies.com.tr/91534/?path=%2Fhome%2F..%2Flib64%2Fsse2%2F..%2Fpython3.12%2F..%2Fpython2.7%2Fwhichdb.pyc','',1,0,'2026-06-24 18:40:27','0000-00-00 00:00:00',301),(79794,'https://3s-technologies.com.tr/tr/91534?path=/home/ledbazaa/var/../../../lib64/device-mapper/../php/../python3.12/xml/../../python3.6/secrets.py',NULL,'https://3s-technologies.com.tr/91534/?path=%2Fhome%2Fledbazaa%2Fvar%2F..%2F..%2F..%2Flib64%2Fdevice-mapper%2F..%2Fphp%2F..%2Fpython3.12%2Fxml%2F..%2F..%2Fpython3.6%2Fsecrets.py','',1,0,'2026-06-24 18:40:28','0000-00-00 00:00:00',301),(79795,'https://3s-technologies.com.tr/tr/91534?path=/home/ledbazaa/var/../../../lib64/python3.12/../lua/../python3.6/pty.py',NULL,'https://3s-technologies.com.tr/91534/?path=%2Fhome%2Fledbazaa%2Fvar%2F..%2F..%2F..%2Flib64%2Fpython3.12%2F..%2Flua%2F..%2Fpython3.6%2Fpty.py','',1,0,'2026-06-24 18:40:28','0000-00-00 00:00:00',301),(79796,'https://3s-technologies.com.tr/tr/91534?path=/home/ledbazaa/var/../../../lib64/lua/../apache2/../lua/../python2.7/telnetlib.pyc',NULL,'https://3s-technologies.com.tr/91534/?path=%2Fhome%2Fledbazaa%2Fvar%2F..%2F..%2F..%2Flib64%2Flua%2F..%2Fapache2%2F..%2Flua%2F..%2Fpython2.7%2Ftelnetlib.pyc','',1,0,'2026-06-24 18:40:29','0000-00-00 00:00:00',301),(79797,'https://3s-technologies.com.tr/tr/91534?path=/home/ledbazaa/var/../../../lib64/python3.12/../lua/../python2.7/bsddb',NULL,'https://3s-technologies.com.tr/91534/?path=%2Fhome%2Fledbazaa%2Fvar%2F..%2F..%2F..%2Flib64%2Fpython3.12%2F..%2Flua%2F..%2Fpython2.7%2Fbsddb','',1,0,'2026-06-24 18:40:30','0000-00-00 00:00:00',301),(79798,'https://3s-technologies.com.tr/tr/91534?path=/home/ledbazaa/var/../../../lib64/python3.12/re/../../groff/../python2.7/stringio.py',NULL,'https://3s-technologies.com.tr/91534/?path=%2Fhome%2Fledbazaa%2Fvar%2F..%2F..%2F..%2Flib64%2Fpython3.12%2Fre%2F..%2F..%2Fgroff%2F..%2Fpython2.7%2FStringIO.py','',1,0,'2026-06-24 18:40:31','0000-00-00 00:00:00',301),(79799,'https://3s-technologies.com.tr/tr/91534?path=/home/ledbazaa/var/../../../lib64/python3.12/../mysqlclient/../multipath/../python3.12/difflib.py',NULL,'https://3s-technologies.com.tr/91534/?path=%2Fhome%2Fledbazaa%2Fvar%2F..%2F..%2F..%2Flib64%2Fpython3.12%2F..%2Fmysqlclient%2F..%2Fmultipath%2F..%2Fpython3.12%2Fdifflib.py','',1,0,'2026-06-24 18:40:32','0000-00-00 00:00:00',301),(79800,'https://3s-technologies.com.tr/tr/91534?path=/home/ledbazaa/var/../../../lib64/lua/../apache2/../lua/../python2.7/zipfile.py',NULL,'https://3s-technologies.com.tr/91534/?path=%2Fhome%2Fledbazaa%2Fvar%2F..%2F..%2F..%2Flib64%2Flua%2F..%2Fapache2%2F..%2Flua%2F..%2Fpython2.7%2Fzipfile.py','',1,0,'2026-06-24 18:40:33','0000-00-00 00:00:00',301),(79801,'https://3s-technologies.com.tr/tr/91534?path=/home/../lib64/php/../tls/../python2.7/contextlib.py',NULL,'https://3s-technologies.com.tr/91534/?path=%2Fhome%2F..%2Flib64%2Fphp%2F..%2Ftls%2F..%2Fpython2.7%2Fcontextlib.py','',1,0,'2026-06-24 18:40:34','0000-00-00 00:00:00',301),(79802,'https://3s-technologies.com.tr/tr/91534?path=/home/ledbazaa/.wp-cli/../../../dev/../dev/../.',NULL,'https://3s-technologies.com.tr/91534/?path=%2Fhome%2Fledbazaa%2F.wp-cli%2F..%2F..%2F..%2Fdev%2F..%2Fdev%2F..%2F.','',1,0,'2026-06-24 18:40:35','0000-00-00 00:00:00',301),(79803,'https://3s-technologies.com.tr/tr/91534?path=/home/ledbazaa/var/../../../lib64/python3.12/logging/../../python3.6/html',NULL,'https://3s-technologies.com.tr/91534/?path=%2Fhome%2Fledbazaa%2Fvar%2F..%2F..%2F..%2Flib64%2Fpython3.12%2Flogging%2F..%2F..%2Fpython3.6%2Fhtml','',1,0,'2026-06-24 18:40:36','0000-00-00 00:00:00',301),(79804,'https://3s-technologies.com.tr/tr/91534?path=/home/ledbazaa/var/../../../lib64/lua/../apache2/../bind/../python3.6/cmd.py',NULL,'https://3s-technologies.com.tr/91534/?path=%2Fhome%2Fledbazaa%2Fvar%2F..%2F..%2F..%2Flib64%2Flua%2F..%2Fapache2%2F..%2Fbind%2F..%2Fpython3.6%2Fcmd.py','',1,0,'2026-06-24 18:40:37','0000-00-00 00:00:00',301),(79805,'https://3s-technologies.com.tr/tr/91534?path=/home/ledbazaa/.wp-cli/../../../../usr/include/python3.12/../ncursesw',NULL,'https://3s-technologies.com.tr/91534/?path=%2Fhome%2Fledbazaa%2F.wp-cli%2F..%2F..%2F..%2F..%2Fusr%2Finclude%2Fpython3.12%2F..%2Fncursesw','',1,0,'2026-06-24 18:40:38','0000-00-00 00:00:00',301),(79806,'https://3s-technologies.com.tr/tr/91534?path=/home/ledbazaa/var/../../../lib64/python3.12/../lua/../python3.6/selectors.py',NULL,'https://3s-technologies.com.tr/91534/?path=%2Fhome%2Fledbazaa%2Fvar%2F..%2F..%2F..%2Flib64%2Fpython3.12%2F..%2Flua%2F..%2Fpython3.6%2Fselectors.py','',1,0,'2026-06-24 18:40:39','0000-00-00 00:00:00',301),(79807,'https://3s-technologies.com.tr/tr/91534?path=/home/ledbazaa/var/../../../lib64/python3.12/logging/../../python3.12',NULL,'https://3s-technologies.com.tr/91534/?path=%2Fhome%2Fledbazaa%2Fvar%2F..%2F..%2F..%2Flib64%2Fpython3.12%2Flogging%2F..%2F..%2Fpython3.12','',1,0,'2026-06-24 18:40:40','0000-00-00 00:00:00',301),(79808,'https://3s-technologies.com.tr/tr/91534?path=/home/../lib64/ldb/../python3.12/../python3.6/posixpath.py',NULL,'https://3s-technologies.com.tr/91534/?path=%2Fhome%2F..%2Flib64%2Fldb%2F..%2Fpython3.12%2F..%2Fpython3.6%2Fposixpath.py','',1,0,'2026-06-24 18:40:41','0000-00-00 00:00:00',301),(79809,'https://3s-technologies.com.tr/tr/91534?path=/home/../usr/share/man/../../include/python3.6m/node.h',NULL,'https://3s-technologies.com.tr/91534/?path=%2Fhome%2F..%2Fusr%2Fshare%2Fman%2F..%2F..%2Finclude%2Fpython3.6m%2Fnode.h','',1,0,'2026-06-24 18:40:42','0000-00-00 00:00:00',301),(79810,'https://3s-technologies.com.tr/tr/91534?path=/home/../lib64/fwupd-plugins-5/../python3.12/../php/../python2.7/pickle.py',NULL,'https://3s-technologies.com.tr/91534/?path=%2Fhome%2F..%2Flib64%2Ffwupd-plugins-5%2F..%2Fpython3.12%2F..%2Fphp%2F..%2Fpython2.7%2Fpickle.py','',1,0,'2026-06-24 18:40:43','0000-00-00 00:00:00',301),(79811,'https://3s-technologies.com.tr/tr/91534?path=/home/../lib64/ldb/../gconv/../python3.12/..',NULL,'https://3s-technologies.com.tr/91534/?path=%2Fhome%2F..%2Flib64%2Fldb%2F..%2Fgconv%2F..%2Fpython3.12%2F..','',1,0,'2026-06-24 18:40:44','0000-00-00 00:00:00',301),(79812,'https://3s-technologies.com.tr/tr/91534?path=/home/../lib64/rpm-plugins/../python3.6/logging/..',NULL,'https://3s-technologies.com.tr/91534/?path=%2Fhome%2F..%2Flib64%2Frpm-plugins%2F..%2Fpython3.6%2Flogging%2F..','',1,0,'2026-06-24 18:40:45','0000-00-00 00:00:00',301),(79813,'https://3s-technologies.com.tr/tr/91534?path=/home/ledbazaa/var/../../../lib64/lua/../apache2/../lua/../python2.7/urlparse.pyo',NULL,'https://3s-technologies.com.tr/91534/?path=%2Fhome%2Fledbazaa%2Fvar%2F..%2F..%2F..%2Flib64%2Flua%2F..%2Fapache2%2F..%2Flua%2F..%2Fpython2.7%2Furlparse.pyo','',1,0,'2026-06-24 18:40:46','0000-00-00 00:00:00',301),(79814,'https://3s-technologies.com.tr/tr/91534?path=/home/ledbazaa/var/../../../lib64/python3.12/../mysqlclient/../sa/../python3.12/difflib.py',NULL,'https://3s-technologies.com.tr/91534/?path=%2Fhome%2Fledbazaa%2Fvar%2F..%2F..%2F..%2Flib64%2Fpython3.12%2F..%2Fmysqlclient%2F..%2Fsa%2F..%2Fpython3.12%2Fdifflib.py','',1,0,'2026-06-24 18:40:47','0000-00-00 00:00:00',301),(79815,'https://3s-technologies.com.tr/tr/91534?path=/home/../lib64/multipath/../apache2/../python2.7/xml',NULL,'https://3s-technologies.com.tr/91534/?path=%2Fhome%2F..%2Flib64%2Fmultipath%2F..%2Fapache2%2F..%2Fpython2.7%2Fxml','',1,0,'2026-06-24 18:40:48','0000-00-00 00:00:00',301),(79816,'https://3s-technologies.com.tr/tr/91534?path=/home/ledbazaa/var/../../../lib64/lua/../apache2/../lua/../python2.7/rexec.py',NULL,'https://3s-technologies.com.tr/91534/?path=%2Fhome%2Fledbazaa%2Fvar%2F..%2F..%2F..%2Flib64%2Flua%2F..%2Fapache2%2F..%2Flua%2F..%2Fpython2.7%2Frexec.py','',1,0,'2026-06-24 18:40:49','0000-00-00 00:00:00',301),(79817,'https://3s-technologies.com.tr/tr/91534?path=/home/../lib64/python3.6/logging/../../libproxy',NULL,'https://3s-technologies.com.tr/91534/?path=%2Fhome%2F..%2Flib64%2Fpython3.6%2Flogging%2F..%2F..%2Flibproxy','',1,0,'2026-06-24 18:40:50','0000-00-00 00:00:00',301),(79818,'https://3s-technologies.com.tr/tr/91534?path=/home/ledbazaa/var/../../../lib64/python3.12/../mysqlclient/../python2.7/../python3.12/imaplib.py',NULL,'https://3s-technologies.com.tr/91534/?path=%2Fhome%2Fledbazaa%2Fvar%2F..%2F..%2F..%2Flib64%2Fpython3.12%2F..%2Fmysqlclient%2F..%2Fpython2.7%2F..%2Fpython3.12%2Fimaplib.py','',1,0,'2026-06-24 18:40:51','0000-00-00 00:00:00',301),(79819,'https://3s-technologies.com.tr/tr/91534?path=/home/../lib64/php/../tls/../python2.7/tools/../genericpath.pyc',NULL,'https://3s-technologies.com.tr/91534/?path=%2Fhome%2F..%2Flib64%2Fphp%2F..%2Ftls%2F..%2Fpython2.7%2FTools%2F..%2Fgenericpath.pyc','',1,0,'2026-06-24 18:40:52','0000-00-00 00:00:00',301),(79820,'https://3s-technologies.com.tr/tr/91534?path=/home/../usr/share/gnupg/../python-cllib/../.././..',NULL,'https://3s-technologies.com.tr/91534/?path=%2Fhome%2F..%2Fusr%2Fshare%2Fgnupg%2F..%2Fpython-cllib%2F..%2F..%2F.%2F..','',1,0,'2026-06-24 18:40:53','0000-00-00 00:00:00',301),(79821,'https://3s-technologies.com.tr/tr/91534?path=/home/ledbazaa/var/../../../usr/include/linux/../python3.6m/../pcrecpparg.h',NULL,'https://3s-technologies.com.tr/91534/?path=%2Fhome%2Fledbazaa%2Fvar%2F..%2F..%2F..%2Fusr%2Finclude%2Flinux%2F..%2Fpython3.6m%2F..%2Fpcrecpparg.h','',1,0,'2026-06-24 18:40:55','0000-00-00 00:00:00',301),(79822,'https://3s-technologies.com.tr/tr/91534?path=/home/../lib64/fwupd-plugins-5/../python3.12/../python3.12/concurrent/../../games',NULL,'https://3s-technologies.com.tr/91534/?path=%2Fhome%2F..%2Flib64%2Ffwupd-plugins-5%2F..%2Fpython3.12%2F..%2Fpython3.12%2Fconcurrent%2F..%2F..%2Fgames','',1,0,'2026-06-24 18:40:56','0000-00-00 00:00:00',301),(79823,'https://3s-technologies.com.tr/tr/91534?path=/home/ledbazaa/var/../../../lib64/x11/../apache2/../python2.7/../python3.6/__pycache__',NULL,'https://3s-technologies.com.tr/91534/?path=%2Fhome%2Fledbazaa%2Fvar%2F..%2F..%2F..%2Flib64%2FX11%2F..%2Fapache2%2F..%2Fpython2.7%2F..%2Fpython3.6%2F__pycache__','',1,0,'2026-06-24 18:40:57','0000-00-00 00:00:00',301),(79824,'https://3s-technologies.com.tr/tr/91534?path=/home/../usr/share/gnupg/../python-cllib/../../../.',NULL,'https://3s-technologies.com.tr/91534/?path=%2Fhome%2F..%2Fusr%2Fshare%2Fgnupg%2F..%2Fpython-cllib%2F..%2F..%2F..%2F.','',1,0,'2026-06-24 18:40:58','0000-00-00 00:00:00',301),(79825,'https://3s-technologies.com.tr/tr/91534?path=/home/../lib64/fwupd-plugins-5/../python3.12/../python3.12/asyncio/../../.',NULL,'https://3s-technologies.com.tr/91534/?path=%2Fhome%2F..%2Flib64%2Ffwupd-plugins-5%2F..%2Fpython3.12%2F..%2Fpython3.12%2Fasyncio%2F..%2F..%2F.','',1,0,'2026-06-24 18:40:58','0000-00-00 00:00:00',301),(79826,'https://3s-technologies.com.tr/tr/91534?path=/home/../usr/share/vim/vimfiles/../../../bin/ghostscript',NULL,'https://3s-technologies.com.tr/91534/?path=%2Fhome%2F..%2Fusr%2Fshare%2Fvim%2Fvimfiles%2F..%2F..%2F..%2Fbin%2Fghostscript','',1,0,'2026-06-24 18:41:00','0000-00-00 00:00:00',301),(79827,'https://3s-technologies.com.tr/tr/91534?path=/home/../lib64/fwupd-plugins-5/../python3.12/../python3.12/concurrent/../../redis',NULL,'https://3s-technologies.com.tr/91534/?path=%2Fhome%2F..%2Flib64%2Ffwupd-plugins-5%2F..%2Fpython3.12%2F..%2Fpython3.12%2Fconcurrent%2F..%2F..%2Fredis','',1,0,'2026-06-24 18:41:01','0000-00-00 00:00:00',301),(79828,'https://3s-technologies.com.tr/tr/91534?path=/home/ledbazaa/var/../../../lib64/python3.12/../lua/../python2.7/copy.pyc',NULL,'https://3s-technologies.com.tr/91534/?path=%2Fhome%2Fledbazaa%2Fvar%2F..%2F..%2F..%2Flib64%2Fpython3.12%2F..%2Flua%2F..%2Fpython2.7%2Fcopy.pyc','',1,0,'2026-06-24 18:41:02','0000-00-00 00:00:00',301),(79829,'https://3s-technologies.com.tr/tr/91534?path=/home/ledbazaa/var/../../../lib64/python3.12/../lua/../python2.7/site.py',NULL,'https://3s-technologies.com.tr/91534/?path=%2Fhome%2Fledbazaa%2Fvar%2F..%2F..%2F..%2Flib64%2Fpython3.12%2F..%2Flua%2F..%2Fpython2.7%2Fsite.py','',1,0,'2026-06-24 18:41:02','0000-00-00 00:00:00',301),(79830,'https://3s-technologies.com.tr/tr/91534?path=/home/ledbazaa/var/../../../lib64/python3.12/re/../../bind/../libpython2.7.so',NULL,'https://3s-technologies.com.tr/91534/?path=%2Fhome%2Fledbazaa%2Fvar%2F..%2F..%2F..%2Flib64%2Fpython3.12%2Fre%2F..%2F..%2Fbind%2F..%2Flibpython2.7.so','',1,0,'2026-06-24 18:41:04','0000-00-00 00:00:00',301),(79831,'https://3s-technologies.com.tr/tr/91534?path=/home/ledbazaa/var/../../../lib64/python3.12/../xtables/../python2.7/string.pyo',NULL,'https://3s-technologies.com.tr/91534/?path=%2Fhome%2Fledbazaa%2Fvar%2F..%2F..%2F..%2Flib64%2Fpython3.12%2F..%2Fxtables%2F..%2Fpython2.7%2Fstring.pyo','',1,0,'2026-06-24 18:41:05','0000-00-00 00:00:00',301),(79832,'https://3s-technologies.com.tr/tr/91534?path=/home/../lib64/samba/../gssproxy/../python2.7/xml/../pprint.py',NULL,'https://3s-technologies.com.tr/91534/?path=%2Fhome%2F..%2Flib64%2Fsamba%2F..%2Fgssproxy%2F..%2Fpython2.7%2Fxml%2F..%2Fpprint.py','',1,0,'2026-06-24 18:41:06','0000-00-00 00:00:00',301),(79833,'https://3s-technologies.com.tr/tr/91534?path=/home/ledbazaa/var/../../../lib64/python3.6/json/../../python2.7/subprocess.py',NULL,'https://3s-technologies.com.tr/91534/?path=%2Fhome%2Fledbazaa%2Fvar%2F..%2F..%2F..%2Flib64%2Fpython3.6%2Fjson%2F..%2F..%2Fpython2.7%2Fsubprocess.py','',1,0,'2026-06-24 18:41:07','0000-00-00 00:00:00',301),(79834,'https://3s-technologies.com.tr/tr/91534?path=/home/ledbazaa/var/../php/../www/../../../../../run',NULL,'https://3s-technologies.com.tr/91534/?path=%2Fhome%2Fledbazaa%2Fvar%2F..%2Fphp%2F..%2Fwww%2F..%2F..%2F..%2F..%2F..%2Frun','',1,0,'2026-06-24 18:41:08','0000-00-00 00:00:00',301),(79835,'https://3s-technologies.com.tr/tr/91534?path=/home/../lib64/gio/../libuser/../python3.12/http/../code.py',NULL,'https://3s-technologies.com.tr/91534/?path=%2Fhome%2F..%2Flib64%2Fgio%2F..%2Flibuser%2F..%2Fpython3.12%2Fhttp%2F..%2Fcode.py','',1,0,'2026-06-24 18:41:09','0000-00-00 00:00:00',301),(79836,'https://3s-technologies.com.tr/tr/91534?path=/home/../lib64/php/../apache2/.././python3.6/__pycache__',NULL,'https://3s-technologies.com.tr/91534/?path=%2Fhome%2F..%2Flib64%2Fphp%2F..%2Fapache2%2F..%2F.%2Fpython3.6%2F__pycache__','',1,0,'2026-06-24 18:41:10','0000-00-00 00:00:00',301),(79837,'https://3s-technologies.com.tr/tr/91534?path=/home/../lib64/fwupd-plugins-5/../python3.12/../php/../python3.6/dis.py',NULL,'https://3s-technologies.com.tr/91534/?path=%2Fhome%2F..%2Flib64%2Ffwupd-plugins-5%2F..%2Fpython3.12%2F..%2Fphp%2F..%2Fpython3.6%2Fdis.py','',1,0,'2026-06-24 18:41:10','0000-00-00 00:00:00',301),(79838,'https://3s-technologies.com.tr/tr/91534?path=/home/../usr/lib64/php/../python2.7/json/../crypt.py',NULL,'https://3s-technologies.com.tr/91534/?path=%2Fhome%2F..%2Fusr%2Flib64%2Fphp%2F..%2Fpython2.7%2Fjson%2F..%2Fcrypt.py','',1,0,'2026-06-24 18:41:11','0000-00-00 00:00:00',301),(79839,'https://3s-technologies.com.tr/tr/91534?path=/home/../lib64/fwupd-plugins-5/../python3.12/../php/../python2.7/py_compile.py',NULL,'https://3s-technologies.com.tr/91534/?path=%2Fhome%2F..%2Flib64%2Ffwupd-plugins-5%2F..%2Fpython3.12%2F..%2Fphp%2F..%2Fpython2.7%2Fpy_compile.py','',1,0,'2026-06-24 18:41:12','0000-00-00 00:00:00',301),(79840,'https://3s-technologies.com.tr/tr/91534?path=/home/ledbazaa/var/../../../usr/include/../include/python2.7/../bsock',NULL,'https://3s-technologies.com.tr/91534/?path=%2Fhome%2Fledbazaa%2Fvar%2F..%2F..%2F..%2Fusr%2Finclude%2F..%2Finclude%2Fpython2.7%2F..%2Fbsock','',1,0,'2026-06-24 18:41:12','0000-00-00 00:00:00',301),(79841,'https://3s-technologies.com.tr/tr/91534?path=/home/ledbazaa/var/../../../lib64/libibverbs/../python3.6/../python2.7/../python2.7/sre.py',NULL,'https://3s-technologies.com.tr/91534/?path=%2Fhome%2Fledbazaa%2Fvar%2F..%2F..%2F..%2Flib64%2Flibibverbs%2F..%2Fpython3.6%2F..%2Fpython2.7%2F..%2Fpython2.7%2Fsre.py','',1,0,'2026-06-24 18:41:13','0000-00-00 00:00:00',301),(79842,'https://3s-technologies.com.tr/tr/91534?path=/home/../lib64/php/../apache2/.././python3.12/json',NULL,'https://3s-technologies.com.tr/91534/?path=%2Fhome%2F..%2Flib64%2Fphp%2F..%2Fapache2%2F..%2F.%2Fpython3.12%2Fjson','',1,0,'2026-06-24 18:41:13','0000-00-00 00:00:00',301),(79843,'https://3s-technologies.com.tr/tr/91534?path=/home/ledbazaa/var/../php/../.cl.selector/../../../../bin/../../../opt',NULL,'https://3s-technologies.com.tr/91534/?path=%2Fhome%2Fledbazaa%2Fvar%2F..%2Fphp%2F..%2F.cl.selector%2F..%2F..%2F..%2F..%2Fbin%2F..%2F..%2F..%2Fopt','',1,0,'2026-06-24 18:41:14','0000-00-00 00:00:00',301),(79844,'https://3s-technologies.com.tr/tr/91534?path=/home/../lib64/php/.././apache2/../python3.12/json',NULL,'https://3s-technologies.com.tr/91534/?path=%2Fhome%2F..%2Flib64%2Fphp%2F..%2F.%2Fapache2%2F..%2Fpython3.12%2Fjson','',1,0,'2026-06-24 18:41:15','0000-00-00 00:00:00',301),(79845,'https://3s-technologies.com.tr/tr/91534?path=/home/ledbazaa/var/../php/docs/../../ssl/../.httprequest/../.ssh/../cache',NULL,'https://3s-technologies.com.tr/91534/?path=%2Fhome%2Fledbazaa%2Fvar%2F..%2Fphp%2Fdocs%2F..%2F..%2Fssl%2F..%2F.HttpRequest%2F..%2F.ssh%2F..%2Fcache','',1,0,'2026-06-24 18:41:16','0000-00-00 00:00:00',301),(79846,'https://3s-technologies.com.tr/tr/91534?path=/home/ledbazaa/var/../../../lib64/lua/../apache2/../bind/../python3.6/threading.py',NULL,'https://3s-technologies.com.tr/91534/?path=%2Fhome%2Fledbazaa%2Fvar%2F..%2F..%2F..%2Flib64%2Flua%2F..%2Fapache2%2F..%2Fbind%2F..%2Fpython3.6%2Fthreading.py','',1,0,'2026-06-24 18:41:17','0000-00-00 00:00:00',301),(79847,'https://3s-technologies.com.tr/tr/91534?path=/home/../lib64/samba/../fipscheck/../python3.6/../python3.6/getopt.py',NULL,'https://3s-technologies.com.tr/91534/?path=%2Fhome%2F..%2Flib64%2Fsamba%2F..%2Ffipscheck%2F..%2Fpython3.6%2F..%2Fpython3.6%2Fgetopt.py','',1,0,'2026-06-24 18:41:18','0000-00-00 00:00:00',301),(79848,'https://3s-technologies.com.tr/tr/91534?path=/home/../lib64/samba/../gssproxy/../python2.7/logging/../difflib.pyc',NULL,'https://3s-technologies.com.tr/91534/?path=%2Fhome%2F..%2Flib64%2Fsamba%2F..%2Fgssproxy%2F..%2Fpython2.7%2Flogging%2F..%2Fdifflib.pyc','',1,0,'2026-06-24 18:41:19','0000-00-00 00:00:00',301),(79849,'https://3s-technologies.com.tr/tr/91534?path=/home/../lib64/fwupd-plugins-5/../python3.12/../php/../python3.6/site.py',NULL,'https://3s-technologies.com.tr/91534/?path=%2Fhome%2F..%2Flib64%2Ffwupd-plugins-5%2F..%2Fpython3.12%2F..%2Fphp%2F..%2Fpython3.6%2Fsite.py','',1,0,'2026-06-24 18:41:20','0000-00-00 00:00:00',301),(79850,'https://3s-technologies.com.tr/tr/91534?path=/home/ledbazaa/var/../../../lib64/python3.12/re/../tkinter/../../python3.6/socketserver.py',NULL,'https://3s-technologies.com.tr/91534/?path=%2Fhome%2Fledbazaa%2Fvar%2F..%2F..%2F..%2Flib64%2Fpython3.12%2Fre%2F..%2Ftkinter%2F..%2F..%2Fpython3.6%2Fsocketserver.py','',1,0,'2026-06-24 18:41:21','0000-00-00 00:00:00',301),(79851,'https://3s-technologies.com.tr/tr/91534?path=/home/ledbazaa/var/../../../lib64/apache2/../python3.6/../python3.12/traceback.py',NULL,'https://3s-technologies.com.tr/91534/?path=%2Fhome%2Fledbazaa%2Fvar%2F..%2F..%2F..%2Flib64%2Fapache2%2F..%2Fpython3.6%2F..%2Fpython3.12%2Ftraceback.py','',1,0,'2026-06-24 18:41:23','0000-00-00 00:00:00',301),(79852,'https://3s-technologies.com.tr/tr/91534?path=/home/../lib64/fwupd-plugins-5/../python3.12/../php/../python2.7/re.pyo',NULL,'https://3s-technologies.com.tr/91534/?path=%2Fhome%2F..%2Flib64%2Ffwupd-plugins-5%2F..%2Fpython3.12%2F..%2Fphp%2F..%2Fpython2.7%2Fre.pyo','',1,0,'2026-06-24 18:41:23','0000-00-00 00:00:00',301),(79853,'https://3s-technologies.com.tr/tr/91534?path=/home/../lib64/samba/../gssproxy/../python2.7/compiler/../stringold.pyc',NULL,'https://3s-technologies.com.tr/91534/?path=%2Fhome%2F..%2Flib64%2Fsamba%2F..%2Fgssproxy%2F..%2Fpython2.7%2Fcompiler%2F..%2Fstringold.pyc','',1,0,'2026-06-24 18:41:24','0000-00-00 00:00:00',301),(79854,'https://3s-technologies.com.tr/tr/91534?path=/home/ledbazaa/var/../../../lib64/lua/../apache2/../python2.7/../python3.6/encodings',NULL,'https://3s-technologies.com.tr/91534/?path=%2Fhome%2Fledbazaa%2Fvar%2F..%2F..%2F..%2Flib64%2Flua%2F..%2Fapache2%2F..%2Fpython2.7%2F..%2Fpython3.6%2Fencodings','',1,0,'2026-06-24 18:41:25','0000-00-00 00:00:00',301),(79855,'https://3s-technologies.com.tr/tr/91534?path=/home/ledbazaa/var/../php/../.cl.selector/../../../sbin/../include/python2.7/opcode.h',NULL,'https://3s-technologies.com.tr/91534/?path=%2Fhome%2Fledbazaa%2Fvar%2F..%2Fphp%2F..%2F.cl.selector%2F..%2F..%2F..%2Fsbin%2F..%2Finclude%2Fpython2.7%2Fopcode.h','',1,0,'2026-06-24 18:41:26','0000-00-00 00:00:00',301),(79856,'https://3s-technologies.com.tr/tr/91534?path=/home/ledbazaa/var/../../../lib64/lua/../apache2/../bind/../python3.6/importlib',NULL,'https://3s-technologies.com.tr/91534/?path=%2Fhome%2Fledbazaa%2Fvar%2F..%2F..%2F..%2Flib64%2Flua%2F..%2Fapache2%2F..%2Fbind%2F..%2Fpython3.6%2Fimportlib','',1,0,'2026-06-24 18:41:28','0000-00-00 00:00:00',301),(79857,'https://3s-technologies.com.tr/tr/91534?path=/home/ledbazaa/var/../../../lib64/apache2/../python3.6/../python3.12/_weakrefset.py',NULL,'https://3s-technologies.com.tr/91534/?path=%2Fhome%2Fledbazaa%2Fvar%2F..%2F..%2F..%2Flib64%2Fapache2%2F..%2Fpython3.6%2F..%2Fpython3.12%2F_weakrefset.py','',1,0,'2026-06-24 18:41:28','0000-00-00 00:00:00',301),(79858,'https://3s-technologies.com.tr/tr/91534?path=/home/ledbazaa/var/../../../lib64/python3.12/../python3.12/../python3.12/sunau.py',NULL,'https://3s-technologies.com.tr/91534/?path=%2Fhome%2Fledbazaa%2Fvar%2F..%2F..%2F..%2Flib64%2Fpython3.12%2F..%2Fpython3.12%2F..%2Fpython3.12%2Fsunau.py','',1,0,'2026-06-24 18:41:29','0000-00-00 00:00:00',301),(79859,'https://3s-technologies.com.tr/tr/91534?path=/home/../lib64/fwupd-plugins-5/../python3.12/../python3.12/asyncio/../../libbasicobjects.so.0.1.0',NULL,'https://3s-technologies.com.tr/91534/?path=%2Fhome%2F..%2Flib64%2Ffwupd-plugins-5%2F..%2Fpython3.12%2F..%2Fpython3.12%2Fasyncio%2F..%2F..%2Flibbasicobjects.so.0.1.0','',1,0,'2026-06-24 18:41:31','0000-00-00 00:00:00',301),(79860,'https://3s-technologies.com.tr/tr/91534?path=/home/../lib64/firebird/../networkmanager/../python2.7/../pm-utils',NULL,'https://3s-technologies.com.tr/91534/?path=%2Fhome%2F..%2Flib64%2Ffirebird%2F..%2FNetworkManager%2F..%2Fpython2.7%2F..%2Fpm-utils','',1,0,'2026-06-24 18:41:31','0000-00-00 00:00:00',301),(79861,'https://3s-technologies.com.tr/tr/91534?path=/home/ledbazaa/var/../php/.././../../lib64/python2.7/../../tmp',NULL,'https://3s-technologies.com.tr/91534/?path=%2Fhome%2Fledbazaa%2Fvar%2F..%2Fphp%2F..%2F.%2F..%2F..%2Flib64%2Fpython2.7%2F..%2F..%2Ftmp','',1,0,'2026-06-24 18:41:32','0000-00-00 00:00:00',301),(79862,'https://3s-technologies.com.tr/tr/91534?path=/home/../lib64/php/../security/../pkgconfig/../python2.7/popen2.py',NULL,'https://3s-technologies.com.tr/91534/?path=%2Fhome%2F..%2Flib64%2Fphp%2F..%2Fsecurity%2F..%2Fpkgconfig%2F..%2Fpython2.7%2Fpopen2.py','',1,0,'2026-06-24 18:41:33','0000-00-00 00:00:00',301),(79863,'https://3s-technologies.com.tr/tr/91534?path=/home/../usr/share/man/../../include/python3.6m/enumobject.h',NULL,'https://3s-technologies.com.tr/91534/?path=%2Fhome%2F..%2Fusr%2Fshare%2Fman%2F..%2F..%2Finclude%2Fpython3.6m%2Fenumobject.h','',1,0,'2026-06-24 18:41:34','0000-00-00 00:00:00',301),(79864,'https://3s-technologies.com.tr/tr/91534?path=/home/ledbazaa/var/../../../lib64/python3.12/../lua/../python2.7/htmlentitydefs.pyo',NULL,'https://3s-technologies.com.tr/91534/?path=%2Fhome%2Fledbazaa%2Fvar%2F..%2F..%2F..%2Flib64%2Fpython3.12%2F..%2Flua%2F..%2Fpython2.7%2Fhtmlentitydefs.pyo','',1,0,'2026-06-24 18:41:36','0000-00-00 00:00:00',301),(79865,'https://3s-technologies.com.tr/tr/91534?path=/home/ledbazaa/var/../../../usr/include/../include/python2.7/../regex.h',NULL,'https://3s-technologies.com.tr/91534/?path=%2Fhome%2Fledbazaa%2Fvar%2F..%2F..%2F..%2Fusr%2Finclude%2F..%2Finclude%2Fpython2.7%2F..%2Fregex.h','',1,0,'2026-06-24 18:41:36','0000-00-00 00:00:00',301),(79866,'https://3s-technologies.com.tr/tr/91534?path=/home/ledbazaa/var/../../../usr/include/../include/python2.7/../lve',NULL,'https://3s-technologies.com.tr/91534/?path=%2Fhome%2Fledbazaa%2Fvar%2F..%2F..%2F..%2Fusr%2Finclude%2F..%2Finclude%2Fpython2.7%2F..%2Flve','',1,0,'2026-06-24 18:41:37','0000-00-00 00:00:00',301),(79867,'https://3s-technologies.com.tr/tr/91534?path=/home/ledbazaa/var/../../../lib64/python3.12/../xtables/../python3.6/xml/../cgitb.py',NULL,'https://3s-technologies.com.tr/91534/?path=%2Fhome%2Fledbazaa%2Fvar%2F..%2F..%2F..%2Flib64%2Fpython3.12%2F..%2Fxtables%2F..%2Fpython3.6%2Fxml%2F..%2Fcgitb.py','',1,0,'2026-06-24 18:41:38','0000-00-00 00:00:00',301),(79868,'https://3s-technologies.com.tr/tr/91534?path=/home/ledbazaa/var/../../../lib64/python3.12/../mysqlclient/../python2.7/../pkgconfig',NULL,'https://3s-technologies.com.tr/91534/?path=%2Fhome%2Fledbazaa%2Fvar%2F..%2F..%2F..%2Flib64%2Fpython3.12%2F..%2Fmysqlclient%2F..%2Fpython2.7%2F..%2Fpkgconfig','',1,0,'2026-06-24 18:41:39','0000-00-00 00:00:00',301),(79869,'https://3s-technologies.com.tr/tr/91534?path=/home/ledbazaa/var/../php/../led-bazaar.net/../../../../lib64/python2.7/../python3.12/stat.py',NULL,'https://3s-technologies.com.tr/91534/?path=%2Fhome%2Fledbazaa%2Fvar%2F..%2Fphp%2F..%2Fled-bazaar.net%2F..%2F..%2F..%2F..%2Flib64%2Fpython2.7%2F..%2Fpython3.12%2Fstat.py','',1,0,'2026-06-24 18:41:40','0000-00-00 00:00:00',301),(79870,'https://3s-technologies.com.tr/tr/91534?path=/home/ledbazaa/var/../php/../public_ftp/../.wp-cli/../ocartdata2/../../../../bin/python3',NULL,'https://3s-technologies.com.tr/91534/?path=%2Fhome%2Fledbazaa%2Fvar%2F..%2Fphp%2F..%2Fpublic_ftp%2F..%2F.wp-cli%2F..%2Focartdata2%2F..%2F..%2F..%2F..%2Fbin%2Fpython3','',1,0,'2026-06-24 18:41:42','0000-00-00 00:00:00',301),(79871,'https://3s-technologies.com.tr/tr/91534?path=/home/../lib64/php/../mysql/../python3.12/pathlib.py',NULL,'https://3s-technologies.com.tr/91534/?path=%2Fhome%2F..%2Flib64%2Fphp%2F..%2Fmysql%2F..%2Fpython3.12%2Fpathlib.py','',1,0,'2026-06-24 18:41:43','0000-00-00 00:00:00',301),(79872,'https://3s-technologies.com.tr/tr/91534?path=/home/../lib64/fwupd-plugins-5/../python2.7/sqlite3/../string.pyc',NULL,'https://3s-technologies.com.tr/91534/?path=%2Fhome%2F..%2Flib64%2Ffwupd-plugins-5%2F..%2Fpython2.7%2Fsqlite3%2F..%2Fstring.pyc','',1,0,'2026-06-24 18:41:44','0000-00-00 00:00:00',301),(79873,'https://3s-technologies.com.tr/tr/91534?path=/home/ledbazaa/var/../../../lib64/python3.12/../enchant/../python2.7/../python3.12/abc.py',NULL,'https://3s-technologies.com.tr/91534/?path=%2Fhome%2Fledbazaa%2Fvar%2F..%2F..%2F..%2Flib64%2Fpython3.12%2F..%2Fenchant%2F..%2Fpython2.7%2F..%2Fpython3.12%2Fabc.py','',1,0,'2026-06-24 18:41:45','0000-00-00 00:00:00',301),(79874,'https://3s-technologies.com.tr/tr/91534?path=/home/ledbazaa/var/../../../usr/include/../include/python2.7/../execinfo.h',NULL,'https://3s-technologies.com.tr/91534/?path=%2Fhome%2Fledbazaa%2Fvar%2F..%2F..%2F..%2Fusr%2Finclude%2F..%2Finclude%2Fpython2.7%2F..%2Fexecinfo.h','',1,0,'2026-06-24 18:41:46','0000-00-00 00:00:00',301),(79875,'https://3s-technologies.com.tr/tr/91534?path=/home/ledbazaa/var/../../../lib64/lua/../apache2/../lua/../python2.7/sre.py',NULL,'https://3s-technologies.com.tr/91534/?path=%2Fhome%2Fledbazaa%2Fvar%2F..%2F..%2F..%2Flib64%2Flua%2F..%2Fapache2%2F..%2Flua%2F..%2Fpython2.7%2Fsre.py','',1,0,'2026-06-24 18:41:47','0000-00-00 00:00:00',301),(79876,'https://3s-technologies.com.tr/tr/91534?path=/home/../lib64/php/../security/../pkgconfig/../python2.7/pickle.py',NULL,'https://3s-technologies.com.tr/91534/?path=%2Fhome%2F..%2Flib64%2Fphp%2F..%2Fsecurity%2F..%2Fpkgconfig%2F..%2Fpython2.7%2Fpickle.py','',1,0,'2026-06-24 18:41:48','0000-00-00 00:00:00',301),(79877,'https://3s-technologies.com.tr/tr/91534?path=/home/../usr/lib64/python3.6/pydoc_data/../xml/../../libpython3.6m.so',NULL,'https://3s-technologies.com.tr/91534/?path=%2Fhome%2F..%2Fusr%2Flib64%2Fpython3.6%2Fpydoc_data%2F..%2Fxml%2F..%2F..%2Flibpython3.6m.so','',1,0,'2026-06-24 18:41:49','0000-00-00 00:00:00',301),(79878,'https://3s-technologies.com.tr/tr/91534?path=/home/ledbazaa/var/../../../lib64/lua/../apache2/../python2.7/../python3.6/heapq.py',NULL,'https://3s-technologies.com.tr/91534/?path=%2Fhome%2Fledbazaa%2Fvar%2F..%2F..%2F..%2Flib64%2Flua%2F..%2Fapache2%2F..%2Fpython2.7%2F..%2Fpython3.6%2Fheapq.py','',1,0,'2026-06-24 18:41:50','0000-00-00 00:00:00',301),(79879,'https://3s-technologies.com.tr/tr/91534?path=/home/../lib64/ldb/../pkgconfig/../python2.7/stringprep.pyo',NULL,'https://3s-technologies.com.tr/91534/?path=%2Fhome%2F..%2Flib64%2Fldb%2F..%2Fpkgconfig%2F..%2Fpython2.7%2Fstringprep.pyo','',1,0,'2026-06-24 18:41:51','0000-00-00 00:00:00',301),(79880,'https://3s-technologies.com.tr/tr/91534?path=/home/ledbazaa/var/../../../lib64/lua/../apache2/../lua/../python2.7/robotparser.pyo',NULL,'https://3s-technologies.com.tr/91534/?path=%2Fhome%2Fledbazaa%2Fvar%2F..%2F..%2F..%2Flib64%2Flua%2F..%2Fapache2%2F..%2Flua%2F..%2Fpython2.7%2Frobotparser.pyo','',1,0,'2026-06-24 18:41:52','0000-00-00 00:00:00',301),(79881,'https://3s-technologies.com.tr/tr/91534?path=/home/../lib64/sse2/../python2.7/../python3.6/_dummy_thread.py',NULL,'https://3s-technologies.com.tr/91534/?path=%2Fhome%2F..%2Flib64%2Fsse2%2F..%2Fpython2.7%2F..%2Fpython3.6%2F_dummy_thread.py','',1,0,'2026-06-24 18:41:53','0000-00-00 00:00:00',301),(79882,'https://3s-technologies.com.tr/tr/91534?path=/home/ledbazaa/var/../../../lib64/python3.12/../mysqlclient/../python2.7/../python3.12/lib-dynload',NULL,'https://3s-technologies.com.tr/91534/?path=%2Fhome%2Fledbazaa%2Fvar%2F..%2F..%2F..%2Flib64%2Fpython3.12%2F..%2Fmysqlclient%2F..%2Fpython2.7%2F..%2Fpython3.12%2Flib-dynload','',1,0,'2026-06-24 18:41:54','0000-00-00 00:00:00',301),(79883,'https://3s-technologies.com.tr/tr/91534?path=/home/../usr/share/git-core/../git-core/../adobe/../vim',NULL,'https://3s-technologies.com.tr/91534/?path=%2Fhome%2F..%2Fusr%2Fshare%2Fgit-core%2F..%2Fgit-core%2F..%2Fadobe%2F..%2Fvim','',1,0,'2026-06-24 18:41:55','0000-00-00 00:00:00',301),(79884,'https://3s-technologies.com.tr/tr/91534?path=/home/../usr/src/../src/../include/execinfo.h',NULL,'https://3s-technologies.com.tr/91534/?path=%2Fhome%2F..%2Fusr%2Fsrc%2F..%2Fsrc%2F..%2Finclude%2Fexecinfo.h','',1,0,'2026-06-24 18:41:56','0000-00-00 00:00:00',301),(79885,'https://3s-technologies.com.tr/tr/91534?path=/home/../lib64/samba/../gssproxy/../python2.7/xml/../opcode.pyc',NULL,'https://3s-technologies.com.tr/91534/?path=%2Fhome%2F..%2Flib64%2Fsamba%2F..%2Fgssproxy%2F..%2Fpython2.7%2Fxml%2F..%2Fopcode.pyc','',1,0,'2026-06-24 18:41:57','0000-00-00 00:00:00',301),(79886,'https://3s-technologies.com.tr/tr/91534?path=/home/../lib64/php/../security/../python2.7/abc.pyc',NULL,'https://3s-technologies.com.tr/91534/?path=%2Fhome%2F..%2Flib64%2Fphp%2F..%2Fsecurity%2F..%2Fpython2.7%2Fabc.pyc','',1,0,'2026-06-24 18:41:58','0000-00-00 00:00:00',301),(79887,'https://3s-technologies.com.tr/tr/91534?path=/home/../lib64/samba/../fipscheck/../python3.6/../python3.6/nturl2path.py',NULL,'https://3s-technologies.com.tr/91534/?path=%2Fhome%2F..%2Flib64%2Fsamba%2F..%2Ffipscheck%2F..%2Fpython3.6%2F..%2Fpython3.6%2Fnturl2path.py','',1,0,'2026-06-24 18:41:59','0000-00-00 00:00:00',301),(79888,'https://3s-technologies.com.tr/tr/91534?path=/home/../lib64/php/../security/../pkgconfig/../python2.7/zipfile.pyc',NULL,'https://3s-technologies.com.tr/91534/?path=%2Fhome%2F..%2Flib64%2Fphp%2F..%2Fsecurity%2F..%2Fpkgconfig%2F..%2Fpython2.7%2Fzipfile.pyc','',1,0,'2026-06-24 18:42:00','0000-00-00 00:00:00',301),(79889,'https://3s-technologies.com.tr/tr/91534?path=/home/ledbazaa/var/../../../lib64/python3.12/../python3.12/sqlite3/../.',NULL,'https://3s-technologies.com.tr/91534/?path=%2Fhome%2Fledbazaa%2Fvar%2F..%2F..%2F..%2Flib64%2Fpython3.12%2F..%2Fpython3.12%2Fsqlite3%2F..%2F.','',1,0,'2026-06-24 18:42:01','0000-00-00 00:00:00',301),(79890,'https://3s-technologies.com.tr/tr/91534?path=/home/ledbazaa/var/../../../lib64/python3.12/../enchant/../python2.7/../python3.12/filecmp.py',NULL,'https://3s-technologies.com.tr/91534/?path=%2Fhome%2Fledbazaa%2Fvar%2F..%2F..%2F..%2Flib64%2Fpython3.12%2F..%2Fenchant%2F..%2Fpython2.7%2F..%2Fpython3.12%2Ffilecmp.py','',1,0,'2026-06-24 18:42:02','0000-00-00 00:00:00',301),(79891,'https://3s-technologies.com.tr/tr/91534?path=/home/ledbazaa/var/../../../lib64/python3.12/../xtables/../python3.6/importlib/../../samba',NULL,'https://3s-technologies.com.tr/91534/?path=%2Fhome%2Fledbazaa%2Fvar%2F..%2F..%2F..%2Flib64%2Fpython3.12%2F..%2Fxtables%2F..%2Fpython3.6%2Fimportlib%2F..%2F..%2Fsamba','',1,0,'2026-06-24 18:42:05','0000-00-00 00:00:00',301),(79892,'https://3s-technologies.com.tr/tr/91534?path=/home/../lib64/php/.././apache2/../python2.7/distutils',NULL,'https://3s-technologies.com.tr/91534/?path=%2Fhome%2F..%2Flib64%2Fphp%2F..%2F.%2Fapache2%2F..%2Fpython2.7%2Fdistutils','',1,0,'2026-06-24 18:42:05','0000-00-00 00:00:00',301),(79893,'https://3s-technologies.com.tr/tr/91534?path=/home/ledbazaa/var/../php/docs/../../php/docs/../tests/../../etc',NULL,'https://3s-technologies.com.tr/91534/?path=%2Fhome%2Fledbazaa%2Fvar%2F..%2Fphp%2Fdocs%2F..%2F..%2Fphp%2Fdocs%2F..%2Ftests%2F..%2F..%2Fetc','',1,0,'2026-06-24 18:42:06','0000-00-00 00:00:00',301),(79894,'https://3s-technologies.com.tr/tr/91534?path=/home/../lib64/gio/../dovecot/../python3.12/sqlite3/../../python3.6/tabnanny.py',NULL,'https://3s-technologies.com.tr/91534/?path=%2Fhome%2F..%2Flib64%2Fgio%2F..%2Fdovecot%2F..%2Fpython3.12%2Fsqlite3%2F..%2F..%2Fpython3.6%2Ftabnanny.py','',1,0,'2026-06-24 18:42:06','0000-00-00 00:00:00',301),(79895,'https://3s-technologies.com.tr/tr/91534?path=/home/../lib64/php/.././apache2/../python3.12/csv.py',NULL,'https://3s-technologies.com.tr/91534/?path=%2Fhome%2F..%2Flib64%2Fphp%2F..%2F.%2Fapache2%2F..%2Fpython3.12%2Fcsv.py','',1,0,'2026-06-24 18:42:07','0000-00-00 00:00:00',301),(79896,'https://3s-technologies.com.tr/tr/91534?path=/home/../lib64/enchant/../lua/../python2.7/../xtables',NULL,'https://3s-technologies.com.tr/91534/?path=%2Fhome%2F..%2Flib64%2Fenchant%2F..%2Flua%2F..%2Fpython2.7%2F..%2Fxtables','',1,0,'2026-06-24 18:42:07','0000-00-00 00:00:00',301),(79897,'https://3s-technologies.com.tr/tr/91534?path=/home/ledbazaa/var/../../../lib64/device-mapper/../php/../python3.12/xml/../../python3.6/base64.py',NULL,'https://3s-technologies.com.tr/91534/?path=%2Fhome%2Fledbazaa%2Fvar%2F..%2F..%2F..%2Flib64%2Fdevice-mapper%2F..%2Fphp%2F..%2Fpython3.12%2Fxml%2F..%2F..%2Fpython3.6%2Fbase64.py','',1,0,'2026-06-24 18:42:07','0000-00-00 00:00:00',301),(79898,'https://3s-technologies.com.tr/tr/91534?path=/home/../lib64/php/../security/../pkgconfig/../python2.7/new.py',NULL,'https://3s-technologies.com.tr/91534/?path=%2Fhome%2F..%2Flib64%2Fphp%2F..%2Fsecurity%2F..%2Fpkgconfig%2F..%2Fpython2.7%2Fnew.py','',1,0,'2026-06-24 18:42:09','0000-00-00 00:00:00',301),(79899,'https://3s-technologies.com.tr/tr/91534?path=/home/../lib64/fwupd-plugins-5/../python3.12/../python3.12/sqlite3/../tempfile.py',NULL,'https://3s-technologies.com.tr/91534/?path=%2Fhome%2F..%2Flib64%2Ffwupd-plugins-5%2F..%2Fpython3.12%2F..%2Fpython3.12%2Fsqlite3%2F..%2Ftempfile.py','',1,0,'2026-06-24 18:42:10','0000-00-00 00:00:00',301),(79900,'https://3s-technologies.com.tr/tr/91534?path=/home/../lib64/php/../security/../pkgconfig/../python2.7/pydoc_data',NULL,'https://3s-technologies.com.tr/91534/?path=%2Fhome%2F..%2Flib64%2Fphp%2F..%2Fsecurity%2F..%2Fpkgconfig%2F..%2Fpython2.7%2Fpydoc_data','',1,0,'2026-06-24 18:42:11','0000-00-00 00:00:00',301),(79901,'https://3s-technologies.com.tr/tr/91534?path=/home/ledbazaa/var/../php/docs/../../ssl/../.httprequest/../php/data/../.filemap',NULL,'https://3s-technologies.com.tr/91534/?path=%2Fhome%2Fledbazaa%2Fvar%2F..%2Fphp%2Fdocs%2F..%2F..%2Fssl%2F..%2F.HttpRequest%2F..%2Fphp%2Fdata%2F..%2F.filemap','',1,0,'2026-06-24 18:42:12','0000-00-00 00:00:00',301),(79902,'https://3s-technologies.com.tr/tr/91534?path=/home/ledbazaa/var/../../../lib64/python3.12/../enchant/../python2.7/../python3.12/tty.py',NULL,'https://3s-technologies.com.tr/91534/?path=%2Fhome%2Fledbazaa%2Fvar%2F..%2F..%2F..%2Flib64%2Fpython3.12%2F..%2Fenchant%2F..%2Fpython2.7%2F..%2Fpython3.12%2Ftty.py','',1,0,'2026-06-24 18:42:13','0000-00-00 00:00:00',301),(79903,'https://3s-technologies.com.tr/tr/91534?path=/home/../lib64/php/../security/../pkgconfig/../python2.7/commands.py',NULL,'https://3s-technologies.com.tr/91534/?path=%2Fhome%2F..%2Flib64%2Fphp%2F..%2Fsecurity%2F..%2Fpkgconfig%2F..%2Fpython2.7%2Fcommands.py','',1,0,'2026-06-24 18:42:16','0000-00-00 00:00:00',301),(79904,'https://3s-technologies.com.tr/tr/91534?path=/home/ledbazaa/var/../../../lib64/python3.6/json/../../python2.7/../tls',NULL,'https://3s-technologies.com.tr/91534/?path=%2Fhome%2Fledbazaa%2Fvar%2F..%2F..%2F..%2Flib64%2Fpython3.6%2Fjson%2F..%2F..%2Fpython2.7%2F..%2Ftls','',1,0,'2026-06-24 18:42:17','0000-00-00 00:00:00',301),(79905,'https://3s-technologies.com.tr/tr/91534?path=/home/../lib64/fwupd-plugins-5/../python3.12/../php/../python2.7/plistlib.py',NULL,'https://3s-technologies.com.tr/91534/?path=%2Fhome%2F..%2Flib64%2Ffwupd-plugins-5%2F..%2Fpython3.12%2F..%2Fphp%2F..%2Fpython2.7%2Fplistlib.py','',1,0,'2026-06-24 18:42:18','0000-00-00 00:00:00',301),(79906,'https://3s-technologies.com.tr/tr/91534?path=/home/ledbazaa/var/../../../usr/include/linux/../python2.7/moduleobject.h',NULL,'https://3s-technologies.com.tr/91534/?path=%2Fhome%2Fledbazaa%2Fvar%2F..%2F..%2F..%2Fusr%2Finclude%2Flinux%2F..%2Fpython2.7%2Fmoduleobject.h','',1,0,'2026-06-24 18:42:19','0000-00-00 00:00:00',301),(79907,'https://3s-technologies.com.tr/tr/91534?path=/home/../lib64/sse2/../python2.7/../python3.6/pdb.py',NULL,'https://3s-technologies.com.tr/91534/?path=%2Fhome%2F..%2Flib64%2Fsse2%2F..%2Fpython2.7%2F..%2Fpython3.6%2Fpdb.py','',1,0,'2026-06-24 18:42:20','0000-00-00 00:00:00',301),(79908,'https://3s-technologies.com.tr/tr/91534?path=/home/ledbazaa/var/../../../lib64/python3.12/../gawk/../python3.6/html',NULL,'https://3s-technologies.com.tr/91534/?path=%2Fhome%2Fledbazaa%2Fvar%2F..%2F..%2F..%2Flib64%2Fpython3.12%2F..%2Fgawk%2F..%2Fpython3.6%2Fhtml','',1,0,'2026-06-24 18:42:21','0000-00-00 00:00:00',301),(79909,'https://3s-technologies.com.tr/tr/91534?path=/home/../lib64/ldb/../gconv/../python3.12/sqlite3/../unittest/..',NULL,'https://3s-technologies.com.tr/91534/?path=%2Fhome%2F..%2Flib64%2Fldb%2F..%2Fgconv%2F..%2Fpython3.12%2Fsqlite3%2F..%2Funittest%2F..','',1,0,'2026-06-24 18:42:22','0000-00-00 00:00:00',301),(79910,'https://3s-technologies.com.tr/tr/91534?path=/home/ledbazaa/var/../../../lib64/python3.12/../python3.12/sqlite3/../_compression.py',NULL,'https://3s-technologies.com.tr/91534/?path=%2Fhome%2Fledbazaa%2Fvar%2F..%2F..%2F..%2Flib64%2Fpython3.12%2F..%2Fpython3.12%2Fsqlite3%2F..%2F_compression.py','',1,0,'2026-06-24 18:42:23','0000-00-00 00:00:00',301),(79911,'https://3s-technologies.com.tr/tr/91534?path=/home/../lib64/php/../apache2/.././python3.12/csv.py',NULL,'https://3s-technologies.com.tr/91534/?path=%2Fhome%2F..%2Flib64%2Fphp%2F..%2Fapache2%2F..%2F.%2Fpython3.12%2Fcsv.py','',1,0,'2026-06-24 18:42:24','0000-00-00 00:00:00',301),(79912,'https://3s-technologies.com.tr/tr/91534?path=/home/../lib64/fwupd-plugins-5/../python3.12/../php/../python2.7/__future__.pyc',NULL,'https://3s-technologies.com.tr/91534/?path=%2Fhome%2F..%2Flib64%2Ffwupd-plugins-5%2F..%2Fpython3.12%2F..%2Fphp%2F..%2Fpython2.7%2F__future__.pyc','',1,0,'2026-06-24 18:42:26','0000-00-00 00:00:00',301),(79913,'https://3s-technologies.com.tr/tr/91534?path=/home/ledbazaa/var/../../../lib64/lua/../krb5/../python3.12/../libpython3.so',NULL,'https://3s-technologies.com.tr/91534/?path=%2Fhome%2Fledbazaa%2Fvar%2F..%2F..%2F..%2Flib64%2Flua%2F..%2Fkrb5%2F..%2Fpython3.12%2F..%2Flibpython3.so','',1,0,'2026-06-24 18:42:26','0000-00-00 00:00:00',301),(79914,'https://3s-technologies.com.tr/tr/91534?path=/home/ledbazaa/var/../../../lib64/python3.12/../python3.12/../gettext',NULL,'https://3s-technologies.com.tr/91534/?path=%2Fhome%2Fledbazaa%2Fvar%2F..%2F..%2F..%2Flib64%2Fpython3.12%2F..%2Fpython3.12%2F..%2Fgettext','',1,0,'2026-06-24 18:42:27','0000-00-00 00:00:00',301),(79915,'https://3s-technologies.com.tr/tr/91534?path=/home/../lib64/php/../security/../pkgconfig/../python2.7/plistlib.py',NULL,'https://3s-technologies.com.tr/91534/?path=%2Fhome%2F..%2Flib64%2Fphp%2F..%2Fsecurity%2F..%2Fpkgconfig%2F..%2Fpython2.7%2Fplistlib.py','',1,0,'2026-06-24 18:42:27','0000-00-00 00:00:00',301),(79916,'https://3s-technologies.com.tr/tr/91534?path=/home/ledbazaa/var/../php/docs/../../ssl/../.httprequest/../../../bin/env',NULL,'https://3s-technologies.com.tr/91534/?path=%2Fhome%2Fledbazaa%2Fvar%2F..%2Fphp%2Fdocs%2F..%2F..%2Fssl%2F..%2F.HttpRequest%2F..%2F..%2F..%2Fbin%2Fenv','',1,0,'2026-06-24 18:42:28','0000-00-00 00:00:00',301),(79917,'https://3s-technologies.com.tr/tr/91534?path=/home/../lib64/rpm-plugins/../gssproxy/../libproxy/../python3.12/../libtalloc.so.2',NULL,'https://3s-technologies.com.tr/91534/?path=%2Fhome%2F..%2Flib64%2Frpm-plugins%2F..%2Fgssproxy%2F..%2Flibproxy%2F..%2Fpython3.12%2F..%2Flibtalloc.so.2','',1,0,'2026-06-24 18:42:29','0000-00-00 00:00:00',301),(79918,'https://3s-technologies.com.tr/tr/91534?path=/home/../lib64/gio/../sa/../apache2/../python2.7/robotparser.py',NULL,'https://3s-technologies.com.tr/91534/?path=%2Fhome%2F..%2Flib64%2Fgio%2F..%2Fsa%2F..%2Fapache2%2F..%2Fpython2.7%2Frobotparser.py','',1,0,'2026-06-24 18:42:29','0000-00-00 00:00:00',301),(79919,'https://3s-technologies.com.tr/tr/91534?path=/home/ledbazaa/var/../../../lib64/python3.12/encodings/../../python3.12/../python3.12/operator.py',NULL,'https://3s-technologies.com.tr/91534/?path=%2Fhome%2Fledbazaa%2Fvar%2F..%2F..%2F..%2Flib64%2Fpython3.12%2Fencodings%2F..%2F..%2Fpython3.12%2F..%2Fpython3.12%2Foperator.py','',1,0,'2026-06-24 18:42:30','0000-00-00 00:00:00',301),(79920,'https://3s-technologies.com.tr/tr/91534?path=/home/../lib64/php/../security/../pkgconfig/../python2.7/decimal.pyc',NULL,'https://3s-technologies.com.tr/91534/?path=%2Fhome%2F..%2Flib64%2Fphp%2F..%2Fsecurity%2F..%2Fpkgconfig%2F..%2Fpython2.7%2Fdecimal.pyc','',1,0,'2026-06-24 18:42:31','0000-00-00 00:00:00',301),(79921,'https://3s-technologies.com.tr/tr/91534?path=/home/../lib64/firebird/../networkmanager/../python2.7/codeop.pyc',NULL,'https://3s-technologies.com.tr/91534/?path=%2Fhome%2F..%2Flib64%2Ffirebird%2F..%2FNetworkManager%2F..%2Fpython2.7%2Fcodeop.pyc','',1,0,'2026-06-24 18:42:32','0000-00-00 00:00:00',301),(79922,'https://3s-technologies.com.tr/tr/91534?path=/home/ledbazaa/var/../../../lib64/python3.12/../lua/../python2.7/lib-tk',NULL,'https://3s-technologies.com.tr/91534/?path=%2Fhome%2Fledbazaa%2Fvar%2F..%2F..%2F..%2Flib64%2Fpython3.12%2F..%2Flua%2F..%2Fpython2.7%2Flib-tk','',1,0,'2026-06-24 18:42:33','0000-00-00 00:00:00',301),(79923,'https://3s-technologies.com.tr/tr/91534?path=/home/ledbazaa/.wp-cli/../../../../usr/include/python3.12/../grp.h',NULL,'https://3s-technologies.com.tr/91534/?path=%2Fhome%2Fledbazaa%2F.wp-cli%2F..%2F..%2F..%2F..%2Fusr%2Finclude%2Fpython3.12%2F..%2Fgrp.h','',1,0,'2026-06-24 18:42:34','0000-00-00 00:00:00',301),(79924,'https://3s-technologies.com.tr/tr/91534?path=/home/../lib64/php/../tls/../python2.7/tools/../random.py',NULL,'https://3s-technologies.com.tr/91534/?path=%2Fhome%2F..%2Flib64%2Fphp%2F..%2Ftls%2F..%2Fpython2.7%2FTools%2F..%2Frandom.py','',1,0,'2026-06-24 18:42:35','0000-00-00 00:00:00',301),(79925,'https://3s-technologies.com.tr/tr/91534?path=/home/ledbazaa/var/../../../lib64/python3.12/../xtables/../python3.6/../nss/../libwebpdecoder.so',NULL,'https://3s-technologies.com.tr/91534/?path=%2Fhome%2Fledbazaa%2Fvar%2F..%2F..%2F..%2Flib64%2Fpython3.12%2F..%2Fxtables%2F..%2Fpython3.6%2F..%2Fnss%2F..%2Flibwebpdecoder.so','',1,0,'2026-06-24 18:42:36','0000-00-00 00:00:00',301),(79926,'https://3s-technologies.com.tr/tr/91534?path=/home/../lib64/samba/../firebird/../python2.7/stringold.py',NULL,'https://3s-technologies.com.tr/91534/?path=%2Fhome%2F..%2Flib64%2Fsamba%2F..%2Ffirebird%2F..%2Fpython2.7%2Fstringold.py','',1,0,'2026-06-24 18:42:37','0000-00-00 00:00:00',301),(79927,'https://3s-technologies.com.tr/tr/91534?path=/home/../lib64/rpm-plugins/../networkmanager/../python3.6/socket.py',NULL,'https://3s-technologies.com.tr/91534/?path=%2Fhome%2F..%2Flib64%2Frpm-plugins%2F..%2FNetworkManager%2F..%2Fpython3.6%2Fsocket.py','',1,0,'2026-06-24 18:42:38','0000-00-00 00:00:00',301),(79928,'https://3s-technologies.com.tr/tr/91534?path=/home/ledbazaa/var/../../../lib64/python3.12/../lua/../python3.6/site.py',NULL,'https://3s-technologies.com.tr/91534/?path=%2Fhome%2Fledbazaa%2Fvar%2F..%2F..%2F..%2Flib64%2Fpython3.12%2F..%2Flua%2F..%2Fpython3.6%2Fsite.py','',1,0,'2026-06-24 18:42:39','0000-00-00 00:00:00',301),(79929,'https://3s-technologies.com.tr/tr/91534?path=/home/ledbazaa/var/../../../lib64/libibverbs/../python3.6/../python2.7/../python2.7/mhlib.py',NULL,'https://3s-technologies.com.tr/91534/?path=%2Fhome%2Fledbazaa%2Fvar%2F..%2F..%2F..%2Flib64%2Flibibverbs%2F..%2Fpython3.6%2F..%2Fpython2.7%2F..%2Fpython2.7%2Fmhlib.py','',1,0,'2026-06-24 18:42:40','0000-00-00 00:00:00',301),(79930,'https://3s-technologies.com.tr/tr/91534?path=/home/ledbazaa/var/../../../lib64/libibverbs/../python3.6/../python2.7/../python2.7/base64.pyc',NULL,'https://3s-technologies.com.tr/91534/?path=%2Fhome%2Fledbazaa%2Fvar%2F..%2F..%2F..%2Flib64%2Flibibverbs%2F..%2Fpython3.6%2F..%2Fpython2.7%2F..%2Fpython2.7%2Fbase64.pyc','',1,0,'2026-06-24 18:42:41','0000-00-00 00:00:00',301),(79931,'https://3s-technologies.com.tr/tr/91534?path=/home/../lib64/gio/../sa/../apache2/../python2.7/codeop.pyo',NULL,'https://3s-technologies.com.tr/91534/?path=%2Fhome%2F..%2Flib64%2Fgio%2F..%2Fsa%2F..%2Fapache2%2F..%2Fpython2.7%2Fcodeop.pyo','',1,0,'2026-06-24 18:42:42','0000-00-00 00:00:00',301),(79932,'https://3s-technologies.com.tr/tr/91534?path=/home/ledbazaa/.ssh/../php/data/../../..',NULL,'https://3s-technologies.com.tr/91534/?path=%2Fhome%2Fledbazaa%2F.ssh%2F..%2Fphp%2Fdata%2F..%2F..%2F..','',1,0,'2026-06-24 18:42:43','0000-00-00 00:00:00',301),(79933,'https://3s-technologies.com.tr/tr/91534?path=/home/ledbazaa/var/../../../lib64/libibverbs/../python3.6/../python2.7/../python2.7/functools.pyc',NULL,'https://3s-technologies.com.tr/91534/?path=%2Fhome%2Fledbazaa%2Fvar%2F..%2F..%2F..%2Flib64%2Flibibverbs%2F..%2Fpython3.6%2F..%2Fpython2.7%2F..%2Fpython2.7%2Ffunctools.pyc','',1,0,'2026-06-24 18:42:44','0000-00-00 00:00:00',301),(79934,'https://3s-technologies.com.tr/tr/91534?path=/home/ledbazaa/var/../../../lib64/python3.12/logging/../importlib/../../python2.7/difflib.pyo',NULL,'https://3s-technologies.com.tr/91534/?path=%2Fhome%2Fledbazaa%2Fvar%2F..%2F..%2F..%2Flib64%2Fpython3.12%2Flogging%2F..%2Fimportlib%2F..%2F..%2Fpython2.7%2Fdifflib.pyo','',1,0,'2026-06-24 18:42:45','0000-00-00 00:00:00',301),(79935,'https://3s-technologies.com.tr/tr/91534?path=/home/../lib64/sse2/../python3.12/../python2.7/hmac.py',NULL,'https://3s-technologies.com.tr/91534/?path=%2Fhome%2F..%2Flib64%2Fsse2%2F..%2Fpython3.12%2F..%2Fpython2.7%2Fhmac.py','',1,0,'2026-06-24 18:42:46','0000-00-00 00:00:00',301),(79936,'https://3s-technologies.com.tr/tr/91534?path=/home/../lib64/ldb/../gconv/../apache2/../rpm-plugins/../python2.7/robotparser.py',NULL,'https://3s-technologies.com.tr/91534/?path=%2Fhome%2F..%2Flib64%2Fldb%2F..%2Fgconv%2F..%2Fapache2%2F..%2Frpm-plugins%2F..%2Fpython2.7%2Frobotparser.py','',1,0,'2026-06-24 18:42:47','0000-00-00 00:00:00',301),(79937,'https://3s-technologies.com.tr/tr/91534?path=/home/../usr/lib64/php/../python2.7/importlib/../test',NULL,'https://3s-technologies.com.tr/91534/?path=%2Fhome%2F..%2Fusr%2Flib64%2Fphp%2F..%2Fpython2.7%2Fimportlib%2F..%2Ftest','',1,0,'2026-06-24 18:42:48','0000-00-00 00:00:00',301),(79938,'https://3s-technologies.com.tr/tr/91534?path=/home/../lib64/firebird/../networkmanager/../python2.7/../libbasicobjects.so.0.1.0',NULL,'https://3s-technologies.com.tr/91534/?path=%2Fhome%2F..%2Flib64%2Ffirebird%2F..%2FNetworkManager%2F..%2Fpython2.7%2F..%2Flibbasicobjects.so.0.1.0','',1,0,'2026-06-24 18:42:49','0000-00-00 00:00:00',301),(79939,'https://3s-technologies.com.tr/tr/91534?path=/home/../lib64/fwupd-plugins-5/../python3.12/../php/../python2.7/numbers.py',NULL,'https://3s-technologies.com.tr/91534/?path=%2Fhome%2F..%2Flib64%2Ffwupd-plugins-5%2F..%2Fpython3.12%2F..%2Fphp%2F..%2Fpython2.7%2Fnumbers.py','',1,0,'2026-06-24 18:42:50','0000-00-00 00:00:00',301),(79940,'https://3s-technologies.com.tr/tr/91534?path=/home/../usr/share/autoconf/../ghostscript/../../bin/patch',NULL,'https://3s-technologies.com.tr/91534/?path=%2Fhome%2F..%2Fusr%2Fshare%2Fautoconf%2F..%2Fghostscript%2F..%2F..%2Fbin%2Fpatch','',1,0,'2026-06-24 18:42:51','0000-00-00 00:00:00',301),(79941,'https://3s-technologies.com.tr/tr/91534?path=/home/../lib64/php/../apache2/.././libpython2.7.so',NULL,'https://3s-technologies.com.tr/91534/?path=%2Fhome%2F..%2Flib64%2Fphp%2F..%2Fapache2%2F..%2F.%2Flibpython2.7.so','',1,0,'2026-06-24 18:42:52','0000-00-00 00:00:00',301),(79942,'https://3s-technologies.com.tr/tr/91534?path=/home/ledbazaa/var/../../../lib64/python3.12/../xtables/../python3.6/concurrent/../pprint.py',NULL,'https://3s-technologies.com.tr/91534/?path=%2Fhome%2Fledbazaa%2Fvar%2F..%2F..%2F..%2Flib64%2Fpython3.12%2F..%2Fxtables%2F..%2Fpython3.6%2Fconcurrent%2F..%2Fpprint.py','',1,0,'2026-06-24 18:42:53','0000-00-00 00:00:00',301),(79943,'https://3s-technologies.com.tr/tr/91534?path=/home/../lib64/php/../security/../pkgconfig/../python2.7/getpass.pyc',NULL,'https://3s-technologies.com.tr/91534/?path=%2Fhome%2F..%2Flib64%2Fphp%2F..%2Fsecurity%2F..%2Fpkgconfig%2F..%2Fpython2.7%2Fgetpass.pyc','',1,0,'2026-06-24 18:42:54','0000-00-00 00:00:00',301),(79944,'https://3s-technologies.com.tr/tr/91534?path=/home/../lib64/fwupd-plugins-5/../python3.12/../php/../python3.6/pydoc_data',NULL,'https://3s-technologies.com.tr/91534/?path=%2Fhome%2F..%2Flib64%2Ffwupd-plugins-5%2F..%2Fpython3.12%2F..%2Fphp%2F..%2Fpython3.6%2Fpydoc_data','',1,0,'2026-06-24 18:42:55','0000-00-00 00:00:00',301),(79945,'https://3s-technologies.com.tr/tr/91534?path=/home/../lib64/samba/../fipscheck/../python3.6/../samba/..',NULL,'https://3s-technologies.com.tr/91534/?path=%2Fhome%2F..%2Flib64%2Fsamba%2F..%2Ffipscheck%2F..%2Fpython3.6%2F..%2Fsamba%2F..','',1,0,'2026-06-24 18:42:57','0000-00-00 00:00:00',301),(79946,'https://3s-technologies.com.tr/tr/91534?path=/home/ledbazaa/var/../../../lib64/libibverbs/../python3.6/../python2.7/../python2.7/tempfile.pyc',NULL,'https://3s-technologies.com.tr/91534/?path=%2Fhome%2Fledbazaa%2Fvar%2F..%2F..%2F..%2Flib64%2Flibibverbs%2F..%2Fpython3.6%2F..%2Fpython2.7%2F..%2Fpython2.7%2Ftempfile.pyc','',1,0,'2026-06-24 18:42:58','0000-00-00 00:00:00',301),(79947,'https://3s-technologies.com.tr/tr/91534?path=/home/ledbazaa/var/../../../lib64/python3.12/../enchant/../python2.7/../python3.12/ctypes',NULL,'https://3s-technologies.com.tr/91534/?path=%2Fhome%2Fledbazaa%2Fvar%2F..%2F..%2F..%2Flib64%2Fpython3.12%2F..%2Fenchant%2F..%2Fpython2.7%2F..%2Fpython3.12%2Fctypes','',1,0,'2026-06-24 18:42:59','0000-00-00 00:00:00',301),(79948,'https://3s-technologies.com.tr/tr/91534?path=/home/ledbazaa/var/../../../lib64/lua/../apache2/../lua/../python2.7/bsddb',NULL,'https://3s-technologies.com.tr/91534/?path=%2Fhome%2Fledbazaa%2Fvar%2F..%2F..%2F..%2Flib64%2Flua%2F..%2Fapache2%2F..%2Flua%2F..%2Fpython2.7%2Fbsddb','',1,0,'2026-06-24 18:43:00','0000-00-00 00:00:00',301),(79949,'https://3s-technologies.com.tr/tr/91534?path=/home/ledbazaa/var/../../../lib64/lua/../apache2/../lua/../python2.7/dis.py',NULL,'https://3s-technologies.com.tr/91534/?path=%2Fhome%2Fledbazaa%2Fvar%2F..%2F..%2F..%2Flib64%2Flua%2F..%2Fapache2%2F..%2Flua%2F..%2Fpython2.7%2Fdis.py','',1,0,'2026-06-24 18:43:01','0000-00-00 00:00:00',301),(79950,'https://3s-technologies.com.tr/tr/91534?path=/home/../lib64/sse2/../python3.12/../python2.7/runpy.pyc',NULL,'https://3s-technologies.com.tr/91534/?path=%2Fhome%2F..%2Flib64%2Fsse2%2F..%2Fpython3.12%2F..%2Fpython2.7%2Frunpy.pyc','',1,0,'2026-06-24 18:43:01','0000-00-00 00:00:00',301),(79951,'https://3s-technologies.com.tr/tr/91534?path=/home/../lib64/fwupd-plugins-5/../python3.12/../python3.12/sqlite3/../this.py',NULL,'https://3s-technologies.com.tr/91534/?path=%2Fhome%2F..%2Flib64%2Ffwupd-plugins-5%2F..%2Fpython3.12%2F..%2Fpython3.12%2Fsqlite3%2F..%2Fthis.py','',1,0,'2026-06-24 18:43:02','0000-00-00 00:00:00',301),(79952,'https://3s-technologies.com.tr/tr/91534?path=/home/ledbazaa/var/../../../lib64/lua/../apache2/../lua/../python2.7/mimify.py',NULL,'https://3s-technologies.com.tr/91534/?path=%2Fhome%2Fledbazaa%2Fvar%2F..%2F..%2F..%2Flib64%2Flua%2F..%2Fapache2%2F..%2Flua%2F..%2Fpython2.7%2Fmimify.py','',1,0,'2026-06-24 18:43:03','0000-00-00 00:00:00',301),(79953,'https://3s-technologies.com.tr/tr/91534?path=/home/../lib64/ldb/../python3.6/../networkmanager',NULL,'https://3s-technologies.com.tr/91534/?path=%2Fhome%2F..%2Flib64%2Fldb%2F..%2Fpython3.6%2F..%2FNetworkManager','',1,0,'2026-06-24 18:43:05','0000-00-00 00:00:00',301),(79954,'https://3s-technologies.com.tr/tr/91534?path=/home/ledbazaa/var/../../../lib64/python3.12/../python3.12/dbm/../codeop.py',NULL,'https://3s-technologies.com.tr/91534/?path=%2Fhome%2Fledbazaa%2Fvar%2F..%2F..%2F..%2Flib64%2Fpython3.12%2F..%2Fpython3.12%2Fdbm%2F..%2Fcodeop.py','',1,0,'2026-06-24 18:43:06','0000-00-00 00:00:00',301),(79955,'https://3s-technologies.com.tr/tr/91534?path=/home/ledbazaa/var/../../../usr/include/python3.6m/./../python2.7/bytesobject.h',NULL,'https://3s-technologies.com.tr/91534/?path=%2Fhome%2Fledbazaa%2Fvar%2F..%2F..%2F..%2Fusr%2Finclude%2Fpython3.6m%2F.%2F..%2Fpython2.7%2Fbytesobject.h','',1,0,'2026-06-24 18:43:06','0000-00-00 00:00:00',301),(79956,'https://3s-technologies.com.tr/tr/91534?path=/home/../lib64/ldb/../gconv/../php/../python2.7/doc',NULL,'https://3s-technologies.com.tr/91534/?path=%2Fhome%2F..%2Flib64%2Fldb%2F..%2Fgconv%2F..%2Fphp%2F..%2Fpython2.7%2FDoc','',1,0,'2026-06-24 18:43:08','0000-00-00 00:00:00',301),(79957,'https://3s-technologies.com.tr/tr/91534?path=/home/../lib64/fwupd-plugins-5/../python3.12/../php/../python2.7/hmac.pyc',NULL,'https://3s-technologies.com.tr/91534/?path=%2Fhome%2F..%2Flib64%2Ffwupd-plugins-5%2F..%2Fpython3.12%2F..%2Fphp%2F..%2Fpython2.7%2Fhmac.pyc','',1,0,'2026-06-24 18:43:09','0000-00-00 00:00:00',301),(79958,'https://3s-technologies.com.tr/tr/91534?path=/home/../var/tmp/../proc/../../.',NULL,'https://3s-technologies.com.tr/91534/?path=%2Fhome%2F..%2Fvar%2Ftmp%2F..%2Fproc%2F..%2F..%2F.','',1,0,'2026-06-24 18:43:09','0000-00-00 00:00:00',301),(79959,'https://3s-technologies.com.tr/tr/91534?path=/home/ledbazaa/var/../../../lib64/python3.12/tomllib/../../python3.6/../libwebpdecoder.so',NULL,'https://3s-technologies.com.tr/91534/?path=%2Fhome%2Fledbazaa%2Fvar%2F..%2F..%2F..%2Flib64%2Fpython3.12%2Ftomllib%2F..%2F..%2Fpython3.6%2F..%2Flibwebpdecoder.so','',1,0,'2026-06-24 18:43:11','0000-00-00 00:00:00',301),(79960,'https://3s-technologies.com.tr/tr/91534?path=/home/ledbazaa/var/../../../usr/include/../include/python3.6m/../.',NULL,'https://3s-technologies.com.tr/91534/?path=%2Fhome%2Fledbazaa%2Fvar%2F..%2F..%2F..%2Fusr%2Finclude%2F..%2Finclude%2Fpython3.6m%2F..%2F.','',1,0,'2026-06-24 18:43:12','0000-00-00 00:00:00',301),(79961,'https://3s-technologies.com.tr/tr/91534?path=/home/../lib64/gio/../dovecot/../python3.12/sqlite3/../../gettext',NULL,'https://3s-technologies.com.tr/91534/?path=%2Fhome%2F..%2Flib64%2Fgio%2F..%2Fdovecot%2F..%2Fpython3.12%2Fsqlite3%2F..%2F..%2Fgettext','',1,0,'2026-06-24 18:43:13','0000-00-00 00:00:00',301),(79962,'https://3s-technologies.com.tr/tr/91534?path=/home/../lib64/php/.././apache2/../python2.7/traceback.py',NULL,'https://3s-technologies.com.tr/91534/?path=%2Fhome%2F..%2Flib64%2Fphp%2F..%2F.%2Fapache2%2F..%2Fpython2.7%2Ftraceback.py','',1,0,'2026-06-24 18:43:13','0000-00-00 00:00:00',301),(79963,'https://3s-technologies.com.tr/tr/91534?path=/home/ledbazaa/var/../../../lib64/python3.12/../lua/../networkmanager/.././php',NULL,'https://3s-technologies.com.tr/91534/?path=%2Fhome%2Fledbazaa%2Fvar%2F..%2F..%2F..%2Flib64%2Fpython3.12%2F..%2Flua%2F..%2FNetworkManager%2F..%2F.%2Fphp','',1,0,'2026-06-24 18:43:14','0000-00-00 00:00:00',301),(79964,'https://3s-technologies.com.tr/tr/91534?path=/home/ledbazaa/var/../../../lib64/libibverbs/../python3.6/../python2.7/../python2.7/httplib.pyc',NULL,'https://3s-technologies.com.tr/91534/?path=%2Fhome%2Fledbazaa%2Fvar%2F..%2F..%2F..%2Flib64%2Flibibverbs%2F..%2Fpython3.6%2F..%2Fpython2.7%2F..%2Fpython2.7%2Fhttplib.pyc','',1,0,'2026-06-24 18:43:14','0000-00-00 00:00:00',301),(79965,'https://3s-technologies.com.tr/tr/91534?path=/home/ledbazaa/var/../../../lib64/firebird/../python3.12/../python2.7',NULL,'https://3s-technologies.com.tr/91534/?path=%2Fhome%2Fledbazaa%2Fvar%2F..%2F..%2F..%2Flib64%2Ffirebird%2F..%2Fpython3.12%2F..%2Fpython2.7','',1,0,'2026-06-24 18:43:15','0000-00-00 00:00:00',301),(79966,'https://3s-technologies.com.tr/tr/91534?path=/home/ledbazaa/var/../../../lib64/lua/../apache2/../libproxy/../../../root',NULL,'https://3s-technologies.com.tr/91534/?path=%2Fhome%2Fledbazaa%2Fvar%2F..%2F..%2F..%2Flib64%2Flua%2F..%2Fapache2%2F..%2Flibproxy%2F..%2F..%2F..%2Froot','',1,0,'2026-06-24 18:43:16','0000-00-00 00:00:00',301),(79967,'https://3s-technologies.com.tr/tr/91534?path=/home/ledbazaa/var/../../../lib64/python3.6/json/../../python2.7/optparse.pyc',NULL,'https://3s-technologies.com.tr/91534/?path=%2Fhome%2Fledbazaa%2Fvar%2F..%2F..%2F..%2Flib64%2Fpython3.6%2Fjson%2F..%2F..%2Fpython2.7%2Foptparse.pyc','',1,0,'2026-06-24 18:43:17','0000-00-00 00:00:00',301),(79968,'https://3s-technologies.com.tr/tr/91534?path=/home/ledbazaa/var/../../../lib64/python3.12/../lua/.././python3.6/csv.py',NULL,'https://3s-technologies.com.tr/91534/?path=%2Fhome%2Fledbazaa%2Fvar%2F..%2F..%2F..%2Flib64%2Fpython3.12%2F..%2Flua%2F..%2F.%2Fpython3.6%2Fcsv.py','',1,0,'2026-06-24 18:43:18','0000-00-00 00:00:00',301),(79969,'https://3s-technologies.com.tr/tr/91534?path=/home/ledbazaa/var/../../../lib64/python3.12/re/../../bind/../lua',NULL,'https://3s-technologies.com.tr/91534/?path=%2Fhome%2Fledbazaa%2Fvar%2F..%2F..%2F..%2Flib64%2Fpython3.12%2Fre%2F..%2F..%2Fbind%2F..%2Flua','',1,0,'2026-06-24 18:43:19','0000-00-00 00:00:00',301),(79970,'https://3s-technologies.com.tr/tr/91534?path=/home/../lib64/php/../tls/../python2.7/tools/../compiler',NULL,'https://3s-technologies.com.tr/91534/?path=%2Fhome%2F..%2Flib64%2Fphp%2F..%2Ftls%2F..%2Fpython2.7%2FTools%2F..%2Fcompiler','',1,0,'2026-06-24 18:43:20','0000-00-00 00:00:00',301),(79971,'https://3s-technologies.com.tr/tr/91534?path=/home/ledbazaa/var/../php/../led-bazaar.net/../../../../lib64/python2.7/../python3.12/abc.py',NULL,'https://3s-technologies.com.tr/91534/?path=%2Fhome%2Fledbazaa%2Fvar%2F..%2Fphp%2F..%2Fled-bazaar.net%2F..%2F..%2F..%2F..%2Flib64%2Fpython2.7%2F..%2Fpython3.12%2Fabc.py','',1,0,'2026-06-24 18:43:21','0000-00-00 00:00:00',301),(79972,'https://3s-technologies.com.tr/tr/91534?path=/home/ledbazaa/var/../../../usr/include/../include/python3.6m/../webp',NULL,'https://3s-technologies.com.tr/91534/?path=%2Fhome%2Fledbazaa%2Fvar%2F..%2F..%2F..%2Fusr%2Finclude%2F..%2Finclude%2Fpython3.6m%2F..%2Fwebp','',1,0,'2026-06-24 18:43:22','0000-00-00 00:00:00',301),(79973,'https://3s-technologies.com.tr/tr/91534?path=/home/ledbazaa/var/../../../lib64/lua/../apache2/../bind/../python3.6/random.py',NULL,'https://3s-technologies.com.tr/91534/?path=%2Fhome%2Fledbazaa%2Fvar%2F..%2F..%2F..%2Flib64%2Flua%2F..%2Fapache2%2F..%2Fbind%2F..%2Fpython3.6%2Frandom.py','',1,0,'2026-06-24 18:43:23','0000-00-00 00:00:00',301),(79974,'https://3s-technologies.com.tr/tr/91534?path=/home/ledbazaa/var/../../../lib64/lua/../apache2/../lua/../python2.7/os.pyc',NULL,'https://3s-technologies.com.tr/91534/?path=%2Fhome%2Fledbazaa%2Fvar%2F..%2F..%2F..%2Flib64%2Flua%2F..%2Fapache2%2F..%2Flua%2F..%2Fpython2.7%2Fos.pyc','',1,0,'2026-06-24 18:43:24','0000-00-00 00:00:00',301),(79975,'https://3s-technologies.com.tr/tr/91534?path=/home/ledbazaa/var/../../../lib64/python3.6/sqlite3/../string.py',NULL,'https://3s-technologies.com.tr/91534/?path=%2Fhome%2Fledbazaa%2Fvar%2F..%2F..%2F..%2Flib64%2Fpython3.6%2Fsqlite3%2F..%2Fstring.py','',1,0,'2026-06-24 18:43:25','0000-00-00 00:00:00',301),(79976,'https://3s-technologies.com.tr/tr/91534?path=/home/../lib64/php/.././apache2/../python2.7/urlparse.pyc',NULL,'https://3s-technologies.com.tr/91534/?path=%2Fhome%2F..%2Flib64%2Fphp%2F..%2F.%2Fapache2%2F..%2Fpython2.7%2Furlparse.pyc','',1,0,'2026-06-24 18:43:26','0000-00-00 00:00:00',301),(79977,'https://3s-technologies.com.tr/tr/91534?path=/home/../lib64/fwupd-plugins-5/../python3.12/../python3.12/importlib/../csv.py',NULL,'https://3s-technologies.com.tr/91534/?path=%2Fhome%2F..%2Flib64%2Ffwupd-plugins-5%2F..%2Fpython3.12%2F..%2Fpython3.12%2Fimportlib%2F..%2Fcsv.py','',1,0,'2026-06-24 18:43:27','0000-00-00 00:00:00',301),(79978,'https://3s-technologies.com.tr/tr/91534?path=/home/../lib64/fwupd-plugins-5/../python3.12/../../lib/python3.12/../.',NULL,'https://3s-technologies.com.tr/91534/?path=%2Fhome%2F..%2Flib64%2Ffwupd-plugins-5%2F..%2Fpython3.12%2F..%2F..%2Flib%2Fpython3.12%2F..%2F.','',1,0,'2026-06-24 18:43:28','0000-00-00 00:00:00',301),(79979,'https://3s-technologies.com.tr/tr/91534?path=/home/../lib64/multipath/../apache2/../python3.6/xml',NULL,'https://3s-technologies.com.tr/91534/?path=%2Fhome%2F..%2Flib64%2Fmultipath%2F..%2Fapache2%2F..%2Fpython3.6%2Fxml','',1,0,'2026-06-24 18:43:29','0000-00-00 00:00:00',301),(79980,'https://3s-technologies.com.tr/tr/91534?path=/home/ledbazaa/var/../php/../www/../../../../usr/../usr',NULL,'https://3s-technologies.com.tr/91534/?path=%2Fhome%2Fledbazaa%2Fvar%2F..%2Fphp%2F..%2Fwww%2F..%2F..%2F..%2F..%2Fusr%2F..%2Fusr','',1,0,'2026-06-24 18:43:30','0000-00-00 00:00:00',301),(79981,'https://3s-technologies.com.tr/tr/91534?path=/home/ledbazaa/var/../php/../led-bazaar.net/../../../../lib64/python2.7/../python3.12/runpy.py',NULL,'https://3s-technologies.com.tr/91534/?path=%2Fhome%2Fledbazaa%2Fvar%2F..%2Fphp%2F..%2Fled-bazaar.net%2F..%2F..%2F..%2F..%2Flib64%2Fpython2.7%2F..%2Fpython3.12%2Frunpy.py','',1,0,'2026-06-24 18:43:31','0000-00-00 00:00:00',301),(79982,'https://3s-technologies.com.tr/tr/91534?path=/home/ledbazaa/var/../../../lib64/python3.12/../python3.12/../libpython3.12.so.1.0',NULL,'https://3s-technologies.com.tr/91534/?path=%2Fhome%2Fledbazaa%2Fvar%2F..%2F..%2F..%2Flib64%2Fpython3.12%2F..%2Fpython3.12%2F..%2Flibpython3.12.so.1.0','',1,0,'2026-06-24 18:43:32','0000-00-00 00:00:00',301),(79983,'https://3s-technologies.com.tr/tr/91534?path=/home/../lib64/ldb/../gconv/../python3.12/asyncio/../stringprep.py',NULL,'https://3s-technologies.com.tr/91534/?path=%2Fhome%2F..%2Flib64%2Fldb%2F..%2Fgconv%2F..%2Fpython3.12%2Fasyncio%2F..%2Fstringprep.py','',1,0,'2026-06-24 18:43:33','0000-00-00 00:00:00',301),(79984,'https://3s-technologies.com.tr/tr/91534?path=/home/../lib64/multipath/../apache2/../python3.6/contextlib.py',NULL,'https://3s-technologies.com.tr/91534/?path=%2Fhome%2F..%2Flib64%2Fmultipath%2F..%2Fapache2%2F..%2Fpython3.6%2Fcontextlib.py','',1,0,'2026-06-24 18:43:34','0000-00-00 00:00:00',301),(79985,'https://3s-technologies.com.tr/tr/91534?path=/home/ledbazaa/var/../php/docs/../../.wp-cli/../.wp-cli/../tmp',NULL,'https://3s-technologies.com.tr/91534/?path=%2Fhome%2Fledbazaa%2Fvar%2F..%2Fphp%2Fdocs%2F..%2F..%2F.wp-cli%2F..%2F.wp-cli%2F..%2Ftmp','',1,0,'2026-06-24 18:43:35','0000-00-00 00:00:00',301),(79986,'https://3s-technologies.com.tr/tr/91534?path=/home/../lib64/sse2/../python3.12/string.py',NULL,'https://3s-technologies.com.tr/91534/?path=%2Fhome%2F..%2Flib64%2Fsse2%2F..%2Fpython3.12%2Fstring.py','',1,0,'2026-06-24 18:43:36','0000-00-00 00:00:00',301),(79987,'https://3s-technologies.com.tr/tr/91534?path=/home/../lib64/multipath/../apache2/../python3.12/pathlib.py',NULL,'https://3s-technologies.com.tr/91534/?path=%2Fhome%2F..%2Flib64%2Fmultipath%2F..%2Fapache2%2F..%2Fpython3.12%2Fpathlib.py','',1,0,'2026-06-24 18:43:37','0000-00-00 00:00:00',301),(79988,'https://3s-technologies.com.tr/tr/91534?path=/home/../lib64/php/../sw/../python3.12/tkinter',NULL,'https://3s-technologies.com.tr/91534/?path=%2Fhome%2F..%2Flib64%2Fphp%2F..%2Fsw%2F..%2Fpython3.12%2Ftkinter','',1,0,'2026-06-24 18:43:38','0000-00-00 00:00:00',301),(79989,'https://3s-technologies.com.tr/tr/91534?path=/home/ledbazaa/var/../../../lib64/python3.12/../lua/../python2.7/popen2.py',NULL,'https://3s-technologies.com.tr/91534/?path=%2Fhome%2Fledbazaa%2Fvar%2F..%2F..%2F..%2Flib64%2Fpython3.12%2F..%2Flua%2F..%2Fpython2.7%2Fpopen2.py','',1,0,'2026-06-24 18:43:39','0000-00-00 00:00:00',301),(79990,'https://3s-technologies.com.tr/tr/91534?path=/home/../proc/acpi/../fs/../../dev/../tmp',NULL,'https://3s-technologies.com.tr/91534/?path=%2Fhome%2F..%2Fproc%2Facpi%2F..%2Ffs%2F..%2F..%2Fdev%2F..%2Ftmp','',1,0,'2026-06-24 18:43:40','0000-00-00 00:00:00',301),(79991,'https://3s-technologies.com.tr/tr/91534?path=/home/ledbazaa/var/../php/docs/../../ocartdata3/../../../proc/../../run',NULL,'https://3s-technologies.com.tr/91534/?path=%2Fhome%2Fledbazaa%2Fvar%2F..%2Fphp%2Fdocs%2F..%2F..%2Focartdata3%2F..%2F..%2F..%2Fproc%2F..%2F..%2Frun','',1,0,'2026-06-24 18:43:41','0000-00-00 00:00:00',301),(79992,'https://3s-technologies.com.tr/tr/91534?path=/home/../usr/lib64/php/../python2.7/importlib/../_weakrefset.py',NULL,'https://3s-technologies.com.tr/91534/?path=%2Fhome%2F..%2Fusr%2Flib64%2Fphp%2F..%2Fpython2.7%2Fimportlib%2F..%2F_weakrefset.py','',1,0,'2026-06-24 18:43:43','0000-00-00 00:00:00',301),(79993,'https://3s-technologies.com.tr/tr/91534?path=/home/../usr/lib64/php/../python2.7/importlib/../fpformat.py',NULL,'https://3s-technologies.com.tr/91534/?path=%2Fhome%2F..%2Fusr%2Flib64%2Fphp%2F..%2Fpython2.7%2Fimportlib%2F..%2Ffpformat.py','',1,0,'2026-06-24 18:43:43','0000-00-00 00:00:00',301),(79994,'https://3s-technologies.com.tr/tr/91534?path=/home/ledbazaa/var/../../../lib64/python3.6/json/../../python2.7/../libsegfault.so',NULL,'https://3s-technologies.com.tr/91534/?path=%2Fhome%2Fledbazaa%2Fvar%2F..%2F..%2F..%2Flib64%2Fpython3.6%2Fjson%2F..%2F..%2Fpython2.7%2F..%2FlibSegFault.so','',1,0,'2026-06-24 18:43:44','0000-00-00 00:00:00',301),(79995,'https://3s-technologies.com.tr/tr/91534?path=/home/ledbazaa/var/../../../lib64/python3.12/../enchant/../python2.7/../python3.12/fractions.py',NULL,'https://3s-technologies.com.tr/91534/?path=%2Fhome%2Fledbazaa%2Fvar%2F..%2F..%2F..%2Flib64%2Fpython3.12%2F..%2Fenchant%2F..%2Fpython2.7%2F..%2Fpython3.12%2Ffractions.py','',1,0,'2026-06-24 18:43:44','0000-00-00 00:00:00',301),(79996,'https://3s-technologies.com.tr/tr/91534?path=/home/../usr/lib64/php/../python2.7/importlib/../hashlib.py',NULL,'https://3s-technologies.com.tr/91534/?path=%2Fhome%2F..%2Fusr%2Flib64%2Fphp%2F..%2Fpython2.7%2Fimportlib%2F..%2Fhashlib.py','',1,0,'2026-06-24 18:43:45','0000-00-00 00:00:00',301),(79997,'https://3s-technologies.com.tr/tr/91534?path=/home/../lib64/php/.././apache2/../libbasicobjects.so.0',NULL,'https://3s-technologies.com.tr/91534/?path=%2Fhome%2F..%2Flib64%2Fphp%2F..%2F.%2Fapache2%2F..%2Flibbasicobjects.so.0','',1,0,'2026-06-24 18:43:45','0000-00-00 00:00:00',301),(79998,'https://3s-technologies.com.tr/tr/91534?path=/home/../lib64/php/../tls/../python2.7/tools/../filecmp.py',NULL,'https://3s-technologies.com.tr/91534/?path=%2Fhome%2F..%2Flib64%2Fphp%2F..%2Ftls%2F..%2Fpython2.7%2FTools%2F..%2Ffilecmp.py','',1,0,'2026-06-24 18:43:46','0000-00-00 00:00:00',301),(79999,'https://3s-technologies.com.tr/tr/91534?path=/home/ledbazaa/var/../../../lib64/python3.12/../lua/.././python3.6/test',NULL,'https://3s-technologies.com.tr/91534/?path=%2Fhome%2Fledbazaa%2Fvar%2F..%2F..%2F..%2Flib64%2Fpython3.12%2F..%2Flua%2F..%2F.%2Fpython3.6%2Ftest','',1,0,'2026-06-24 18:43:47','0000-00-00 00:00:00',301),(80000,'https://3s-technologies.com.tr/tr/91534?path=/home/ledbazaa/var/../../../lib64/libibverbs/../python3.6/../python2.7/../python2.7/new.pyc',NULL,'https://3s-technologies.com.tr/91534/?path=%2Fhome%2Fledbazaa%2Fvar%2F..%2F..%2F..%2Flib64%2Flibibverbs%2F..%2Fpython3.6%2F..%2Fpython2.7%2F..%2Fpython2.7%2Fnew.pyc','',1,0,'2026-06-24 18:43:48','0000-00-00 00:00:00',301),(80001,'https://3s-technologies.com.tr/tr/91534?path=/home/ledbazaa/var/../../../lib64/python3.12/../xtables/../python3.6/importlib/../../audit',NULL,'https://3s-technologies.com.tr/91534/?path=%2Fhome%2Fledbazaa%2Fvar%2F..%2F..%2F..%2Flib64%2Fpython3.12%2F..%2Fxtables%2F..%2Fpython3.6%2Fimportlib%2F..%2F..%2Faudit','',1,0,'2026-06-24 18:43:49','0000-00-00 00:00:00',301),(80002,'https://3s-technologies.com.tr/tr/91534?path=/home/../usr/lib64/php/../python2.7/json/../trace.py',NULL,'https://3s-technologies.com.tr/91534/?path=%2Fhome%2F..%2Fusr%2Flib64%2Fphp%2F..%2Fpython2.7%2Fjson%2F..%2Ftrace.py','',1,0,'2026-06-24 18:43:50','0000-00-00 00:00:00',301),(80003,'https://3s-technologies.com.tr/tr/91534?path=/home/ledbazaa/var/../php/docs/../../ocartdata3/../../../../dev/urandom',NULL,'https://3s-technologies.com.tr/91534/?path=%2Fhome%2Fledbazaa%2Fvar%2F..%2Fphp%2Fdocs%2F..%2F..%2Focartdata3%2F..%2F..%2F..%2F..%2Fdev%2Furandom','',1,0,'2026-06-24 18:43:51','0000-00-00 00:00:00',301),(80004,'https://3s-technologies.com.tr/tr/91534?path=/home/../lib64/ldb/../python3.6/distutils/../../libbasicobjects.so.0.1.0',NULL,'https://3s-technologies.com.tr/91534/?path=%2Fhome%2F..%2Flib64%2Fldb%2F..%2Fpython3.6%2Fdistutils%2F..%2F..%2Flibbasicobjects.so.0.1.0','',1,0,'2026-06-24 18:43:52','0000-00-00 00:00:00',301),(80005,'https://3s-technologies.com.tr/tr/91534?path=/home/ledbazaa/var/../../../lib64/python3.12/tomllib/../../python3.6/../libmcpp.so.0',NULL,'https://3s-technologies.com.tr/91534/?path=%2Fhome%2Fledbazaa%2Fvar%2F..%2F..%2F..%2Flib64%2Fpython3.12%2Ftomllib%2F..%2F..%2Fpython3.6%2F..%2Flibmcpp.so.0','',1,0,'2026-06-24 18:43:53','0000-00-00 00:00:00',301),(80006,'https://3s-technologies.com.tr/tr/91534?path=/home/ledbazaa/var/../../../lib64/libibverbs/../python3.6/../python2.7/../python2.7/bisect.pyo',NULL,'https://3s-technologies.com.tr/91534/?path=%2Fhome%2Fledbazaa%2Fvar%2F..%2F..%2F..%2Flib64%2Flibibverbs%2F..%2Fpython3.6%2F..%2Fpython2.7%2F..%2Fpython2.7%2Fbisect.pyo','',1,0,'2026-06-24 18:43:54','0000-00-00 00:00:00',301),(80007,'https://3s-technologies.com.tr/tr/91534?path=/home/ledbazaa/var/../../../usr/include/linux/../python3.6m/../limits.h',NULL,'https://3s-technologies.com.tr/91534/?path=%2Fhome%2Fledbazaa%2Fvar%2F..%2F..%2F..%2Fusr%2Finclude%2Flinux%2F..%2Fpython3.6m%2F..%2Flimits.h','',1,0,'2026-06-24 18:43:55','0000-00-00 00:00:00',301),(80008,'https://3s-technologies.com.tr/tr/91534?path=/home/../lib64/fwupd-plugins-5/../python3.12/../../lib/python3.12/../udev',NULL,'https://3s-technologies.com.tr/91534/?path=%2Fhome%2F..%2Flib64%2Ffwupd-plugins-5%2F..%2Fpython3.12%2F..%2F..%2Flib%2Fpython3.12%2F..%2Fudev','',1,0,'2026-06-24 18:43:56','0000-00-00 00:00:00',301),(80009,'https://3s-technologies.com.tr/tr/91534?path=/home/ledbazaa/var/../../../lib64/lua/../apache2/../lua/../python3.6/pydoc_data',NULL,'https://3s-technologies.com.tr/91534/?path=%2Fhome%2Fledbazaa%2Fvar%2F..%2F..%2F..%2Flib64%2Flua%2F..%2Fapache2%2F..%2Flua%2F..%2Fpython3.6%2Fpydoc_data','',1,0,'2026-06-24 18:43:57','0000-00-00 00:00:00',301),(80010,'https://3s-technologies.com.tr/tr/91534?path=/home/../lib64/ldb/../python3.6/distutils/../../gawk',NULL,'https://3s-technologies.com.tr/91534/?path=%2Fhome%2F..%2Flib64%2Fldb%2F..%2Fpython3.6%2Fdistutils%2F..%2F..%2Fgawk','',1,0,'2026-06-24 18:43:58','0000-00-00 00:00:00',301),(80011,'https://3s-technologies.com.tr/tr/91534?path=/home/ledbazaa/var/../../../lib64/python3.12/../xtables/../python3.6/../nss/../bind',NULL,'https://3s-technologies.com.tr/91534/?path=%2Fhome%2Fledbazaa%2Fvar%2F..%2F..%2F..%2Flib64%2Fpython3.12%2F..%2Fxtables%2F..%2Fpython3.6%2F..%2Fnss%2F..%2Fbind','',1,0,'2026-06-24 18:43:59','0000-00-00 00:00:00',301),(80012,'https://3s-technologies.com.tr/tr/91534?path=/home/../lib64/fwupd-plugins-5/../python3.12/../mysqlclient/../python3.6/../libcom_err.so',NULL,'https://3s-technologies.com.tr/91534/?path=%2Fhome%2F..%2Flib64%2Ffwupd-plugins-5%2F..%2Fpython3.12%2F..%2Fmysqlclient%2F..%2Fpython3.6%2F..%2Flibcom_err.so','',1,0,'2026-06-24 18:44:00','0000-00-00 00:00:00',301),(80013,'https://3s-technologies.com.tr/tr/91534?path=/home/ledbazaa/var/../php/docs/../../ssl/../.httprequest/../../../bin/hostid',NULL,'https://3s-technologies.com.tr/91534/?path=%2Fhome%2Fledbazaa%2Fvar%2F..%2Fphp%2Fdocs%2F..%2F..%2Fssl%2F..%2F.HttpRequest%2F..%2F..%2F..%2Fbin%2Fhostid','',1,0,'2026-06-24 18:44:01','0000-00-00 00:00:00',301),(80014,'https://3s-technologies.com.tr/tr/91534?path=/home/ledbazaa/var/../../../usr/include/linux/../python3.6m/../ext2fs',NULL,'https://3s-technologies.com.tr/91534/?path=%2Fhome%2Fledbazaa%2Fvar%2F..%2F..%2F..%2Fusr%2Finclude%2Flinux%2F..%2Fpython3.6m%2F..%2Fext2fs','',1,0,'2026-06-24 18:44:02','0000-00-00 00:00:00',301),(80015,'https://3s-technologies.com.tr/tr/91534?path=/home/ledbazaa/var/../../../lib64/python3.12/../python3.6/logging/../sqlite3/dbapi2.py',NULL,'https://3s-technologies.com.tr/91534/?path=%2Fhome%2Fledbazaa%2Fvar%2F..%2F..%2F..%2Flib64%2Fpython3.12%2F..%2Fpython3.6%2Flogging%2F..%2Fsqlite3%2Fdbapi2.py','',1,0,'2026-06-24 18:44:03','0000-00-00 00:00:00',301),(80016,'https://3s-technologies.com.tr/tr/91534?path=/home/ledbazaa/var/../../../lib64/python3.12/../xtables/../python3.6/importlib/../../sse2',NULL,'https://3s-technologies.com.tr/91534/?path=%2Fhome%2Fledbazaa%2Fvar%2F..%2F..%2F..%2Flib64%2Fpython3.12%2F..%2Fxtables%2F..%2Fpython3.6%2Fimportlib%2F..%2F..%2Fsse2','',1,0,'2026-06-24 18:44:04','0000-00-00 00:00:00',301),(80017,'https://3s-technologies.com.tr/tr/91534?path=/home/../lib64/php/../security/../../bin/bashbug-64',NULL,'https://3s-technologies.com.tr/91534/?path=%2Fhome%2F..%2Flib64%2Fphp%2F..%2Fsecurity%2F..%2F..%2Fbin%2Fbashbug-64','',1,0,'2026-06-24 18:44:05','0000-00-00 00:00:00',301),(80018,'https://3s-technologies.com.tr/tr/91534?path=/home/ledbazaa/var/../../../lib64/lua/../apache2/../python2.7/../libcom_err.so',NULL,'https://3s-technologies.com.tr/91534/?path=%2Fhome%2Fledbazaa%2Fvar%2F..%2F..%2F..%2Flib64%2Flua%2F..%2Fapache2%2F..%2Fpython2.7%2F..%2Flibcom_err.so','',1,0,'2026-06-24 18:44:06','0000-00-00 00:00:00',301),(80019,'http://3s-technologies.com.tr/en/275a9?d=2f686f6d652f6c656462617a61612f7075626c69635f68746d6c2f33732d746563686e6f6c6f676965732e636f6d2e74722f6a6f6f6d6c61',NULL,'','',1,0,'2026-06-24 18:44:07','0000-00-00 00:00:00',301),(80020,'https://3s-technologies.com.tr/tr/91534?path=/home/ledbazaa/var/../php/docs/../../ssl/../.httprequest/../../../bin/hostname',NULL,'https://3s-technologies.com.tr/91534/?path=%2Fhome%2Fledbazaa%2Fvar%2F..%2Fphp%2Fdocs%2F..%2F..%2Fssl%2F..%2F.HttpRequest%2F..%2F..%2F..%2Fbin%2Fhostname','',1,0,'2026-06-24 18:44:07','0000-00-00 00:00:00',301),(80021,'https://3s-technologies.com.tr/tr/91534?path=/home/ledbazaa/var/../../../lib64/lua/../apache2/../lua/../python2.7/asynchat.py',NULL,'https://3s-technologies.com.tr/91534/?path=%2Fhome%2Fledbazaa%2Fvar%2F..%2F..%2F..%2Flib64%2Flua%2F..%2Fapache2%2F..%2Flua%2F..%2Fpython2.7%2Fasynchat.py','',1,0,'2026-06-24 18:44:08','0000-00-00 00:00:00',301),(80022,'https://3s-technologies.com.tr/tr/91534?path=/home/../lib64/gio/../dovecot/../python3.12/sqlite3/../../libtalloc.so.2',NULL,'https://3s-technologies.com.tr/91534/?path=%2Fhome%2F..%2Flib64%2Fgio%2F..%2Fdovecot%2F..%2Fpython3.12%2Fsqlite3%2F..%2F..%2Flibtalloc.so.2','',1,0,'2026-06-24 18:44:09','0000-00-00 00:00:00',301),(80023,'https://3s-technologies.com.tr/tr/91534?path=/home/ledbazaa/var/../../../lib64/libibverbs/../python3.6/../python2.7/../python2.7/traceback.pyo',NULL,'https://3s-technologies.com.tr/91534/?path=%2Fhome%2Fledbazaa%2Fvar%2F..%2F..%2F..%2Flib64%2Flibibverbs%2F..%2Fpython3.6%2F..%2Fpython2.7%2F..%2Fpython2.7%2Ftraceback.pyo','',1,0,'2026-06-24 18:44:10','0000-00-00 00:00:00',301),(80024,'https://3s-technologies.com.tr/tr/91534?path=/home/ledbazaa/var/../php/../led-bazaar.net/../../../../lib64/python2.7/../python3.12/uu.py',NULL,'https://3s-technologies.com.tr/91534/?path=%2Fhome%2Fledbazaa%2Fvar%2F..%2Fphp%2F..%2Fled-bazaar.net%2F..%2F..%2F..%2F..%2Flib64%2Fpython2.7%2F..%2Fpython3.12%2Fuu.py','',1,0,'2026-06-24 18:44:11','0000-00-00 00:00:00',301),(80025,'https://3s-technologies.com.tr/tr/91534?path=/home/ledbazaa/var/../php/.././../../lib64/python2.7/sqlite3/../../libmcpp.so.0',NULL,'https://3s-technologies.com.tr/91534/?path=%2Fhome%2Fledbazaa%2Fvar%2F..%2Fphp%2F..%2F.%2F..%2F..%2Flib64%2Fpython2.7%2Fsqlite3%2F..%2F..%2Flibmcpp.so.0','',1,0,'2026-06-24 18:44:12','0000-00-00 00:00:00',301),(80026,'https://3s-technologies.com.tr/tr/91534?path=/home/../usr/src/../include/obstack.h',NULL,'https://3s-technologies.com.tr/91534/?path=%2Fhome%2F..%2Fusr%2Fsrc%2F..%2Finclude%2Fobstack.h','',1,0,'2026-06-24 18:44:13','0000-00-00 00:00:00',301),(80027,'https://3s-technologies.com.tr/tr/91534?path=/home/ledbazaa/var/../../../lib64/lua/../apache2/../lua/../python2.7/user.pyo',NULL,'https://3s-technologies.com.tr/91534/?path=%2Fhome%2Fledbazaa%2Fvar%2F..%2F..%2F..%2Flib64%2Flua%2F..%2Fapache2%2F..%2Flua%2F..%2Fpython2.7%2Fuser.pyo','',1,0,'2026-06-24 18:44:14','0000-00-00 00:00:00',301),(80028,'https://3s-technologies.com.tr/tr/91534?path=/home/../lib64/fwupd-plugins-5/../python3.12/../python3.12/ast.py',NULL,'https://3s-technologies.com.tr/91534/?path=%2Fhome%2F..%2Flib64%2Ffwupd-plugins-5%2F..%2Fpython3.12%2F..%2Fpython3.12%2Fast.py','',1,0,'2026-06-24 18:44:15','0000-00-00 00:00:00',301),(80029,'https://3s-technologies.com.tr/tr/91534?path=/home/ledbazaa/var/../php/docs/../../ssl/../.httprequest/../../../bin/funzip',NULL,'https://3s-technologies.com.tr/91534/?path=%2Fhome%2Fledbazaa%2Fvar%2F..%2Fphp%2Fdocs%2F..%2F..%2Fssl%2F..%2F.HttpRequest%2F..%2F..%2F..%2Fbin%2Ffunzip','',1,0,'2026-06-24 18:44:16','0000-00-00 00:00:00',301),(80030,'https://3s-technologies.com.tr/tr/91534?path=/home/ledbazaa/var/../../../lib64/python3.6/json/../../python2.7/../libauthselect.so.3',NULL,'https://3s-technologies.com.tr/91534/?path=%2Fhome%2Fledbazaa%2Fvar%2F..%2F..%2F..%2Flib64%2Fpython3.6%2Fjson%2F..%2F..%2Fpython2.7%2F..%2Flibauthselect.so.3','',1,0,'2026-06-24 18:44:17','0000-00-00 00:00:00',301),(80031,'https://3s-technologies.com.tr/tr/91534?path=/home/../lib64/php/../security/../../bin/kill',NULL,'https://3s-technologies.com.tr/91534/?path=%2Fhome%2F..%2Flib64%2Fphp%2F..%2Fsecurity%2F..%2F..%2Fbin%2Fkill','',1,0,'2026-06-24 18:44:18','0000-00-00 00:00:00',301),(80032,'https://3s-technologies.com.tr/tr/91534?path=/home/../usr/lib64/php/../python2.7/json/../hashlib.py',NULL,'https://3s-technologies.com.tr/91534/?path=%2Fhome%2F..%2Fusr%2Flib64%2Fphp%2F..%2Fpython2.7%2Fjson%2F..%2Fhashlib.py','',1,0,'2026-06-24 18:44:19','0000-00-00 00:00:00',301),(80033,'https://3s-technologies.com.tr/tr/91534?path=/home/ledbazaa/var/../../../lib64/lua/../apache2/../lua/../python3.6/__phello__.foo.py',NULL,'https://3s-technologies.com.tr/91534/?path=%2Fhome%2Fledbazaa%2Fvar%2F..%2F..%2F..%2Flib64%2Flua%2F..%2Fapache2%2F..%2Flua%2F..%2Fpython3.6%2F__phello__.foo.py','',1,0,'2026-06-24 18:44:20','0000-00-00 00:00:00',301),(80034,'https://3s-technologies.com.tr/tr/91534?path=/home/ledbazaa/var/../../../lib64/lua/../apache2/../python2.7/../libblockdev.so.2',NULL,'https://3s-technologies.com.tr/91534/?path=%2Fhome%2Fledbazaa%2Fvar%2F..%2F..%2F..%2Flib64%2Flua%2F..%2Fapache2%2F..%2Fpython2.7%2F..%2Flibblockdev.so.2','',1,0,'2026-06-24 18:44:21','0000-00-00 00:00:00',301),(80035,'https://3s-technologies.com.tr/tr/91534?path=/home/ledbazaa/var/../../../usr/include/linux/../python3.6m/../pthread.h',NULL,'https://3s-technologies.com.tr/91534/?path=%2Fhome%2Fledbazaa%2Fvar%2F..%2F..%2F..%2Fusr%2Finclude%2Flinux%2F..%2Fpython3.6m%2F..%2Fpthread.h','',1,0,'2026-06-24 18:44:22','0000-00-00 00:00:00',301),(80036,'https://3s-technologies.com.tr/tr/91534?path=/home/ledbazaa/var/../../../lib64/lua/../apache2/../lua/../python2.7/mhlib.pyc',NULL,'https://3s-technologies.com.tr/91534/?path=%2Fhome%2Fledbazaa%2Fvar%2F..%2F..%2F..%2Flib64%2Flua%2F..%2Fapache2%2F..%2Flua%2F..%2Fpython2.7%2Fmhlib.pyc','',1,0,'2026-06-24 18:44:23','0000-00-00 00:00:00',301),(80037,'https://3s-technologies.com.tr/tr/91534?path=/home/../lib64/fwupd-plugins-5/../python3.12/../python3.12/concurrent/../../mysqlclient-compat',NULL,'https://3s-technologies.com.tr/91534/?path=%2Fhome%2F..%2Flib64%2Ffwupd-plugins-5%2F..%2Fpython3.12%2F..%2Fpython3.12%2Fconcurrent%2F..%2F..%2Fmysqlclient-compat','',1,0,'2026-06-24 18:44:24','0000-00-00 00:00:00',301),(80038,'https://3s-technologies.com.tr/tr/91534?path=/home/ledbazaa/var/../../../usr/include/../include/python3.6m/../jerror.h',NULL,'https://3s-technologies.com.tr/91534/?path=%2Fhome%2Fledbazaa%2Fvar%2F..%2F..%2F..%2Fusr%2Finclude%2F..%2Finclude%2Fpython3.6m%2F..%2Fjerror.h','',1,0,'2026-06-24 18:44:25','0000-00-00 00:00:00',301),(80039,'https://3s-technologies.com.tr/tr/91534?path=/home/ledbazaa/var/../php/docs/../../ssl/../.httprequest/../../../bin/basename',NULL,'https://3s-technologies.com.tr/91534/?path=%2Fhome%2Fledbazaa%2Fvar%2F..%2Fphp%2Fdocs%2F..%2F..%2Fssl%2F..%2F.HttpRequest%2F..%2F..%2F..%2Fbin%2Fbasename','',1,0,'2026-06-24 18:44:26','0000-00-00 00:00:00',301),(80040,'https://3s-technologies.com.tr/tr/91534?path=/home/../lib64/fwupd-plugins-5/../python3.12/../mysqlclient/../python3.6/../mysql',NULL,'https://3s-technologies.com.tr/91534/?path=%2Fhome%2F..%2Flib64%2Ffwupd-plugins-5%2F..%2Fpython3.12%2F..%2Fmysqlclient%2F..%2Fpython3.6%2F..%2Fmysql','',1,0,'2026-06-24 18:44:27','0000-00-00 00:00:00',301),(80041,'https://3s-technologies.com.tr/tr/91534?path=/home/ledbazaa/var/../php/docs/../../ssl/../.httprequest/../../../bin/tar',NULL,'https://3s-technologies.com.tr/91534/?path=%2Fhome%2Fledbazaa%2Fvar%2F..%2Fphp%2Fdocs%2F..%2F..%2Fssl%2F..%2F.HttpRequest%2F..%2F..%2F..%2Fbin%2Ftar','',1,0,'2026-06-24 18:44:28','0000-00-00 00:00:00',301),(80042,'https://3s-technologies.com.tr/tr/91534?path=/home/ledbazaa/var/../../../lib64/python3.12/../enchant/../python2.7/../python3.12/io.py',NULL,'https://3s-technologies.com.tr/91534/?path=%2Fhome%2Fledbazaa%2Fvar%2F..%2F..%2F..%2Flib64%2Fpython3.12%2F..%2Fenchant%2F..%2Fpython2.7%2F..%2Fpython3.12%2Fio.py','',1,0,'2026-06-24 18:44:29','0000-00-00 00:00:00',301),(80043,'https://3s-technologies.com.tr/tr/91534?path=/home/ledbazaa/var/../../../lib64/python3.12/../xtables/../python3.6/test/../pathlib.py',NULL,'https://3s-technologies.com.tr/91534/?path=%2Fhome%2Fledbazaa%2Fvar%2F..%2F..%2F..%2Flib64%2Fpython3.12%2F..%2Fxtables%2F..%2Fpython3.6%2Ftest%2F..%2Fpathlib.py','',1,0,'2026-06-24 18:44:31','0000-00-00 00:00:00',301),(80044,'https://3s-technologies.com.tr/tr/91534?path=/home/ledbazaa/var/../../../lib64/libibverbs/../python3.6/../python2.7/../python2.7/popen2.pyc',NULL,'https://3s-technologies.com.tr/91534/?path=%2Fhome%2Fledbazaa%2Fvar%2F..%2F..%2F..%2Flib64%2Flibibverbs%2F..%2Fpython3.6%2F..%2Fpython2.7%2F..%2Fpython2.7%2Fpopen2.pyc','',1,0,'2026-06-24 18:44:32','0000-00-00 00:00:00',301),(80045,'https://3s-technologies.com.tr/tr/91534?path=/home/ledbazaa/.wp-cli/../../../usr/include/python2.7/structseq.h',NULL,'https://3s-technologies.com.tr/91534/?path=%2Fhome%2Fledbazaa%2F.wp-cli%2F..%2F..%2F..%2Fusr%2Finclude%2Fpython2.7%2Fstructseq.h','',1,0,'2026-06-24 18:44:33','0000-00-00 00:00:00',301),(80046,'https://3s-technologies.com.tr/tr/91534?path=/home/../lib64/php/.././apache2/../python3.12/wave.py',NULL,'https://3s-technologies.com.tr/91534/?path=%2Fhome%2F..%2Flib64%2Fphp%2F..%2F.%2Fapache2%2F..%2Fpython3.12%2Fwave.py','',1,0,'2026-06-24 18:44:34','0000-00-00 00:00:00',301),(80047,'https://3s-technologies.com.tr/tr/91534?path=/home/ledbazaa/var/../../../lib64/python3.12/../enchant/../python2.7/../python3.12/telnetlib.py',NULL,'https://3s-technologies.com.tr/91534/?path=%2Fhome%2Fledbazaa%2Fvar%2F..%2F..%2F..%2Flib64%2Fpython3.12%2F..%2Fenchant%2F..%2Fpython2.7%2F..%2Fpython3.12%2Ftelnetlib.py','',1,0,'2026-06-24 18:44:35','0000-00-00 00:00:00',301),(80048,'https://3s-technologies.com.tr/tr/91534?path=/home/../usr/lib64/php/../python2.7/json/../simplehttpserver.pyc',NULL,'https://3s-technologies.com.tr/91534/?path=%2Fhome%2F..%2Fusr%2Flib64%2Fphp%2F..%2Fpython2.7%2Fjson%2F..%2FSimpleHTTPServer.pyc','',1,0,'2026-06-24 18:44:36','0000-00-00 00:00:00',301),(80049,'https://3s-technologies.com.tr/tr/91534?path=/home/ledbazaa/var/../../../lib64/python3.12/../lua/../python2.7/new.py',NULL,'https://3s-technologies.com.tr/91534/?path=%2Fhome%2Fledbazaa%2Fvar%2F..%2F..%2F..%2Flib64%2Fpython3.12%2F..%2Flua%2F..%2Fpython2.7%2Fnew.py','',1,0,'2026-06-24 18:44:37','0000-00-00 00:00:00',301),(80050,'https://3s-technologies.com.tr/tr/91534?path=/home/ledbazaa/var/../php/../led-bazaar.net/../../../../lib64/python2.7/../python3.12/tty.py',NULL,'https://3s-technologies.com.tr/91534/?path=%2Fhome%2Fledbazaa%2Fvar%2F..%2Fphp%2F..%2Fled-bazaar.net%2F..%2F..%2F..%2F..%2Flib64%2Fpython2.7%2F..%2Fpython3.12%2Ftty.py','',1,0,'2026-06-24 18:44:38','0000-00-00 00:00:00',301),(80051,'https://3s-technologies.com.tr/tr/91534?path=/home/ledbazaa/var/../../../lib64/python3.12/../enchant/../python2.7/../python3.12/http',NULL,'https://3s-technologies.com.tr/91534/?path=%2Fhome%2Fledbazaa%2Fvar%2F..%2F..%2F..%2Flib64%2Fpython3.12%2F..%2Fenchant%2F..%2Fpython2.7%2F..%2Fpython3.12%2Fhttp','',1,0,'2026-06-24 18:44:39','0000-00-00 00:00:00',301),(80052,'https://3s-technologies.com.tr/tr/91534?path=/home/../usr/lib64/php/../python2.7/json/../weakref.py',NULL,'https://3s-technologies.com.tr/91534/?path=%2Fhome%2F..%2Fusr%2Flib64%2Fphp%2F..%2Fpython2.7%2Fjson%2F..%2Fweakref.py','',1,0,'2026-06-24 18:44:40','0000-00-00 00:00:00',301),(80053,'https://3s-technologies.com.tr/tr/91534?path=/home/../lib64/sse2/../lua/../python3.6/weakref.py',NULL,'https://3s-technologies.com.tr/91534/?path=%2Fhome%2F..%2Flib64%2Fsse2%2F..%2Flua%2F..%2Fpython3.6%2Fweakref.py','',1,0,'2026-06-24 18:44:41','0000-00-00 00:00:00',301),(80054,'https://3s-technologies.com.tr/tr/91534?path=/home/ledbazaa/var/../../../etc/cl.php.d/../default/../cl.python/../cl.nodejs',NULL,'https://3s-technologies.com.tr/91534/?path=%2Fhome%2Fledbazaa%2Fvar%2F..%2F..%2F..%2Fetc%2Fcl.php.d%2F..%2Fdefault%2F..%2Fcl.python%2F..%2Fcl.nodejs','',1,0,'2026-06-24 18:44:42','0000-00-00 00:00:00',301),(80055,'https://3s-technologies.com.tr/tr/91534?path=/home/../lib64/php/../apache2/../apache2/../redis',NULL,'https://3s-technologies.com.tr/91534/?path=%2Fhome%2F..%2Flib64%2Fphp%2F..%2Fapache2%2F..%2Fapache2%2F..%2Fredis','',1,0,'2026-06-24 18:44:43','0000-00-00 00:00:00',301),(80056,'https://3s-technologies.com.tr/tr/91534?path=/home/ledbazaa/var/../../../lib64/multipath/../gssproxy/../python3.6/../python3.12/codeop.py',NULL,'https://3s-technologies.com.tr/91534/?path=%2Fhome%2Fledbazaa%2Fvar%2F..%2F..%2F..%2Flib64%2Fmultipath%2F..%2Fgssproxy%2F..%2Fpython3.6%2F..%2Fpython3.12%2Fcodeop.py','',1,0,'2026-06-24 18:44:44','0000-00-00 00:00:00',301),(80057,'https://3s-technologies.com.tr/tr/91534?path=/home/../lib64/fwupd-plugins-5/../python3.12/../php/../python2.7/_abcoll.py',NULL,'https://3s-technologies.com.tr/91534/?path=%2Fhome%2F..%2Flib64%2Ffwupd-plugins-5%2F..%2Fpython3.12%2F..%2Fphp%2F..%2Fpython2.7%2F_abcoll.py','',1,0,'2026-06-24 18:44:45','0000-00-00 00:00:00',301),(80058,'https://3s-technologies.com.tr/tr/91534?path=/home/../lib64/fwupd-plugins-5/../python3.12/../php/../python2.7/posixpath.pyc',NULL,'https://3s-technologies.com.tr/91534/?path=%2Fhome%2F..%2Flib64%2Ffwupd-plugins-5%2F..%2Fpython3.12%2F..%2Fphp%2F..%2Fpython2.7%2Fposixpath.pyc','',1,0,'2026-06-24 18:44:46','0000-00-00 00:00:00',301),(80059,'https://3s-technologies.com.tr/tr/91534?path=/home/../lib64/fwupd-plugins-5/../python3.12/../php/../python3.6/plistlib.py',NULL,'https://3s-technologies.com.tr/91534/?path=%2Fhome%2F..%2Flib64%2Ffwupd-plugins-5%2F..%2Fpython3.12%2F..%2Fphp%2F..%2Fpython3.6%2Fplistlib.py','',1,0,'2026-06-24 18:44:47','0000-00-00 00:00:00',301),(80060,'https://3s-technologies.com.tr/tr/91534?path=/home/ledbazaa/cache/./../php/../php/../ssl/../.httprequest/..',NULL,'https://3s-technologies.com.tr/91534/?path=%2Fhome%2Fledbazaa%2Fcache%2F.%2F..%2Fphp%2F..%2Fphp%2F..%2Fssl%2F..%2F.HttpRequest%2F..','',1,0,'2026-06-24 18:44:48','0000-00-00 00:00:00',301),(80061,'https://3s-technologies.com.tr/tr/91534?path=/home/ledbazaa/var/../../../lib64/lua/.././python2.7/sqlite3/../code.pyc',NULL,'https://3s-technologies.com.tr/91534/?path=%2Fhome%2Fledbazaa%2Fvar%2F..%2F..%2F..%2Flib64%2Flua%2F..%2F.%2Fpython2.7%2Fsqlite3%2F..%2Fcode.pyc','',1,0,'2026-06-24 18:44:49','0000-00-00 00:00:00',301),(80062,'https://3s-technologies.com.tr/tr/91534?path=/home/ledbazaa/var/../../../lib64/lua/./../python2.7/sqlite3/../code.pyc',NULL,'https://3s-technologies.com.tr/91534/?path=%2Fhome%2Fledbazaa%2Fvar%2F..%2F..%2F..%2Flib64%2Flua%2F.%2F..%2Fpython2.7%2Fsqlite3%2F..%2Fcode.pyc','',1,0,'2026-06-24 18:44:50','0000-00-00 00:00:00',301),(80063,'https://3s-technologies.com.tr/tr/91534?path=/home/ledbazaa/.wp-cli/../.wp-cli/../mail/../var/../.httprequest/../.httprequest/../php',NULL,'https://3s-technologies.com.tr/91534/?path=%2Fhome%2Fledbazaa%2F.wp-cli%2F..%2F.wp-cli%2F..%2Fmail%2F..%2Fvar%2F..%2F.HttpRequest%2F..%2F.HttpRequest%2F..%2Fphp','',1,0,'2026-06-24 18:44:51','0000-00-00 00:00:00',301),(80064,'https://3s-technologies.com.tr/tr/91534?path=/home/../lib64/python3.6/sqlite3/../../libmodulemd.so.2',NULL,'https://3s-technologies.com.tr/91534/?path=%2Fhome%2F..%2Flib64%2Fpython3.6%2Fsqlite3%2F..%2F..%2Flibmodulemd.so.2','',1,0,'2026-06-24 18:44:52','0000-00-00 00:00:00',301),(80065,'https://3s-technologies.com.tr/tr/91534?path=/home/ledbazaa/var/../../../usr/include/netinet/../netinet/../python3.6m/..',NULL,'https://3s-technologies.com.tr/91534/?path=%2Fhome%2Fledbazaa%2Fvar%2F..%2F..%2F..%2Fusr%2Finclude%2Fnetinet%2F..%2Fnetinet%2F..%2Fpython3.6m%2F..','',1,0,'2026-06-24 18:44:53','0000-00-00 00:00:00',301),(80066,'https://3s-technologies.com.tr/tr/91534?path=/home/../usr/lib64/php/../bind/../php',NULL,'https://3s-technologies.com.tr/91534/?path=%2Fhome%2F..%2Fusr%2Flib64%2Fphp%2F..%2Fbind%2F..%2Fphp','',1,0,'2026-06-24 18:44:54','0000-00-00 00:00:00',301),(80067,'https://3s-technologies.com.tr/tr/91534?path=/home/../lib64/fwupd-plugins-5/../python3.12/../php/../python2.7/markupbase.pyc',NULL,'https://3s-technologies.com.tr/91534/?path=%2Fhome%2F..%2Flib64%2Ffwupd-plugins-5%2F..%2Fpython3.12%2F..%2Fphp%2F..%2Fpython2.7%2Fmarkupbase.pyc','',1,0,'2026-06-24 18:44:55','0000-00-00 00:00:00',301),(80068,'https://3s-technologies.com.tr/tr/91534?path=/home/ledbazaa/var/../../../lib64/x11/../apache2/../python2.7/.././../../dev',NULL,'https://3s-technologies.com.tr/91534/?path=%2Fhome%2Fledbazaa%2Fvar%2F..%2F..%2F..%2Flib64%2FX11%2F..%2Fapache2%2F..%2Fpython2.7%2F..%2F.%2F..%2F..%2Fdev','',1,0,'2026-06-24 18:44:56','0000-00-00 00:00:00',301),(80069,'https://3s-technologies.com.tr/tr/91534?path=/home/../lib64/ldb/../gconv/../apache2/../rpm-plugins/../python2.7/socketserver.pyo',NULL,'https://3s-technologies.com.tr/91534/?path=%2Fhome%2F..%2Flib64%2Fldb%2F..%2Fgconv%2F..%2Fapache2%2F..%2Frpm-plugins%2F..%2Fpython2.7%2FSocketServer.pyo','',1,0,'2026-06-24 18:44:57','0000-00-00 00:00:00',301),(80070,'https://3s-technologies.com.tr/tr/91534?path=/home/../usr/src/../bin/../include/malloc.h',NULL,'https://3s-technologies.com.tr/91534/?path=%2Fhome%2F..%2Fusr%2Fsrc%2F..%2Fbin%2F..%2Finclude%2Fmalloc.h','',1,0,'2026-06-24 18:44:58','0000-00-00 00:00:00',301),(80071,'https://3s-technologies.com.tr/tr/91534?path=/home/ledbazaa/var/../../../lib64/lua/../apache2/../bind/../python3.6/bdb.py',NULL,'https://3s-technologies.com.tr/91534/?path=%2Fhome%2Fledbazaa%2Fvar%2F..%2F..%2F..%2Flib64%2Flua%2F..%2Fapache2%2F..%2Fbind%2F..%2Fpython3.6%2Fbdb.py','',1,0,'2026-06-24 18:44:59','0000-00-00 00:00:00',301),(80072,'https://3s-technologies.com.tr/tr/91534?path=/home/ledbazaa/var/../../../lib64/python3.12/../xtables/../python3.6/distutils/../macpath.py',NULL,'https://3s-technologies.com.tr/91534/?path=%2Fhome%2Fledbazaa%2Fvar%2F..%2F..%2F..%2Flib64%2Fpython3.12%2F..%2Fxtables%2F..%2Fpython3.6%2Fdistutils%2F..%2Fmacpath.py','',1,0,'2026-06-24 18:45:00','0000-00-00 00:00:00',301),(80073,'https://3s-technologies.com.tr/tr/91534?path=/home/ledbazaa/var/../../../lib64/python3.12/re/../../bind/../python3.6/./struct.py',NULL,'https://3s-technologies.com.tr/91534/?path=%2Fhome%2Fledbazaa%2Fvar%2F..%2F..%2F..%2Flib64%2Fpython3.12%2Fre%2F..%2F..%2Fbind%2F..%2Fpython3.6%2F.%2Fstruct.py','',1,0,'2026-06-24 18:45:00','0000-00-00 00:00:00',301),(80074,'https://3s-technologies.com.tr/tr/91534?path=/home/ledbazaa/var/../php/docs/../../.sqmailattach/../../../lib64/python3.6',NULL,'https://3s-technologies.com.tr/91534/?path=%2Fhome%2Fledbazaa%2Fvar%2F..%2Fphp%2Fdocs%2F..%2F..%2F.sqmailattach%2F..%2F..%2F..%2Flib64%2Fpython3.6','',1,0,'2026-06-24 18:45:01','0000-00-00 00:00:00',301),(80075,'https://3s-technologies.com.tr/tr/91534?path=/home/ledbazaa/var/../php/docs/../../bin/../.httprequest/../.httprequest',NULL,'https://3s-technologies.com.tr/91534/?path=%2Fhome%2Fledbazaa%2Fvar%2F..%2Fphp%2Fdocs%2F..%2F..%2Fbin%2F..%2F.HttpRequest%2F..%2F.HttpRequest','',1,0,'2026-06-24 18:45:01','0000-00-00 00:00:00',301),(80076,'https://3s-technologies.com.tr/tr/91534?path=/home/ledbazaa/var/../php/../.cl.selector/../../../sbin/../include/python2.7/funcobject.h',NULL,'https://3s-technologies.com.tr/91534/?path=%2Fhome%2Fledbazaa%2Fvar%2F..%2Fphp%2F..%2F.cl.selector%2F..%2F..%2F..%2Fsbin%2F..%2Finclude%2Fpython2.7%2Ffuncobject.h','',1,0,'2026-06-24 18:45:02','0000-00-00 00:00:00',301),(80077,'https://3s-technologies.com.tr/tr/91534?path=/home/ledbazaa/var/../../../lib64/python3.12/../games/../python3.12/../libwebpdecoder.so.3',NULL,'https://3s-technologies.com.tr/91534/?path=%2Fhome%2Fledbazaa%2Fvar%2F..%2F..%2F..%2Flib64%2Fpython3.12%2F..%2Fgames%2F..%2Fpython3.12%2F..%2Flibwebpdecoder.so.3','',1,0,'2026-06-24 18:45:03','0000-00-00 00:00:00',301),(80078,'https://3s-technologies.com.tr/tr/91534?path=/home/ledbazaa/var/../../../lib64/python3.12/re/../tkinter/../../python3.6/symtable.py',NULL,'https://3s-technologies.com.tr/91534/?path=%2Fhome%2Fledbazaa%2Fvar%2F..%2F..%2F..%2Flib64%2Fpython3.12%2Fre%2F..%2Ftkinter%2F..%2F..%2Fpython3.6%2Fsymtable.py','',1,0,'2026-06-24 18:45:04','0000-00-00 00:00:00',301),(80079,'https://3s-technologies.com.tr/tr/91534?path=/home/ledbazaa/var/../../../lib64/lua/../apache2/../lua/../python2.7/linecache.pyo',NULL,'https://3s-technologies.com.tr/91534/?path=%2Fhome%2Fledbazaa%2Fvar%2F..%2F..%2F..%2Flib64%2Flua%2F..%2Fapache2%2F..%2Flua%2F..%2Fpython2.7%2Flinecache.pyo','',1,0,'2026-06-24 18:45:05','0000-00-00 00:00:00',301),(80080,'https://3s-technologies.com.tr/tr/91534?path=/home/../usr/share/vim/../../include/sys',NULL,'https://3s-technologies.com.tr/91534/?path=%2Fhome%2F..%2Fusr%2Fshare%2Fvim%2F..%2F..%2Finclude%2Fsys','',1,0,'2026-06-24 18:45:06','0000-00-00 00:00:00',301),(80081,'https://3s-technologies.com.tr/tr/91534?path=/home/ledbazaa/var/../../../lib64/python3.12/../xtables/../python3.6/../multipath',NULL,'https://3s-technologies.com.tr/91534/?path=%2Fhome%2Fledbazaa%2Fvar%2F..%2F..%2F..%2Flib64%2Fpython3.12%2F..%2Fxtables%2F..%2Fpython3.6%2F..%2Fmultipath','',1,0,'2026-06-24 18:45:07','0000-00-00 00:00:00',301),(80082,'https://3s-technologies.com.tr/tr/91534?path=/home/ledbazaa/var/../../../lib64/python3.12/../python3.12/sqlite3/../base64.py',NULL,'https://3s-technologies.com.tr/91534/?path=%2Fhome%2Fledbazaa%2Fvar%2F..%2F..%2F..%2Flib64%2Fpython3.12%2F..%2Fpython3.12%2Fsqlite3%2F..%2Fbase64.py','',1,0,'2026-06-24 18:45:08','0000-00-00 00:00:00',301),(80083,'https://3s-technologies.com.tr/tr/91534?path=/home/ledbazaa/var/../../../lib64/python3.12/../lua/../python2.7/asynchat.py',NULL,'https://3s-technologies.com.tr/91534/?path=%2Fhome%2Fledbazaa%2Fvar%2F..%2F..%2F..%2Flib64%2Fpython3.12%2F..%2Flua%2F..%2Fpython2.7%2Fasynchat.py','',1,0,'2026-06-24 18:45:09','0000-00-00 00:00:00',301),(80084,'https://3s-technologies.com.tr/tr/91534?path=/home/ledbazaa/cache/./../.wp-cli/../../../opt/../bin/../..',NULL,'https://3s-technologies.com.tr/91534/?path=%2Fhome%2Fledbazaa%2Fcache%2F.%2F..%2F.wp-cli%2F..%2F..%2F..%2Fopt%2F..%2Fbin%2F..%2F..','',1,0,'2026-06-24 18:45:10','0000-00-00 00:00:00',301),(80085,'https://3s-technologies.com.tr/tr/91534?path=/home/ledbazaa/.ssh/../../../dev/..',NULL,'https://3s-technologies.com.tr/91534/?path=%2Fhome%2Fledbazaa%2F.ssh%2F..%2F..%2F..%2Fdev%2F..','',1,0,'2026-06-24 18:45:11','0000-00-00 00:00:00',301),(80086,'https://3s-technologies.com.tr/tr/91534?path=/home/../lib64/gio/../python3.12/sqlite3/../datetime.py',NULL,'https://3s-technologies.com.tr/91534/?path=%2Fhome%2F..%2Flib64%2Fgio%2F..%2Fpython3.12%2Fsqlite3%2F..%2Fdatetime.py','',1,0,'2026-06-24 18:45:12','0000-00-00 00:00:00',301),(80087,'https://3s-technologies.com.tr/tr/91534?path=/home/ledbazaa/var/../../../usr/include/../include/python2.7/../autosprintf.h',NULL,'https://3s-technologies.com.tr/91534/?path=%2Fhome%2Fledbazaa%2Fvar%2F..%2F..%2F..%2Fusr%2Finclude%2F..%2Finclude%2Fpython2.7%2F..%2Fautosprintf.h','',1,0,'2026-06-24 18:45:14','0000-00-00 00:00:00',301),(80088,'https://3s-technologies.com.tr/tr/91534?path=/home/../lib64/fwupd-plugins-5/../python3.12/../mysqlclient/../python3.6/../gconv',NULL,'https://3s-technologies.com.tr/91534/?path=%2Fhome%2F..%2Flib64%2Ffwupd-plugins-5%2F..%2Fpython3.12%2F..%2Fmysqlclient%2F..%2Fpython3.6%2F..%2Fgconv','',1,0,'2026-06-24 18:45:15','0000-00-00 00:00:00',301),(80089,'https://3s-technologies.com.tr/tr/91534?path=/home/../lib64/python3.6/sqlite3/../threading.py',NULL,'https://3s-technologies.com.tr/91534/?path=%2Fhome%2F..%2Flib64%2Fpython3.6%2Fsqlite3%2F..%2Fthreading.py','',1,0,'2026-06-24 18:45:16','0000-00-00 00:00:00',301),(80090,'https://3s-technologies.com.tr/tr/91534?path=/home/../lib64/ldb/../pkgconfig/../sssd/../python2.7/userstring.py',NULL,'https://3s-technologies.com.tr/91534/?path=%2Fhome%2F..%2Flib64%2Fldb%2F..%2Fpkgconfig%2F..%2Fsssd%2F..%2Fpython2.7%2FUserString.py','',1,0,'2026-06-24 18:45:17','0000-00-00 00:00:00',301),(80091,'https://3s-technologies.com.tr/tr/91534?path=/home/ledbazaa/var/../php/.././../../lib/debug/../sysctl.d/../debug/../modules',NULL,'https://3s-technologies.com.tr/91534/?path=%2Fhome%2Fledbazaa%2Fvar%2F..%2Fphp%2F..%2F.%2F..%2F..%2Flib%2Fdebug%2F..%2Fsysctl.d%2F..%2Fdebug%2F..%2Fmodules','',1,0,'2026-06-24 18:45:17','0000-00-00 00:00:00',301),(80092,'https://3s-technologies.com.tr/tr/91534?path=/home/ledbazaa/var/../../../lib64/python3.12/../lua/../python2.7/glob.pyc',NULL,'https://3s-technologies.com.tr/91534/?path=%2Fhome%2Fledbazaa%2Fvar%2F..%2F..%2F..%2Flib64%2Fpython3.12%2F..%2Flua%2F..%2Fpython2.7%2Fglob.pyc','',1,0,'2026-06-24 18:45:19','0000-00-00 00:00:00',301),(80093,'https://3s-technologies.com.tr/tr/91534?path=/home/ledbazaa/var/../../../lib64/python3.12/../lua/../python3.6/__phello__.foo.py',NULL,'https://3s-technologies.com.tr/91534/?path=%2Fhome%2Fledbazaa%2Fvar%2F..%2F..%2F..%2Flib64%2Fpython3.12%2F..%2Flua%2F..%2Fpython3.6%2F__phello__.foo.py','',1,0,'2026-06-24 18:45:19','0000-00-00 00:00:00',301),(80094,'https://3s-technologies.com.tr/tr/91534?path=/home/../lib64/fwupd-plugins-5/../python3.12/../python3.12/sqlite3/../pdb.py',NULL,'https://3s-technologies.com.tr/91534/?path=%2Fhome%2F..%2Flib64%2Ffwupd-plugins-5%2F..%2Fpython3.12%2F..%2Fpython3.12%2Fsqlite3%2F..%2Fpdb.py','',1,0,'2026-06-24 18:45:21','0000-00-00 00:00:00',301),(80095,'https://3s-technologies.com.tr/tr/91534?path=/home/ledbazaa/var/../../../lib64/python3.6/json/../../python2.7/cmd.pyc',NULL,'https://3s-technologies.com.tr/91534/?path=%2Fhome%2Fledbazaa%2Fvar%2F..%2F..%2F..%2Flib64%2Fpython3.6%2Fjson%2F..%2F..%2Fpython2.7%2Fcmd.pyc','',1,0,'2026-06-24 18:45:22','0000-00-00 00:00:00',301),(80096,'https://3s-technologies.com.tr/tr/91534?path=/home/ledbazaa/var/../../../lib64/python3.12/../xtables/../python3.6/importlib/../../firebird',NULL,'https://3s-technologies.com.tr/91534/?path=%2Fhome%2Fledbazaa%2Fvar%2F..%2F..%2F..%2Flib64%2Fpython3.12%2F..%2Fxtables%2F..%2Fpython3.6%2Fimportlib%2F..%2F..%2Ffirebird','',1,0,'2026-06-24 18:45:23','0000-00-00 00:00:00',301),(80097,'https://3s-technologies.com.tr/tr/91534?path=/home/../proc/self/../sys/debug/../../zoneinfo',NULL,'https://3s-technologies.com.tr/91534/?path=%2Fhome%2F..%2Fproc%2Fself%2F..%2Fsys%2Fdebug%2F..%2F..%2Fzoneinfo','',1,0,'2026-06-24 18:45:24','0000-00-00 00:00:00',301),(80098,'https://3s-technologies.com.tr/tr/91534?path=/home/../lib64/php/../apache2/.././python3.12/logging',NULL,'https://3s-technologies.com.tr/91534/?path=%2Fhome%2F..%2Flib64%2Fphp%2F..%2Fapache2%2F..%2F.%2Fpython3.12%2Flogging','',1,0,'2026-06-24 18:45:25','0000-00-00 00:00:00',301),(80099,'https://3s-technologies.com.tr/tr/91534?path=/home/../lib64/ldb/../pkgconfig/../python3.6/../libpcrecpp.so',NULL,'https://3s-technologies.com.tr/91534/?path=%2Fhome%2F..%2Flib64%2Fldb%2F..%2Fpkgconfig%2F..%2Fpython3.6%2F..%2Flibpcrecpp.so','',1,0,'2026-06-24 18:45:26','0000-00-00 00:00:00',301),(80100,'https://3s-technologies.com.tr/tr/91534?path=/home/../lib64/fwupd-plugins-5/../python3.12/../python3.12/xmlrpc/../graphlib.py',NULL,'https://3s-technologies.com.tr/91534/?path=%2Fhome%2F..%2Flib64%2Ffwupd-plugins-5%2F..%2Fpython3.12%2F..%2Fpython3.12%2Fxmlrpc%2F..%2Fgraphlib.py','',1,0,'2026-06-24 18:45:27','0000-00-00 00:00:00',301),(80101,'https://3s-technologies.com.tr/tr/91534?path=/home/ledbazaa/var/../../../lib64/python3.12/re/../tkinter/../../php',NULL,'https://3s-technologies.com.tr/91534/?path=%2Fhome%2Fledbazaa%2Fvar%2F..%2F..%2F..%2Flib64%2Fpython3.12%2Fre%2F..%2Ftkinter%2F..%2F..%2Fphp','',1,0,'2026-06-24 18:45:28','0000-00-00 00:00:00',301),(80102,'https://3s-technologies.com.tr/tr/91534?path=/home/../usr/lib64/php/../python2.7/json/../fpformat.py',NULL,'https://3s-technologies.com.tr/91534/?path=%2Fhome%2F..%2Fusr%2Flib64%2Fphp%2F..%2Fpython2.7%2Fjson%2F..%2Ffpformat.py','',1,0,'2026-06-24 18:45:29','0000-00-00 00:00:00',301),(80103,'https://3s-technologies.com.tr/tr/91534?path=/home/../lib64/multipath/../apache2/../python3.6/csv.py',NULL,'https://3s-technologies.com.tr/91534/?path=%2Fhome%2F..%2Flib64%2Fmultipath%2F..%2Fapache2%2F..%2Fpython3.6%2Fcsv.py','',1,0,'2026-06-24 18:45:29','0000-00-00 00:00:00',301),(80104,'https://3s-technologies.com.tr/tr/91534?path=/home/ledbazaa/var/../../../lib64/python3.12/../lua/.././python3.6/wave.py',NULL,'https://3s-technologies.com.tr/91534/?path=%2Fhome%2Fledbazaa%2Fvar%2F..%2F..%2F..%2Flib64%2Fpython3.12%2F..%2Flua%2F..%2F.%2Fpython3.6%2Fwave.py','',1,0,'2026-06-24 18:45:30','0000-00-00 00:00:00',301),(80105,'https://3s-technologies.com.tr/tr/91534?path=/home/ledbazaa/var/../php/../led-bazaar.net/../../../../lib64/python2.7/../python3.12/hmac.py',NULL,'https://3s-technologies.com.tr/91534/?path=%2Fhome%2Fledbazaa%2Fvar%2F..%2Fphp%2F..%2Fled-bazaar.net%2F..%2F..%2F..%2F..%2Flib64%2Fpython2.7%2F..%2Fpython3.12%2Fhmac.py','',1,0,'2026-06-24 18:45:30','0000-00-00 00:00:00',301),(80106,'https://3s-technologies.com.tr/tr/91534?path=/home/../lib64/php/../sw/../python3.12/argparse.py',NULL,'https://3s-technologies.com.tr/91534/?path=%2Fhome%2F..%2Flib64%2Fphp%2F..%2Fsw%2F..%2Fpython3.12%2Fargparse.py','',1,0,'2026-06-24 18:45:31','0000-00-00 00:00:00',301),(80107,'https://3s-technologies.com.tr/tr/91534?path=/home/ledbazaa/var/../php/docs/../../ssl/../.httprequest/../../../bin/readelf',NULL,'https://3s-technologies.com.tr/91534/?path=%2Fhome%2Fledbazaa%2Fvar%2F..%2Fphp%2Fdocs%2F..%2F..%2Fssl%2F..%2F.HttpRequest%2F..%2F..%2F..%2Fbin%2Freadelf','',1,0,'2026-06-24 18:45:31','0000-00-00 00:00:00',301),(80108,'https://3s-technologies.com.tr/tr/91534?path=/home/ledbazaa/var/../php/.././../../lib64/python2.7/../lua',NULL,'https://3s-technologies.com.tr/91534/?path=%2Fhome%2Fledbazaa%2Fvar%2F..%2Fphp%2F..%2F.%2F..%2F..%2Flib64%2Fpython2.7%2F..%2Flua','',1,0,'2026-06-24 18:45:32','0000-00-00 00:00:00',301),(80109,'https://3s-technologies.com.tr/tr/91534?path=/home/ledbazaa/var/../php/../www/../../../../usr/../sbin',NULL,'https://3s-technologies.com.tr/91534/?path=%2Fhome%2Fledbazaa%2Fvar%2F..%2Fphp%2F..%2Fwww%2F..%2F..%2F..%2F..%2Fusr%2F..%2Fsbin','',1,0,'2026-06-24 18:45:33','0000-00-00 00:00:00',301),(80110,'https://3s-technologies.com.tr/tr/91534?path=/home/ledbazaa/var/../php/docs/../../wordpress-backups/../php/../.wp-cli',NULL,'https://3s-technologies.com.tr/91534/?path=%2Fhome%2Fledbazaa%2Fvar%2F..%2Fphp%2Fdocs%2F..%2F..%2Fwordpress-backups%2F..%2Fphp%2F..%2F.wp-cli','',1,0,'2026-06-24 18:45:34','0000-00-00 00:00:00',301),(80111,'https://3s-technologies.com.tr/tr/91534?path=/home/ledbazaa/var/../../../lib64/python3.12/re/../tkinter/../../python3.6/bdb.py',NULL,'https://3s-technologies.com.tr/91534/?path=%2Fhome%2Fledbazaa%2Fvar%2F..%2F..%2F..%2Flib64%2Fpython3.12%2Fre%2F..%2Ftkinter%2F..%2F..%2Fpython3.6%2Fbdb.py','',1,0,'2026-06-24 18:45:35','0000-00-00 00:00:00',301),(80112,'https://3s-technologies.com.tr/tr/91534?path=/home/ledbazaa/var/../../../lib64/python3.12/../gawk/../python3.6/xml',NULL,'https://3s-technologies.com.tr/91534/?path=%2Fhome%2Fledbazaa%2Fvar%2F..%2F..%2F..%2Flib64%2Fpython3.12%2F..%2Fgawk%2F..%2Fpython3.6%2Fxml','',1,0,'2026-06-24 18:45:36','0000-00-00 00:00:00',301),(80113,'https://3s-technologies.com.tr/tr/91534?path=/home/ledbazaa/var/../../../lib64/lua/../../tmp/..',NULL,'https://3s-technologies.com.tr/91534/?path=%2Fhome%2Fledbazaa%2Fvar%2F..%2F..%2F..%2Flib64%2Flua%2F..%2F..%2Ftmp%2F..','',1,0,'2026-06-24 18:45:37','0000-00-00 00:00:00',301),(80114,'https://3s-technologies.com.tr/tr/91534?path=/home/ledbazaa/var/../../../lib64/python3.12/../xtables/../python3.6/concurrent/../genericpath.py',NULL,'https://3s-technologies.com.tr/91534/?path=%2Fhome%2Fledbazaa%2Fvar%2F..%2F..%2F..%2Flib64%2Fpython3.12%2F..%2Fxtables%2F..%2Fpython3.6%2Fconcurrent%2F..%2Fgenericpath.py','',1,0,'2026-06-24 18:45:38','0000-00-00 00:00:00',301),(80115,'https://3s-technologies.com.tr/tr/91534?path=/home/ledbazaa/var/../php/docs/../../ssl/../.httprequest/../../../bin/csplit',NULL,'https://3s-technologies.com.tr/91534/?path=%2Fhome%2Fledbazaa%2Fvar%2F..%2Fphp%2Fdocs%2F..%2F..%2Fssl%2F..%2F.HttpRequest%2F..%2F..%2F..%2Fbin%2Fcsplit','',1,0,'2026-06-24 18:45:39','0000-00-00 00:00:00',301),(80116,'https://3s-technologies.com.tr/tr/91534?path=/home/ledbazaa/var/../../../lib64/python3.12/../mysqlclient/../sa/../python3.12/opcode.py',NULL,'https://3s-technologies.com.tr/91534/?path=%2Fhome%2Fledbazaa%2Fvar%2F..%2F..%2F..%2Flib64%2Fpython3.12%2F..%2Fmysqlclient%2F..%2Fsa%2F..%2Fpython3.12%2Fopcode.py','',1,0,'2026-06-24 18:45:40','0000-00-00 00:00:00',301),(80117,'https://3s-technologies.com.tr/tr/91534?path=/home/ledbazaa/var/../../../lib64/lua/../krb5/../python3.12/../python2.7/simplehttpserver.pyc',NULL,'https://3s-technologies.com.tr/91534/?path=%2Fhome%2Fledbazaa%2Fvar%2F..%2F..%2F..%2Flib64%2Flua%2F..%2Fkrb5%2F..%2Fpython3.12%2F..%2Fpython2.7%2FSimpleHTTPServer.pyc','',1,0,'2026-06-24 18:45:41','0000-00-00 00:00:00',301),(80118,'https://3s-technologies.com.tr/tr/91534?path=/home/ledbazaa/var/../../../lib64/python3.6/json/../../python2.7/ntpath.py',NULL,'https://3s-technologies.com.tr/91534/?path=%2Fhome%2Fledbazaa%2Fvar%2F..%2F..%2F..%2Flib64%2Fpython3.6%2Fjson%2F..%2F..%2Fpython2.7%2Fntpath.py','',1,0,'2026-06-24 18:45:42','0000-00-00 00:00:00',301),(80119,'https://3s-technologies.com.tr/tr/91534?path=/home/ledbazaa/var/../../../usr/include/../include/python3.6m/../limits.h',NULL,'https://3s-technologies.com.tr/91534/?path=%2Fhome%2Fledbazaa%2Fvar%2F..%2F..%2F..%2Fusr%2Finclude%2F..%2Finclude%2Fpython3.6m%2F..%2Flimits.h','',1,0,'2026-06-24 18:45:43','0000-00-00 00:00:00',301),(80120,'https://3s-technologies.com.tr/tr/91534?path=/home/ledbazaa/var/../php/docs/../../ssl/../.httprequest/../../../bin/cat',NULL,'https://3s-technologies.com.tr/91534/?path=%2Fhome%2Fledbazaa%2Fvar%2F..%2Fphp%2Fdocs%2F..%2F..%2Fssl%2F..%2F.HttpRequest%2F..%2F..%2F..%2Fbin%2Fcat','',1,0,'2026-06-24 18:45:44','0000-00-00 00:00:00',301),(80121,'https://3s-technologies.com.tr/tr/91534?path=/home/ledbazaa/var/../../../lib64/python3.12/../xtables/../python3.6/distutils/../codecs.py',NULL,'https://3s-technologies.com.tr/91534/?path=%2Fhome%2Fledbazaa%2Fvar%2F..%2F..%2F..%2Flib64%2Fpython3.12%2F..%2Fxtables%2F..%2Fpython3.6%2Fdistutils%2F..%2Fcodecs.py','',1,0,'2026-06-24 18:45:45','0000-00-00 00:00:00',301),(80122,'https://3s-technologies.com.tr/tr/91534?path=/home/../lib64/fwupd-plugins-5/../python3.12/../python3.12/concurrent/../../perl5',NULL,'https://3s-technologies.com.tr/91534/?path=%2Fhome%2F..%2Flib64%2Ffwupd-plugins-5%2F..%2Fpython3.12%2F..%2Fpython3.12%2Fconcurrent%2F..%2F..%2Fperl5','',1,0,'2026-06-24 18:45:46','0000-00-00 00:00:00',301),(80123,'https://3s-technologies.com.tr/tr/91534?path=/home/ledbazaa/var/../../../lib64/python3.12/../xtables/../python2.7/distutils/command',NULL,'https://3s-technologies.com.tr/91534/?path=%2Fhome%2Fledbazaa%2Fvar%2F..%2F..%2F..%2Flib64%2Fpython3.12%2F..%2Fxtables%2F..%2Fpython2.7%2Fdistutils%2Fcommand','',1,0,'2026-06-24 18:45:47','0000-00-00 00:00:00',301),(80124,'https://3s-technologies.com.tr/tr/91534?path=/home/ledbazaa/var/../../../lib64/python3.12/encodings/../../python3.12/../python3.6/symtable.py',NULL,'https://3s-technologies.com.tr/91534/?path=%2Fhome%2Fledbazaa%2Fvar%2F..%2F..%2F..%2Flib64%2Fpython3.12%2Fencodings%2F..%2F..%2Fpython3.12%2F..%2Fpython3.6%2Fsymtable.py','',1,0,'2026-06-24 18:45:48','0000-00-00 00:00:00',301),(80125,'https://3s-technologies.com.tr/tr/91534?path=/home/ledbazaa/var/../../../lib64/python3.12/../lua/.././python3.6/random.py',NULL,'https://3s-technologies.com.tr/91534/?path=%2Fhome%2Fledbazaa%2Fvar%2F..%2F..%2F..%2Flib64%2Fpython3.12%2F..%2Flua%2F..%2F.%2Fpython3.6%2Frandom.py','',1,0,'2026-06-24 18:45:49','0000-00-00 00:00:00',301),(80126,'https://3s-technologies.com.tr/tr/91534?path=/home/ledbazaa/var/../php/../.cl.selector/../../../sbin/../include/python2.7/weakrefobject.h',NULL,'https://3s-technologies.com.tr/91534/?path=%2Fhome%2Fledbazaa%2Fvar%2F..%2Fphp%2F..%2F.cl.selector%2F..%2F..%2F..%2Fsbin%2F..%2Finclude%2Fpython2.7%2Fweakrefobject.h','',1,0,'2026-06-24 18:45:50','0000-00-00 00:00:00',301),(80127,'https://3s-technologies.com.tr/tr/91534?path=/home/ledbazaa/var/../../../usr/include/../include/python3.6m/../asm-generic',NULL,'https://3s-technologies.com.tr/91534/?path=%2Fhome%2Fledbazaa%2Fvar%2F..%2F..%2F..%2Fusr%2Finclude%2F..%2Finclude%2Fpython3.6m%2F..%2Fasm-generic','',1,0,'2026-06-24 18:45:51','0000-00-00 00:00:00',301),(80128,'https://3s-technologies.com.tr/tr/91534?path=/home/../lib64/php/.././apache2/../python2.7/filecmp.py',NULL,'https://3s-technologies.com.tr/91534/?path=%2Fhome%2F..%2Flib64%2Fphp%2F..%2F.%2Fapache2%2F..%2Fpython2.7%2Ffilecmp.py','',1,0,'2026-06-24 18:45:52','0000-00-00 00:00:00',301),(80129,'https://3s-technologies.com.tr/tr/91534?path=/home/../usr/share/git-core/../../include/obstack.h',NULL,'https://3s-technologies.com.tr/91534/?path=%2Fhome%2F..%2Fusr%2Fshare%2Fgit-core%2F..%2F..%2Finclude%2Fobstack.h','',1,0,'2026-06-24 18:45:53','0000-00-00 00:00:00',301),(80130,'https://3s-technologies.com.tr/tr/91534?path=/home/../lib64/php/../sse2/../python3.12/argparse.py',NULL,'https://3s-technologies.com.tr/91534/?path=%2Fhome%2F..%2Flib64%2Fphp%2F..%2Fsse2%2F..%2Fpython3.12%2Fargparse.py','',1,0,'2026-06-24 18:45:54','0000-00-00 00:00:00',301),(80131,'https://3s-technologies.com.tr/tr/91534?path=/home/ledbazaa/var/../../../lib/realmd/../python2.7/../rpm/../..',NULL,'https://3s-technologies.com.tr/91534/?path=%2Fhome%2Fledbazaa%2Fvar%2F..%2F..%2F..%2Flib%2Frealmd%2F..%2Fpython2.7%2F..%2Frpm%2F..%2F..','',1,0,'2026-06-24 18:45:55','0000-00-00 00:00:00',301),(80132,'https://3s-technologies.com.tr/tr/91534?path=/home/../lib64/ldb/../pkgconfig/../python2.7/../gawk',NULL,'https://3s-technologies.com.tr/91534/?path=%2Fhome%2F..%2Flib64%2Fldb%2F..%2Fpkgconfig%2F..%2Fpython2.7%2F..%2Fgawk','',1,0,'2026-06-24 18:45:56','0000-00-00 00:00:00',301),(80133,'https://3s-technologies.com.tr/tr/91534?path=/home/../usr/share/git-core/../../include/python3.6m/structmember.h',NULL,'https://3s-technologies.com.tr/91534/?path=%2Fhome%2F..%2Fusr%2Fshare%2Fgit-core%2F..%2F..%2Finclude%2Fpython3.6m%2Fstructmember.h','',1,0,'2026-06-24 18:45:57','0000-00-00 00:00:00',301),(80134,'https://3s-technologies.com.tr/tr/91534?path=/home/../usr/share/vim/vimfiles/../../../include/netinet',NULL,'https://3s-technologies.com.tr/91534/?path=%2Fhome%2F..%2Fusr%2Fshare%2Fvim%2Fvimfiles%2F..%2F..%2F..%2Finclude%2Fnetinet','',1,0,'2026-06-24 18:45:58','0000-00-00 00:00:00',301),(80135,'https://3s-technologies.com.tr/tr/91534?path=/home/ledbazaa/var/../../../usr/include/../include/python3.6m/objimpl.h',NULL,'https://3s-technologies.com.tr/91534/?path=%2Fhome%2Fledbazaa%2Fvar%2F..%2F..%2F..%2Fusr%2Finclude%2F..%2Finclude%2Fpython3.6m%2Fobjimpl.h','',1,0,'2026-06-24 18:45:59','0000-00-00 00:00:00',301),(80136,'https://3s-technologies.com.tr/tr/91534?path=/home/ledbazaa/var/../../../lib64/lua/../apache2/../pm-utils/../python2.7/ast.pyc',NULL,'https://3s-technologies.com.tr/91534/?path=%2Fhome%2Fledbazaa%2Fvar%2F..%2F..%2F..%2Flib64%2Flua%2F..%2Fapache2%2F..%2Fpm-utils%2F..%2Fpython2.7%2Fast.pyc','',1,0,'2026-06-24 18:46:00','0000-00-00 00:00:00',301),(80137,'https://3s-technologies.com.tr/tr/91534?path=/home/../usr/share/gnupg/../python-cllib/../../include/linux/uinput.h',NULL,'https://3s-technologies.com.tr/91534/?path=%2Fhome%2F..%2Fusr%2Fshare%2Fgnupg%2F..%2Fpython-cllib%2F..%2F..%2Finclude%2Flinux%2Fuinput.h','',1,0,'2026-06-24 18:46:01','0000-00-00 00:00:00',301),(80138,'https://3s-technologies.com.tr/tr/91534?path=/home/ledbazaa/var/../../../lib64/python3.12/re/../tkinter/../../python3.6/trace.py',NULL,'https://3s-technologies.com.tr/91534/?path=%2Fhome%2Fledbazaa%2Fvar%2F..%2F..%2F..%2Flib64%2Fpython3.12%2Fre%2F..%2Ftkinter%2F..%2F..%2Fpython3.6%2Ftrace.py','',1,0,'2026-06-24 18:46:02','0000-00-00 00:00:00',301),(80139,'https://3s-technologies.com.tr/tr/91534?path=/home/ledbazaa/var/../php/docs/../../ssl/../.httprequest/../../../bin/mail',NULL,'https://3s-technologies.com.tr/91534/?path=%2Fhome%2Fledbazaa%2Fvar%2F..%2Fphp%2Fdocs%2F..%2F..%2Fssl%2F..%2F.HttpRequest%2F..%2F..%2F..%2Fbin%2FMail','',1,0,'2026-06-24 18:46:03','0000-00-00 00:00:00',301),(80140,'https://3s-technologies.com.tr/tr/91534?path=/home/ledbazaa/var/../php/../led-bazaar.net/../../../../dev/../usr/src',NULL,'https://3s-technologies.com.tr/91534/?path=%2Fhome%2Fledbazaa%2Fvar%2F..%2Fphp%2F..%2Fled-bazaar.net%2F..%2F..%2F..%2F..%2Fdev%2F..%2Fusr%2Fsrc','',1,0,'2026-06-24 18:46:04','0000-00-00 00:00:00',301),(80141,'https://3s-technologies.com.tr/tr/91534?path=/home/ledbazaa/var/../../../lib64/../lib64/libproxy/../python3.12/../python3.6/queue.py',NULL,'https://3s-technologies.com.tr/91534/?path=%2Fhome%2Fledbazaa%2Fvar%2F..%2F..%2F..%2Flib64%2F..%2Flib64%2Flibproxy%2F..%2Fpython3.12%2F..%2Fpython3.6%2Fqueue.py','',1,0,'2026-06-24 18:46:05','0000-00-00 00:00:00',301),(80142,'https://3s-technologies.com.tr/tr/91534?path=/home/../lib64/fwupd-plugins-5/../python3.12/../mysqlclient/../python3.6/../sssd',NULL,'https://3s-technologies.com.tr/91534/?path=%2Fhome%2F..%2Flib64%2Ffwupd-plugins-5%2F..%2Fpython3.12%2F..%2Fmysqlclient%2F..%2Fpython3.6%2F..%2Fsssd','',1,0,'2026-06-24 18:46:06','0000-00-00 00:00:00',301),(80143,'https://3s-technologies.com.tr/tr/91534?path=/home/../lib64/ldb/../pkgconfig/../lua/..',NULL,'https://3s-technologies.com.tr/91534/?path=%2Fhome%2F..%2Flib64%2Fldb%2F..%2Fpkgconfig%2F..%2Flua%2F..','',1,0,'2026-06-24 18:46:07','0000-00-00 00:00:00',301),(80144,'https://3s-technologies.com.tr/tr/91534?path=/home/ledbazaa/var/../../../lib64/python3.12/re/../../sse2/../python2.7/queue.py',NULL,'https://3s-technologies.com.tr/91534/?path=%2Fhome%2Fledbazaa%2Fvar%2F..%2F..%2F..%2Flib64%2Fpython3.12%2Fre%2F..%2F..%2Fsse2%2F..%2Fpython2.7%2FQueue.py','',1,0,'2026-06-24 18:46:08','0000-00-00 00:00:00',301),(80145,'https://3s-technologies.com.tr/tr/91534?path=/home/../lib64/ldb/../python3.12/.././libpython2.7.so',NULL,'https://3s-technologies.com.tr/91534/?path=%2Fhome%2F..%2Flib64%2Fldb%2F..%2Fpython3.12%2F..%2F.%2Flibpython2.7.so','',1,0,'2026-06-24 18:46:09','0000-00-00 00:00:00',301),(80146,'https://3s-technologies.com.tr/tr/91534?path=/home/ledbazaa/var/../../../lib64/../../../usr/../../proc',NULL,'https://3s-technologies.com.tr/91534/?path=%2Fhome%2Fledbazaa%2Fvar%2F..%2F..%2F..%2Flib64%2F..%2F..%2F..%2Fusr%2F..%2F..%2Fproc','',1,0,'2026-06-24 18:46:10','0000-00-00 00:00:00',301),(80147,'https://3s-technologies.com.tr/tr/91534?path=/home/ledbazaa/var/../../../lib64/python3.12/re/../../groff/../python2.7/struct.py',NULL,'https://3s-technologies.com.tr/91534/?path=%2Fhome%2Fledbazaa%2Fvar%2F..%2F..%2F..%2Flib64%2Fpython3.12%2Fre%2F..%2F..%2Fgroff%2F..%2Fpython2.7%2Fstruct.py','',1,0,'2026-06-24 18:46:11','0000-00-00 00:00:00',301),(80148,'https://3s-technologies.com.tr/tr/91534?path=/home/ledbazaa/var/../../../lib64/python3.12/../python3.12/lib-dynload/../code.py',NULL,'https://3s-technologies.com.tr/91534/?path=%2Fhome%2Fledbazaa%2Fvar%2F..%2F..%2F..%2Flib64%2Fpython3.12%2F..%2Fpython3.12%2Flib-dynload%2F..%2Fcode.py','',1,0,'2026-06-24 18:46:12','0000-00-00 00:00:00',301),(80149,'https://3s-technologies.com.tr/tr/91534?path=/home/../lib64/fwupd-plugins-5/../python3.12/../python3.12/importlib/../../cifs-utils',NULL,'https://3s-technologies.com.tr/91534/?path=%2Fhome%2F..%2Flib64%2Ffwupd-plugins-5%2F..%2Fpython3.12%2F..%2Fpython3.12%2Fimportlib%2F..%2F..%2Fcifs-utils','',1,0,'2026-06-24 18:46:13','0000-00-00 00:00:00',301),(80150,'https://3s-technologies.com.tr/tr/91534?path=/home/ledbazaa/var/../../../lib64/python3.12/../mysqlclient/../python2.7/../libtalloc.so.2',NULL,'https://3s-technologies.com.tr/91534/?path=%2Fhome%2Fledbazaa%2Fvar%2F..%2F..%2F..%2Flib64%2Fpython3.12%2F..%2Fmysqlclient%2F..%2Fpython2.7%2F..%2Flibtalloc.so.2','',1,0,'2026-06-24 18:46:14','0000-00-00 00:00:00',301),(80151,'https://3s-technologies.com.tr/tr/91534?path=/home/ledbazaa/var/../../../lib64/lua/../krb5/../python3.12/../python2.7/importlib',NULL,'https://3s-technologies.com.tr/91534/?path=%2Fhome%2Fledbazaa%2Fvar%2F..%2F..%2F..%2Flib64%2Flua%2F..%2Fkrb5%2F..%2Fpython3.12%2F..%2Fpython2.7%2Fimportlib','',1,0,'2026-06-24 18:46:15','0000-00-00 00:00:00',301),(80152,'https://3s-technologies.com.tr/tr/91534?path=/home/ledbazaa/var/../../../lib64/python3.12/../python3.6/logging/../optparse.py',NULL,'https://3s-technologies.com.tr/91534/?path=%2Fhome%2Fledbazaa%2Fvar%2F..%2F..%2F..%2Flib64%2Fpython3.12%2F..%2Fpython3.6%2Flogging%2F..%2Foptparse.py','',1,0,'2026-06-24 18:46:16','0000-00-00 00:00:00',301),(80153,'https://3s-technologies.com.tr/tr/91534?path=/home/ledbazaa/var/../../../lib64/python3.6/json/../../python2.7/linecache.py',NULL,'https://3s-technologies.com.tr/91534/?path=%2Fhome%2Fledbazaa%2Fvar%2F..%2F..%2F..%2Flib64%2Fpython3.6%2Fjson%2F..%2F..%2Fpython2.7%2Flinecache.py','',1,0,'2026-06-24 18:46:17','0000-00-00 00:00:00',301),(80154,'https://3s-technologies.com.tr/tr/91534?path=/home/../lib64/fwupd-plugins-5/../python3.12/../mysqlclient/../python3.6/../sw',NULL,'https://3s-technologies.com.tr/91534/?path=%2Fhome%2F..%2Flib64%2Ffwupd-plugins-5%2F..%2Fpython3.12%2F..%2Fmysqlclient%2F..%2Fpython3.6%2F..%2Fsw','',1,0,'2026-06-24 18:46:18','0000-00-00 00:00:00',301),(80155,'https://3s-technologies.com.tr/tr/91534?path=/home/ledbazaa/var/../../../usr/include/linux/../python3.6m/../asm-generic',NULL,'https://3s-technologies.com.tr/91534/?path=%2Fhome%2Fledbazaa%2Fvar%2F..%2F..%2F..%2Fusr%2Finclude%2Flinux%2F..%2Fpython3.6m%2F..%2Fasm-generic','',1,0,'2026-06-24 18:46:19','0000-00-00 00:00:00',301),(80156,'https://3s-technologies.com.tr/tr/91534?path=/home/ledbazaa/var/../php/docs/../../ssl/../.httprequest/../../../bin/cp',NULL,'https://3s-technologies.com.tr/91534/?path=%2Fhome%2Fledbazaa%2Fvar%2F..%2Fphp%2Fdocs%2F..%2F..%2Fssl%2F..%2F.HttpRequest%2F..%2F..%2F..%2Fbin%2Fcp','',1,0,'2026-06-24 18:46:21','0000-00-00 00:00:00',301),(80157,'https://3s-technologies.com.tr/tr/91534?path=/home/ledbazaa/var/../../../lib64/device-mapper/../php/../python3.12/string.py',NULL,'https://3s-technologies.com.tr/91534/?path=%2Fhome%2Fledbazaa%2Fvar%2F..%2F..%2F..%2Flib64%2Fdevice-mapper%2F..%2Fphp%2F..%2Fpython3.12%2Fstring.py','',1,0,'2026-06-24 18:46:21','0000-00-00 00:00:00',301),(80158,'https://3s-technologies.com.tr/tr/91534?path=/home/../lib64/php/../apache2/../libpython2.7.so.1.0',NULL,'https://3s-technologies.com.tr/91534/?path=%2Fhome%2F..%2Flib64%2Fphp%2F..%2Fapache2%2F..%2Flibpython2.7.so.1.0','',1,0,'2026-06-24 18:46:22','0000-00-00 00:00:00',301),(80159,'https://3s-technologies.com.tr/tr/91534?path=/home/../lib64/fwupd-plugins-5/../python3.12/../../dev/zero',NULL,'https://3s-technologies.com.tr/91534/?path=%2Fhome%2F..%2Flib64%2Ffwupd-plugins-5%2F..%2Fpython3.12%2F..%2F..%2Fdev%2Fzero','',1,0,'2026-06-24 18:46:22','0000-00-00 00:00:00',301),(80160,'https://3s-technologies.com.tr/tr/91534?path=/home/ledbazaa/var/../php/docs/../../ssl/../.httprequest/../var/../.httprequest',NULL,'https://3s-technologies.com.tr/91534/?path=%2Fhome%2Fledbazaa%2Fvar%2F..%2Fphp%2Fdocs%2F..%2F..%2Fssl%2F..%2F.HttpRequest%2F..%2Fvar%2F..%2F.HttpRequest','',1,0,'2026-06-24 18:46:23','0000-00-00 00:00:00',301),(80161,'https://3s-technologies.com.tr/tr/91534?path=/home/../lib64/php/../tls/../python2.7/cmd.py',NULL,'https://3s-technologies.com.tr/91534/?path=%2Fhome%2F..%2Flib64%2Fphp%2F..%2Ftls%2F..%2Fpython2.7%2Fcmd.py','',1,0,'2026-06-24 18:46:23','0000-00-00 00:00:00',301),(80162,'https://3s-technologies.com.tr/tr/91534?path=/home/../lib64/rpm-plugins/../networkmanager/../python3.12/csv.py',NULL,'https://3s-technologies.com.tr/91534/?path=%2Fhome%2F..%2Flib64%2Frpm-plugins%2F..%2FNetworkManager%2F..%2Fpython3.12%2Fcsv.py','',1,0,'2026-06-24 18:46:24','0000-00-00 00:00:00',301),(80163,'https://3s-technologies.com.tr/tr/91534?path=/home/ledbazaa/var/../../../lib64/python3.12/../xtables/../python3.6/../ldb',NULL,'https://3s-technologies.com.tr/91534/?path=%2Fhome%2Fledbazaa%2Fvar%2F..%2F..%2F..%2Flib64%2Fpython3.12%2F..%2Fxtables%2F..%2Fpython3.6%2F..%2Fldb','',1,0,'2026-06-24 18:46:25','0000-00-00 00:00:00',301),(80164,'https://3s-technologies.com.tr/tr/91534?path=/home/../lib64/samba/../pkgconfig/../python2.7/sqlite3',NULL,'https://3s-technologies.com.tr/91534/?path=%2Fhome%2F..%2Flib64%2Fsamba%2F..%2Fpkgconfig%2F..%2Fpython2.7%2Fsqlite3','',1,0,'2026-06-24 18:46:26','0000-00-00 00:00:00',301),(80165,'https://3s-technologies.com.tr/tr/91534?path=/home/../lib64/gio/../sa/../apache2/../python2.7/robotparser.pyc',NULL,'https://3s-technologies.com.tr/91534/?path=%2Fhome%2F..%2Flib64%2Fgio%2F..%2Fsa%2F..%2Fapache2%2F..%2Fpython2.7%2Frobotparser.pyc','',1,0,'2026-06-24 18:46:27','0000-00-00 00:00:00',301),(80166,'https://3s-technologies.com.tr/tr/91534?path=/home/../lib64/python3.6/logging/../queue.py',NULL,'https://3s-technologies.com.tr/91534/?path=%2Fhome%2F..%2Flib64%2Fpython3.6%2Flogging%2F..%2Fqueue.py','',1,0,'2026-06-24 18:46:29','0000-00-00 00:00:00',301),(80167,'https://3s-technologies.com.tr/tr/91534?path=/home/ledbazaa/var/../../../usr/include/python3.6m/./../python2.7/cstringio.h',NULL,'https://3s-technologies.com.tr/91534/?path=%2Fhome%2Fledbazaa%2Fvar%2F..%2F..%2F..%2Fusr%2Finclude%2Fpython3.6m%2F.%2F..%2Fpython2.7%2FcStringIO.h','',1,0,'2026-06-24 18:46:29','0000-00-00 00:00:00',301),(80168,'https://3s-technologies.com.tr/tr/91534?path=/home/../lib64/ldb/../gconv/../apache2/../python3.6/pathlib.py',NULL,'https://3s-technologies.com.tr/91534/?path=%2Fhome%2F..%2Flib64%2Fldb%2F..%2Fgconv%2F..%2Fapache2%2F..%2Fpython3.6%2Fpathlib.py','',1,0,'2026-06-24 18:46:30','0000-00-00 00:00:00',301),(80169,'https://3s-technologies.com.tr/tr/91534?path=/home/ledbazaa/var/../php/docs/../../ssl/../.httprequest/../../../bin/animate',NULL,'https://3s-technologies.com.tr/91534/?path=%2Fhome%2Fledbazaa%2Fvar%2F..%2Fphp%2Fdocs%2F..%2F..%2Fssl%2F..%2F.HttpRequest%2F..%2F..%2F..%2Fbin%2Fanimate','',1,0,'2026-06-24 18:46:31','0000-00-00 00:00:00',301),(80170,'https://3s-technologies.com.tr/tr/91534?path=/home/ledbazaa/var/../../../lib64/python3.12/../python3.12/sqlite3/../mailcap.py',NULL,'https://3s-technologies.com.tr/91534/?path=%2Fhome%2Fledbazaa%2Fvar%2F..%2F..%2F..%2Flib64%2Fpython3.12%2F..%2Fpython3.12%2Fsqlite3%2F..%2Fmailcap.py','',1,0,'2026-06-24 18:46:31','0000-00-00 00:00:00',301),(80171,'https://3s-technologies.com.tr/tr/91534?path=/home/../lib64/fwupd-plugins-5/../python3.12/../python3.12/concurrent/../../man-db',NULL,'https://3s-technologies.com.tr/91534/?path=%2Fhome%2F..%2Flib64%2Ffwupd-plugins-5%2F..%2Fpython3.12%2F..%2Fpython3.12%2Fconcurrent%2F..%2F..%2Fman-db','',1,0,'2026-06-24 18:46:32','0000-00-00 00:00:00',301),(80172,'https://3s-technologies.com.tr/tr/91534?path=/home/../lib64/gio/../python3.12/../rpm-plugins',NULL,'https://3s-technologies.com.tr/91534/?path=%2Fhome%2F..%2Flib64%2Fgio%2F..%2Fpython3.12%2F..%2Frpm-plugins','',1,0,'2026-06-24 18:46:32','0000-00-00 00:00:00',301),(80173,'https://3s-technologies.com.tr/tr/91534?path=/home/ledbazaa/var/../../../usr/include/../include/drm/../python3.6m/bytesobject.h',NULL,'https://3s-technologies.com.tr/91534/?path=%2Fhome%2Fledbazaa%2Fvar%2F..%2F..%2F..%2Fusr%2Finclude%2F..%2Finclude%2Fdrm%2F..%2Fpython3.6m%2Fbytesobject.h','',1,0,'2026-06-24 18:46:33','0000-00-00 00:00:00',301),(80174,'https://3s-technologies.com.tr/tr/91534?path=/home/ledbazaa/var/../../../lib64/python3.12/../python3.6/ast.py',NULL,'https://3s-technologies.com.tr/91534/?path=%2Fhome%2Fledbazaa%2Fvar%2F..%2F..%2F..%2Flib64%2Fpython3.12%2F..%2Fpython3.6%2Fast.py','',1,0,'2026-06-24 18:46:34','0000-00-00 00:00:00',301),(80175,'https://3s-technologies.com.tr/tr/91534?path=/home/ledbazaa/var/../../../lib64/python3.6/json/../../python2.7/traceback.py',NULL,'https://3s-technologies.com.tr/91534/?path=%2Fhome%2Fledbazaa%2Fvar%2F..%2F..%2F..%2Flib64%2Fpython3.6%2Fjson%2F..%2F..%2Fpython2.7%2Ftraceback.py','',1,0,'2026-06-24 18:46:35','0000-00-00 00:00:00',301),(80176,'https://3s-technologies.com.tr/tr/91534?path=/home/../lib64/php/.././apache2/../python2.7/_sysconfigdata.pyc',NULL,'https://3s-technologies.com.tr/91534/?path=%2Fhome%2F..%2Flib64%2Fphp%2F..%2F.%2Fapache2%2F..%2Fpython2.7%2F_sysconfigdata.pyc','',1,0,'2026-06-24 18:46:36','0000-00-00 00:00:00',301),(80177,'https://3s-technologies.com.tr/tr/91534?path=/home/ledbazaa/var/../../../lib/networkmanager/../debug/../python2.7/../exim',NULL,'https://3s-technologies.com.tr/91534/?path=%2Fhome%2Fledbazaa%2Fvar%2F..%2F..%2F..%2Flib%2FNetworkManager%2F..%2Fdebug%2F..%2Fpython2.7%2F..%2Fexim','',1,0,'2026-06-24 18:46:37','0000-00-00 00:00:00',301),(80178,'https://3s-technologies.com.tr/tr/91534?path=/home/../lib64/php/.././apache2/../python2.7/binhex.py',NULL,'https://3s-technologies.com.tr/91534/?path=%2Fhome%2F..%2Flib64%2Fphp%2F..%2F.%2Fapache2%2F..%2Fpython2.7%2Fbinhex.py','',1,0,'2026-06-24 18:46:38','0000-00-00 00:00:00',301),(80179,'https://3s-technologies.com.tr/tr/91534?path=/home/ledbazaa/var/../../../lib64/../lib64/python2.7/../python3.6/../libref_array.so.1',NULL,'https://3s-technologies.com.tr/91534/?path=%2Fhome%2Fledbazaa%2Fvar%2F..%2F..%2F..%2Flib64%2F..%2Flib64%2Fpython2.7%2F..%2Fpython3.6%2F..%2Flibref_array.so.1','',1,0,'2026-06-24 18:46:39','0000-00-00 00:00:00',301),(80180,'https://3s-technologies.com.tr/tr/91534?path=/home/../usr/include/security/../gnu',NULL,'https://3s-technologies.com.tr/91534/?path=%2Fhome%2F..%2Fusr%2Finclude%2Fsecurity%2F..%2Fgnu','',1,0,'2026-06-24 18:46:40','0000-00-00 00:00:00',301),(80181,'https://3s-technologies.com.tr/tr/91534?path=/home/../lib64/gio/../dovecot/../python3.12/sqlite3/../../ldb',NULL,'https://3s-technologies.com.tr/91534/?path=%2Fhome%2F..%2Flib64%2Fgio%2F..%2Fdovecot%2F..%2Fpython3.12%2Fsqlite3%2F..%2F..%2Fldb','',1,0,'2026-06-24 18:46:41','0000-00-00 00:00:00',301),(80182,'https://3s-technologies.com.tr/tr/91534?path=/home/ledbazaa/var/../../../lib64/lua/../apache2/../python2.7/urlparse.py',NULL,'https://3s-technologies.com.tr/91534/?path=%2Fhome%2Fledbazaa%2Fvar%2F..%2F..%2F..%2Flib64%2Flua%2F..%2Fapache2%2F..%2Fpython2.7%2Furlparse.py','',1,0,'2026-06-24 18:46:42','0000-00-00 00:00:00',301),(80183,'https://3s-technologies.com.tr/tr/91534?path=/home/ledbazaa/var/../../../lib64/python3.12/../libproxy/../python3.6/configparser.py',NULL,'https://3s-technologies.com.tr/91534/?path=%2Fhome%2Fledbazaa%2Fvar%2F..%2F..%2F..%2Flib64%2Fpython3.12%2F..%2Flibproxy%2F..%2Fpython3.6%2Fconfigparser.py','',1,0,'2026-06-24 18:46:43','0000-00-00 00:00:00',301),(80184,'https://3s-technologies.com.tr/tr/91534?path=/home/ledbazaa/var/../php/docs/../../.wp-cli/../.wp-cli/cache/../cache',NULL,'https://3s-technologies.com.tr/91534/?path=%2Fhome%2Fledbazaa%2Fvar%2F..%2Fphp%2Fdocs%2F..%2F..%2F.wp-cli%2F..%2F.wp-cli%2Fcache%2F..%2Fcache','',1,0,'2026-06-24 18:46:44','0000-00-00 00:00:00',301),(80185,'https://3s-technologies.com.tr/tr/91534?path=/home/ledbazaa/var/../../../lib64/python3.12/../lua/../python2.7/popen2.pyc',NULL,'https://3s-technologies.com.tr/91534/?path=%2Fhome%2Fledbazaa%2Fvar%2F..%2F..%2F..%2Flib64%2Fpython3.12%2F..%2Flua%2F..%2Fpython2.7%2Fpopen2.pyc','',1,0,'2026-06-24 18:46:45','0000-00-00 00:00:00',301),(80186,'https://3s-technologies.com.tr/tr/91534?path=/home/ledbazaa/var/../../../lib64/lua/../krb5/../python3.12/../python2.7/genericpath.pyc',NULL,'https://3s-technologies.com.tr/91534/?path=%2Fhome%2Fledbazaa%2Fvar%2F..%2F..%2F..%2Flib64%2Flua%2F..%2Fkrb5%2F..%2Fpython3.12%2F..%2Fpython2.7%2Fgenericpath.pyc','',1,0,'2026-06-24 18:46:46','0000-00-00 00:00:00',301),(80187,'https://3s-technologies.com.tr/tr/91534?path=/home/ledbazaa/var/../../../usr/include/python3.6m/./../python2.7/bytes_methods.h',NULL,'https://3s-technologies.com.tr/91534/?path=%2Fhome%2Fledbazaa%2Fvar%2F..%2F..%2F..%2Fusr%2Finclude%2Fpython3.6m%2F.%2F..%2Fpython2.7%2Fbytes_methods.h','',1,0,'2026-06-24 18:46:47','0000-00-00 00:00:00',301),(80188,'https://3s-technologies.com.tr/tr/91534?path=/home/../lib64/mysqlclient/../python3.6/../python3.6/./logging',NULL,'https://3s-technologies.com.tr/91534/?path=%2Fhome%2F..%2Flib64%2Fmysqlclient%2F..%2Fpython3.6%2F..%2Fpython3.6%2F.%2Flogging','',1,0,'2026-06-24 18:46:48','0000-00-00 00:00:00',301),(80189,'https://3s-technologies.com.tr/tr/91534?path=/home/../lib64/fwupd-plugins-5/../python3.12/../python3.12/multiprocessing/../html/../argparse.py',NULL,'https://3s-technologies.com.tr/91534/?path=%2Fhome%2F..%2Flib64%2Ffwupd-plugins-5%2F..%2Fpython3.12%2F..%2Fpython3.12%2Fmultiprocessing%2F..%2Fhtml%2F..%2Fargparse.py','',1,0,'2026-06-24 18:46:49','0000-00-00 00:00:00',301),(80190,'https://3s-technologies.com.tr/tr/91534?path=/home/ledbazaa/var/../../../lib64/libibverbs/../python3.6/../python2.7/../python2.7/bdb.pyo',NULL,'https://3s-technologies.com.tr/91534/?path=%2Fhome%2Fledbazaa%2Fvar%2F..%2F..%2F..%2Flib64%2Flibibverbs%2F..%2Fpython3.6%2F..%2Fpython2.7%2F..%2Fpython2.7%2Fbdb.pyo','',1,0,'2026-06-24 18:46:50','0000-00-00 00:00:00',301),(80191,'https://3s-technologies.com.tr/tr/91534?path=/home/../lib64/php/../mysql/../python3.12/cgitb.py',NULL,'https://3s-technologies.com.tr/91534/?path=%2Fhome%2F..%2Flib64%2Fphp%2F..%2Fmysql%2F..%2Fpython3.12%2Fcgitb.py','',1,0,'2026-06-24 18:46:51','0000-00-00 00:00:00',301),(80192,'https://3s-technologies.com.tr/tr/91534?path=/home/ledbazaa/var/../php/../led-bazaar.net/../../../../lib64/python2.7/../python3.12/posixpath.py',NULL,'https://3s-technologies.com.tr/91534/?path=%2Fhome%2Fledbazaa%2Fvar%2F..%2Fphp%2F..%2Fled-bazaar.net%2F..%2F..%2F..%2F..%2Flib64%2Fpython2.7%2F..%2Fpython3.12%2Fposixpath.py','',1,0,'2026-06-24 18:46:52','0000-00-00 00:00:00',301),(80193,'https://3s-technologies.com.tr/tr/91534?path=/home/../proc/irq/./../../usr/../..',NULL,'https://3s-technologies.com.tr/91534/?path=%2Fhome%2F..%2Fproc%2Firq%2F.%2F..%2F..%2Fusr%2F..%2F..','',1,0,'2026-06-24 18:46:53','0000-00-00 00:00:00',301),(80194,'https://3s-technologies.com.tr/tr/91534?path=/home/../lib64/php/.././python3.12/queue.py',NULL,'https://3s-technologies.com.tr/91534/?path=%2Fhome%2F..%2Flib64%2Fphp%2F..%2F.%2Fpython3.12%2Fqueue.py','',1,0,'2026-06-24 18:46:54','0000-00-00 00:00:00',301),(80195,'https://3s-technologies.com.tr/tr/91534?path=/home/ledbazaa/var/../../../lib64/lua/../apache2/../libproxy/../python3.12/csv.py',NULL,'https://3s-technologies.com.tr/91534/?path=%2Fhome%2Fledbazaa%2Fvar%2F..%2F..%2F..%2Flib64%2Flua%2F..%2Fapache2%2F..%2Flibproxy%2F..%2Fpython3.12%2Fcsv.py','',1,0,'2026-06-24 18:46:55','0000-00-00 00:00:00',301),(80196,'https://3s-technologies.com.tr/tr/91534?path=/home/ledbazaa/.wp-cli/../.wp-cli/../var/../../..',NULL,'https://3s-technologies.com.tr/91534/?path=%2Fhome%2Fledbazaa%2F.wp-cli%2F..%2F.wp-cli%2F..%2Fvar%2F..%2F..%2F..','',1,0,'2026-06-24 18:46:56','0000-00-00 00:00:00',301),(80197,'https://3s-technologies.com.tr/tr/91534?path=/home/ledbazaa/var/../../../usr/include/linux/../python3.6m/bytesobject.h',NULL,'https://3s-technologies.com.tr/91534/?path=%2Fhome%2Fledbazaa%2Fvar%2F..%2F..%2F..%2Fusr%2Finclude%2Flinux%2F..%2Fpython3.6m%2Fbytesobject.h','',1,0,'2026-06-24 18:46:57','0000-00-00 00:00:00',301),(80198,'https://3s-technologies.com.tr/tr/91534?path=/home/ledbazaa/var/../php/docs/../../ssl/../.httprequest/../../../bin/agentxtrap',NULL,'https://3s-technologies.com.tr/91534/?path=%2Fhome%2Fledbazaa%2Fvar%2F..%2Fphp%2Fdocs%2F..%2F..%2Fssl%2F..%2F.HttpRequest%2F..%2F..%2F..%2Fbin%2Fagentxtrap','',1,0,'2026-06-24 18:46:58','0000-00-00 00:00:00',301),(80199,'https://3s-technologies.com.tr/tr/91534?path=/home/ledbazaa/var/../../../lib64/python3.6/json/../../python2.7/threading.pyc',NULL,'https://3s-technologies.com.tr/91534/?path=%2Fhome%2Fledbazaa%2Fvar%2F..%2F..%2F..%2Flib64%2Fpython3.6%2Fjson%2F..%2F..%2Fpython2.7%2Fthreading.pyc','',1,0,'2026-06-24 18:46:59','0000-00-00 00:00:00',301),(80200,'https://3s-technologies.com.tr/tr/91534?path=/home/../lib64/fwupd-plugins-5/../python3.12/../php/../python2.7/_pyio.pyc',NULL,'https://3s-technologies.com.tr/91534/?path=%2Fhome%2F..%2Flib64%2Ffwupd-plugins-5%2F..%2Fpython3.12%2F..%2Fphp%2F..%2Fpython2.7%2F_pyio.pyc','',1,0,'2026-06-24 18:47:01','0000-00-00 00:00:00',301),(80201,'https://3s-technologies.com.tr/tr/91534?path=/home/../lib64/php/../tls/../python2.7/tools/../tty.py',NULL,'https://3s-technologies.com.tr/91534/?path=%2Fhome%2F..%2Flib64%2Fphp%2F..%2Ftls%2F..%2Fpython2.7%2FTools%2F..%2Ftty.py','',1,0,'2026-06-24 18:47:01','0000-00-00 00:00:00',301),(80202,'https://3s-technologies.com.tr/tr/91534?path=/home/ledbazaa/var/../php/docs/../../ssl/../.httprequest/../../../var/run',NULL,'https://3s-technologies.com.tr/91534/?path=%2Fhome%2Fledbazaa%2Fvar%2F..%2Fphp%2Fdocs%2F..%2F..%2Fssl%2F..%2F.HttpRequest%2F..%2F..%2F..%2Fvar%2Frun','',1,0,'2026-06-24 18:47:02','0000-00-00 00:00:00',301),(80203,'https://3s-technologies.com.tr/tr/91534?path=/home/../lib64/php/../security/../python2.7/new.py',NULL,'https://3s-technologies.com.tr/91534/?path=%2Fhome%2F..%2Flib64%2Fphp%2F..%2Fsecurity%2F..%2Fpython2.7%2Fnew.py','',1,0,'2026-06-24 18:47:02','0000-00-00 00:00:00',301),(80204,'https://3s-technologies.com.tr/tr/91534?path=/home/ledbazaa/var/../../../lib/realmd/../python2.7/../udev/../python3.12',NULL,'https://3s-technologies.com.tr/91534/?path=%2Fhome%2Fledbazaa%2Fvar%2F..%2F..%2F..%2Flib%2Frealmd%2F..%2Fpython2.7%2F..%2Fudev%2F..%2Fpython3.12','',1,0,'2026-06-24 18:47:03','0000-00-00 00:00:00',301),(80205,'https://3s-technologies.com.tr/tr/91534?path=/home/../lib64/fwupd-plugins-5/../python3.12/../php/../python3.6/uuid.py',NULL,'https://3s-technologies.com.tr/91534/?path=%2Fhome%2F..%2Flib64%2Ffwupd-plugins-5%2F..%2Fpython3.12%2F..%2Fphp%2F..%2Fpython3.6%2Fuuid.py','',1,0,'2026-06-24 18:47:03','0000-00-00 00:00:00',301),(80206,'https://3s-technologies.com.tr/tr/91534?path=/home/ledbazaa/var/../../../lib64/x11/../apache2/../python2.7/./../python3.6/html',NULL,'https://3s-technologies.com.tr/91534/?path=%2Fhome%2Fledbazaa%2Fvar%2F..%2F..%2F..%2Flib64%2FX11%2F..%2Fapache2%2F..%2Fpython2.7%2F.%2F..%2Fpython3.6%2Fhtml','',1,0,'2026-06-24 18:47:04','0000-00-00 00:00:00',301),(80207,'https://3s-technologies.com.tr/tr/91534?path=/home/../lib64/firebird/../networkmanager/../python2.7/struct.py',NULL,'https://3s-technologies.com.tr/91534/?path=%2Fhome%2F..%2Flib64%2Ffirebird%2F..%2FNetworkManager%2F..%2Fpython2.7%2Fstruct.py','',1,0,'2026-06-24 18:47:05','0000-00-00 00:00:00',301),(80208,'https://3s-technologies.com.tr/tr/91534?path=/home/../lib64/rpm-plugins/../python3.6/test/../sqlite3/dbapi2.py',NULL,'https://3s-technologies.com.tr/91534/?path=%2Fhome%2F..%2Flib64%2Frpm-plugins%2F..%2Fpython3.6%2Ftest%2F..%2Fsqlite3%2Fdbapi2.py','',1,0,'2026-06-24 18:47:06','0000-00-00 00:00:00',301),(80209,'https://3s-technologies.com.tr/tr/91534?path=/home/ledbazaa/var/../../../lib64/../lib64/lua/../python2.7/stringprep.py',NULL,'https://3s-technologies.com.tr/91534/?path=%2Fhome%2Fledbazaa%2Fvar%2F..%2F..%2F..%2Flib64%2F..%2Flib64%2Flua%2F..%2Fpython2.7%2Fstringprep.py','',1,0,'2026-06-24 18:47:07','0000-00-00 00:00:00',301),(80210,'https://3s-technologies.com.tr/tr/91534?path=/home/../lib64/rpm-plugins/../libproxy/../python2.7/stringio.pyo',NULL,'https://3s-technologies.com.tr/91534/?path=%2Fhome%2F..%2Flib64%2Frpm-plugins%2F..%2Flibproxy%2F..%2Fpython2.7%2FStringIO.pyo','',1,0,'2026-06-24 18:47:08','0000-00-00 00:00:00',301),(80211,'https://3s-technologies.com.tr/tr/91534?path=/home/../lib64/gio/../sa/../apache2/../python2.7/macpath.pyc',NULL,'https://3s-technologies.com.tr/91534/?path=%2Fhome%2F..%2Flib64%2Fgio%2F..%2Fsa%2F..%2Fapache2%2F..%2Fpython2.7%2Fmacpath.pyc','',1,0,'2026-06-24 18:47:09','0000-00-00 00:00:00',301),(80212,'https://3s-technologies.com.tr/tr/91534?path=/home/ledbazaa/var/../../../lib64/libibverbs/../python3.6/../python2.7/../python2.7/pickle.pyc',NULL,'https://3s-technologies.com.tr/91534/?path=%2Fhome%2Fledbazaa%2Fvar%2F..%2F..%2F..%2Flib64%2Flibibverbs%2F..%2Fpython3.6%2F..%2Fpython2.7%2F..%2Fpython2.7%2Fpickle.pyc','',1,0,'2026-06-24 18:47:10','0000-00-00 00:00:00',301),(80213,'https://3s-technologies.com.tr/tr/91534?path=/home/../lib64/.././sbin/../../dev/../proc',NULL,'https://3s-technologies.com.tr/91534/?path=%2Fhome%2F..%2Flib64%2F..%2F.%2Fsbin%2F..%2F..%2Fdev%2F..%2Fproc','',1,0,'2026-06-24 18:47:11','0000-00-00 00:00:00',301),(80214,'https://3s-technologies.com.tr/tr/91534?path=/home/ledbazaa/var/../../../lib64/python3.12/../enchant/../python2.7/../python3.12/__hello__.py',NULL,'https://3s-technologies.com.tr/91534/?path=%2Fhome%2Fledbazaa%2Fvar%2F..%2F..%2F..%2Flib64%2Fpython3.12%2F..%2Fenchant%2F..%2Fpython2.7%2F..%2Fpython3.12%2F__hello__.py','',1,0,'2026-06-24 18:47:12','0000-00-00 00:00:00',301),(80215,'https://3s-technologies.com.tr/tr/91534?path=/home/ledbazaa/var/../../../usr/include/../include/python3.6m/../re_comp.h',NULL,'https://3s-technologies.com.tr/91534/?path=%2Fhome%2Fledbazaa%2Fvar%2F..%2F..%2F..%2Fusr%2Finclude%2F..%2Finclude%2Fpython3.6m%2F..%2Fre_comp.h','',1,0,'2026-06-24 18:47:13','0000-00-00 00:00:00',301),(80216,'https://3s-technologies.com.tr/tr/91534?path=/home/ledbazaa/var/../../../lib64/x11/../apache2/../python2.7/.././python3.6/html',NULL,'https://3s-technologies.com.tr/91534/?path=%2Fhome%2Fledbazaa%2Fvar%2F..%2F..%2F..%2Flib64%2FX11%2F..%2Fapache2%2F..%2Fpython2.7%2F..%2F.%2Fpython3.6%2Fhtml','',1,0,'2026-06-24 18:47:14','0000-00-00 00:00:00',301),(80217,'https://3s-technologies.com.tr/tr/91534?path=/home/../lib64/rpm-plugins/../networkmanager/../python3.12/concurrent',NULL,'https://3s-technologies.com.tr/91534/?path=%2Fhome%2F..%2Flib64%2Frpm-plugins%2F..%2FNetworkManager%2F..%2Fpython3.12%2Fconcurrent','',1,0,'2026-06-24 18:47:15','0000-00-00 00:00:00',301),(80218,'https://3s-technologies.com.tr/tr/91534?path=/home/ledbazaa/var/../php/docs/../../ssl/../.httprequest/../../../bin/cal',NULL,'https://3s-technologies.com.tr/91534/?path=%2Fhome%2Fledbazaa%2Fvar%2F..%2Fphp%2Fdocs%2F..%2F..%2Fssl%2F..%2F.HttpRequest%2F..%2F..%2F..%2Fbin%2Fcal','',1,0,'2026-06-24 18:47:16','0000-00-00 00:00:00',301),(80219,'https://3s-technologies.com.tr/tr/91534?path=/home/ledbazaa/var/../../../lib64/python3.12/encodings/../../python3.12/../python2.7/email',NULL,'https://3s-technologies.com.tr/91534/?path=%2Fhome%2Fledbazaa%2Fvar%2F..%2F..%2F..%2Flib64%2Fpython3.12%2Fencodings%2F..%2F..%2Fpython3.12%2F..%2Fpython2.7%2Femail','',1,0,'2026-06-24 18:47:17','0000-00-00 00:00:00',301),(80220,'https://3s-technologies.com.tr/tr/91534?path=/home/ledbazaa/var/../../../lib64/lua/../apache2/../python2.7/../libpcrecpp.so.0',NULL,'https://3s-technologies.com.tr/91534/?path=%2Fhome%2Fledbazaa%2Fvar%2F..%2F..%2F..%2Flib64%2Flua%2F..%2Fapache2%2F..%2Fpython2.7%2F..%2Flibpcrecpp.so.0','',1,0,'2026-06-24 18:47:18','0000-00-00 00:00:00',301),(80221,'https://3s-technologies.com.tr/tr/91534?path=/home/ledbazaa/var/../../../lib64/lua/../apache2/../bind/../python3.6/binhex.py',NULL,'https://3s-technologies.com.tr/91534/?path=%2Fhome%2Fledbazaa%2Fvar%2F..%2F..%2F..%2Flib64%2Flua%2F..%2Fapache2%2F..%2Fbind%2F..%2Fpython3.6%2Fbinhex.py','',1,0,'2026-06-24 18:47:19','0000-00-00 00:00:00',301),(80222,'https://3s-technologies.com.tr/tr/91534?path=/home/../usr/share/autoconf/../awk/../awk/../ghostscript',NULL,'https://3s-technologies.com.tr/91534/?path=%2Fhome%2F..%2Fusr%2Fshare%2Fautoconf%2F..%2Fawk%2F..%2Fawk%2F..%2Fghostscript','',1,0,'2026-06-24 18:47:20','0000-00-00 00:00:00',301),(80223,'https://3s-technologies.com.tr/tr/91534?path=/home/ledbazaa/var/../../../lib64/../lib64/python2.7/../python3.6/../pkgconfig',NULL,'https://3s-technologies.com.tr/91534/?path=%2Fhome%2Fledbazaa%2Fvar%2F..%2F..%2F..%2Flib64%2F..%2Flib64%2Fpython2.7%2F..%2Fpython3.6%2F..%2Fpkgconfig','',1,0,'2026-06-24 18:47:21','0000-00-00 00:00:00',301),(80224,'https://3s-technologies.com.tr/tr/91534?path=/home/../lib64/fwupd-plugins-5/../python3.12/../python3.12/importlib/../platform.py',NULL,'https://3s-technologies.com.tr/91534/?path=%2Fhome%2F..%2Flib64%2Ffwupd-plugins-5%2F..%2Fpython3.12%2F..%2Fpython3.12%2Fimportlib%2F..%2Fplatform.py','',1,0,'2026-06-24 18:47:22','0000-00-00 00:00:00',301),(80225,'https://3s-technologies.com.tr/tr/91534?path=/home/../lib64/php/../php/../.',NULL,'https://3s-technologies.com.tr/91534/?path=%2Fhome%2F..%2Flib64%2Fphp%2F..%2Fphp%2F..%2F.','',1,0,'2026-06-24 18:47:23','0000-00-00 00:00:00',301),(80226,'https://3s-technologies.com.tr/tr/91534?path=/home/../lib64/php/../security/../python2.7/md5.py',NULL,'https://3s-technologies.com.tr/91534/?path=%2Fhome%2F..%2Flib64%2Fphp%2F..%2Fsecurity%2F..%2Fpython2.7%2Fmd5.py','',1,0,'2026-06-24 18:47:24','0000-00-00 00:00:00',301),(80227,'https://3s-technologies.com.tr/tr/91534?path=/home/ledbazaa/var/../../../lib64/lua/../apache2/../python2.7/json',NULL,'https://3s-technologies.com.tr/91534/?path=%2Fhome%2Fledbazaa%2Fvar%2F..%2F..%2F..%2Flib64%2Flua%2F..%2Fapache2%2F..%2Fpython2.7%2Fjson','',1,0,'2026-06-24 18:47:25','0000-00-00 00:00:00',301),(80228,'https://3s-technologies.com.tr/tr/91534?path=/home/../usr/src/../bin/../include/gssapi',NULL,'https://3s-technologies.com.tr/91534/?path=%2Fhome%2F..%2Fusr%2Fsrc%2F..%2Fbin%2F..%2Finclude%2Fgssapi','',1,0,'2026-06-24 18:47:26','0000-00-00 00:00:00',301),(80229,'https://3s-technologies.com.tr/tr/91534?path=/home/../lib64/sse2/../python2.7/../python3.6/__phello__.foo.py',NULL,'https://3s-technologies.com.tr/91534/?path=%2Fhome%2F..%2Flib64%2Fsse2%2F..%2Fpython2.7%2F..%2Fpython3.6%2F__phello__.foo.py','',1,0,'2026-06-24 18:47:27','0000-00-00 00:00:00',301),(80230,'https://3s-technologies.com.tr/tr/91534?path=/home/ledbazaa/var/../../../lib64/multipath/../gssproxy/../python3.12/../python3.6',NULL,'https://3s-technologies.com.tr/91534/?path=%2Fhome%2Fledbazaa%2Fvar%2F..%2F..%2F..%2Flib64%2Fmultipath%2F..%2Fgssproxy%2F..%2Fpython3.12%2F..%2Fpython3.6','',1,0,'2026-06-24 18:47:29','0000-00-00 00:00:00',301),(80231,'https://3s-technologies.com.tr/tr/91534?path=/home/ledbazaa/var/../../../lib64/lua/.././python2.7/tools/../string.py',NULL,'https://3s-technologies.com.tr/91534/?path=%2Fhome%2Fledbazaa%2Fvar%2F..%2F..%2F..%2Flib64%2Flua%2F..%2F.%2Fpython2.7%2FTools%2F..%2Fstring.py','',1,0,'2026-06-24 18:47:30','0000-00-00 00:00:00',301),(80232,'https://3s-technologies.com.tr/tr/91534?path=/home/../lib64/mysqlclient/../python3.6/json/../../.',NULL,'https://3s-technologies.com.tr/91534/?path=%2Fhome%2F..%2Flib64%2Fmysqlclient%2F..%2Fpython3.6%2Fjson%2F..%2F..%2F.','',1,0,'2026-06-24 18:47:31','0000-00-00 00:00:00',301),(80233,'https://3s-technologies.com.tr/tr/91534?path=/home/ledbazaa/var/../../../lib64/python3.12/../python3.12/../device-mapper',NULL,'https://3s-technologies.com.tr/91534/?path=%2Fhome%2Fledbazaa%2Fvar%2F..%2F..%2F..%2Flib64%2Fpython3.12%2F..%2Fpython3.12%2F..%2Fdevice-mapper','',1,0,'2026-06-24 18:47:32','0000-00-00 00:00:00',301),(80234,'https://3s-technologies.com.tr/tr/91534?path=/home/ledbazaa/var/../../../lib64/lua/./../python2.7/tools/../string.py',NULL,'https://3s-technologies.com.tr/91534/?path=%2Fhome%2Fledbazaa%2Fvar%2F..%2F..%2F..%2Flib64%2Flua%2F.%2F..%2Fpython2.7%2FTools%2F..%2Fstring.py','',1,0,'2026-06-24 18:47:33','0000-00-00 00:00:00',301),(80235,'https://3s-technologies.com.tr/tr/91534?path=/home/ledbazaa/var/../../../lib64/python3.12/../mysqlclient/../apache2/../php',NULL,'https://3s-technologies.com.tr/91534/?path=%2Fhome%2Fledbazaa%2Fvar%2F..%2F..%2F..%2Flib64%2Fpython3.12%2F..%2Fmysqlclient%2F..%2Fapache2%2F..%2Fphp','',1,0,'2026-06-24 18:47:34','0000-00-00 00:00:00',301),(80236,'https://3s-technologies.com.tr/tr/91534?path=/home/ledbazaa/var/../php/../led-bazaar.net/../../../dev/../../root',NULL,'https://3s-technologies.com.tr/91534/?path=%2Fhome%2Fledbazaa%2Fvar%2F..%2Fphp%2F..%2Fled-bazaar.net%2F..%2F..%2F..%2Fdev%2F..%2F..%2Froot','',1,0,'2026-06-24 18:47:35','0000-00-00 00:00:00',301),(80237,'https://3s-technologies.com.tr/tr/91534?path=/home/../lib64/fwupd-plugins-5/../python3.12/../python3.12/tkinter',NULL,'https://3s-technologies.com.tr/91534/?path=%2Fhome%2F..%2Flib64%2Ffwupd-plugins-5%2F..%2Fpython3.12%2F..%2Fpython3.12%2Ftkinter','',1,0,'2026-06-24 18:47:36','0000-00-00 00:00:00',301),(80238,'https://3s-technologies.com.tr/tr/91534?path=/home/ledbazaa/var/../php/docs/../../.wp-cli/../.koality/../.httprequest/../cache',NULL,'https://3s-technologies.com.tr/91534/?path=%2Fhome%2Fledbazaa%2Fvar%2F..%2Fphp%2Fdocs%2F..%2F..%2F.wp-cli%2F..%2F.koality%2F..%2F.HttpRequest%2F..%2Fcache','',1,0,'2026-06-24 18:47:37','0000-00-00 00:00:00',301),(80239,'https://3s-technologies.com.tr/tr/91534?path=/home/../lib64/samba/../python3.12/difflib.py',NULL,'https://3s-technologies.com.tr/91534/?path=%2Fhome%2F..%2Flib64%2Fsamba%2F..%2Fpython3.12%2Fdifflib.py','',1,0,'2026-06-24 18:47:38','0000-00-00 00:00:00',301),(80240,'https://3s-technologies.com.tr/tr/91534?path=/home/../lib64/fwupd-plugins-5/../python3.12/../python3.12/importlib/../wave.py',NULL,'https://3s-technologies.com.tr/91534/?path=%2Fhome%2F..%2Flib64%2Ffwupd-plugins-5%2F..%2Fpython3.12%2F..%2Fpython3.12%2Fimportlib%2F..%2Fwave.py','',1,0,'2026-06-24 18:47:39','0000-00-00 00:00:00',301),(80241,'https://3s-technologies.com.tr/tr/91534?path=/home/../usr/share/locale/../modules/../modules/../ghostscript',NULL,'https://3s-technologies.com.tr/91534/?path=%2Fhome%2F..%2Fusr%2Fshare%2Flocale%2F..%2FModules%2F..%2FModules%2F..%2Fghostscript','',1,0,'2026-06-24 18:47:40','0000-00-00 00:00:00',301),(80242,'https://3s-technologies.com.tr/tr/91534?path=/home/ledbazaa/var/../../../lib64/python3.12/../xtables/../python2.7/pprint.pyc',NULL,'https://3s-technologies.com.tr/91534/?path=%2Fhome%2Fledbazaa%2Fvar%2F..%2F..%2F..%2Flib64%2Fpython3.12%2F..%2Fxtables%2F..%2Fpython2.7%2Fpprint.pyc','',1,0,'2026-06-24 18:47:41','0000-00-00 00:00:00',301),(80243,'https://3s-technologies.com.tr/tr/91534?path=/home/../lib64/ldb/../gconv/../php/../python3.6/__pycache__',NULL,'https://3s-technologies.com.tr/91534/?path=%2Fhome%2F..%2Flib64%2Fldb%2F..%2Fgconv%2F..%2Fphp%2F..%2Fpython3.6%2F__pycache__','',1,0,'2026-06-24 18:47:42','0000-00-00 00:00:00',301),(80244,'https://3s-technologies.com.tr/tr/91534?path=/home/ledbazaa/var/../php/../.cl.selector/../../../../bin/recode',NULL,'https://3s-technologies.com.tr/91534/?path=%2Fhome%2Fledbazaa%2Fvar%2F..%2Fphp%2F..%2F.cl.selector%2F..%2F..%2F..%2F..%2Fbin%2Frecode','',1,0,'2026-06-24 18:47:43','0000-00-00 00:00:00',301),(80245,'https://3s-technologies.com.tr/tr/91534?path=/home/../lib64/php/../mysql/../python3.12/socket.py',NULL,'https://3s-technologies.com.tr/91534/?path=%2Fhome%2F..%2Flib64%2Fphp%2F..%2Fmysql%2F..%2Fpython3.12%2Fsocket.py','',1,0,'2026-06-24 18:47:44','0000-00-00 00:00:00',301),(80246,'https://3s-technologies.com.tr/tr/91534?path=/home/ledbazaa/var/../php/../led-bazaar.net/../../../../dev/../root',NULL,'https://3s-technologies.com.tr/91534/?path=%2Fhome%2Fledbazaa%2Fvar%2F..%2Fphp%2F..%2Fled-bazaar.net%2F..%2F..%2F..%2F..%2Fdev%2F..%2Froot','',1,0,'2026-06-24 18:47:45','0000-00-00 00:00:00',301),(80247,'https://3s-technologies.com.tr/tr/91534?path=/home/ledbazaa/var/../../../lib64/python3.12/../python3.6/logging/../cgi.py',NULL,'https://3s-technologies.com.tr/91534/?path=%2Fhome%2Fledbazaa%2Fvar%2F..%2F..%2F..%2Flib64%2Fpython3.12%2F..%2Fpython3.6%2Flogging%2F..%2Fcgi.py','',1,0,'2026-06-24 18:47:46','0000-00-00 00:00:00',301),(80248,'https://3s-technologies.com.tr/tr/91534?path=/home/../lib64/rpm-plugins/../networkmanager/../python3.12/genericpath.py',NULL,'https://3s-technologies.com.tr/91534/?path=%2Fhome%2F..%2Flib64%2Frpm-plugins%2F..%2FNetworkManager%2F..%2Fpython3.12%2Fgenericpath.py','',1,0,'2026-06-24 18:47:47','0000-00-00 00:00:00',301),(80249,'https://3s-technologies.com.tr/tr/91534?path=/home/../lib64/php/../tls/../python2.7/tools/../curses',NULL,'https://3s-technologies.com.tr/91534/?path=%2Fhome%2F..%2Flib64%2Fphp%2F..%2Ftls%2F..%2Fpython2.7%2FTools%2F..%2Fcurses','',1,0,'2026-06-24 18:47:48','0000-00-00 00:00:00',301),(80250,'https://3s-technologies.com.tr/tr/91534?path=/home/ledbazaa/var/../php/../led-bazaar.net/../../../../lib64/python2.7/../python3.12/pty.py',NULL,'https://3s-technologies.com.tr/91534/?path=%2Fhome%2Fledbazaa%2Fvar%2F..%2Fphp%2F..%2Fled-bazaar.net%2F..%2F..%2F..%2F..%2Flib64%2Fpython2.7%2F..%2Fpython3.12%2Fpty.py','',1,0,'2026-06-24 18:47:49','0000-00-00 00:00:00',301),(80251,'https://3s-technologies.com.tr/tr/91534?path=/home/../lib64/php/../security/../pkgconfig/../python2.7/uuid.py',NULL,'https://3s-technologies.com.tr/91534/?path=%2Fhome%2F..%2Flib64%2Fphp%2F..%2Fsecurity%2F..%2Fpkgconfig%2F..%2Fpython2.7%2Fuuid.py','',1,0,'2026-06-24 18:47:50','0000-00-00 00:00:00',301),(80252,'https://3s-technologies.com.tr/tr/91534?path=/home/ledbazaa/var/../../../usr/include/linux/../python3.6m/../netrom',NULL,'https://3s-technologies.com.tr/91534/?path=%2Fhome%2Fledbazaa%2Fvar%2F..%2F..%2F..%2Fusr%2Finclude%2Flinux%2F..%2Fpython3.6m%2F..%2Fnetrom','',1,0,'2026-06-24 18:47:51','0000-00-00 00:00:00',301),(80253,'https://3s-technologies.com.tr/tr/91534?path=/home/ledbazaa/var/../php/../led-bazaar.net/../../../../lib64/python2.7/../python3.12/site.py',NULL,'https://3s-technologies.com.tr/91534/?path=%2Fhome%2Fledbazaa%2Fvar%2F..%2Fphp%2F..%2Fled-bazaar.net%2F..%2F..%2F..%2F..%2Flib64%2Fpython2.7%2F..%2Fpython3.12%2Fsite.py','',1,0,'2026-06-24 18:47:52','0000-00-00 00:00:00',301),(80254,'https://3s-technologies.com.tr/tr/91534?path=/home/../lib64/rpm-plugins/../libproxy/../python2.7/simplehttpserver.py',NULL,'https://3s-technologies.com.tr/91534/?path=%2Fhome%2F..%2Flib64%2Frpm-plugins%2F..%2Flibproxy%2F..%2Fpython2.7%2FSimpleHTTPServer.py','',1,0,'2026-06-24 18:47:54','0000-00-00 00:00:00',301),(80255,'https://3s-technologies.com.tr/tr/91534?path=/home/ledbazaa/var/../../../lib64/python3.12/../python3.12/./code.py',NULL,'https://3s-technologies.com.tr/91534/?path=%2Fhome%2Fledbazaa%2Fvar%2F..%2F..%2F..%2Flib64%2Fpython3.12%2F..%2Fpython3.12%2F.%2Fcode.py','',1,0,'2026-06-24 18:47:54','0000-00-00 00:00:00',301),(80256,'https://3s-technologies.com.tr/tr/91534?path=/home/ledbazaa/var/../../../usr/include/../include/python3.6m/../netrom',NULL,'https://3s-technologies.com.tr/91534/?path=%2Fhome%2Fledbazaa%2Fvar%2F..%2F..%2F..%2Fusr%2Finclude%2F..%2Finclude%2Fpython3.6m%2F..%2Fnetrom','',1,0,'2026-06-24 18:47:55','0000-00-00 00:00:00',301),(80257,'https://3s-technologies.com.tr/tr/91534?path=/home/ledbazaa/var/../../../lib64/python3.12/../enchant/../python2.7/../python3.12/pdb.py',NULL,'https://3s-technologies.com.tr/91534/?path=%2Fhome%2Fledbazaa%2Fvar%2F..%2F..%2F..%2Flib64%2Fpython3.12%2F..%2Fenchant%2F..%2Fpython2.7%2F..%2Fpython3.12%2Fpdb.py','',1,0,'2026-06-24 18:47:55','0000-00-00 00:00:00',301),(80258,'https://3s-technologies.com.tr/tr/91534?path=/home/../lib64/rpm-plugins/../libproxy/../python2.7/cgitb.py',NULL,'https://3s-technologies.com.tr/91534/?path=%2Fhome%2F..%2Flib64%2Frpm-plugins%2F..%2Flibproxy%2F..%2Fpython2.7%2Fcgitb.py','',1,0,'2026-06-24 18:47:56','0000-00-00 00:00:00',301),(80259,'https://3s-technologies.com.tr/tr/91534?path=/home/../usr/src/../selector.etc/../include',NULL,'https://3s-technologies.com.tr/91534/?path=%2Fhome%2F..%2Fusr%2Fsrc%2F..%2Fselector.etc%2F..%2Finclude','',1,0,'2026-06-24 18:47:57','0000-00-00 00:00:00',301),(80260,'https://3s-technologies.com.tr/tr/91534?path=/home/ledbazaa/var/../php/../.cl.selector/../../../sbin/../include/python2.7/memoryobject.h',NULL,'https://3s-technologies.com.tr/91534/?path=%2Fhome%2Fledbazaa%2Fvar%2F..%2Fphp%2F..%2F.cl.selector%2F..%2F..%2F..%2Fsbin%2F..%2Finclude%2Fpython2.7%2Fmemoryobject.h','',1,0,'2026-06-24 18:47:58','0000-00-00 00:00:00',301),(80261,'https://3s-technologies.com.tr/tr/91534?path=/home/ledbazaa/cache/./../php/../php/../..',NULL,'https://3s-technologies.com.tr/91534/?path=%2Fhome%2Fledbazaa%2Fcache%2F.%2F..%2Fphp%2F..%2Fphp%2F..%2F..','',1,0,'2026-06-24 18:47:59','0000-00-00 00:00:00',301),(80262,'https://3s-technologies.com.tr/tr/91534?path=/home/ledbazaa/var/../../../lib64/python3.12/../libproxy/../python3.6/__pycache__',NULL,'https://3s-technologies.com.tr/91534/?path=%2Fhome%2Fledbazaa%2Fvar%2F..%2F..%2F..%2Flib64%2Fpython3.12%2F..%2Flibproxy%2F..%2Fpython3.6%2F__pycache__','',1,0,'2026-06-24 18:48:00','0000-00-00 00:00:00',301),(80263,'https://3s-technologies.com.tr/tr/91534?path=/home/../lib64/fwupd-plugins-5/../python3.12/../python3.12/asyncio/../../x11',NULL,'https://3s-technologies.com.tr/91534/?path=%2Fhome%2F..%2Flib64%2Ffwupd-plugins-5%2F..%2Fpython3.12%2F..%2Fpython3.12%2Fasyncio%2F..%2F..%2FX11','',1,0,'2026-06-24 18:48:01','0000-00-00 00:00:00',301),(80264,'https://3s-technologies.com.tr/tr/91534?path=/home/../lib64/sse2/../python2.7/importlib/../opcode.py',NULL,'https://3s-technologies.com.tr/91534/?path=%2Fhome%2F..%2Flib64%2Fsse2%2F..%2Fpython2.7%2Fimportlib%2F..%2Fopcode.py','',1,0,'2026-06-24 18:48:02','0000-00-00 00:00:00',301),(80265,'https://3s-technologies.com.tr/tr/91534?path=/home/ledbazaa/var/../../../lib64/libibverbs/../python3.6/../python2.7/../python2.7/macurl2path.pyo',NULL,'https://3s-technologies.com.tr/91534/?path=%2Fhome%2Fledbazaa%2Fvar%2F..%2F..%2F..%2Flib64%2Flibibverbs%2F..%2Fpython3.6%2F..%2Fpython2.7%2F..%2Fpython2.7%2Fmacurl2path.pyo','',1,0,'2026-06-24 18:48:02','0000-00-00 00:00:00',301),(80266,'https://3s-technologies.com.tr/tr/91534?path=/home/../lib64/fwupd-plugins-5/../python3.12/../python3.12/xmlrpc/../socket.py',NULL,'https://3s-technologies.com.tr/91534/?path=%2Fhome%2F..%2Flib64%2Ffwupd-plugins-5%2F..%2Fpython3.12%2F..%2Fpython3.12%2Fxmlrpc%2F..%2Fsocket.py','',1,0,'2026-06-24 18:48:03','0000-00-00 00:00:00',301),(80267,'https://3s-technologies.com.tr/tr/91534?path=/home/../lib64/ldb/../gconv/../php/../python2.7/macpath.pyc',NULL,'https://3s-technologies.com.tr/91534/?path=%2Fhome%2F..%2Flib64%2Fldb%2F..%2Fgconv%2F..%2Fphp%2F..%2Fpython2.7%2Fmacpath.pyc','',1,0,'2026-06-24 18:48:04','0000-00-00 00:00:00',301),(80268,'https://3s-technologies.com.tr/tr/91534?path=/home/ledbazaa/var/../../../lib64/python3.12/../enchant/../python2.7/difflib.py',NULL,'https://3s-technologies.com.tr/91534/?path=%2Fhome%2Fledbazaa%2Fvar%2F..%2F..%2F..%2Flib64%2Fpython3.12%2F..%2Fenchant%2F..%2Fpython2.7%2Fdifflib.py','',1,0,'2026-06-24 18:48:06','0000-00-00 00:00:00',301),(80269,'https://3s-technologies.com.tr/tr/91534?path=/home/../lib64/sse2/../lua/../python3.6/ntpath.py',NULL,'https://3s-technologies.com.tr/91534/?path=%2Fhome%2F..%2Flib64%2Fsse2%2F..%2Flua%2F..%2Fpython3.6%2Fntpath.py','',1,0,'2026-06-24 18:48:06','0000-00-00 00:00:00',301),(80270,'https://3s-technologies.com.tr/tr/91534?path=/home/ledbazaa/var/../../../lib64/lua/../apache2/../pm-utils/../python2.7/pkgutil.pyc',NULL,'https://3s-technologies.com.tr/91534/?path=%2Fhome%2Fledbazaa%2Fvar%2F..%2F..%2F..%2Flib64%2Flua%2F..%2Fapache2%2F..%2Fpm-utils%2F..%2Fpython2.7%2Fpkgutil.pyc','',1,0,'2026-06-24 18:48:07','0000-00-00 00:00:00',301),(80271,'https://3s-technologies.com.tr/tr/91534?path=/home/../lib64/sse2/../lua/../python3.6/trace.py',NULL,'https://3s-technologies.com.tr/91534/?path=%2Fhome%2F..%2Flib64%2Fsse2%2F..%2Flua%2F..%2Fpython3.6%2Ftrace.py','',1,0,'2026-06-24 18:48:08','0000-00-00 00:00:00',301),(80272,'https://3s-technologies.com.tr/tr/91534?path=/home/../lib64/python3.6/logging/__pycache__/../../struct.py',NULL,'https://3s-technologies.com.tr/91534/?path=%2Fhome%2F..%2Flib64%2Fpython3.6%2Flogging%2F__pycache__%2F..%2F..%2Fstruct.py','',1,0,'2026-06-24 18:48:10','0000-00-00 00:00:00',301),(80273,'https://3s-technologies.com.tr/tr/91534?path=/home/ledbazaa/var/../../../lib64/apache2/../python3.6/../python3.12/poplib.py',NULL,'https://3s-technologies.com.tr/91534/?path=%2Fhome%2Fledbazaa%2Fvar%2F..%2F..%2F..%2Flib64%2Fapache2%2F..%2Fpython3.6%2F..%2Fpython3.12%2Fpoplib.py','',1,0,'2026-06-24 18:48:11','0000-00-00 00:00:00',301),(80274,'https://3s-technologies.com.tr/tr/91534?path=/home/ledbazaa/var/../../../usr/include/../include/python2.7/../elf.h',NULL,'https://3s-technologies.com.tr/91534/?path=%2Fhome%2Fledbazaa%2Fvar%2F..%2F..%2F..%2Fusr%2Finclude%2F..%2Finclude%2Fpython2.7%2F..%2Felf.h','',1,0,'2026-06-24 18:48:12','0000-00-00 00:00:00',301),(80275,'https://3s-technologies.com.tr/tr/91534?path=/home/../lib64/php/../security/../python2.7/plistlib.py',NULL,'https://3s-technologies.com.tr/91534/?path=%2Fhome%2F..%2Flib64%2Fphp%2F..%2Fsecurity%2F..%2Fpython2.7%2Fplistlib.py','',1,0,'2026-06-24 18:48:13','0000-00-00 00:00:00',301),(80276,'https://3s-technologies.com.tr/tr/91534?path=/home/../usr/share/vim/../../include/../selector.etc',NULL,'https://3s-technologies.com.tr/91534/?path=%2Fhome%2F..%2Fusr%2Fshare%2Fvim%2F..%2F..%2Finclude%2F..%2Fselector.etc','',1,0,'2026-06-24 18:48:14','0000-00-00 00:00:00',301),(80277,'https://3s-technologies.com.tr/tr/91534?path=/home/ledbazaa/var/../../../lib64/python3.12/encodings/../../python3.12/../python3.12/linecache.py',NULL,'https://3s-technologies.com.tr/91534/?path=%2Fhome%2Fledbazaa%2Fvar%2F..%2F..%2F..%2Flib64%2Fpython3.12%2Fencodings%2F..%2F..%2Fpython3.12%2F..%2Fpython3.12%2Flinecache.py','',1,0,'2026-06-24 18:48:15','0000-00-00 00:00:00',301),(80278,'https://3s-technologies.com.tr/tr/91534?path=/home/../lib64/fwupd-plugins-5/../python3.12/../python3.12/asyncio/../../libcom_err.so',NULL,'https://3s-technologies.com.tr/91534/?path=%2Fhome%2F..%2Flib64%2Ffwupd-plugins-5%2F..%2Fpython3.12%2F..%2Fpython3.12%2Fasyncio%2F..%2F..%2Flibcom_err.so','',1,0,'2026-06-24 18:48:16','0000-00-00 00:00:00',301),(80279,'https://3s-technologies.com.tr/tr/91534?path=/home/../lib64/fwupd-plugins-5/../python3.12/../python3.12/concurrent/../wave.py',NULL,'https://3s-technologies.com.tr/91534/?path=%2Fhome%2F..%2Flib64%2Ffwupd-plugins-5%2F..%2Fpython3.12%2F..%2Fpython3.12%2Fconcurrent%2F..%2Fwave.py','',1,0,'2026-06-24 18:48:17','0000-00-00 00:00:00',301),(80280,'https://3s-technologies.com.tr/tr/91534?path=/home/ledbazaa/var/../../../lib64/python3.12/tomllib/../../python3.6/.././lua',NULL,'https://3s-technologies.com.tr/91534/?path=%2Fhome%2Fledbazaa%2Fvar%2F..%2F..%2F..%2Flib64%2Fpython3.12%2Ftomllib%2F..%2F..%2Fpython3.6%2F..%2F.%2Flua','',1,0,'2026-06-24 18:48:18','0000-00-00 00:00:00',301),(80281,'https://3s-technologies.com.tr/tr/91534?path=/home/../lib64/mysqlclient/../python3.6/difflib.py',NULL,'https://3s-technologies.com.tr/91534/?path=%2Fhome%2F..%2Flib64%2Fmysqlclient%2F..%2Fpython3.6%2Fdifflib.py','',1,0,'2026-06-24 18:48:19','0000-00-00 00:00:00',301),(80282,'https://3s-technologies.com.tr/tr/91534?path=/home/ledbazaa/var/../../../lib64/python3.12/../xtables/../python3.6/importlib/../codecs.py',NULL,'https://3s-technologies.com.tr/91534/?path=%2Fhome%2Fledbazaa%2Fvar%2F..%2F..%2F..%2Flib64%2Fpython3.12%2F..%2Fxtables%2F..%2Fpython3.6%2Fimportlib%2F..%2Fcodecs.py','',1,0,'2026-06-24 18:48:20','0000-00-00 00:00:00',301);

--
-- Table structure for table `fz6t4_schemas`
--

CREATE TABLE `fz6t4_schemas` (
  `extension_id` int NOT NULL,
  `version_id` varchar(20) CHARACTER SET utf8mb4 COLLATE utf8mb4_unicode_ci NOT NULL,
  PRIMARY KEY (`extension_id`,`version_id`)
) ENGINE=MyISAM DEFAULT CHARSET=utf8mb4 COLLATE=utf8mb4_unicode_ci;

--
-- Dumping data for table `fz6t4_schemas`
--

INSERT INTO `fz6t4_schemas` VALUES (700,'3.10.7-2022-03-18'),(10039,'4.0'),(10127,'2.0.1');

--
-- Table structure for table `fz6t4_session`
--

CREATE TABLE `fz6t4_session` (
  `session_id` varbinary(192) NOT NULL,
  `client_id` tinyint unsigned DEFAULT NULL,
  `guest` tinyint unsigned DEFAULT '1',
  `time` int NOT NULL DEFAULT '0',
  `data` mediumtext CHARACTER SET utf8mb4 COLLATE utf8mb4_unicode_ci,
  `userid` int DEFAULT '0',
  `username` varchar(150) CHARACTER SET utf8mb4 COLLATE utf8mb4_unicode_ci DEFAULT '',
  PRIMARY KEY (`session_id`),
  KEY `userid` (`userid`),
  KEY `time` (`time`),
  KEY `client_id_guest` (`client_id`,`guest`)
) ENGINE=MyISAM DEFAULT CHARSET=utf8mb4 COLLATE=utf8mb4_unicode_ci;

--
-- Dumping data for table `fz6t4_session`
--

INSERT INTO `fz6t4_session` VALUES (_binary '6a9824e834944f49825b2ca18cfe9d1a',0,1,1782326470,'joomla|s:664:\"TzoyNDoiSm9vbWxhXFJlZ2lzdHJ5XFJlZ2lzdHJ5IjozOntzOjc6IgAqAGRhdGEiO086ODoic3RkQ2xhc3MiOjE6e3M6OToiX19kZWZhdWx0IjtPOjg6InN0ZENsYXNzIjozOntzOjc6InNlc3Npb24iO086ODoic3RkQ2xhc3MiOjI6e3M6NzoiY291bnRlciI7aToyO3M6NToidGltZXIiO086ODoic3RkQ2xhc3MiOjM6e3M6NToic3RhcnQiO2k6MTc4MjMyNjQ3MDtzOjQ6Imxhc3QiO2k6MTc4MjMyNjQ3MDtzOjM6Im5vdyI7aToxNzgyMzI2NDcwO319czo4OiJyZWdpc3RyeSI7TzoyNDoiSm9vbWxhXFJlZ2lzdHJ5XFJlZ2lzdHJ5IjozOntzOjc6IgAqAGRhdGEiO086ODoic3RkQ2xhc3MiOjA6e31zOjE0OiIAKgBpbml0aWFsaXplZCI7YjowO3M6OToic2VwYXJhdG9yIjtzOjE6Ii4iO31zOjQ6InVzZXIiO086MjA6Ikpvb21sYVxDTVNcVXNlclxVc2VyIjoxOntzOjI6ImlkIjtpOjA7fX19czoxNDoiACoAaW5pdGlhbGl6ZWQiO2I6MDtzOjk6InNlcGFyYXRvciI7czoxOiIuIjt9\";',0,''),(_binary 'be2b0b58bafbbc8aecc80fcfe7141cb1',0,1,1782326522,'joomla|s:668:\"TzoyNDoiSm9vbWxhXFJlZ2lzdHJ5XFJlZ2lzdHJ5IjozOntzOjc6IgAqAGRhdGEiO086ODoic3RkQ2xhc3MiOjE6e3M6OToiX19kZWZhdWx0IjtPOjg6InN0ZENsYXNzIjozOntzOjc6InNlc3Npb24iO086ODoic3RkQ2xhc3MiOjI6e3M6NzoiY291bnRlciI7aToxMDU7czo1OiJ0aW1lciI7Tzo4OiJzdGRDbGFzcyI6Mzp7czo1OiJzdGFydCI7aToxNzgyMzI2NDcwO3M6NDoibGFzdCI7aToxNzgyMzI2NTIyO3M6Mzoibm93IjtpOjE3ODIzMjY1MjI7fX1zOjg6InJlZ2lzdHJ5IjtPOjI0OiJKb29tbGFcUmVnaXN0cnlcUmVnaXN0cnkiOjM6e3M6NzoiACoAZGF0YSI7Tzo4OiJzdGRDbGFzcyI6MDp7fXM6MTQ6IgAqAGluaXRpYWxpemVkIjtiOjA7czo5OiJzZXBhcmF0b3IiO3M6MToiLiI7fXM6NDoidXNlciI7TzoyMDoiSm9vbWxhXENNU1xVc2VyXFVzZXIiOjE6e3M6MjoiaWQiO2k6MDt9fX1zOjE0OiIAKgBpbml0aWFsaXplZCI7YjowO3M6OToic2VwYXJhdG9yIjtzOjE6Ii4iO30=\";',0,''),(_binary '7c7c75d2f44371aa23a9a50931bbfaa2',0,1,1782326525,'joomla|s:664:\"TzoyNDoiSm9vbWxhXFJlZ2lzdHJ5XFJlZ2lzdHJ5IjozOntzOjc6IgAqAGRhdGEiO086ODoic3RkQ2xhc3MiOjE6e3M6OToiX19kZWZhdWx0IjtPOjg6InN0ZENsYXNzIjozOntzOjc6InNlc3Npb24iO086ODoic3RkQ2xhc3MiOjI6e3M6NzoiY291bnRlciI7aToyO3M6NToidGltZXIiO086ODoic3RkQ2xhc3MiOjM6e3M6NToic3RhcnQiO2k6MTc4MjMyNjUyNDtzOjQ6Imxhc3QiO2k6MTc4MjMyNjUyNDtzOjM6Im5vdyI7aToxNzgyMzI2NTI1O319czo4OiJyZWdpc3RyeSI7TzoyNDoiSm9vbWxhXFJlZ2lzdHJ5XFJlZ2lzdHJ5IjozOntzOjc6IgAqAGRhdGEiO086ODoic3RkQ2xhc3MiOjA6e31zOjE0OiIAKgBpbml0aWFsaXplZCI7YjowO3M6OToic2VwYXJhdG9yIjtzOjE6Ii4iO31zOjQ6InVzZXIiO086MjA6Ikpvb21sYVxDTVNcVXNlclxVc2VyIjoxOntzOjI6ImlkIjtpOjA7fX19czoxNDoiACoAaW5pdGlhbGl6ZWQiO2I6MDtzOjk6InNlcGFyYXRvciI7czoxOiIuIjt9\";',0,''),(_binary 'c31aa402defaec1a26e0fecbe399d79a',0,1,1782326544,'joomla|s:668:\"TzoyNDoiSm9vbWxhXFJlZ2lzdHJ5XFJlZ2lzdHJ5IjozOntzOjc6IgAqAGRhdGEiO086ODoic3RkQ2xhc3MiOjE6e3M6OToiX19kZWZhdWx0IjtPOjg6InN0ZENsYXNzIjozOntzOjc6InNlc3Npb24iO086ODoic3RkQ2xhc3MiOjI6e3M6NzoiY291bnRlciI7aTozOTtzOjU6InRpbWVyIjtPOjg6InN0ZENsYXNzIjozOntzOjU6InN0YXJ0IjtpOjE3ODIzMjY1MjQ7czo0OiJsYXN0IjtpOjE3ODIzMjY1NDM7czozOiJub3ciO2k6MTc4MjMyNjU0NDt9fXM6ODoicmVnaXN0cnkiO086MjQ6Ikpvb21sYVxSZWdpc3RyeVxSZWdpc3RyeSI6Mzp7czo3OiIAKgBkYXRhIjtPOjg6InN0ZENsYXNzIjowOnt9czoxNDoiACoAaW5pdGlhbGl6ZWQiO2I6MDtzOjk6InNlcGFyYXRvciI7czoxOiIuIjt9czo0OiJ1c2VyIjtPOjIwOiJKb29tbGFcQ01TXFVzZXJcVXNlciI6MTp7czoyOiJpZCI7aTowO319fXM6MTQ6IgAqAGluaXRpYWxpemVkIjtiOjA7czo5OiJzZXBhcmF0b3IiO3M6MToiLiI7fQ==\";',0,''),(_binary 'f227e92142d6b0ed22642a7a651b96e6',0,1,1782326469,'joomla|s:668:\"TzoyNDoiSm9vbWxhXFJlZ2lzdHJ5XFJlZ2lzdHJ5IjozOntzOjc6IgAqAGRhdGEiO086ODoic3RkQ2xhc3MiOjE6e3M6OToiX19kZWZhdWx0IjtPOjg6InN0ZENsYXNzIjozOntzOjc6InNlc3Npb24iO086ODoic3RkQ2xhc3MiOjI6e3M6NzoiY291bnRlciI7aTo4ODtzOjU6InRpbWVyIjtPOjg6InN0ZENsYXNzIjozOntzOjU6InN0YXJ0IjtpOjE3ODIzMjY0MjU7czo0OiJsYXN0IjtpOjE3ODIzMjY0Njg7czozOiJub3ciO2k6MTc4MjMyNjQ2OTt9fXM6ODoicmVnaXN0cnkiO086MjQ6Ikpvb21sYVxSZWdpc3RyeVxSZWdpc3RyeSI6Mzp7czo3OiIAKgBkYXRhIjtPOjg6InN0ZENsYXNzIjowOnt9czoxNDoiACoAaW5pdGlhbGl6ZWQiO2I6MDtzOjk6InNlcGFyYXRvciI7czoxOiIuIjt9czo0OiJ1c2VyIjtPOjIwOiJKb29tbGFcQ01TXFVzZXJcVXNlciI6MTp7czoyOiJpZCI7aTowO319fXM6MTQ6IgAqAGluaXRpYWxpemVkIjtiOjA7czo5OiJzZXBhcmF0b3IiO3M6MToiLiI7fQ==\";',0,''),(_binary '8d680e87f48faf03f406f393b98dc4db',0,1,1782326426,'joomla|s:664:\"TzoyNDoiSm9vbWxhXFJlZ2lzdHJ5XFJlZ2lzdHJ5IjozOntzOjc6IgAqAGRhdGEiO086ODoic3RkQ2xhc3MiOjE6e3M6OToiX19kZWZhdWx0IjtPOjg6InN0ZENsYXNzIjozOntzOjc6InNlc3Npb24iO086ODoic3RkQ2xhc3MiOjI6e3M6NzoiY291bnRlciI7aToyO3M6NToidGltZXIiO086ODoic3RkQ2xhc3MiOjM6e3M6NToic3RhcnQiO2k6MTc4MjMyNjQyNTtzOjQ6Imxhc3QiO2k6MTc4MjMyNjQyNTtzOjM6Im5vdyI7aToxNzgyMzI2NDI1O319czo4OiJyZWdpc3RyeSI7TzoyNDoiSm9vbWxhXFJlZ2lzdHJ5XFJlZ2lzdHJ5IjozOntzOjc6IgAqAGRhdGEiO086ODoic3RkQ2xhc3MiOjA6e31zOjE0OiIAKgBpbml0aWFsaXplZCI7YjowO3M6OToic2VwYXJhdG9yIjtzOjE6Ii4iO31zOjQ6InVzZXIiO086MjA6Ikpvb21sYVxDTVNcVXNlclxVc2VyIjoxOntzOjI6ImlkIjtpOjA7fX19czoxNDoiACoAaW5pdGlhbGl6ZWQiO2I6MDtzOjk6InNlcGFyYXRvciI7czoxOiIuIjt9\";',0,''),(_binary '90703c994fc58599e58621bdab289990',0,1,1782326546,'joomla|s:664:\"TzoyNDoiSm9vbWxhXFJlZ2lzdHJ5XFJlZ2lzdHJ5IjozOntzOjc6IgAqAGRhdGEiO086ODoic3RkQ2xhc3MiOjE6e3M6OToiX19kZWZhdWx0IjtPOjg6InN0ZENsYXNzIjozOntzOjc6InNlc3Npb24iO086ODoic3RkQ2xhc3MiOjI6e3M6NzoiY291bnRlciI7aToyO3M6NToidGltZXIiO086ODoic3RkQ2xhc3MiOjM6e3M6NToic3RhcnQiO2k6MTc4MjMyNjU0NTtzOjQ6Imxhc3QiO2k6MTc4MjMyNjU0NTtzOjM6Im5vdyI7aToxNzgyMzI2NTQ2O319czo4OiJyZWdpc3RyeSI7TzoyNDoiSm9vbWxhXFJlZ2lzdHJ5XFJlZ2lzdHJ5IjozOntzOjc6IgAqAGRhdGEiO086ODoic3RkQ2xhc3MiOjA6e31zOjE0OiIAKgBpbml0aWFsaXplZCI7YjowO3M6OToic2VwYXJhdG9yIjtzOjE6Ii4iO31zOjQ6InVzZXIiO086MjA6Ikpvb21sYVxDTVNcVXNlclxVc2VyIjoxOntzOjI6ImlkIjtpOjA7fX19czoxNDoiACoAaW5pdGlhbGl6ZWQiO2I6MDtzOjk6InNlcGFyYXRvciI7czoxOiIuIjt9\";',0,''),(_binary '57f90fb2e027ae1e4be714e7394c5aa3',0,1,1782326591,'joomla|s:668:\"TzoyNDoiSm9vbWxhXFJlZ2lzdHJ5XFJlZ2lzdHJ5IjozOntzOjc6IgAqAGRhdGEiO086ODoic3RkQ2xhc3MiOjE6e3M6OToiX19kZWZhdWx0IjtPOjg6InN0ZENsYXNzIjozOntzOjc6InNlc3Npb24iO086ODoic3RkQ2xhc3MiOjI6e3M6NzoiY291bnRlciI7aTo5NDtzOjU6InRpbWVyIjtPOjg6InN0ZENsYXNzIjozOntzOjU6InN0YXJ0IjtpOjE3ODIzMjY1NDY7czo0OiJsYXN0IjtpOjE3ODIzMjY1OTA7czozOiJub3ciO2k6MTc4MjMyNjU5MDt9fXM6ODoicmVnaXN0cnkiO086MjQ6Ikpvb21sYVxSZWdpc3RyeVxSZWdpc3RyeSI6Mzp7czo3OiIAKgBkYXRhIjtPOjg6InN0ZENsYXNzIjowOnt9czoxNDoiACoAaW5pdGlhbGl6ZWQiO2I6MDtzOjk6InNlcGFyYXRvciI7czoxOiIuIjt9czo0OiJ1c2VyIjtPOjIwOiJKb29tbGFcQ01TXFVzZXJcVXNlciI6MTp7czoyOiJpZCI7aTowO319fXM6MTQ6IgAqAGluaXRpYWxpemVkIjtiOjA7czo5OiJzZXBhcmF0b3IiO3M6MToiLiI7fQ==\";',0,''),(_binary '0ab6d74aee99c8120173031ccfd8f48d',0,1,1782326593,'joomla|s:664:\"TzoyNDoiSm9vbWxhXFJlZ2lzdHJ5XFJlZ2lzdHJ5IjozOntzOjc6IgAqAGRhdGEiO086ODoic3RkQ2xhc3MiOjE6e3M6OToiX19kZWZhdWx0IjtPOjg6InN0ZENsYXNzIjozOntzOjc6InNlc3Npb24iO086ODoic3RkQ2xhc3MiOjI6e3M6NzoiY291bnRlciI7aToyO3M6NToidGltZXIiO086ODoic3RkQ2xhc3MiOjM6e3M6NToic3RhcnQiO2k6MTc4MjMyNjU5MjtzOjQ6Imxhc3QiO2k6MTc4MjMyNjU5MjtzOjM6Im5vdyI7aToxNzgyMzI2NTkyO319czo4OiJyZWdpc3RyeSI7TzoyNDoiSm9vbWxhXFJlZ2lzdHJ5XFJlZ2lzdHJ5IjozOntzOjc6IgAqAGRhdGEiO086ODoic3RkQ2xhc3MiOjA6e31zOjE0OiIAKgBpbml0aWFsaXplZCI7YjowO3M6OToic2VwYXJhdG9yIjtzOjE6Ii4iO31zOjQ6InVzZXIiO086MjA6Ikpvb21sYVxDTVNcVXNlclxVc2VyIjoxOntzOjI6ImlkIjtpOjA7fX19czoxNDoiACoAaW5pdGlhbGl6ZWQiO2I6MDtzOjk6InNlcGFyYXRvciI7czoxOiIuIjt9\";',0,''),(_binary 'c718e8ba7cad6f3b5d93957f5804c737',0,1,1782326697,'joomla|s:668:\"TzoyNDoiSm9vbWxhXFJlZ2lzdHJ5XFJlZ2lzdHJ5IjozOntzOjc6IgAqAGRhdGEiO086ODoic3RkQ2xhc3MiOjE6e3M6OToiX19kZWZhdWx0IjtPOjg6InN0ZENsYXNzIjozOntzOjc6InNlc3Npb24iO086ODoic3RkQ2xhc3MiOjI6e3M6NzoiY291bnRlciI7aToxMDY7czo1OiJ0aW1lciI7Tzo4OiJzdGRDbGFzcyI6Mzp7czo1OiJzdGFydCI7aToxNzgyMzI2NTkyO3M6NDoibGFzdCI7aToxNzgyMzI2Njk3O3M6Mzoibm93IjtpOjE3ODIzMjY2OTc7fX1zOjg6InJlZ2lzdHJ5IjtPOjI0OiJKb29tbGFcUmVnaXN0cnlcUmVnaXN0cnkiOjM6e3M6NzoiACoAZGF0YSI7Tzo4OiJzdGRDbGFzcyI6MDp7fXM6MTQ6IgAqAGluaXRpYWxpemVkIjtiOjA7czo5OiJzZXBhcmF0b3IiO3M6MToiLiI7fXM6NDoidXNlciI7TzoyMDoiSm9vbWxhXENNU1xVc2VyXFVzZXIiOjE6e3M6MjoiaWQiO2k6MDt9fX1zOjE0OiIAKgBpbml0aWFsaXplZCI7YjowO3M6OToic2VwYXJhdG9yIjtzOjE6Ii4iO30=\";',0,''),(_binary 'a81b62b2c0ebdc35c8402132503d352e',0,1,1782326623,'joomla|s:664:\"TzoyNDoiSm9vbWxhXFJlZ2lzdHJ5XFJlZ2lzdHJ5IjozOntzOjc6IgAqAGRhdGEiO086ODoic3RkQ2xhc3MiOjE6e3M6OToiX19kZWZhdWx0IjtPOjg6InN0ZENsYXNzIjozOntzOjc6InNlc3Npb24iO086ODoic3RkQ2xhc3MiOjI6e3M6NzoiY291bnRlciI7aToyO3M6NToidGltZXIiO086ODoic3RkQ2xhc3MiOjM6e3M6NToic3RhcnQiO2k6MTc4MjMyNjYyMjtzOjQ6Imxhc3QiO2k6MTc4MjMyNjYyMjtzOjM6Im5vdyI7aToxNzgyMzI2NjIyO319czo4OiJyZWdpc3RyeSI7TzoyNDoiSm9vbWxhXFJlZ2lzdHJ5XFJlZ2lzdHJ5IjozOntzOjc6IgAqAGRhdGEiO086ODoic3RkQ2xhc3MiOjA6e31zOjE0OiIAKgBpbml0aWFsaXplZCI7YjowO3M6OToic2VwYXJhdG9yIjtzOjE6Ii4iO31zOjQ6InVzZXIiO086MjA6Ikpvb21sYVxDTVNcVXNlclxVc2VyIjoxOntzOjI6ImlkIjtpOjA7fX19czoxNDoiACoAaW5pdGlhbGl6ZWQiO2I6MDtzOjk6InNlcGFyYXRvciI7czoxOiIuIjt9\";',0,''),(_binary 'a60a74a63710fb4c18eb1666fa76839a',0,1,1782326674,'joomla|s:668:\"TzoyNDoiSm9vbWxhXFJlZ2lzdHJ5XFJlZ2lzdHJ5IjozOntzOjc6IgAqAGRhdGEiO086ODoic3RkQ2xhc3MiOjE6e3M6OToiX19kZWZhdWx0IjtPOjg6InN0ZENsYXNzIjozOntzOjc6InNlc3Npb24iO086ODoic3RkQ2xhc3MiOjI6e3M6NzoiY291bnRlciI7aToxMDM7czo1OiJ0aW1lciI7Tzo4OiJzdGRDbGFzcyI6Mzp7czo1OiJzdGFydCI7aToxNzgyMzI2NjIyO3M6NDoibGFzdCI7aToxNzgyMzI2NjczO3M6Mzoibm93IjtpOjE3ODIzMjY2NzQ7fX1zOjg6InJlZ2lzdHJ5IjtPOjI0OiJKb29tbGFcUmVnaXN0cnlcUmVnaXN0cnkiOjM6e3M6NzoiACoAZGF0YSI7Tzo4OiJzdGRDbGFzcyI6MDp7fXM6MTQ6IgAqAGluaXRpYWxpemVkIjtiOjA7czo5OiJzZXBhcmF0b3IiO3M6MToiLiI7fXM6NDoidXNlciI7TzoyMDoiSm9vbWxhXENNU1xVc2VyXFVzZXIiOjE6e3M6MjoiaWQiO2k6MDt9fX1zOjE0OiIAKgBpbml0aWFsaXplZCI7YjowO3M6OToic2VwYXJhdG9yIjtzOjE6Ii4iO30=\";',0,''),(_binary '0d2c653c397143aade5bb3de12631079',0,1,1782326647,'joomla|s:664:\"TzoyNDoiSm9vbWxhXFJlZ2lzdHJ5XFJlZ2lzdHJ5IjozOntzOjc6IgAqAGRhdGEiO086ODoic3RkQ2xhc3MiOjE6e3M6OToiX19kZWZhdWx0IjtPOjg6InN0ZENsYXNzIjozOntzOjc6InNlc3Npb24iO086ODoic3RkQ2xhc3MiOjI6e3M6NzoiY291bnRlciI7aToyO3M6NToidGltZXIiO086ODoic3RkQ2xhc3MiOjM6e3M6NToic3RhcnQiO2k6MTc4MjMyNjY0NTtzOjQ6Imxhc3QiO2k6MTc4MjMyNjY0NTtzOjM6Im5vdyI7aToxNzgyMzI2NjQ3O319czo4OiJyZWdpc3RyeSI7TzoyNDoiSm9vbWxhXFJlZ2lzdHJ5XFJlZ2lzdHJ5IjozOntzOjc6IgAqAGRhdGEiO086ODoic3RkQ2xhc3MiOjA6e31zOjE0OiIAKgBpbml0aWFsaXplZCI7YjowO3M6OToic2VwYXJhdG9yIjtzOjE6Ii4iO31zOjQ6InVzZXIiO086MjA6Ikpvb21sYVxDTVNcVXNlclxVc2VyIjoxOntzOjI6ImlkIjtpOjA7fX19czoxNDoiACoAaW5pdGlhbGl6ZWQiO2I6MDtzOjk6InNlcGFyYXRvciI7czoxOiIuIjt9\";',0,''),(_binary 'b83dce42acc9d2e7e9485bef1bfb1b3f',0,1,1782326662,'joomla|s:736:\"TzoyNDoiSm9vbWxhXFJlZ2lzdHJ5XFJlZ2lzdHJ5IjozOntzOjc6IgAqAGRhdGEiO086ODoic3RkQ2xhc3MiOjE6e3M6OToiX19kZWZhdWx0IjtPOjg6InN0ZENsYXNzIjozOntzOjc6InNlc3Npb24iO086ODoic3RkQ2xhc3MiOjM6e3M6NzoiY291bnRlciI7aToxO3M6NToidGltZXIiO086ODoic3RkQ2xhc3MiOjM6e3M6NToic3RhcnQiO2k6MTc4MjMyNjY2MjtzOjQ6Imxhc3QiO2k6MTc4MjMyNjY2MjtzOjM6Im5vdyI7aToxNzgyMzI2NjYyO31zOjU6InRva2VuIjtzOjMyOiJoOVlxYVlnUjJUWURjRU55emo4QTVFTVhDdEFBR2l0dSI7fXM6ODoicmVnaXN0cnkiO086MjQ6Ikpvb21sYVxSZWdpc3RyeVxSZWdpc3RyeSI6Mzp7czo3OiIAKgBkYXRhIjtPOjg6InN0ZENsYXNzIjowOnt9czoxNDoiACoAaW5pdGlhbGl6ZWQiO2I6MDtzOjk6InNlcGFyYXRvciI7czoxOiIuIjt9czo0OiJ1c2VyIjtPOjIwOiJKb29tbGFcQ01TXFVzZXJcVXNlciI6MTp7czoyOiJpZCI7aTowO319fXM6MTQ6IgAqAGluaXRpYWxpemVkIjtiOjA7czo5OiJzZXBhcmF0b3IiO3M6MToiLiI7fQ==\";',0,''),(_binary 'd96b27122690a338bcb9e9565ea544e1',0,1,1782326671,'joomla|s:736:\"TzoyNDoiSm9vbWxhXFJlZ2lzdHJ5XFJlZ2lzdHJ5IjozOntzOjc6IgAqAGRhdGEiO086ODoic3RkQ2xhc3MiOjE6e3M6OToiX19kZWZhdWx0IjtPOjg6InN0ZENsYXNzIjozOntzOjc6InNlc3Npb24iO086ODoic3RkQ2xhc3MiOjM6e3M6NzoiY291bnRlciI7aTozO3M6NToidGltZXIiO086ODoic3RkQ2xhc3MiOjM6e3M6NToic3RhcnQiO2k6MTc4MjMyNjY2NDtzOjQ6Imxhc3QiO2k6MTc4MjMyNjY2NTtzOjM6Im5vdyI7aToxNzgyMzI2NjcxO31zOjU6InRva2VuIjtzOjMyOiJvMmlyamRTNWVIdmRtcTdsN1pzcWhic1dUZFhySk1nViI7fXM6ODoicmVnaXN0cnkiO086MjQ6Ikpvb21sYVxSZWdpc3RyeVxSZWdpc3RyeSI6Mzp7czo3OiIAKgBkYXRhIjtPOjg6InN0ZENsYXNzIjowOnt9czoxNDoiACoAaW5pdGlhbGl6ZWQiO2I6MDtzOjk6InNlcGFyYXRvciI7czoxOiIuIjt9czo0OiJ1c2VyIjtPOjIwOiJKb29tbGFcQ01TXFVzZXJcVXNlciI6MTp7czoyOiJpZCI7aTowO319fXM6MTQ6IgAqAGluaXRpYWxpemVkIjtiOjA7czo5OiJzZXBhcmF0b3IiO3M6MToiLiI7fQ==\";',0,''),(_binary '12fff5c92af8ba7d703deff59d510c54',0,1,1782326698,'joomla|s:664:\"TzoyNDoiSm9vbWxhXFJlZ2lzdHJ5XFJlZ2lzdHJ5IjozOntzOjc6IgAqAGRhdGEiO086ODoic3RkQ2xhc3MiOjE6e3M6OToiX19kZWZhdWx0IjtPOjg6InN0ZENsYXNzIjozOntzOjc6InNlc3Npb24iO086ODoic3RkQ2xhc3MiOjI6e3M6NzoiY291bnRlciI7aToyO3M6NToidGltZXIiO086ODoic3RkQ2xhc3MiOjM6e3M6NToic3RhcnQiO2k6MTc4MjMyNjY5ODtzOjQ6Imxhc3QiO2k6MTc4MjMyNjY5ODtzOjM6Im5vdyI7aToxNzgyMzI2Njk4O319czo4OiJyZWdpc3RyeSI7TzoyNDoiSm9vbWxhXFJlZ2lzdHJ5XFJlZ2lzdHJ5IjozOntzOjc6IgAqAGRhdGEiO086ODoic3RkQ2xhc3MiOjA6e31zOjE0OiIAKgBpbml0aWFsaXplZCI7YjowO3M6OToic2VwYXJhdG9yIjtzOjE6Ii4iO31zOjQ6InVzZXIiO086MjA6Ikpvb21sYVxDTVNcVXNlclxVc2VyIjoxOntzOjI6ImlkIjtpOjA7fX19czoxNDoiACoAaW5pdGlhbGl6ZWQiO2I6MDtzOjk6InNlcGFyYXRvciI7czoxOiIuIjt9\";',0,''),(_binary '191167dc22f4ad9ce9d95001d3126700',0,1,1782326728,'joomla|s:668:\"TzoyNDoiSm9vbWxhXFJlZ2lzdHJ5XFJlZ2lzdHJ5IjozOntzOjc6IgAqAGRhdGEiO086ODoic3RkQ2xhc3MiOjE6e3M6OToiX19kZWZhdWx0IjtPOjg6InN0ZENsYXNzIjozOntzOjc6InNlc3Npb24iO086ODoic3RkQ2xhc3MiOjI6e3M6NzoiY291bnRlciI7aTo1OTtzOjU6InRpbWVyIjtPOjg6InN0ZENsYXNzIjozOntzOjU6InN0YXJ0IjtpOjE3ODIzMjY2OTg7czo0OiJsYXN0IjtpOjE3ODIzMjY3Mjc7czozOiJub3ciO2k6MTc4MjMyNjcyODt9fXM6ODoicmVnaXN0cnkiO086MjQ6Ikpvb21sYVxSZWdpc3RyeVxSZWdpc3RyeSI6Mzp7czo3OiIAKgBkYXRhIjtPOjg6InN0ZENsYXNzIjowOnt9czoxNDoiACoAaW5pdGlhbGl6ZWQiO2I6MDtzOjk6InNlcGFyYXRvciI7czoxOiIuIjt9czo0OiJ1c2VyIjtPOjIwOiJKb29tbGFcQ01TXFVzZXJcVXNlciI6MTp7czoyOiJpZCI7aTowO319fXM6MTQ6IgAqAGluaXRpYWxpemVkIjtiOjA7czo5OiJzZXBhcmF0b3IiO3M6MToiLiI7fQ==\";',0,''),(_binary 'a7ae9e085cb3391b25bbeeae1b7d5a27',0,1,1782326729,'joomla|s:664:\"TzoyNDoiSm9vbWxhXFJlZ2lzdHJ5XFJlZ2lzdHJ5IjozOntzOjc6IgAqAGRhdGEiO086ODoic3RkQ2xhc3MiOjE6e3M6OToiX19kZWZhdWx0IjtPOjg6InN0ZENsYXNzIjozOntzOjc6InNlc3Npb24iO086ODoic3RkQ2xhc3MiOjI6e3M6NzoiY291bnRlciI7aToyO3M6NToidGltZXIiO086ODoic3RkQ2xhc3MiOjM6e3M6NToic3RhcnQiO2k6MTc4MjMyNjcyODtzOjQ6Imxhc3QiO2k6MTc4MjMyNjcyODtzOjM6Im5vdyI7aToxNzgyMzI2NzI4O319czo4OiJyZWdpc3RyeSI7TzoyNDoiSm9vbWxhXFJlZ2lzdHJ5XFJlZ2lzdHJ5IjozOntzOjc6IgAqAGRhdGEiO086ODoic3RkQ2xhc3MiOjA6e31zOjE0OiIAKgBpbml0aWFsaXplZCI7YjowO3M6OToic2VwYXJhdG9yIjtzOjE6Ii4iO31zOjQ6InVzZXIiO086MjA6Ikpvb21sYVxDTVNcVXNlclxVc2VyIjoxOntzOjI6ImlkIjtpOjA7fX19czoxNDoiACoAaW5pdGlhbGl6ZWQiO2I6MDtzOjk6InNlcGFyYXRvciI7czoxOiIuIjt9\";',0,''),(_binary '543ddf990dd77f4c65fb6d3ad98356bc',0,1,1782326779,'joomla|s:668:\"TzoyNDoiSm9vbWxhXFJlZ2lzdHJ5XFJlZ2lzdHJ5IjozOntzOjc6IgAqAGRhdGEiO086ODoic3RkQ2xhc3MiOjE6e3M6OToiX19kZWZhdWx0IjtPOjg6InN0ZENsYXNzIjozOntzOjc6InNlc3Npb24iO086ODoic3RkQ2xhc3MiOjI6e3M6NzoiY291bnRlciI7aToxMDU7czo1OiJ0aW1lciI7Tzo4OiJzdGRDbGFzcyI6Mzp7czo1OiJzdGFydCI7aToxNzgyMzI2NzI4O3M6NDoibGFzdCI7aToxNzgyMzI2Nzc5O3M6Mzoibm93IjtpOjE3ODIzMjY3Nzk7fX1zOjg6InJlZ2lzdHJ5IjtPOjI0OiJKb29tbGFcUmVnaXN0cnlcUmVnaXN0cnkiOjM6e3M6NzoiACoAZGF0YSI7Tzo4OiJzdGRDbGFzcyI6MDp7fXM6MTQ6IgAqAGluaXRpYWxpemVkIjtiOjA7czo5OiJzZXBhcmF0b3IiO3M6MToiLiI7fXM6NDoidXNlciI7TzoyMDoiSm9vbWxhXENNU1xVc2VyXFVzZXIiOjE6e3M6MjoiaWQiO2k6MDt9fX1zOjE0OiIAKgBpbml0aWFsaXplZCI7YjowO3M6OToic2VwYXJhdG9yIjtzOjE6Ii4iO30=\";',0,''),(_binary '30c073b59d5fa293fca15753100f485f',1,1,1782326742,'joomla|s:736:\"TzoyNDoiSm9vbWxhXFJlZ2lzdHJ5XFJlZ2lzdHJ5IjozOntzOjc6IgAqAGRhdGEiO086ODoic3RkQ2xhc3MiOjE6e3M6OToiX19kZWZhdWx0IjtPOjg6InN0ZENsYXNzIjozOntzOjc6InNlc3Npb24iO086ODoic3RkQ2xhc3MiOjM6e3M6NzoiY291bnRlciI7aToxO3M6NToidGltZXIiO086ODoic3RkQ2xhc3MiOjM6e3M6NToic3RhcnQiO2k6MTc4MjMyNjc0MjtzOjQ6Imxhc3QiO2k6MTc4MjMyNjc0MjtzOjM6Im5vdyI7aToxNzgyMzI2NzQyO31zOjU6InRva2VuIjtzOjMyOiI1Wkl3TTc1QjZ6ZFZxd2dTNVVJYmF2NHFpNHNEMEtQQiI7fXM6ODoicmVnaXN0cnkiO086MjQ6Ikpvb21sYVxSZWdpc3RyeVxSZWdpc3RyeSI6Mzp7czo3OiIAKgBkYXRhIjtPOjg6InN0ZENsYXNzIjowOnt9czoxNDoiACoAaW5pdGlhbGl6ZWQiO2I6MDtzOjk6InNlcGFyYXRvciI7czoxOiIuIjt9czo0OiJ1c2VyIjtPOjIwOiJKb29tbGFcQ01TXFVzZXJcVXNlciI6MTp7czoyOiJpZCI7aTowO319fXM6MTQ6IgAqAGluaXRpYWxpemVkIjtiOjA7czo5OiJzZXBhcmF0b3IiO3M6MToiLiI7fQ==\";',0,''),(_binary 'b94e6a79a5757746819b59b9b2a68480',0,1,1782326781,'joomla|s:664:\"TzoyNDoiSm9vbWxhXFJlZ2lzdHJ5XFJlZ2lzdHJ5IjozOntzOjc6IgAqAGRhdGEiO086ODoic3RkQ2xhc3MiOjE6e3M6OToiX19kZWZhdWx0IjtPOjg6InN0ZENsYXNzIjozOntzOjc6InNlc3Npb24iO086ODoic3RkQ2xhc3MiOjI6e3M6NzoiY291bnRlciI7aToyO3M6NToidGltZXIiO086ODoic3RkQ2xhc3MiOjM6e3M6NToic3RhcnQiO2k6MTc4MjMyNjc4MDtzOjQ6Imxhc3QiO2k6MTc4MjMyNjc4MDtzOjM6Im5vdyI7aToxNzgyMzI2NzgxO319czo4OiJyZWdpc3RyeSI7TzoyNDoiSm9vbWxhXFJlZ2lzdHJ5XFJlZ2lzdHJ5IjozOntzOjc6IgAqAGRhdGEiO086ODoic3RkQ2xhc3MiOjA6e31zOjE0OiIAKgBpbml0aWFsaXplZCI7YjowO3M6OToic2VwYXJhdG9yIjtzOjE6Ii4iO31zOjQ6InVzZXIiO086MjA6Ikpvb21sYVxDTVNcVXNlclxVc2VyIjoxOntzOjI6ImlkIjtpOjA7fX19czoxNDoiACoAaW5pdGlhbGl6ZWQiO2I6MDtzOjk6InNlcGFyYXRvciI7czoxOiIuIjt9\";',0,''),(_binary 'cc3a5febfc35cdade1d33c0b172a02b8',0,1,1782326787,'joomla|s:668:\"TzoyNDoiSm9vbWxhXFJlZ2lzdHJ5XFJlZ2lzdHJ5IjozOntzOjc6IgAqAGRhdGEiO086ODoic3RkQ2xhc3MiOjE6e3M6OToiX19kZWZhdWx0IjtPOjg6InN0ZENsYXNzIjozOntzOjc6InNlc3Npb24iO086ODoic3RkQ2xhc3MiOjI6e3M6NzoiY291bnRlciI7aToxODtzOjU6InRpbWVyIjtPOjg6InN0ZENsYXNzIjozOntzOjU6InN0YXJ0IjtpOjE3ODIzMjY3ODA7czo0OiJsYXN0IjtpOjE3ODIzMjY3ODY7czozOiJub3ciO2k6MTc4MjMyNjc4Nzt9fXM6ODoicmVnaXN0cnkiO086MjQ6Ikpvb21sYVxSZWdpc3RyeVxSZWdpc3RyeSI6Mzp7czo3OiIAKgBkYXRhIjtPOjg6InN0ZENsYXNzIjowOnt9czoxNDoiACoAaW5pdGlhbGl6ZWQiO2I6MDtzOjk6InNlcGFyYXRvciI7czoxOiIuIjt9czo0OiJ1c2VyIjtPOjIwOiJKb29tbGFcQ01TXFVzZXJcVXNlciI6MTp7czoyOiJpZCI7aTowO319fXM6MTQ6IgAqAGluaXRpYWxpemVkIjtiOjA7czo5OiJzZXBhcmF0b3IiO3M6MToiLiI7fQ==\";',0,''),(_binary '6c849776214417cca61d54c4b0b8d1bc',0,1,1782326789,'joomla|s:664:\"TzoyNDoiSm9vbWxhXFJlZ2lzdHJ5XFJlZ2lzdHJ5IjozOntzOjc6IgAqAGRhdGEiO086ODoic3RkQ2xhc3MiOjE6e3M6OToiX19kZWZhdWx0IjtPOjg6InN0ZENsYXNzIjozOntzOjc6InNlc3Npb24iO086ODoic3RkQ2xhc3MiOjI6e3M6NzoiY291bnRlciI7aToyO3M6NToidGltZXIiO086ODoic3RkQ2xhc3MiOjM6e3M6NToic3RhcnQiO2k6MTc4MjMyNjc4OTtzOjQ6Imxhc3QiO2k6MTc4MjMyNjc4OTtzOjM6Im5vdyI7aToxNzgyMzI2Nzg5O319czo4OiJyZWdpc3RyeSI7TzoyNDoiSm9vbWxhXFJlZ2lzdHJ5XFJlZ2lzdHJ5IjozOntzOjc6IgAqAGRhdGEiO086ODoic3RkQ2xhc3MiOjA6e31zOjE0OiIAKgBpbml0aWFsaXplZCI7YjowO3M6OToic2VwYXJhdG9yIjtzOjE6Ii4iO31zOjQ6InVzZXIiO086MjA6Ikpvb21sYVxDTVNcVXNlclxVc2VyIjoxOntzOjI6ImlkIjtpOjA7fX19czoxNDoiACoAaW5pdGlhbGl6ZWQiO2I6MDtzOjk6InNlcGFyYXRvciI7czoxOiIuIjt9\";',0,''),(_binary '634977467fe207a81899e59e0a8d6bf6',0,1,1782326819,'joomla|s:668:\"TzoyNDoiSm9vbWxhXFJlZ2lzdHJ5XFJlZ2lzdHJ5IjozOntzOjc6IgAqAGRhdGEiO086ODoic3RkQ2xhc3MiOjE6e3M6OToiX19kZWZhdWx0IjtPOjg6InN0ZENsYXNzIjozOntzOjc6InNlc3Npb24iO086ODoic3RkQ2xhc3MiOjI6e3M6NzoiY291bnRlciI7aTo2NjtzOjU6InRpbWVyIjtPOjg6InN0ZENsYXNzIjozOntzOjU6InN0YXJ0IjtpOjE3ODIzMjY3ODk7czo0OiJsYXN0IjtpOjE3ODIzMjY4MTk7czozOiJub3ciO2k6MTc4MjMyNjgxOTt9fXM6ODoicmVnaXN0cnkiO086MjQ6Ikpvb21sYVxSZWdpc3RyeVxSZWdpc3RyeSI6Mzp7czo3OiIAKgBkYXRhIjtPOjg6InN0ZENsYXNzIjowOnt9czoxNDoiACoAaW5pdGlhbGl6ZWQiO2I6MDtzOjk6InNlcGFyYXRvciI7czoxOiIuIjt9czo0OiJ1c2VyIjtPOjIwOiJKb29tbGFcQ01TXFVzZXJcVXNlciI6MTp7czoyOiJpZCI7aTowO319fXM6MTQ6IgAqAGluaXRpYWxpemVkIjtiOjA7czo5OiJzZXBhcmF0b3IiO3M6MToiLiI7fQ==\";',0,''),(_binary '0ff71063114bf14361c457fa4ec69527',0,1,1782326821,'joomla|s:664:\"TzoyNDoiSm9vbWxhXFJlZ2lzdHJ5XFJlZ2lzdHJ5IjozOntzOjc6IgAqAGRhdGEiO086ODoic3RkQ2xhc3MiOjE6e3M6OToiX19kZWZhdWx0IjtPOjg6InN0ZENsYXNzIjozOntzOjc6InNlc3Npb24iO086ODoic3RkQ2xhc3MiOjI6e3M6NzoiY291bnRlciI7aToyO3M6NToidGltZXIiO086ODoic3RkQ2xhc3MiOjM6e3M6NToic3RhcnQiO2k6MTc4MjMyNjgyMTtzOjQ6Imxhc3QiO2k6MTc4MjMyNjgyMTtzOjM6Im5vdyI7aToxNzgyMzI2ODIxO319czo4OiJyZWdpc3RyeSI7TzoyNDoiSm9vbWxhXFJlZ2lzdHJ5XFJlZ2lzdHJ5IjozOntzOjc6IgAqAGRhdGEiO086ODoic3RkQ2xhc3MiOjA6e31zOjE0OiIAKgBpbml0aWFsaXplZCI7YjowO3M6OToic2VwYXJhdG9yIjtzOjE6Ii4iO31zOjQ6InVzZXIiO086MjA6Ikpvb21sYVxDTVNcVXNlclxVc2VyIjoxOntzOjI6ImlkIjtpOjA7fX19czoxNDoiACoAaW5pdGlhbGl6ZWQiO2I6MDtzOjk6InNlcGFyYXRvciI7czoxOiIuIjt9\";',0,''),(_binary 'ead44092ad6529f6158bdb471499e1ab',0,1,1782326873,'joomla|s:668:\"TzoyNDoiSm9vbWxhXFJlZ2lzdHJ5XFJlZ2lzdHJ5IjozOntzOjc6IgAqAGRhdGEiO086ODoic3RkQ2xhc3MiOjE6e3M6OToiX19kZWZhdWx0IjtPOjg6InN0ZENsYXNzIjozOntzOjc6InNlc3Npb24iO086ODoic3RkQ2xhc3MiOjI6e3M6NzoiY291bnRlciI7aToxMDY7czo1OiJ0aW1lciI7Tzo4OiJzdGRDbGFzcyI6Mzp7czo1OiJzdGFydCI7aToxNzgyMzI2ODIxO3M6NDoibGFzdCI7aToxNzgyMzI2ODcyO3M6Mzoibm93IjtpOjE3ODIzMjY4NzI7fX1zOjg6InJlZ2lzdHJ5IjtPOjI0OiJKb29tbGFcUmVnaXN0cnlcUmVnaXN0cnkiOjM6e3M6NzoiACoAZGF0YSI7Tzo4OiJzdGRDbGFzcyI6MDp7fXM6MTQ6IgAqAGluaXRpYWxpemVkIjtiOjA7czo5OiJzZXBhcmF0b3IiO3M6MToiLiI7fXM6NDoidXNlciI7TzoyMDoiSm9vbWxhXENNU1xVc2VyXFVzZXIiOjE6e3M6MjoiaWQiO2k6MDt9fX1zOjE0OiIAKgBpbml0aWFsaXplZCI7YjowO3M6OToic2VwYXJhdG9yIjtzOjE6Ii4iO30=\";',0,''),(_binary 'c6b770ba66a05f29846e13ae36edcf28',0,1,1782326874,'joomla|s:664:\"TzoyNDoiSm9vbWxhXFJlZ2lzdHJ5XFJlZ2lzdHJ5IjozOntzOjc6IgAqAGRhdGEiO086ODoic3RkQ2xhc3MiOjE6e3M6OToiX19kZWZhdWx0IjtPOjg6InN0ZENsYXNzIjozOntzOjc6InNlc3Npb24iO086ODoic3RkQ2xhc3MiOjI6e3M6NzoiY291bnRlciI7aToyO3M6NToidGltZXIiO086ODoic3RkQ2xhc3MiOjM6e3M6NToic3RhcnQiO2k6MTc4MjMyNjg3MztzOjQ6Imxhc3QiO2k6MTc4MjMyNjg3MztzOjM6Im5vdyI7aToxNzgyMzI2ODc0O319czo4OiJyZWdpc3RyeSI7TzoyNDoiSm9vbWxhXFJlZ2lzdHJ5XFJlZ2lzdHJ5IjozOntzOjc6IgAqAGRhdGEiO086ODoic3RkQ2xhc3MiOjA6e31zOjE0OiIAKgBpbml0aWFsaXplZCI7YjowO3M6OToic2VwYXJhdG9yIjtzOjE6Ii4iO31zOjQ6InVzZXIiO086MjA6Ikpvb21sYVxDTVNcVXNlclxVc2VyIjoxOntzOjI6ImlkIjtpOjA7fX19czoxNDoiACoAaW5pdGlhbGl6ZWQiO2I6MDtzOjk6InNlcGFyYXRvciI7czoxOiIuIjt9\";',0,''),(_binary 'ff3fc146b9c9eeaa8a3612264dcf2380',0,1,1782326900,'joomla|s:668:\"TzoyNDoiSm9vbWxhXFJlZ2lzdHJ5XFJlZ2lzdHJ5IjozOntzOjc6IgAqAGRhdGEiO086ODoic3RkQ2xhc3MiOjE6e3M6OToiX19kZWZhdWx0IjtPOjg6InN0ZENsYXNzIjozOntzOjc6InNlc3Npb24iO086ODoic3RkQ2xhc3MiOjI6e3M6NzoiY291bnRlciI7aTo1NDtzOjU6InRpbWVyIjtPOjg6InN0ZENsYXNzIjozOntzOjU6InN0YXJ0IjtpOjE3ODIzMjY4NzM7czo0OiJsYXN0IjtpOjE3ODIzMjY4OTk7czozOiJub3ciO2k6MTc4MjMyNjkwMDt9fXM6ODoicmVnaXN0cnkiO086MjQ6Ikpvb21sYVxSZWdpc3RyeVxSZWdpc3RyeSI6Mzp7czo3OiIAKgBkYXRhIjtPOjg6InN0ZENsYXNzIjowOnt9czoxNDoiACoAaW5pdGlhbGl6ZWQiO2I6MDtzOjk6InNlcGFyYXRvciI7czoxOiIuIjt9czo0OiJ1c2VyIjtPOjIwOiJKb29tbGFcQ01TXFVzZXJcVXNlciI6MTp7czoyOiJpZCI7aTowO319fXM6MTQ6IgAqAGluaXRpYWxpemVkIjtiOjA7czo5OiJzZXBhcmF0b3IiO3M6MToiLiI7fQ==\";',0,'');

--
-- Table structure for table `fz6t4_tags`
--

CREATE TABLE `fz6t4_tags` (
  `id` int unsigned NOT NULL AUTO_INCREMENT,
  `parent_id` int unsigned NOT NULL DEFAULT '0',
  `lft` int NOT NULL DEFAULT '0',
  `rgt` int NOT NULL DEFAULT '0',
  `level` int unsigned NOT NULL DEFAULT '0',
  `path` varchar(400) CHARACTER SET utf8mb4 COLLATE utf8mb4_unicode_ci NOT NULL DEFAULT '',
  `title` varchar(255) CHARACTER SET utf8mb4 COLLATE utf8mb4_unicode_ci NOT NULL,
  `alias` varchar(400) CHARACTER SET utf8mb4 COLLATE utf8mb4_bin NOT NULL DEFAULT '',
  `note` varchar(255) CHARACTER SET utf8mb4 COLLATE utf8mb4_unicode_ci NOT NULL DEFAULT '',
  `description` longtext CHARACTER SET utf8mb4 COLLATE utf8mb4_unicode_ci NOT NULL,
  `published` tinyint(1) NOT NULL DEFAULT '0',
  `checked_out` int unsigned NOT NULL DEFAULT '0',
  `checked_out_time` datetime NOT NULL DEFAULT '0000-00-00 00:00:00',
  `access` int unsigned NOT NULL DEFAULT '0',
  `params` mediumtext CHARACTER SET utf8mb4 COLLATE utf8mb4_unicode_ci NOT NULL,
  `metadesc` varchar(1024) CHARACTER SET utf8mb4 COLLATE utf8mb4_unicode_ci NOT NULL COMMENT 'The meta description for the page.',
  `metakey` varchar(1024) CHARACTER SET utf8mb4 COLLATE utf8mb4_unicode_ci NOT NULL COMMENT 'The meta keywords for the page.',
  `metadata` varchar(2048) CHARACTER SET utf8mb4 COLLATE utf8mb4_unicode_ci NOT NULL COMMENT 'JSON encoded metadata properties.',
  `created_user_id` int unsigned NOT NULL DEFAULT '0',
  `created_time` datetime NOT NULL DEFAULT '0000-00-00 00:00:00',
  `created_by_alias` varchar(255) CHARACTER SET utf8mb4 COLLATE utf8mb4_unicode_ci NOT NULL DEFAULT '',
  `modified_user_id` int unsigned NOT NULL DEFAULT '0',
  `modified_time` datetime NOT NULL DEFAULT '0000-00-00 00:00:00',
  `images` mediumtext CHARACTER SET utf8mb4 COLLATE utf8mb4_unicode_ci NOT NULL,
  `urls` mediumtext CHARACTER SET utf8mb4 COLLATE utf8mb4_unicode_ci NOT NULL,
  `hits` int unsigned NOT NULL DEFAULT '0',
  `language` char(7) CHARACTER SET utf8mb4 COLLATE utf8mb4_unicode_ci NOT NULL,
  `version` int unsigned NOT NULL DEFAULT '1',
  `publish_up` datetime NOT NULL DEFAULT '0000-00-00 00:00:00',
  `publish_down` datetime NOT NULL DEFAULT '0000-00-00 00:00:00',
  PRIMARY KEY (`id`),
  KEY `tag_idx` (`published`,`access`),
  KEY `idx_access` (`access`),
  KEY `idx_checkout` (`checked_out`),
  KEY `idx_left_right` (`lft`,`rgt`),
  KEY `idx_language` (`language`),
  KEY `idx_path` (`path`(100)),
  KEY `idx_alias` (`alias`(100))
) ENGINE=MyISAM DEFAULT CHARSET=utf8mb4 COLLATE=utf8mb4_unicode_ci;

--
-- Dumping data for table `fz6t4_tags`
--


--
-- Table structure for table `fz6t4_template_styles`
--

CREATE TABLE `fz6t4_template_styles` (
  `id` int unsigned NOT NULL AUTO_INCREMENT,
  `template` varchar(50) CHARACTER SET utf8mb4 COLLATE utf8mb4_unicode_ci NOT NULL DEFAULT '',
  `client_id` tinyint unsigned NOT NULL DEFAULT '0',
  `home` char(7) CHARACTER SET utf8mb4 COLLATE utf8mb4_unicode_ci NOT NULL DEFAULT '0',
  `title` varchar(255) CHARACTER SET utf8mb4 COLLATE utf8mb4_unicode_ci NOT NULL DEFAULT '',
  `params` mediumtext CHARACTER SET utf8mb4 COLLATE utf8mb4_unicode_ci NOT NULL,
  `inheritable` tinyint NOT NULL DEFAULT '0',
  `parent` varchar(50) CHARACTER SET utf8mb4 COLLATE utf8mb4_unicode_ci DEFAULT '',
  PRIMARY KEY (`id`),
  KEY `idx_template` (`template`),
  KEY `idx_client_id` (`client_id`),
  KEY `idx_client_id_home` (`client_id`,`home`)
) ENGINE=MyISAM AUTO_INCREMENT=121 DEFAULT CHARSET=utf8mb4 COLLATE=utf8mb4_unicode_ci;

--
-- Dumping data for table `fz6t4_template_styles`
--

INSERT INTO `fz6t4_template_styles` VALUES (2,'bluestork',1,'0','Bluestork - Default','{\"useRoundedCorners\":\"1\",\"showSiteName\":\"0\"}',0,''),(3,'atomic',0,'0','Atomic - Default','{}',0,''),(4,'beez_20',0,'0','Beez2 - Default','{\"wrapperSmall\":53,\"wrapperLarge\":72,\"logo\":\"images\\/logo\\/logo-3S.JPG\",\"sitetitle\":\"3S Technologies\",\"sitedescription\":\"\",\"navposition\":\"left\",\"templatecolor\":\"personal\"}',0,''),(5,'hathor',1,'0','Hathor - Default','{\"showSiteName\":\"0\",\"logoFile\":\"\",\"colourChoice\":\"\",\"boldText\":\"0\"}',0,''),(6,'beez5',0,'0','Beez5 - Default','{\"wrapperSmall\":53,\"wrapperLarge\":72,\"logo\":\"images\\/logo\\/logo-3S.JPG\",\"sitetitle\":\"3S Technologies\",\"sitedescription\":\"\",\"navposition\":\"left\",\"html5\":0}',0,''),(114,'beez_20',0,'0','Beez2 - Parks Site','{\"wrapperSmall\":53,\"wrapperLarge\":72,\"logo\":\"\",\"sitetitle\":\"Australian Parks\",\"sitedescription\":\"Parks Sample Site\",\"navposition\":\"center\",\"templatecolor\":\"nature\"}',0,''),(115,'beez5',0,'1','Beez5 - Modifiye','{\"wrapperSmall\":53,\"wrapperLarge\":72,\"logo\":\"images\\/logo\\/logo-3S.JPG\",\"sitetitle\":\"3S Technologies\",\"sitedescription\":\"\",\"navposition\":\"left\",\"html5\":0}',0,''),(116,'beez3',0,'0','beez3 - Default','{\"wrapperSmall\":\"53\",\"wrapperLarge\":\"72\",\"sitetitle\":\"\",\"sitedescription\":\"\",\"navposition\":\"center\",\"templatecolor\":\"nature\",\"backgroundcolor\":\"#eee\"}',0,''),(117,'isis',1,'1','Isis Administrator template - Default','{\"templateColor\":\"#10223e\",\"headerColor\":\"#1a3867\",\"sidebarColor\":\"#3071a9\",\"linkColor\":\"#3071a9\",\"loginBackgroundColor\":\"#17568c\",\"logoFile\":\"\",\"loginLogoFile\":\"\",\"admin_menus\":1,\"displayHeader\":1,\"statusFixed\":1,\"stickyToolbar\":1}',0,''),(118,'protostar',0,'0','protostar - Default','{\"templateColor\":\"#08C\",\"templateBackgroundColor\":\"#F4F6F7\",\"logoFile\":\"\",\"sitetitle\":\"\",\"sitedescription\":\"\",\"googleFont\":\"1\",\"googleFontName\":\"Open+Sans\",\"fluidContainer\":\"0\"}',0,''),(119,'jf_muoti',0,'0','Varsayılan - jf_muoti','{\"logoOption\":\"\",\"logoFile\":\"\",\"logoText\":\"MUOTI\",\"backgroundColor\":\"\",\"googleFont\":\"\",\"templateColor\":\"#00aeef\",\"homepageLayout\":\"\",\"social\":\"1\",\"twitterIcon\":\"1\",\"twitterLink\":\"\",\"facebookIcon\":\"1\",\"facebookLink\":\"\",\"googleIcon\":\"1\",\"googleLink\":\"\",\"linkedInIcon\":\"1\",\"linkedInLink\":\"\",\"vimeoIcon\":\"1\",\"vimeoLink\":\"\",\"pinterestIcon\":\"1\",\"pinterestLink\":\"\",\"copyright\":\"\\u00a9 Copyright 2017.\",\"map\":\"1\",\"latitude\":\"40.790278\",\"longitude\":\"-73.959722\"}',0,''),(120,'jf_couda',0,'0','Varsayılan - jf_couda','{\"logoOption\":\"\",\"logoFile\":\"\",\"logoText\":\"COUDA\",\"backgroundColor\":\"\",\"googleFont\":\"\",\"templateColor\":\"#00aeef\",\"social\":\"1\",\"twitterIcon\":\"1\",\"twitterLink\":\"\",\"facebookIcon\":\"1\",\"facebookLink\":\"\",\"pinterestIcon\":\"1\",\"pinterestLink\":\"\",\"instagramIcon\":\"1\",\"instagramLink\":\"\",\"dribbbleIcon\":\"1\",\"dribbbleLink\":\"\",\"copyright\":\"Copyright 2016\",\"map\":\"1\",\"latitude\":\"40.790278\",\"longitude\":\"-73.959722\"}',0,'');

--
-- Table structure for table `fz6t4_ucm_base`
--

CREATE TABLE `fz6t4_ucm_base` (
  `ucm_id` int unsigned NOT NULL,
  `ucm_item_id` int NOT NULL,
  `ucm_type_id` int NOT NULL,
  `ucm_language_id` int NOT NULL,
  PRIMARY KEY (`ucm_id`),
  KEY `idx_ucm_item_id` (`ucm_item_id`),
  KEY `idx_ucm_type_id` (`ucm_type_id`),
  KEY `idx_ucm_language_id` (`ucm_language_id`)
) ENGINE=MyISAM DEFAULT CHARSET=utf8mb4 COLLATE=utf8mb4_unicode_ci;

--
-- Dumping data for table `fz6t4_ucm_base`
--


--
-- Table structure for table `fz6t4_ucm_content`
--

CREATE TABLE `fz6t4_ucm_content` (
  `core_content_id` int unsigned NOT NULL AUTO_INCREMENT,
  `core_type_alias` varchar(400) CHARACTER SET utf8mb4 COLLATE utf8mb4_unicode_ci NOT NULL DEFAULT '' COMMENT 'FK to the content types table',
  `core_title` varchar(400) CHARACTER SET utf8mb4 COLLATE utf8mb4_unicode_ci NOT NULL DEFAULT '',
  `core_alias` varchar(400) CHARACTER SET utf8mb4 COLLATE utf8mb4_bin NOT NULL DEFAULT '',
  `core_body` mediumtext CHARACTER SET utf8mb4 COLLATE utf8mb4_unicode_ci,
  `core_state` tinyint(1) NOT NULL DEFAULT '0',
  `core_checked_out_time` varchar(255) CHARACTER SET utf8mb4 COLLATE utf8mb4_unicode_ci NOT NULL DEFAULT '0000-00-00 00:00:00',
  `core_checked_out_user_id` int unsigned NOT NULL DEFAULT '0',
  `core_access` int unsigned NOT NULL DEFAULT '0',
  `core_params` text CHARACTER SET utf8mb4 COLLATE utf8mb4_unicode_ci,
  `core_featured` tinyint unsigned NOT NULL DEFAULT '0',
  `core_metadata` varchar(2048) CHARACTER SET utf8mb4 COLLATE utf8mb4_unicode_ci NOT NULL DEFAULT '' COMMENT 'JSON encoded metadata properties.',
  `core_created_user_id` int unsigned NOT NULL DEFAULT '0',
  `core_created_by_alias` varchar(255) CHARACTER SET utf8mb4 COLLATE utf8mb4_unicode_ci NOT NULL DEFAULT '',
  `core_created_time` datetime NOT NULL DEFAULT '0000-00-00 00:00:00',
  `core_modified_user_id` int unsigned NOT NULL DEFAULT '0' COMMENT 'Most recent user that modified',
  `core_modified_time` datetime NOT NULL DEFAULT '0000-00-00 00:00:00',
  `core_language` char(7) CHARACTER SET utf8mb4 COLLATE utf8mb4_unicode_ci NOT NULL DEFAULT '',
  `core_publish_up` datetime NOT NULL DEFAULT '0000-00-00 00:00:00',
  `core_publish_down` datetime NOT NULL DEFAULT '0000-00-00 00:00:00',
  `core_content_item_id` int unsigned NOT NULL DEFAULT '0' COMMENT 'ID from the individual type table',
  `asset_id` int unsigned NOT NULL DEFAULT '0' COMMENT 'FK to the #__assets table.',
  `core_images` text CHARACTER SET utf8mb4 COLLATE utf8mb4_unicode_ci,
  `core_urls` text CHARACTER SET utf8mb4 COLLATE utf8mb4_unicode_ci,
  `core_hits` int unsigned NOT NULL DEFAULT '0',
  `core_version` int unsigned NOT NULL DEFAULT '1',
  `core_ordering` int NOT NULL DEFAULT '0',
  `core_metakey` text CHARACTER SET utf8mb4 COLLATE utf8mb4_unicode_ci,
  `core_metadesc` text CHARACTER SET utf8mb4 COLLATE utf8mb4_unicode_ci,
  `core_catid` int unsigned NOT NULL DEFAULT '0',
  `core_xreference` varchar(50) CHARACTER SET utf8mb4 COLLATE utf8mb4_unicode_ci NOT NULL DEFAULT '' COMMENT 'A reference to enable linkages to external data sets.',
  `core_type_id` int unsigned NOT NULL DEFAULT '0',
  PRIMARY KEY (`core_content_id`),
  KEY `tag_idx` (`core_state`,`core_access`),
  KEY `idx_access` (`core_access`),
  KEY `idx_language` (`core_language`),
  KEY `idx_modified_time` (`core_modified_time`),
  KEY `idx_created_time` (`core_created_time`),
  KEY `idx_core_modified_user_id` (`core_modified_user_id`),
  KEY `idx_core_checked_out_user_id` (`core_checked_out_user_id`),
  KEY `idx_core_created_user_id` (`core_created_user_id`),
  KEY `idx_core_type_id` (`core_type_id`),
  KEY `idx_alias` (`core_alias`(100)),
  KEY `idx_title` (`core_title`(100)),
  KEY `idx_content_type` (`core_type_alias`(100))
) ENGINE=MyISAM DEFAULT CHARSET=utf8mb4 COLLATE=utf8mb4_unicode_ci COMMENT='Contains core content data in name spaced fields';

--
-- Dumping data for table `fz6t4_ucm_content`
--


--
-- Table structure for table `fz6t4_ucm_history`
--

CREATE TABLE `fz6t4_ucm_history` (
  `version_id` int unsigned NOT NULL AUTO_INCREMENT,
  `ucm_item_id` int unsigned NOT NULL,
  `ucm_type_id` int unsigned NOT NULL,
  `version_note` varchar(255) CHARACTER SET utf8mb4 COLLATE utf8mb4_unicode_ci NOT NULL DEFAULT '' COMMENT 'Optional version name',
  `save_date` datetime NOT NULL DEFAULT '0000-00-00 00:00:00',
  `editor_user_id` int unsigned NOT NULL DEFAULT '0',
  `character_count` int unsigned NOT NULL DEFAULT '0' COMMENT 'Number of characters in this version.',
  `sha1_hash` varchar(50) CHARACTER SET utf8mb4 COLLATE utf8mb4_unicode_ci NOT NULL DEFAULT '' COMMENT 'SHA1 hash of the version_data column.',
  `version_data` longtext CHARACTER SET utf8mb4 COLLATE utf8mb4_unicode_ci NOT NULL COMMENT 'json-encoded string of version data',
  `keep_forever` tinyint NOT NULL DEFAULT '0' COMMENT '0=auto delete; 1=keep',
  PRIMARY KEY (`version_id`),
  KEY `idx_ucm_item_id` (`ucm_type_id`,`ucm_item_id`),
  KEY `idx_save_date` (`save_date`)
) ENGINE=MyISAM DEFAULT CHARSET=utf8mb4 COLLATE=utf8mb4_unicode_ci;

--
-- Dumping data for table `fz6t4_ucm_history`
--


--
-- Table structure for table `fz6t4_update_categories`
--

CREATE TABLE `fz6t4_update_categories` (
  `categoryid` int NOT NULL AUTO_INCREMENT,
  `name` varchar(20) DEFAULT '',
  `description` text NOT NULL,
  `parent` int DEFAULT '0',
  `updatesite` int DEFAULT '0',
  PRIMARY KEY (`categoryid`)
) ENGINE=MyISAM DEFAULT CHARSET=utf8mb3 COMMENT='Update Categories';

--
-- Dumping data for table `fz6t4_update_categories`
--


--
-- Table structure for table `fz6t4_update_sites`
--

CREATE TABLE `fz6t4_update_sites` (
  `update_site_id` int NOT NULL AUTO_INCREMENT,
  `name` varchar(100) CHARACTER SET utf8mb4 COLLATE utf8mb4_unicode_ci DEFAULT '',
  `type` varchar(20) CHARACTER SET utf8mb4 COLLATE utf8mb4_unicode_ci DEFAULT '',
  `location` mediumtext CHARACTER SET utf8mb4 COLLATE utf8mb4_unicode_ci NOT NULL,
  `enabled` int DEFAULT '0',
  `last_check_timestamp` bigint DEFAULT '0',
  `extra_query` varchar(1000) CHARACTER SET utf8mb4 COLLATE utf8mb4_unicode_ci DEFAULT '',
  PRIMARY KEY (`update_site_id`)
) ENGINE=MyISAM AUTO_INCREMENT=166 DEFAULT CHARSET=utf8mb4 COLLATE=utf8mb4_unicode_ci COMMENT='Update Sites';

--
-- Dumping data for table `fz6t4_update_sites`
--

INSERT INTO `fz6t4_update_sites` VALUES (1,'Joomla Core','collection','https://update.joomla.org/core/list.xml',1,1728280864,''),(2,'Joomla Extension Directory','collection','http://update.joomla.org/jed/list.xml',1,1728280864,''),(145,'VirtueMart3 MOD_VMENU Update Site','extension','http://virtuemart.net/releases/vm3/mod_vmmenu_update.xml',1,1728280864,''),(70,'Joomla! Update Component Update Site','extension','https://update.joomla.org/core/extensions/com_joomlaupdate.xml',1,1728281225,''),(144,'VirtueMart3 plg_search_virtuemart Update Site','extension','http://virtuemart.net/releases/vm3/plg_search_virtuemart_update.xml',1,1728280865,''),(143,'VirtueMart3 plg_vmcalculation_avalara Update Site','extension','http://virtuemart.net/releases/vm3/plg_vmcalculation_avalara_update.xml',1,1728280865,''),(142,'VirtueMart3 plg_vmcustom_specification Update Site','extension','http://virtuemart.net/releases/vm3/plg_vmcustom_specification_update.xml',0,0,''),(141,'VirtueMart3 plg_vmcustom_textinput Update Site','extension','http://virtuemart.net/releases/vm3/plg_vmcustom_textinput_update.xml',1,1728280865,''),(140,'VirtueMart3 plg_vmshipment_weight_countries Update Site','extension','http://virtuemart.net/releases/vm3/plg_vmshipment_weight_countries_update.xml',1,1728280865,''),(139,'VirtueMart plg_vmpayment_sofort_ideal Update Site','extension','http://virtuemart.net/releases/vm3/plg_vmpayment_sofort_ideal_update.xml',1,1728280865,''),(138,'VirtueMart plg_vmpayment_authorizenet Update Site','extension','http://virtuemart.net/releases/vm3/plg_vmpayment_authorisenet_update.xml',1,1728280865,''),(137,'VirtueMart plg_vmuserfield_realex_hpp_api Update Site','extension','\n            http://virtuemart.net/releases/vm3/plg_vmuserfield_realex_hpp_api_update.xml',0,0,''),(136,'VirtueMart plg_vmpayment_realex_hpp_api Update Site','extension','http://virtuemart.net/releases/vm3/plg_vmpayment_realex_hpp_api_update.xml',1,1728280865,''),(135,'VirtueMart plg_system_amazon Update Site','extension','http://virtuemart.net/releases/vm3/plg_system_amazon_update.xml',1,1728280865,''),(134,'VirtueMart plg_vmpayment_amazon Update Site','extension','http://virtuemart.net/releases/vm3/plg_vmpayment_amazon_update.xml',1,1728280865,''),(133,'VirtueMart plg_vmpayment_heidelpay Update Site','extension','http://virtuemart.net/releases/vm3/plg_vmpayment_heidelpay_update.xml',1,1728280866,''),(132,'VirtueMart plg_vmpayment_sofort Update Site','extension','http://virtuemart.net/releases/vm3/plg_vmpayment_sofort_update.xml',1,1728280866,''),(131,'VirtueMart plg_vmpayment_klarnacheckout Update Site','extension','http://virtuemart.net/releases/vm3/plg_vmpayment_klarnacheckout_update.xml',1,1728280866,''),(159,'FOF 3.x','extension','http://cdn.akeeba.com/updates/fof3_file.xml',1,1728280866,''),(151,'FOF 3.x','extension','http://cdn.akeebabackup.com/updates/fof3_file.xml',0,0,''),(126,'VirtueMart3 Update Site','extension','http://virtuemart.net/releases/vm3/virtuemart_update.xml',1,1728280866,''),(124,'WebInstaller Update Site','extension','https://appscdn.joomla.org/webapps/jedapps/webinstaller.xml',0,0,''),(125,'VirtueMart3 AIO Update Site','extension','http://virtuemart.net/releases/vm3/virtuemart_aio_update.xml',1,1728280866,''),(123,'VirtueMart3 plg_vmpayment_tco Update Site','extension','http://virtuemart.net/releases/vm3/plg_vmpayment_tco_update.xml',1,1728280866,''),(122,'VirtueMart3 plg_vmpayment_skrill Update Site','extension','http://virtuemart.net/releases/vm3/plg_vmpayment_skrill_update.xml',1,1728280866,''),(121,'VirtueMart plg_vmpayment_paybox Update Site','extension','http://virtuemart.net/releases/vm3/plg_vmpayment_paybox_update.xml',1,1728280866,''),(120,'VirtueMart plg_vmpayment_paypal Update Site','extension','http://virtuemart.net/releases/vm3/plg_vmpayment_paypal_update.xml',0,0,''),(119,'VirtueMart plg_vmpayment_klikandpay Update Site','extension','http://virtuemart.net/releases/vm3/plg_vmpayment_klikandpay_update.xml',1,1728280867,''),(118,'VM Framework Loader during Plugin Updates','extension','http://virtuemart.net/releases/vm3/plg_system_vmLoaderPluginUpdate_update.xml',0,0,''),(117,'Plugin Googlemap Update Site','extension','http://tech.reumer.net/update/plugin_googlemap3/extension.xml',0,0,''),(115,'VirtueMart3 mod_virtuemart_currencies Update Site','extension','http://virtuemart.net/releases/vm3/mod_virtuemart_currencies_update.xml',0,0,''),(116,'eorisis: Google Analytics','extension','https://eorisis.com/updates/eorisis-google-analytics/extension.xml',0,0,''),(129,'VirtueMart plg_vmpayment_standard Update Site','extension','http://virtuemart.net/releases/vm3/plg_vmpayment_standard_update.xml',1,1728280867,''),(110,'VirtueMart3 mod_virtuemart_search Update Site','extension','http://virtuemart.net/releases/vm3/mod_virtuemart_search_update.xml',0,0,''),(111,'VirtueMart3 mod_virtuemart_cart Update Site','extension','http://virtuemart.net/releases/vm3/mod_virtuemart_cart_update.xml',0,0,''),(112,'VirtueMart3 mod_virtuemart_category Update Site','extension','http://virtuemart.net/releases/vm3/mod_virtuemart_category_update.xml',1,1728280867,''),(130,'VirtueMart plg_vmpayment_klarna Update Site','extension','http://virtuemart.net/releases/vm3/plg_vmpayment_klarna_update.xml',0,0,''),(114,'VirtueMart3 mod_virtuemart_product Update Site','extension','http://virtuemart.net/releases/vm3/mod_virtuemart_product_update.xml',0,0,''),(113,'VirtueMart3 mod_virtuemart_manufacturer Update Site','extension','http://virtuemart.net/releases/vm3/mod_virtuemart_manufacturer_update.xml',1,1728280867,''),(146,'TCPDF Update Site','extension','http://virtuemart.net/releases/TCPDF/tcpdf.xml',0,0,''),(147,'jDiction Package on jdiction.org','extension','http://update.jdiction.org/packages/pkg_jdiction/extension.xml',0,0,''),(148,'Collection on jdiction.org','collection','http://update.jdiction.org/update.xml',0,0,''),(150,'Akeeba FEF','extension','http://cdn.akeebabackup.com/updates/fef.xml',0,0,''),(157,'VirtueMart plg_vmpayment_eway Update Site','extension','\n            http://virtuemart.net/releases/vm3/plg_vmpayment_eway_update.xml',0,0,''),(153,'Accredited Joomla! Translations','collection','http://update.joomla.org/language/translationlist_3.xml',1,1728280867,''),(154,'AllVideos','extension','http://cdn.joomlaworks.org/updates/allvideos.xml',0,0,''),(155,'PLG_EASYKEYWORDSITEMAP','extension','https://check.kubik-rubik.de/updates/easykeywordsitemap.xml',0,0,''),(156,'JL Sitemap','extension','https://joomline.net/update.html?extension_id=2.xml',0,0,''),(158,'VirtueMart, ${PHING.COMPANY} - ${PHING.NAME.EXTSHORT} - Update Site','extension','http://virtuemart.net/releases/vm3/plg_vmcustom_download_simple_update.xml',0,0,''),(160,'Akeeba FEF','extension','http://cdn.akeeba.com/updates/fef.xml',1,1728280867,''),(161,'Akeeba Backup Core','extension','https://cdn.akeeba.com/updates/pkgakeebacore.xml',1,1728280867,''),(162,'Admin Tools Core','extension','https://cdn.akeeba.com/updates/pkgadmintoolscore.xml',1,1728280867,''),(163,'JCE Editor Package','extension','https://cdn.joomlacontenteditor.net/updates/xml/editor/pkg_jce.xml',1,1728280867,''),(164,'DJ-ImageSlider Package','extension','http://dj-extensions.com/updates/djimageslider.xml',1,1728280868,''),(165,'FOF 4.x','extension','http://cdn.akeeba.com/updates/fof4_file.xml',1,1728280868,'');

--
-- Table structure for table `fz6t4_update_sites_extensions`
--

CREATE TABLE `fz6t4_update_sites_extensions` (
  `update_site_id` int NOT NULL DEFAULT '0',
  `extension_id` int NOT NULL DEFAULT '0',
  PRIMARY KEY (`update_site_id`,`extension_id`)
) ENGINE=InnoDB DEFAULT CHARSET=utf8mb4 COLLATE=utf8mb4_unicode_ci COMMENT='Links extensions to update sites';

--
-- Dumping data for table `fz6t4_update_sites_extensions`
--

INSERT INTO `fz6t4_update_sites_extensions` VALUES (1,700),(2,700),(70,28),(110,10029),(111,10031),(112,10032),(113,10030),(114,10028),(115,10027),(116,10054),(117,10047),(118,10121),(119,10063),(120,10006),(121,10008),(122,10116),(123,10117),(124,10106),(125,10001),(126,10000),(129,10002),(130,10003),(131,10004),(132,10005),(133,10007),(134,10061),(135,10062),(136,10052),(137,10053),(138,10018),(139,10019),(140,10020),(141,10021),(142,10022),(143,10024),(144,10025),(145,10026),(146,10122),(147,10129),(148,10129),(150,10131),(151,10132),(153,10038),(154,10135),(155,10137),(156,10146),(157,10147),(158,10148),(159,10132),(160,10131),(161,10134),(162,10152),(163,10154),(164,10041),(165,10157);

--
-- Table structure for table `fz6t4_updates`
--

CREATE TABLE `fz6t4_updates` (
  `update_id` int NOT NULL AUTO_INCREMENT,
  `update_site_id` int DEFAULT '0',
  `extension_id` int DEFAULT '0',
  `name` varchar(100) CHARACTER SET utf8mb4 COLLATE utf8mb4_unicode_ci DEFAULT '',
  `description` mediumtext CHARACTER SET utf8mb4 COLLATE utf8mb4_unicode_ci NOT NULL,
  `element` varchar(100) CHARACTER SET utf8mb4 COLLATE utf8mb4_unicode_ci DEFAULT '',
  `type` varchar(20) CHARACTER SET utf8mb4 COLLATE utf8mb4_unicode_ci DEFAULT '',
  `folder` varchar(20) CHARACTER SET utf8mb4 COLLATE utf8mb4_unicode_ci DEFAULT '',
  `client_id` tinyint DEFAULT '0',
  `version` varchar(32) CHARACTER SET utf8mb4 COLLATE utf8mb4_unicode_ci DEFAULT '',
  `data` mediumtext CHARACTER SET utf8mb4 COLLATE utf8mb4_unicode_ci NOT NULL,
  `detailsurl` mediumtext CHARACTER SET utf8mb4 COLLATE utf8mb4_unicode_ci NOT NULL,
  `infourl` mediumtext CHARACTER SET utf8mb4 COLLATE utf8mb4_unicode_ci NOT NULL,
  `extra_query` varchar(1000) CHARACTER SET utf8mb4 COLLATE utf8mb4_unicode_ci DEFAULT '',
  PRIMARY KEY (`update_id`)
) ENGINE=MyISAM AUTO_INCREMENT=690 DEFAULT CHARSET=utf8mb4 COLLATE=utf8mb4_unicode_ci COMMENT='Available Updates';

--
-- Dumping data for table `fz6t4_updates`
--

INSERT INTO `fz6t4_updates` VALUES (594,140,0,'VirtueMart - Shipment, by Weight, country, zip,... ','VirtueMart - Shipment, Shipment, by Weight, country, zip,... ','standard','plugin','vmshipment',0,'4.0.2','','http://virtuemart.net/releases/vm3/plg_vmshipment_weight_countries_update.xml','https://docs.virtuemart.net/tutorials/installation-migration-upgrade/226-update-single-plugin-delivered-by-aio.html',''),(591,144,10025,'Search - VirtueMart','Search - VirtueMart','virtuemart','plugin','search',0,'4.0.2','','http://virtuemart.net/releases/vm3/plg_search_virtuemart_update.xml','https://docs.virtuemart.net/tutorials/installation-migration-upgrade/226-update-single-plugin-delivered-by-aio.html',''),(590,145,10026,'VirtueMart Admin module','VirtueMart Admin module','mod_vmmenu','module','',1,'4.0.2','','http://virtuemart.net/releases/vm3/mod_vmmenu_update.xml','https://docs.virtuemart.net/tutorials/installation-migration-upgrade/226-update-single-plugin-delivered-by-aio.html',''),(682,153,0,'Uyghur','','pkg_ug-CN','package','',0,'3.7.5.2','','https://update.joomla.org/language/details3/ug-CN_details.xml','',''),(683,153,0,'Vietnamese','','pkg_vi-VN','package','',0,'3.2.1.2','','https://update.joomla.org/language/details3/vi-VN_details.xml','',''),(681,153,0,'Ukrainian','','pkg_uk-UA','package','',0,'3.10.2.1','','https://update.joomla.org/language/details3/uk-UA_details.xml','',''),(680,153,0,'Turkmen','','pkg_tk-TM','package','',0,'3.5.0.2','','https://update.joomla.org/language/details3/tk-TM_details.xml','',''),(677,153,0,'Tamil, India','','pkg_ta-IN','package','',0,'3.10.11.1','','https://update.joomla.org/language/details3/ta-IN_details.xml','',''),(678,153,0,'Thai','','pkg_th-TH','package','',0,'3.10.12.1','','https://update.joomla.org/language/details3/th-TH_details.xml','',''),(676,153,0,'Syriac, East','','pkg_sy-IQ','package','',0,'3.4.5.1','','https://update.joomla.org/language/details3/sy-IQ_details.xml','',''),(674,153,0,'Swahili','','pkg_sw-KE','package','',0,'3.10.12.1','','https://update.joomla.org/language/details3/sw-KE_details.xml','',''),(675,153,0,'Swedish','','pkg_sv-SE','package','',0,'3.10.12.1','','https://update.joomla.org/language/details3/sv-SE_details.xml','',''),(673,153,0,'Spanish, Colombia','','pkg_es-CO','package','',0,'3.9.15.1','','https://update.joomla.org/language/details3/es-CO_details.xml','',''),(671,153,0,'Slovenian','','pkg_sl-SI','package','',0,'3.10.12.1','','https://update.joomla.org/language/details3/sl-SI_details.xml','',''),(672,153,0,'Spanish','','pkg_es-ES','package','',0,'3.10.10.1','','https://update.joomla.org/language/details3/es-ES_details.xml','',''),(669,153,0,'Sinhala','','pkg_si-LK','package','',0,'3.3.1.2','','https://update.joomla.org/language/details3/si-LK_details.xml','',''),(670,153,0,'Slovak','','pkg_sk-SK','package','',0,'3.10.5.1','','https://update.joomla.org/language/details3/sk-SK_details.xml','',''),(668,153,0,'Serbian, Latin','','pkg_sr-YU','package','',0,'3.10.2.1','','https://update.joomla.org/language/details3/sr-YU_details.xml','',''),(665,153,0,'Romanian','','pkg_ro-RO','package','',0,'3.10.12.1','','https://update.joomla.org/language/details3/ro-RO_details.xml','',''),(666,153,0,'Russian','','pkg_ru-RU','package','',0,'3.10.12.1','','https://update.joomla.org/language/details3/ru-RU_details.xml','',''),(667,153,0,'Serbian, Cyrillic','','pkg_sr-RS','package','',0,'3.10.2.1','','https://update.joomla.org/language/details3/sr-RS_details.xml','',''),(664,153,0,'Portuguese, Portugal','','pkg_pt-PT','package','',0,'3.9.29.2','','https://update.joomla.org/language/details3/pt-PT_details.xml','',''),(661,153,0,'Persian Farsi','','pkg_fa-IR','package','',0,'3.10.12.1','','https://update.joomla.org/language/details3/fa-IR_details.xml','',''),(662,153,0,'Polish','','pkg_pl-PL','package','',0,'3.10.10.1','','https://update.joomla.org/language/details3/pl-PL_details.xml','',''),(663,153,0,'Portuguese, Brazil','','pkg_pt-BR','package','',0,'3.9.21.1','','https://update.joomla.org/language/details3/pt-BR_details.xml','',''),(660,153,0,'Norwegian Nynorsk','','pkg_nn-NO','package','',0,'3.4.2.1','','https://update.joomla.org/language/details3/nn-NO_details.xml','',''),(658,153,0,'Montenegrin','','pkg_srp-ME','package','',0,'3.3.1.2','','https://update.joomla.org/language/details3/srp-ME_details.xml','',''),(659,153,0,'Norwegian Bokmål','','pkg_nb-NO','package','',0,'3.10.12.2','','https://update.joomla.org/language/details3/nb-NO_details.xml','',''),(656,153,0,'Macedonian','','pkg_mk-MK','package','',0,'3.6.5.1','','https://update.joomla.org/language/details3/mk-MK_details.xml','',''),(657,153,0,'Malay','','pkg_ms-MY','package','',0,'3.4.1.2','','https://update.joomla.org/language/details3/ms-MY_details.xml','',''),(655,153,0,'Lithuanian','','pkg_lt-LT','package','',0,'3.9.16.1','','https://update.joomla.org/language/details3/lt-LT_details.xml','',''),(654,153,0,'Latvian','','pkg_lv-LV','package','',0,'3.9.25.2','','https://update.joomla.org/language/details3/lv-LV_details.xml','',''),(653,153,0,'Korean','','pkg_ko-KR','package','',0,'3.8.9.1','','https://update.joomla.org/language/details3/ko-KR_details.xml','',''),(652,153,0,'Khmer','','pkg_km-KH','package','',0,'3.4.5.1','','https://update.joomla.org/language/details3/km-KH_details.xml','',''),(651,153,0,'Kazakh','','pkg_kk-KZ','package','',0,'3.9.23.1','','https://update.joomla.org/language/details3/kk-KZ_details.xml','',''),(650,153,0,'Japanese','','pkg_ja-JP','package','',0,'3.10.12.1','','https://update.joomla.org/language/details3/ja-JP_details.xml','',''),(649,153,0,'Italian','','pkg_it-IT','package','',0,'3.10.12.1','','https://update.joomla.org/language/details3/it-IT_details.xml','',''),(647,153,0,'Indonesian, Bahasa Indonesia','','pkg_id-ID','package','',0,'3.6.2.1','','https://update.joomla.org/language/details3/id-ID_details.xml','',''),(648,153,0,'Irish','','pkg_ga-IE','package','',0,'3.10.12.1','','https://update.joomla.org/language/details3/ga-IE_details.xml','',''),(646,153,0,'Hungarian','','pkg_hu-HU','package','',0,'3.10.12.2','','https://update.joomla.org/language/details3/hu-HU_details.xml','',''),(643,153,0,'Greek','','pkg_el-GR','package','',0,'3.10.11.1','','https://update.joomla.org/language/details3/el-GR_details.xml','',''),(644,153,0,'Hebrew','','pkg_he-IL','package','',0,'3.1.1.2','','https://update.joomla.org/language/details3/he-IL_details.xml','',''),(645,153,0,'Hindi, India','','pkg_hi-IN','package','',0,'3.3.6.2','','https://update.joomla.org/language/details3/hi-IN_details.xml','',''),(642,153,0,'German, Switzerland','','pkg_de-CH','package','',0,'3.10.12.1','','https://update.joomla.org/language/details3/de-CH_details.xml','',''),(639,153,0,'German, Austria','','pkg_de-AT','package','',0,'3.10.12.1','','https://update.joomla.org/language/details3/de-AT_details.xml','',''),(641,153,0,'German, Luxembourg','','pkg_de-LU','package','',0,'3.10.12.1','','https://update.joomla.org/language/details3/de-LU_details.xml','',''),(640,153,0,'German, Liechtenstein','','pkg_de-LI','package','',0,'3.10.12.1','','https://update.joomla.org/language/details3/de-LI_details.xml','',''),(638,153,0,'German','','pkg_de-DE','package','',0,'3.10.12.1','','https://update.joomla.org/language/details3/de-DE_details.xml','',''),(637,153,0,'Georgian','','pkg_ka-GE','package','',0,'3.10.12.1','','https://update.joomla.org/language/details3/ka-GE_details.xml','',''),(636,153,0,'Galician','','pkg_gl-ES','package','',0,'3.3.1.2','','https://update.joomla.org/language/details3/gl-ES_details.xml','',''),(635,153,0,'French, Canada','','pkg_fr-CA','package','',0,'3.6.5.1','','https://update.joomla.org/language/details3/fr-CA_details.xml','',''),(634,153,0,'French','','pkg_fr-FR','package','',0,'3.10.12.1','','https://update.joomla.org/language/details3/fr-FR_details.xml','',''),(633,153,0,'Flemish','','pkg_nl-BE','package','',0,'3.10.11.1','','https://update.joomla.org/language/details3/nl-BE_details.xml','',''),(631,153,0,'Estonian','','pkg_et-EE','package','',0,'3.9.21.1','','https://update.joomla.org/language/details3/et-EE_details.xml','',''),(632,153,0,'Finnish','','pkg_fi-FI','package','',0,'3.9.16.1','','https://update.joomla.org/language/details3/fi-FI_details.xml','',''),(630,153,0,'Esperanto','','pkg_eo-XX','package','',0,'3.8.11.1','','https://update.joomla.org/language/details3/eo-XX_details.xml','',''),(629,153,0,'English, USA','','pkg_en-US','package','',0,'3.9.28.1','','https://update.joomla.org/language/details3/en-US_details.xml','',''),(628,153,0,'English, New Zealand','','pkg_en-NZ','package','',0,'3.9.28.1','','https://update.joomla.org/language/details3/en-NZ_details.xml','',''),(626,153,0,'English, Australia','','pkg_en-AU','package','',0,'3.9.28.1','','https://update.joomla.org/language/details3/en-AU_details.xml','',''),(627,153,0,'English, Canada','','pkg_en-CA','package','',0,'3.9.28.1','','https://update.joomla.org/language/details3/en-CA_details.xml','',''),(616,153,0,'Bulgarian','','pkg_bg-BG','package','',0,'3.6.5.2','','https://update.joomla.org/language/details3/bg-BG_details.xml','',''),(617,153,0,'Catalan','','pkg_ca-ES','package','',0,'3.9.23.1','','https://update.joomla.org/language/details3/ca-ES_details.xml','',''),(618,153,0,'Chinese, Simplified','','pkg_zh-CN','package','',0,'3.10.6.1','','https://update.joomla.org/language/details3/zh-CN_details.xml','',''),(619,153,0,'Chinese, Traditional','','pkg_zh-TW','package','',0,'3.8.0.1','','https://update.joomla.org/language/details3/zh-TW_details.xml','',''),(620,153,0,'Croatian','','pkg_hr-HR','package','',0,'3.10.11.1','','https://update.joomla.org/language/details3/hr-HR_details.xml','',''),(621,153,0,'Czech','','pkg_cs-CZ','package','',0,'3.10.11.1','','https://update.joomla.org/language/details3/cs-CZ_details.xml','',''),(622,153,0,'Danish','','pkg_da-DK','package','',0,'3.10.10.1','','https://update.joomla.org/language/details3/da-DK_details.xml','',''),(623,153,0,'Dari Persian','','pkg_prs-AF','package','',0,'3.4.4.3','','https://update.joomla.org/language/details3/prs-AF_details.xml','',''),(624,153,0,'Dutch','','pkg_nl-NL','package','',0,'3.10.12.1','','https://update.joomla.org/language/details3/nl-NL_details.xml','',''),(625,153,0,'Dzongkha','','pkg_dz-BT','package','',0,'3.6.2.1','','https://update.joomla.org/language/details3/dz-BT_details.xml','',''),(615,153,0,'Bosnian','','pkg_bs-BA','package','',0,'3.9.24.1','','https://update.joomla.org/language/details3/bs-BA_details.xml','',''),(613,153,0,'Belarusian','','pkg_be-BY','package','',0,'3.2.1.2','','https://update.joomla.org/language/details3/be-BY_details.xml','',''),(614,153,0,'Bengali, Bangladesh','','pkg_bn-BD','package','',0,'3.8.10.1','','https://update.joomla.org/language/details3/bn-BD_details.xml','',''),(612,153,0,'Basque','','pkg_eu-ES','package','',0,'3.9.24.1','','https://update.joomla.org/language/details3/eu-ES_details.xml','',''),(610,153,0,'Arabic Unitag','','pkg_ar-AA','package','',0,'3.9.27.1','','https://update.joomla.org/language/details3/ar-AA_details.xml','',''),(611,153,0,'Armenian','','pkg_hy-AM','package','',0,'3.4.4.1','','https://update.joomla.org/language/details3/hy-AM_details.xml','',''),(592,143,10024,'VirtueMart - Avatax','VirtueMart - Avatax, dynamic realtime tax calculation by Avalara','avalara','plugin','vmcalculation',0,'4.0.2','','http://virtuemart.net/releases/vm3/plg_vmcalculation_avalara_update.xml','https://docs.virtuemart.net/tutorials/installation-migration-upgrade/226-update-single-plugin-delivered-by-aio.html',''),(593,141,10021,'VirtueMart - Textinput','VirtueMart - Textinput','textinput','plugin','vmcustom',0,'4.0.2','','http://virtuemart.net/releases/vm3/plg_vmcustom_textinput_update.xml','https://docs.virtuemart.net/tutorials/installation-migration-upgrade/226-update-single-plugin-delivered-by-aio.html',''),(595,138,10018,'VirtueMart - Payments, Authorise.net','VirtueMart - Payments, Authorise.net','authorizenet','plugin','vmpayment',0,'4.0.2','','http://virtuemart.net/releases/vm3/plg_vmpayment_authorisenet_update.xml','https://docs.virtuemart.net/tutorials/installation-migration-upgrade/226-update-single-plugin-delivered-by-aio.html',''),(596,134,10061,'VirtueMart - Payments, Amazon','VirtueMart - Payments, Amazon','amazon','plugin','vmpayment',0,'4.0.2','','http://virtuemart.net/releases/vm3/plg_vmpayment_amazon_update.xml','https://docs.virtuemart.net/tutorials/installation-migration-upgrade/226-update-single-plugin-delivered-by-aio.html',''),(597,132,10005,'VirtueMart - Payments, Sofort','VirtueMart - Payments, Sofort','sofort','plugin','vmpayment',0,'4.0.2','','http://virtuemart.net/releases/vm3/plg_vmpayment_sofort_update.xml','https://docs.virtuemart.net/tutorials/installation-migration-upgrade/226-update-single-plugin-delivered-by-aio.html',''),(598,131,10004,'VirtueMart - Payments, Klarna Checkout','VirtueMart - Payments, Klarna Checkout','klarnacheckout','plugin','vmpayment',0,'4.0.2','','http://virtuemart.net/releases/vm3/plg_vmpayment_klarnacheckout_update.xml','https://docs.virtuemart.net/tutorials/installation-migration-upgrade/226-update-single-plugin-delivered-by-aio.html',''),(599,159,10132,'FOF 3.x Stable','','file_fof30','file','',0,'3.8.1','','http://cdn.akeeba.com/updates/fof3_file.xml','https://www.akeeba.com/download/fof3/3-8-1.html',''),(600,126,10000,'VirtueMart','VirtueMart Component','com_virtuemart','component','',1,'4.2.6','','http://virtuemart.net/releases/vm3/virtuemart_update.xml','https://www.virtuemart.net/news/virtuemart-for-joomla-5',''),(601,125,10001,'VirtueMart AIO','VirtueMart AIO Component','com_virtuemart_allinone','component','',1,'4.2.4','','http://virtuemart.net/releases/vm3/virtuemart_aio_update.xml','http://virtuemart.net/news/latest-news/effective-and-sustainable-funding-with-a-virtuemart-membership',''),(602,122,10116,'VirtueMart - Payments, Skrill','VirtueMart - Payments, Skrill','skrill','plugin','vmpayment',0,'4.0.2','','http://virtuemart.net/releases/vm3/plg_vmpayment_skrill_update.xml','https://docs.virtuemart.net/tutorials/installation-migration-upgrade/226-update-single-plugin-delivered-by-aio.html',''),(603,121,10008,'VirtueMart - Payments, Paybox','VirtueMart - Payments, Paybox','paybox','plugin','vmpayment',0,'4.0.2','','http://virtuemart.net/releases/vm3/plg_vmpayment_paybox_update.xml','https://docs.virtuemart.net/tutorials/installation-migration-upgrade/226-update-single-plugin-delivered-by-aio.html',''),(604,119,10063,'VirtueMart - Payments, Klick and Pay','VirtueMart - Payments, Klick and Pay','klikandpay','plugin','vmpayment',0,'4.0.2','','http://virtuemart.net/releases/vm3/plg_vmpayment_klikandpay_update.xml','https://docs.virtuemart.net/tutorials/installation-migration-upgrade/226-update-single-plugin-delivered-by-aio.html',''),(605,129,10002,'VirtueMart - Payments, Standard','VirtueMart - Payments, Standard','standard','plugin','vmpayment',0,'4.0.2','','http://virtuemart.net/releases/vm3/plg_vmpayment_standard_update.xml','https://docs.virtuemart.net/tutorials/installation-migration-upgrade/226-update-single-plugin-delivered-by-aio.html',''),(606,112,10032,'VirtueMart Category module','VirtueMart Category module','mod_virtuemart_category','module','',0,'4.0.2','','http://virtuemart.net/releases/vm3/mod_virtuemart_category_update.xml','https://docs.virtuemart.net/tutorials/installation-migration-upgrade/226-update-single-plugin-delivered-by-aio.html',''),(607,113,10030,'VirtueMart Brand module','VirtueMart Brand module','mod_virtuemart_manufacturer','module','',0,'4.0.2','','http://virtuemart.net/releases/vm3/mod_virtuemart_manufacturer_update.xml','https://docs.virtuemart.net/tutorials/installation-migration-upgrade/226-update-single-plugin-delivered-by-aio.html',''),(609,153,0,'Albanian','','pkg_sq-AL','package','',0,'3.1.1.2','','https://update.joomla.org/language/details3/sq-AL_details.xml','',''),(608,153,0,'Afrikaans','','pkg_af-ZA','package','',0,'3.9.16.1','','https://update.joomla.org/language/details3/af-ZA_details.xml','',''),(688,164,10041,'DJ-ImageSlider Package','','pkg_dj-imageslider','package','',0,'4.6.2 for Joomla 4.x','','http://dj-extensions.com/updates/djimageslider.xml','https://dj-extensions.com/component/ars/items/dj-imageslider462?category_id=11',''),(684,153,0,'Welsh','','pkg_cy-GB','package','',0,'3.10.12.1','','https://update.joomla.org/language/details3/cy-GB_details.xml','','');

--
-- Table structure for table `fz6t4_user_keys`
--

CREATE TABLE `fz6t4_user_keys` (
  `id` int unsigned NOT NULL AUTO_INCREMENT,
  `user_id` varchar(150) CHARACTER SET utf8mb4 COLLATE utf8mb4_unicode_ci NOT NULL,
  `token` varchar(255) CHARACTER SET utf8mb4 COLLATE utf8mb4_unicode_ci NOT NULL,
  `series` varchar(191) CHARACTER SET utf8mb4 COLLATE utf8mb4_unicode_ci NOT NULL,
  `invalid` tinyint NOT NULL,
  `time` varchar(200) CHARACTER SET utf8mb4 COLLATE utf8mb4_unicode_ci NOT NULL,
  `uastring` varchar(255) CHARACTER SET utf8mb4 COLLATE utf8mb4_unicode_ci NOT NULL,
  PRIMARY KEY (`id`),
  UNIQUE KEY `series` (`series`),
  KEY `user_id` (`user_id`)
) ENGINE=MyISAM DEFAULT CHARSET=utf8mb4 COLLATE=utf8mb4_unicode_ci;

--
-- Dumping data for table `fz6t4_user_keys`
--


--
-- Table structure for table `fz6t4_user_notes`
--

CREATE TABLE `fz6t4_user_notes` (
  `id` int unsigned NOT NULL AUTO_INCREMENT,
  `user_id` int unsigned NOT NULL DEFAULT '0',
  `catid` int unsigned NOT NULL DEFAULT '0',
  `subject` varchar(100) CHARACTER SET utf8mb4 COLLATE utf8mb4_unicode_ci NOT NULL DEFAULT '',
  `body` mediumtext CHARACTER SET utf8mb4 COLLATE utf8mb4_unicode_ci NOT NULL,
  `state` tinyint NOT NULL DEFAULT '0',
  `checked_out` int unsigned NOT NULL DEFAULT '0',
  `checked_out_time` datetime NOT NULL DEFAULT '0000-00-00 00:00:00',
  `created_user_id` int unsigned NOT NULL DEFAULT '0',
  `created_time` datetime NOT NULL DEFAULT '0000-00-00 00:00:00',
  `modified_user_id` int unsigned NOT NULL,
  `modified_time` datetime NOT NULL DEFAULT '0000-00-00 00:00:00',
  `review_time` datetime NOT NULL DEFAULT '0000-00-00 00:00:00',
  `publish_up` datetime NOT NULL DEFAULT '0000-00-00 00:00:00',
  `publish_down` datetime NOT NULL DEFAULT '0000-00-00 00:00:00',
  PRIMARY KEY (`id`),
  KEY `idx_user_id` (`user_id`),
  KEY `idx_category_id` (`catid`)
) ENGINE=MyISAM DEFAULT CHARSET=utf8mb4 COLLATE=utf8mb4_unicode_ci;

--
-- Dumping data for table `fz6t4_user_notes`
--


--
-- Table structure for table `fz6t4_user_profiles`
--

CREATE TABLE `fz6t4_user_profiles` (
  `user_id` int NOT NULL,
  `profile_key` varchar(100) CHARACTER SET utf8mb4 COLLATE utf8mb4_unicode_ci NOT NULL,
  `profile_value` mediumtext CHARACTER SET utf8mb4 COLLATE utf8mb4_unicode_ci NOT NULL,
  `ordering` int NOT NULL DEFAULT '0',
  UNIQUE KEY `idx_user_id_profile_key` (`user_id`,`profile_key`)
) ENGINE=MyISAM DEFAULT CHARSET=utf8mb4 COLLATE=utf8mb4_unicode_ci COMMENT='Simple user profile storage table';

--
-- Dumping data for table `fz6t4_user_profiles`
--


--
-- Table structure for table `fz6t4_user_usergroup_map`
--

CREATE TABLE `fz6t4_user_usergroup_map` (
  `user_id` int unsigned NOT NULL DEFAULT '0' COMMENT 'Foreign Key to #__users.id',
  `group_id` int unsigned NOT NULL DEFAULT '0' COMMENT 'Foreign Key to #__usergroups.id',
  PRIMARY KEY (`user_id`,`group_id`)
) ENGINE=MyISAM DEFAULT CHARSET=utf8mb4 COLLATE=utf8mb4_unicode_ci;

--
-- Dumping data for table `fz6t4_user_usergroup_map`
--

INSERT INTO `fz6t4_user_usergroup_map` VALUES (676,8),(677,2),(683,2),(696,2),(698,2),(743,2);

--
-- Table structure for table `fz6t4_usergroups`
--

CREATE TABLE `fz6t4_usergroups` (
  `id` int unsigned NOT NULL AUTO_INCREMENT COMMENT 'Primary Key',
  `parent_id` int unsigned NOT NULL DEFAULT '0' COMMENT 'Adjacency List Reference Id',
  `lft` int NOT NULL DEFAULT '0' COMMENT 'Nested set lft.',
  `rgt` int NOT NULL DEFAULT '0' COMMENT 'Nested set rgt.',
  `title` varchar(100) CHARACTER SET utf8mb4 COLLATE utf8mb4_unicode_ci NOT NULL DEFAULT '',
  PRIMARY KEY (`id`),
  UNIQUE KEY `idx_usergroup_parent_title_lookup` (`parent_id`,`title`),
  KEY `idx_usergroup_title_lookup` (`title`),
  KEY `idx_usergroup_adjacency_lookup` (`parent_id`),
  KEY `idx_usergroup_nested_set_lookup` (`lft`,`rgt`) USING BTREE
) ENGINE=MyISAM AUTO_INCREMENT=13 DEFAULT CHARSET=utf8mb4 COLLATE=utf8mb4_unicode_ci;

--
-- Dumping data for table `fz6t4_usergroups`
--

INSERT INTO `fz6t4_usergroups` VALUES (1,0,1,20,'Public'),(2,1,6,17,'Registered'),(3,2,7,14,'Author'),(4,3,8,11,'Editor'),(5,4,9,10,'Publisher'),(6,1,2,5,'Manager'),(7,6,3,4,'Administrator'),(8,1,18,19,'Super Users'),(12,2,15,16,'Customer Group (Example)'),(10,3,12,13,'Shop Suppliers (Example)');

--
-- Table structure for table `fz6t4_users`
--

CREATE TABLE `fz6t4_users` (
  `id` int NOT NULL AUTO_INCREMENT,
  `name` varchar(400) CHARACTER SET utf8mb4 COLLATE utf8mb4_unicode_ci NOT NULL DEFAULT '',
  `username` varchar(150) CHARACTER SET utf8mb4 COLLATE utf8mb4_unicode_ci NOT NULL DEFAULT '',
  `email` varchar(100) CHARACTER SET utf8mb4 COLLATE utf8mb4_unicode_ci NOT NULL DEFAULT '',
  `password` varchar(100) CHARACTER SET utf8mb4 COLLATE utf8mb4_unicode_ci NOT NULL DEFAULT '',
  `block` tinyint NOT NULL DEFAULT '0',
  `sendEmail` tinyint DEFAULT '0',
  `registerDate` datetime NOT NULL DEFAULT '0000-00-00 00:00:00',
  `lastvisitDate` datetime NOT NULL DEFAULT '0000-00-00 00:00:00',
  `activation` varchar(100) CHARACTER SET utf8mb4 COLLATE utf8mb4_unicode_ci NOT NULL DEFAULT '',
  `params` mediumtext CHARACTER SET utf8mb4 COLLATE utf8mb4_unicode_ci NOT NULL,
  `lastResetTime` datetime NOT NULL DEFAULT '0000-00-00 00:00:00' COMMENT 'Date of last password reset',
  `resetCount` int NOT NULL DEFAULT '0' COMMENT 'Count of password resets since lastResetTime',
  `otpKey` varchar(1000) CHARACTER SET utf8mb4 COLLATE utf8mb4_unicode_ci NOT NULL DEFAULT '' COMMENT 'Two factor authentication encrypted keys',
  `otep` varchar(1000) CHARACTER SET utf8mb4 COLLATE utf8mb4_unicode_ci NOT NULL DEFAULT '' COMMENT 'One time emergency passwords',
  `requireReset` tinyint NOT NULL DEFAULT '0' COMMENT 'Require user to reset password on next login',
  `authProvider` varchar(100) CHARACTER SET utf8mb4 COLLATE utf8mb4_unicode_ci NOT NULL DEFAULT '' COMMENT 'Name of used authentication plugin',
  PRIMARY KEY (`id`),
  UNIQUE KEY `idx_username` (`username`),
  KEY `idx_block` (`block`),
  KEY `email` (`email`),
  KEY `idx_name` (`name`(100))
) ENGINE=MyISAM AUTO_INCREMENT=744 DEFAULT CHARSET=utf8mb4 COLLATE=utf8mb4_unicode_ci;

--
-- Dumping data for table `fz6t4_users`
--

INSERT INTO `fz6t4_users` VALUES (676,'Super User','admin','info@3s-technologies.com.tr','$2y$10$nV/ioVpu2goxW7GBuGC0aODUM0PMjTaWdCHcw8XahFoytLexgIuhK',0,1,'2014-08-01 07:21:38','2024-10-07 07:00:54','0','{\"admin_style\":\"\",\"admin_language\":\"\",\"language\":\"\",\"editor\":\"\",\"timezone\":\"\"}','0000-00-00 00:00:00',0,'','',0,''),(677,'Ahmet Unlu','DMB','info@dmb-elektronik.com','$P$D9DsbdGaVDiLV.3A682yOlxHJBK1yb1',0,0,'2014-08-07 06:38:53','2014-08-08 07:07:18','','{\"activate\":0,\"language\":\"tr-TR\"}','0000-00-00 00:00:00',0,'','',0,''),(683,'çığır aydınlatma','çığırayduınlatma','info@cigiraydinlatma.com','$P$DCA7tYOQv48IL22Q2tw7qKgQYJS.f6.',1,0,'2015-03-13 11:07:01','0000-00-00 00:00:00','c2f889075f0c111e9b4d27ba8331bdb1','{}','0000-00-00 00:00:00',0,'','',0,''),(42,'OB','OB','info3@dmb-elektronik.com','$2y$10$DJ.q3DQsPjnoiR6unSnS2.uKeRjqCWezpmwE9UBOm4.jtQES2sEzi',0,0,'2017-11-14 21:23:29','0000-00-00 00:00:00','','{\"admin_style\":\"\",\"admin_language\":\"\",\"language\":\"\",\"editor\":\"\",\"helpsite\":\"\",\"timezone\":\"\"}','0000-00-00 00:00:00',0,'','',0,''),(696,'Eartechnic','Eartechnic','pcb@eartechnic.com','$P$DYy90tfdl9fcRne0nW4e0W/rlsHyEX/',0,0,'2016-11-17 10:57:33','2016-11-21 07:37:40','','{\"activate\":0}','0000-00-00 00:00:00',0,'','',0,''),(698,'mesut','mesut54','mesuterbas1@hotmail.com','$P$Dapc2g5Lja7wby0TsUK4HnQSEZorDL.',0,0,'2016-12-12 04:33:32','0000-00-00 00:00:00','','{\"activate\":0}','0000-00-00 00:00:00',0,'','',0,'');

--
-- Table structure for table `fz6t4_utf8_conversion`
--

CREATE TABLE `fz6t4_utf8_conversion` (
  `converted` tinyint NOT NULL DEFAULT '0'
) ENGINE=MyISAM DEFAULT CHARSET=utf8mb4 COLLATE=utf8mb4_unicode_ci;

--
-- Dumping data for table `fz6t4_utf8_conversion`
--

INSERT INTO `fz6t4_utf8_conversion` VALUES (5);

--
-- Table structure for table `fz6t4_viewlevels`
--

CREATE TABLE `fz6t4_viewlevels` (
  `id` int unsigned NOT NULL AUTO_INCREMENT COMMENT 'Primary Key',
  `title` varchar(100) CHARACTER SET utf8mb4 COLLATE utf8mb4_unicode_ci NOT NULL DEFAULT '',
  `ordering` int NOT NULL DEFAULT '0',
  `rules` varchar(5120) CHARACTER SET utf8mb4 COLLATE utf8mb4_unicode_ci NOT NULL COMMENT 'JSON encoded access control.',
  PRIMARY KEY (`id`),
  UNIQUE KEY `idx_assetgroup_title_lookup` (`title`)
) ENGINE=MyISAM AUTO_INCREMENT=5 DEFAULT CHARSET=utf8mb4 COLLATE=utf8mb4_unicode_ci;

--
-- Dumping data for table `fz6t4_viewlevels`
--

INSERT INTO `fz6t4_viewlevels` VALUES (1,'Public',0,'[1]'),(2,'Registered',1,'[6,2,8]'),(3,'Special',2,'[6,3,8]'),(4,'Customer Access Level (Example)',3,'[6,3,12]');

--
-- Table structure for table `fz6t4_virtuemart_adminmenuentries`
--

CREATE TABLE `fz6t4_virtuemart_adminmenuentries` (
  `id` tinyint unsigned NOT NULL AUTO_INCREMENT,
  `module_id` tinyint unsigned NOT NULL DEFAULT '0' COMMENT 'THE ID OF THE VM MODULE, THIS ITEM IS ASSIGNED TO',
  `parent_id` tinyint unsigned NOT NULL DEFAULT '0',
  `name` char(64) NOT NULL DEFAULT '0',
  `link` char(64) NOT NULL DEFAULT '0',
  `depends` char(64) NOT NULL DEFAULT '' COMMENT 'Names of the Parameters, this Item depends on',
  `icon_class` char(96) DEFAULT NULL,
  `uikit_icon` char(96) DEFAULT NULL,
  `ordering` int NOT NULL DEFAULT '0',
  `published` tinyint(1) NOT NULL DEFAULT '1',
  `tooltip` char(128) DEFAULT NULL,
  `view` char(32) DEFAULT NULL,
  `task` char(32) DEFAULT NULL,
  PRIMARY KEY (`id`),
  KEY `module_id` (`module_id`),
  KEY `published` (`published`),
  KEY `ordering` (`ordering`)
) ENGINE=MyISAM AUTO_INCREMENT=31 DEFAULT CHARSET=utf8mb3 COMMENT='Administration Menu Items';

--
-- Dumping data for table `fz6t4_virtuemart_adminmenuentries`
--

INSERT INTO `fz6t4_virtuemart_adminmenuentries` VALUES (1,1,0,'COM_VIRTUEMART_CATEGORY_S','','','vmicon vmicon-16-folder_camera','category',1,1,'','category',''),(2,1,0,'COM_VIRTUEMART_PRODUCT_S','','','vmicon vmicon-16-camera','product',2,1,'','product',''),(3,1,0,'COM_VIRTUEMART_PRODUCT_CUSTOM_FIELD_S','','','vmicon vmicon-16-document_move','customfield',5,1,'','custom',''),(4,1,0,'COM_VIRTUEMART_PRODUCT_INVENTORY','','','vmicon vmicon-16-price_watch','inventory',7,1,'','inventory',''),(5,1,0,'COM_VIRTUEMART_CALC_S','','','vmicon vmicon-16-calculator','calculator',8,1,'','calc',''),(6,1,0,'COM_VIRTUEMART_REVIEW_RATE_S','','','vmicon vmicon-16-comments','comments',9,1,'','ratings',''),(7,2,0,'COM_VIRTUEMART_ORDER_S','','','vmicon vmicon-16-page_white_stack','cart',1,1,'','orders',''),(8,2,0,'COM_VIRTUEMART_COUPON_S','','','vmicon vmicon-16-shopping','gift-box',10,1,'','coupon',''),(9,2,0,'COM_VIRTUEMART_REPORT','','','vmicon vmicon-16-chart_bar','revenue',3,1,'','report',''),(10,2,0,'COM_VIRTUEMART_USER_S','','','vmicon vmicon-16-user','user',4,1,'','user',''),(11,2,0,'COM_VIRTUEMART_SHOPPERGROUP_S','','','vmicon vmicon-16-user-group','users',5,1,'','shoppergroup',''),(12,3,0,'COM_VIRTUEMART_MANUFACTURER_S','','','vmicon vmicon-16-wrench_orange','manufacturer',1,1,'','manufacturer',''),(13,3,0,'COM_VIRTUEMART_MANUFACTURER_CATEGORY_S','','','vmicon vmicon-16-folder_wrench','category',2,1,'','manufacturercategories',''),(14,4,0,'COM_VIRTUEMART_STORE','','','vmicon vmicon-16-reseller_account_template','shop',1,1,'','user','editshop'),(15,4,0,'COM_VIRTUEMART_MEDIA_S','','','vmicon vmicon-16-pictures','image',2,1,'','media',''),(16,4,0,'COM_VIRTUEMART_SHIPMENTMETHOD_S','','','vmicon vmicon-16-lorry','shipment',3,1,'','shipmentmethod',''),(17,4,0,'COM_VIRTUEMART_PAYMENTMETHOD_S','','','vmicon vmicon-16-creditcards','credit-card',4,1,'','paymentmethod',''),(18,5,0,'COM_VIRTUEMART_CONFIGURATION','','','vmicon vmicon-16-config','cog',1,1,'','config',''),(19,5,0,'COM_VIRTUEMART_USERFIELD_S','','','vmicon vmicon-16-participation_rate','id-card',2,1,'','userfields',''),(20,5,0,'COM_VIRTUEMART_ORDERSTATUS_S','','','vmicon vmicon-16-document_editing','future',3,1,'','orderstatus',''),(21,5,0,'COM_VIRTUEMART_CURRENCY_S','','','vmicon vmicon-16-coins','currencies',5,1,'','currency',''),(22,5,0,'COM_VIRTUEMART_COUNTRY_S','','','vmicon vmicon-16-globe','world',6,1,'','country',''),(23,11,0,'COM_VIRTUEMART_MIGRATION_UPDATE','','','vmicon vmicon-16-installer_box','lifesaver',0,1,'','updatesmigration',''),(24,11,0,'COM_VIRTUEMART_ABOUT','','','vmicon vmicon-16-info','lifesaver',10,1,'','about',''),(25,11,0,'COM_VIRTUEMART_HELP_TOPICS','http://docs.virtuemart.net/','','vmicon vmicon-16-help','lifesaver',5,1,'','',''),(26,11,0,'COM_VIRTUEMART_COMMUNITY_FORUM','http://forum.virtuemart.net/','','vmicon vmicon-16-reseller_programm','lifesaver',7,1,'','',''),(27,11,0,'COM_VIRTUEMART_STATISTIC_SUMMARY','','','vmicon vmicon-16-info','lifesaver',1,1,'','virtuemart',''),(28,77,0,'COM_VIRTUEMART_USER_GROUP_S','','','vmicon vmicon-16-user',NULL,2,1,'','usergroups',''),(29,11,0,'COM_VIRTUEMART_LOG','','','vmicon vmicon-16-info','lifesaver',2,1,'','log',''),(30,11,0,'COM_VIRTUEMART_SUPPORT','','','vmicon vmicon-16-help','lifesaver',3,1,'','support','');

--
-- Table structure for table `fz6t4_virtuemart_calc_categories`
--

CREATE TABLE `fz6t4_virtuemart_calc_categories` (
  `id` int unsigned NOT NULL AUTO_INCREMENT,
  `virtuemart_calc_id` int unsigned NOT NULL DEFAULT '0',
  `virtuemart_category_id` int unsigned NOT NULL DEFAULT '0',
  PRIMARY KEY (`id`),
  UNIQUE KEY `virtuemart_calc_id` (`virtuemart_calc_id`,`virtuemart_category_id`)
) ENGINE=MyISAM DEFAULT CHARSET=utf8mb3;

--
-- Dumping data for table `fz6t4_virtuemart_calc_categories`
--


--
-- Table structure for table `fz6t4_virtuemart_calc_countries`
--

CREATE TABLE `fz6t4_virtuemart_calc_countries` (
  `id` int unsigned NOT NULL AUTO_INCREMENT,
  `virtuemart_calc_id` int unsigned NOT NULL DEFAULT '0',
  `virtuemart_country_id` int unsigned NOT NULL DEFAULT '0',
  PRIMARY KEY (`id`),
  UNIQUE KEY `virtuemart_calc_id` (`virtuemart_calc_id`,`virtuemart_country_id`)
) ENGINE=MyISAM DEFAULT CHARSET=utf8mb3;

--
-- Dumping data for table `fz6t4_virtuemart_calc_countries`
--


--
-- Table structure for table `fz6t4_virtuemart_calc_manufacturers`
--

CREATE TABLE `fz6t4_virtuemart_calc_manufacturers` (
  `id` int unsigned NOT NULL AUTO_INCREMENT,
  `virtuemart_calc_id` int unsigned NOT NULL DEFAULT '0',
  `virtuemart_manufacturer_id` int unsigned NOT NULL DEFAULT '0',
  PRIMARY KEY (`id`),
  UNIQUE KEY `virtuemart_calc_id` (`virtuemart_calc_id`,`virtuemart_manufacturer_id`)
) ENGINE=MyISAM DEFAULT CHARSET=utf8mb3;

--
-- Dumping data for table `fz6t4_virtuemart_calc_manufacturers`
--


--
-- Table structure for table `fz6t4_virtuemart_calc_shoppergroups`
--

CREATE TABLE `fz6t4_virtuemart_calc_shoppergroups` (
  `id` int unsigned NOT NULL AUTO_INCREMENT,
  `virtuemart_calc_id` int unsigned NOT NULL DEFAULT '0',
  `virtuemart_shoppergroup_id` int unsigned NOT NULL DEFAULT '0',
  PRIMARY KEY (`id`),
  UNIQUE KEY `virtuemart_calc_id` (`virtuemart_calc_id`,`virtuemart_shoppergroup_id`)
) ENGINE=MyISAM DEFAULT CHARSET=utf8mb3;

--
-- Dumping data for table `fz6t4_virtuemart_calc_shoppergroups`
--


--
-- Table structure for table `fz6t4_virtuemart_calc_states`
--

CREATE TABLE `fz6t4_virtuemart_calc_states` (
  `id` int unsigned NOT NULL AUTO_INCREMENT,
  `virtuemart_calc_id` int unsigned NOT NULL DEFAULT '0',
  `virtuemart_state_id` int unsigned NOT NULL DEFAULT '0',
  PRIMARY KEY (`id`),
  UNIQUE KEY `virtuemart_calc_id` (`virtuemart_calc_id`,`virtuemart_state_id`)
) ENGINE=MyISAM DEFAULT CHARSET=utf8mb3;

--
-- Dumping data for table `fz6t4_virtuemart_calc_states`
--


--
-- Table structure for table `fz6t4_virtuemart_calcs`
--

CREATE TABLE `fz6t4_virtuemart_calcs` (
  `virtuemart_calc_id` int unsigned NOT NULL AUTO_INCREMENT,
  `virtuemart_vendor_id` int unsigned NOT NULL DEFAULT '1' COMMENT 'BELONGS TO VENDOR',
  `calc_jplugin_id` int NOT NULL DEFAULT '0',
  `calc_name` varchar(64) NOT NULL DEFAULT '' COMMENT 'NAME OF THE RULE',
  `calc_descr` varchar(128) NOT NULL DEFAULT '' COMMENT 'DESCRIPTION',
  `calc_kind` varchar(16) NOT NULL DEFAULT '' COMMENT 'DISCOUNT/TAX/MARGIN/COMMISSION',
  `calc_value_mathop` varchar(8) NOT NULL DEFAULT '' COMMENT 'THE MATHEMATICAL OPERATION LIKE (+,-,+%,-%)',
  `calc_value` decimal(10,4) NOT NULL DEFAULT '0.0000' COMMENT 'The Amount',
  `calc_currency` smallint unsigned NOT NULL DEFAULT '0' COMMENT 'Currency of the Rule',
  `calc_shopper_published` tinyint(1) NOT NULL DEFAULT '0' COMMENT 'Visible for Shoppers',
  `calc_vendor_published` tinyint(1) NOT NULL DEFAULT '0' COMMENT 'Visible for Vendors',
  `publish_up` datetime NOT NULL DEFAULT '0000-00-00 00:00:00' COMMENT 'Startdate if nothing is set = permanent',
  `publish_down` datetime NOT NULL DEFAULT '0000-00-00 00:00:00' COMMENT 'Enddate if nothing is set = permanent',
  `for_override` tinyint(1) NOT NULL DEFAULT '0',
  `has_categories` tinyint(1) DEFAULT NULL,
  `has_shoppergroups` tinyint(1) DEFAULT NULL,
  `has_manufacturers` tinyint(1) DEFAULT NULL,
  `has_countries` tinyint(1) DEFAULT NULL,
  `has_states` tinyint(1) DEFAULT NULL,
  `calc_params` varchar(15359) NOT NULL DEFAULT '',
  `ordering` int NOT NULL DEFAULT '0',
  `shared` tinyint(1) NOT NULL DEFAULT '0',
  `published` tinyint(1) NOT NULL DEFAULT '1',
  `created_on` datetime NOT NULL DEFAULT '0000-00-00 00:00:00',
  `created_by` int NOT NULL DEFAULT '0',
  `modified_on` datetime NOT NULL DEFAULT '0000-00-00 00:00:00',
  `modified_by` int NOT NULL DEFAULT '0',
  `locked_on` datetime NOT NULL DEFAULT '0000-00-00 00:00:00',
  `locked_by` int NOT NULL DEFAULT '0',
  PRIMARY KEY (`virtuemart_calc_id`),
  KEY `virtuemart_vendor_id` (`virtuemart_vendor_id`),
  KEY `published` (`published`),
  KEY `calc_kind` (`calc_kind`),
  KEY `shared` (`shared`),
  KEY `publish_up` (`publish_up`),
  KEY `publish_down` (`publish_down`)
) ENGINE=MyISAM AUTO_INCREMENT=2 DEFAULT CHARSET=utf8mb3;

--
-- Dumping data for table `fz6t4_virtuemart_calcs`
--

INSERT INTO `fz6t4_virtuemart_calcs` VALUES (1,1,0,'KDV_18','','VatTax','+%',18.0000,144,0,0,'2014-08-07 07:34:47','0000-00-00 00:00:00',0,0,0,0,0,0,'',0,0,1,'2014-08-07 07:34:47',676,'2014-08-07 07:34:47',676,'0000-00-00 00:00:00',0);

--
-- Table structure for table `fz6t4_virtuemart_carts`
--

CREATE TABLE `fz6t4_virtuemart_carts` (
  `virtuemart_cart_id` int unsigned NOT NULL AUTO_INCREMENT,
  `virtuemart_user_id` int unsigned NOT NULL,
  `virtuemart_vendor_id` int unsigned NOT NULL,
  `cartData` varbinary(50000) DEFAULT NULL,
  `created_on` datetime NOT NULL DEFAULT '0000-00-00 00:00:00',
  `created_by` int NOT NULL DEFAULT '0',
  `modified_on` datetime NOT NULL DEFAULT '0000-00-00 00:00:00',
  `modified_by` int NOT NULL DEFAULT '0',
  PRIMARY KEY (`virtuemart_cart_id`),
  KEY `virtuemart_vendor_id` (`virtuemart_vendor_id`),
  KEY `virtuemart_user_id` (`virtuemart_user_id`)
) ENGINE=InnoDB DEFAULT CHARSET=utf8mb3 COMMENT='Used to store the cart';

--
-- Dumping data for table `fz6t4_virtuemart_carts`
--


--
-- Table structure for table `fz6t4_virtuemart_categories`
--

CREATE TABLE `fz6t4_virtuemart_categories` (
  `virtuemart_category_id` int unsigned NOT NULL AUTO_INCREMENT,
  `category_parent_id` int unsigned DEFAULT NULL,
  `virtuemart_vendor_id` int unsigned NOT NULL DEFAULT '1' COMMENT 'BELONGS TO VENDOR',
  `category_template` varchar(128) DEFAULT NULL,
  `category_layout` varchar(64) DEFAULT NULL,
  `category_product_layout` varchar(64) DEFAULT NULL,
  `products_per_row` varchar(1) NOT NULL DEFAULT '',
  `limit_list_step` varchar(32) DEFAULT NULL,
  `limit_list_initial` smallint unsigned DEFAULT NULL,
  `hits` int unsigned NOT NULL DEFAULT '0',
  `cat_params` varchar(15359) NOT NULL DEFAULT '',
  `metarobot` varchar(40) NOT NULL DEFAULT '',
  `metaauthor` varchar(64) NOT NULL DEFAULT '',
  `ordering` int NOT NULL DEFAULT '0',
  `shared` tinyint(1) NOT NULL DEFAULT '0',
  `published` tinyint(1) NOT NULL DEFAULT '1',
  `has_children` tinyint(1) DEFAULT NULL,
  `has_medias` tinyint(1) DEFAULT NULL,
  `created_on` datetime NOT NULL DEFAULT '0000-00-00 00:00:00',
  `created_by` int NOT NULL DEFAULT '0',
  `modified_on` datetime NOT NULL DEFAULT '0000-00-00 00:00:00',
  `modified_by` int NOT NULL DEFAULT '0',
  `locked_on` datetime NOT NULL DEFAULT '0000-00-00 00:00:00',
  `locked_by` int NOT NULL DEFAULT '0',
  PRIMARY KEY (`virtuemart_category_id`),
  KEY `virtuemart_vendor_id` (`virtuemart_vendor_id`),
  KEY `published` (`published`),
  KEY `shared` (`shared`),
  KEY `ordering` (`ordering`)
) ENGINE=MyISAM AUTO_INCREMENT=21 DEFAULT CHARSET=utf8mb3 COMMENT='Product Categories are stored here';

--
-- Dumping data for table `fz6t4_virtuemart_categories`
--

INSERT INTO `fz6t4_virtuemart_categories` VALUES (2,0,1,'','default','default','1','0',0,0,'show_store_desc=\"\"|showcategory_desc=\"\"|showcategory=\"\"|categories_per_row=\"\"|showproducts=\"\"|omitLoaded=\"\"|showsearch=\"\"|productsublayout=\"\"|featured=\"\"|featured_rows=\"\"|omitLoaded_featured=\"\"|discontinued=\"\"|discontinued_rows=\"\"|omitLoaded_discontinued=\"\"|latest=\"\"|latest_rows=\"\"|omitLoaded_latest=\"\"|topten=\"\"|topten_rows=\"\"|omitLoaded_topten=\"\"|recent=\"\"|recent_rows=\"\"|omitLoaded_recent=\"\"|','','',5,0,1,0,1,'2014-08-01 09:02:45',676,'2022-07-26 11:56:12',676,'0000-00-00 00:00:00',0),(3,0,1,'','default','default','1','0',0,0,'show_store_desc=\"\"|showcategory_desc=\"\"|showcategory=\"\"|categories_per_row=\"\"|showproducts=\"\"|omitLoaded=\"\"|showsearch=\"\"|productsublayout=\"\"|featured=\"\"|featured_rows=\"\"|omitLoaded_featured=\"\"|discontinued=\"\"|discontinued_rows=\"\"|omitLoaded_discontinued=\"\"|latest=\"\"|latest_rows=\"\"|omitLoaded_latest=\"\"|topten=\"\"|topten_rows=\"\"|omitLoaded_topten=\"\"|recent=\"\"|recent_rows=\"\"|omitLoaded_recent=\"\"|','','',4,0,0,0,1,'2014-08-01 09:04:13',676,'2020-02-11 14:07:40',676,'0000-00-00 00:00:00',0),(4,0,1,'','default','default','1','0',0,0,'show_store_desc=\"\"|showcategory_desc=\"\"|showcategory=\"\"|categories_per_row=\"\"|showproducts=\"\"|omitLoaded=\"\"|showsearch=\"\"|productsublayout=\"\"|featured=\"\"|featured_rows=\"\"|omitLoaded_featured=\"\"|discontinued=\"\"|discontinued_rows=\"\"|omitLoaded_discontinued=\"\"|latest=\"\"|latest_rows=\"\"|omitLoaded_latest=\"\"|topten=\"\"|topten_rows=\"\"|omitLoaded_topten=\"\"|recent=\"\"|recent_rows=\"\"|omitLoaded_recent=\"\"|','','',3,0,0,0,1,'2014-08-02 06:38:50',676,'2020-11-21 22:48:17',676,'0000-00-00 00:00:00',0),(5,0,1,'0','default','default','1','0',0,0,'','','',6,0,1,0,1,'2014-08-02 07:46:40',676,'2016-12-08 14:46:12',676,'0000-00-00 00:00:00',0),(6,0,1,'0','default','default','1','0',0,0,'','','',7,0,1,0,1,'2014-08-02 07:47:58',676,'2016-12-08 14:44:17',676,'0000-00-00 00:00:00',0),(7,0,1,'0','default','default','1','0',0,0,'','','',1,0,0,0,1,'2014-08-02 07:50:16',676,'2016-12-08 15:32:09',676,'0000-00-00 00:00:00',0),(8,0,1,'','default','default','1','0',0,0,'show_store_desc=\"\"|showcategory_desc=\"\"|showcategory=\"\"|categories_per_row=\"\"|showproducts=\"\"|omitLoaded=\"\"|showsearch=\"\"|productsublayout=\"\"|featured=\"\"|featured_rows=\"\"|omitLoaded_featured=\"\"|discontinued=\"\"|discontinued_rows=\"\"|omitLoaded_discontinued=\"\"|latest=\"\"|latest_rows=\"\"|omitLoaded_latest=\"\"|topten=\"\"|topten_rows=\"\"|omitLoaded_topten=\"\"|recent=\"\"|recent_rows=\"\"|omitLoaded_recent=\"\"|','','',8,0,1,0,1,'2014-08-02 07:52:35',676,'2020-11-21 22:49:30',676,'0000-00-00 00:00:00',0),(9,0,1,'0','default','default','1','0',0,0,'','','',9,0,1,0,1,'2014-08-02 07:58:27',676,'2016-12-08 14:54:14',676,'0000-00-00 00:00:00',0),(10,0,1,'0','default','default','1','0',0,0,'','','',10,0,0,0,1,'2014-08-02 09:19:38',676,'2016-12-08 14:43:52',676,'0000-00-00 00:00:00',0),(11,0,1,'0','default','default','1','0',0,0,'','','',11,0,1,0,1,'2014-08-02 09:21:12',676,'2016-12-08 14:53:40',676,'0000-00-00 00:00:00',0),(12,0,1,'0','default','default','2','0',0,0,'','','',13,0,0,1,1,'2014-08-02 09:35:53',676,'2016-12-08 14:52:56',676,'0000-00-00 00:00:00',0),(13,0,1,'0','default','default','1','0',0,0,'','','',12,0,1,0,1,'2014-08-02 09:41:05',676,'2016-12-08 14:54:48',676,'0000-00-00 00:00:00',0),(14,12,1,'0','default','default','2','0',0,0,'','','',1,0,1,0,1,'2014-08-03 10:50:44',676,'2014-08-03 10:51:02',676,'0000-00-00 00:00:00',0),(15,12,1,'0','default','default','2','0',0,0,'','','',1,0,1,0,1,'2014-08-03 10:52:42',676,'2014-08-03 10:52:56',676,'0000-00-00 00:00:00',0),(16,12,1,'0','default','default','0','0',0,0,'','','',2,0,1,0,1,'2014-08-03 10:54:37',676,'2014-08-03 10:54:59',676,'0000-00-00 00:00:00',0),(17,12,1,'0','default','default','2','0',0,0,'','','',3,0,1,0,1,'2014-08-03 10:55:51',676,'2014-08-03 11:55:34',676,'0000-00-00 00:00:00',0),(18,0,1,'','default','default','1','0',0,0,'show_store_desc=\"\"|showcategory_desc=\"\"|showcategory=\"\"|categories_per_row=\"\"|showproducts=\"\"|omitLoaded=\"\"|showsearch=\"\"|productsublayout=\"\"|featured=\"\"|featured_rows=\"\"|omitLoaded_featured=\"\"|discontinued=\"\"|discontinued_rows=\"\"|omitLoaded_discontinued=\"\"|latest=\"\"|latest_rows=\"\"|omitLoaded_latest=\"\"|topten=\"\"|topten_rows=\"\"|omitLoaded_topten=\"\"|recent=\"\"|recent_rows=\"\"|omitLoaded_recent=\"\"|','','',1,0,1,0,1,'2019-09-16 08:34:27',676,'2019-09-16 10:28:19',676,'0000-00-00 00:00:00',0),(19,0,1,'','default','default','1','0',0,0,'show_store_desc=\"\"|showcategory_desc=\"\"|showcategory=\"\"|categories_per_row=\"\"|showproducts=\"\"|omitLoaded=\"\"|showsearch=\"\"|productsublayout=\"\"|featured=\"\"|featured_rows=\"\"|omitLoaded_featured=\"\"|discontinued=\"\"|discontinued_rows=\"\"|omitLoaded_discontinued=\"\"|latest=\"\"|latest_rows=\"\"|omitLoaded_latest=\"\"|topten=\"\"|topten_rows=\"\"|omitLoaded_topten=\"\"|recent=\"\"|recent_rows=\"\"|omitLoaded_recent=\"\"|','','',1,0,0,0,1,'2020-02-11 09:33:53',676,'2020-02-11 13:14:25',676,'0000-00-00 00:00:00',0),(20,0,1,'','default','default','1','0',0,0,'show_store_desc=\"\"|showcategory_desc=\"\"|showcategory=\"\"|categories_per_row=\"\"|showproducts=\"\"|omitLoaded=\"\"|showsearch=\"\"|productsublayout=\"\"|featured=\"\"|featured_rows=\"\"|omitLoaded_featured=\"\"|discontinued=\"\"|discontinued_rows=\"\"|omitLoaded_discontinued=\"\"|latest=\"\"|latest_rows=\"\"|omitLoaded_latest=\"\"|topten=\"\"|topten_rows=\"\"|omitLoaded_topten=\"\"|recent=\"\"|recent_rows=\"\"|omitLoaded_recent=\"\"|','','',1,0,0,0,1,'2020-02-11 12:19:21',676,'2020-02-11 13:34:49',676,'0000-00-00 00:00:00',0);

--
-- Table structure for table `fz6t4_virtuemart_categories_en_gb`
--

CREATE TABLE `fz6t4_virtuemart_categories_en_gb` (
  `virtuemart_category_id` int unsigned NOT NULL,
  `category_name` varchar(180) NOT NULL DEFAULT '',
  `category_description` varchar(19000) NOT NULL DEFAULT '',
  `metadesc` varchar(400) NOT NULL DEFAULT '',
  `metakey` varchar(400) NOT NULL DEFAULT '',
  `customtitle` varchar(255) NOT NULL DEFAULT '',
  `slug` varchar(192) NOT NULL DEFAULT '',
  PRIMARY KEY (`virtuemart_category_id`),
  UNIQUE KEY `slug` (`slug`)
) ENGINE=MyISAM DEFAULT CHARSET=utf8mb3;

--
-- Dumping data for table `fz6t4_virtuemart_categories_en_gb`
--

INSERT INTO `fz6t4_virtuemart_categories_en_gb` VALUES (2,'SMD','','','','','smd-düşük-hızlı'),(3,'SMD (Mid-Speed)','','','','','smd-orta-hızlı'),(4,'SMD (Ultra-Speed)','','','','','smd-ultra-hız'),(5,'Screen Printer','','','','','screen-printer'),(6,'SMD Reflow','','','','','smd-fırın'),(7,'Through-Hole','','','','','thru-hole'),(8,'Wave Soldering','','','','','dalga-lehim'),(9,'Selective Soldering','','','','','bölgesel-lehimleme'),(10,'Cleaning Machines','','','','','temizleme-makineleri'),(11,'Conveyors','','','','','konveyorler'),(12,'Soldering Material','','','','','lehimleme-malzemeleri'),(13,'Second Hand M/C','','','','','2.-el-makineler'),(14,'Solder Wire','','','','','tel-lehim'),(15,'Solder Bar','','','','','çubuk-lehim'),(16,'Flux','','','','','flux'),(17,'Solder Paste','','','','','krem-lehim'),(18,'CNC','','','','','cnc'),(19,'Laser Marking Machine','','','','','laser-marking-machine'),(20,'Odd-Shape Insertion','','','','','odd-shape-inserter');

--
