-- Table structure for table `fz6t4_virtuemart_categories_tr_tr`
--

CREATE TABLE `fz6t4_virtuemart_categories_tr_tr` (
  `virtuemart_category_id` int unsigned NOT NULL,
  `category_name` varchar(180) NOT NULL DEFAULT '',
  `category_description` varchar(19000) NOT NULL DEFAULT '',
  `metadesc` varchar(400) NOT NULL DEFAULT '',
  `metakey` varchar(400) NOT NULL DEFAULT '',
  `customtitle` varchar(255) NOT NULL DEFAULT '',
  `slug` varchar(192) NOT NULL DEFAULT '',
  PRIMARY KEY (`virtuemart_category_id`),
  UNIQUE KEY `slug` (`slug`)
) ENGINE=MyISAM DEFAULT CHARSET=utf8mb3;

--
-- Dumping data for table `fz6t4_virtuemart_categories_tr_tr`
--

INSERT INTO `fz6t4_virtuemart_categories_tr_tr` VALUES (2,'SMD ','','','SMD Dizgi, Düşük hızlı dizgi, numune dizgi, pilot dizgi','','smd-düşük-hızlı'),(3,'SMD (Orta Hızlı)','','','SMD Dizgi, Orta hızlı SMD Dizgi, Orta hızlı dizgi','','smd-orta-hızlı'),(4,'SMD (Ultra-Hız)','','','SMD Dizgi makinesi, Ultra hızlı SMD Dizgi, Yüksek Hızlı Dizgi','','smd-ultra-hız'),(5,'Screen Printer','','','Screen printer, Krem lehim makinesi, krem lehim baskı, baskı makinesi','','screen-printer'),(6,'SMD Fırın','','','SMD Fırın, Reflow Fırın, Elektronik fırın','','smd-fırın'),(7,'Thru-Hole','','','Aksiyel dizgi, Radyal dizgi, Bacaklı eleman dizgi, manuel dizgi','','thru-hole'),(8,'Dalga Lehim','','','Dalga lehim makinesi, pota','','dalga-lehim'),(9,'Bölgesel Lehimleme','','','selective soldering, bölgesel lehimleme','','bölgesel-lehimleme'),(10,'Temizleme Makineleri','','','PCB Temizleme, Elek Temizleme, Stencil Temizleme, PCB Yıkama, Elek Yıkama, Stencil Yıkama','','temizleme-makineleri'),(11,'Konveyorler','','','konveyorler, pcb konveyor, elektronik kart konveyoru, kart yükleme, kart boşaltma, magazin yükleme, magazin boşaltma','','konveyorler'),(12,'Lehimleme Malzemeleri','','','Lehimleme malzemeleri, krem lehim, çubuk lehim, tel lehim, flux','','lehimleme-malzemeleri'),(13,'2. El Makineler','','','kullanılmış dizgi makinesi, kullanılmış SMD makinesi, kullanılmış SMD dizgi','','2-el-makineler'),(14,'Tel Lehim','','','','','tel-lehim'),(15,'Çubuk Lehim','','','','','çubuk-lehim'),(16,'Flux','','','','','flux'),(17,'Krem Lehim','','','','','krem-lehim'),(18,'CNC','','','','','cnc'),(19,'Lazer Markalama','','','','','lazer-markalama'),(20,'Odd-form Dizgi','','','','','odd-shape-inserter');

--
-- Table structure for table `fz6t4_virtuemart_category_categories`
--

CREATE TABLE `fz6t4_virtuemart_category_categories` (
  `id` int unsigned NOT NULL AUTO_INCREMENT,
  `category_parent_id` int unsigned NOT NULL DEFAULT '0',
  `category_child_id` int unsigned NOT NULL DEFAULT '0',
  `ordering` int NOT NULL DEFAULT '0',
  PRIMARY KEY (`id`),
  UNIQUE KEY `category_parent_id` (`category_parent_id`,`category_child_id`),
  KEY `ordering` (`ordering`),
  KEY `category_child_id` (`category_child_id`)
) ENGINE=MyISAM AUTO_INCREMENT=21 DEFAULT CHARSET=utf8mb3 COMMENT='Category child-parent relation list';

--
-- Dumping data for table `fz6t4_virtuemart_category_categories`
--

INSERT INTO `fz6t4_virtuemart_category_categories` VALUES (2,0,2,5),(3,0,3,4),(4,0,4,3),(5,0,5,6),(6,0,6,7),(7,0,7,1),(8,0,8,8),(9,0,9,9),(10,0,10,10),(11,0,11,11),(12,0,12,13),(13,0,13,12),(14,12,14,1),(15,12,15,1),(16,12,16,2),(17,12,17,3),(18,0,18,1),(19,0,19,1),(20,0,20,1);

--
-- Table structure for table `fz6t4_virtuemart_category_medias`
--

CREATE TABLE `fz6t4_virtuemart_category_medias` (
  `id` int unsigned NOT NULL AUTO_INCREMENT,
  `virtuemart_category_id` int unsigned NOT NULL DEFAULT '0',
  `virtuemart_media_id` int unsigned NOT NULL DEFAULT '0',
  `ordering` int NOT NULL DEFAULT '0',
  PRIMARY KEY (`id`),
  UNIQUE KEY `virtuemart_category_id` (`virtuemart_category_id`,`virtuemart_media_id`),
  KEY `ordering` (`virtuemart_category_id`,`ordering`)
) ENGINE=MyISAM AUTO_INCREMENT=25 DEFAULT CHARSET=utf8mb3;

--
-- Dumping data for table `fz6t4_virtuemart_category_medias`
--

INSERT INTO `fz6t4_virtuemart_category_medias` VALUES (23,20,115,1),(4,2,28,1),(7,5,44,1),(6,4,43,1),(8,6,45,1),(9,7,46,1),(10,8,47,1),(11,9,48,1),(12,10,49,1),(13,11,50,1),(14,12,54,1),(15,13,55,1),(16,14,75,1),(17,15,76,1),(18,16,77,1),(19,17,78,1),(20,18,96,1),(24,3,117,1),(22,19,113,1);

--
-- Table structure for table `fz6t4_virtuemart_configs`
--

CREATE TABLE `fz6t4_virtuemart_configs` (
  `virtuemart_config_id` tinyint unsigned NOT NULL AUTO_INCREMENT,
  `config` text,
  `created_on` datetime NOT NULL DEFAULT '0000-00-00 00:00:00',
  `created_by` int NOT NULL DEFAULT '0',
  `modified_on` datetime NOT NULL DEFAULT '0000-00-00 00:00:00',
  `modified_by` int NOT NULL DEFAULT '0',
  `locked_on` datetime NOT NULL DEFAULT '0000-00-00 00:00:00',
  `locked_by` int NOT NULL DEFAULT '0',
  PRIMARY KEY (`virtuemart_config_id`)
) ENGINE=MyISAM AUTO_INCREMENT=2 DEFAULT CHARSET=utf8mb3 COMMENT='Holds configuration settings';

--
-- Dumping data for table `fz6t4_virtuemart_configs`
--

INSERT INTO `fz6t4_virtuemart_configs` VALUES (1,'shop_is_offline=\"0\"|offline_message=\"Our Shop is currently down for maintenance. Please check back again soon.\"|use_as_catalog=\"0\"|currency_converter_module=\"convertECB.php\"|order_mail_html=\"1\"|dateformat=\"%m\\/%d\\/%y\"|useSSL=\"0\"|dangeroustools=0|debug_enable=\"admin\"|google_jquery=\"1\"|multix=\"none\"|pdf_button_enable=\"1\"|show_emailfriend=\"0\"|show_printicon=\"1\"|show_out_of_stock_products=\"1\"|coupons_enable=\"0\"|show_uncat_child_products=\"0\"|coupons_default_expire=\"1,D\"|weight_unit_default=\"KG\"|lwh_unit_default=\"M\"|list_limit=\"10\"|showReviewFor=\"none\"|reviewMode=\"none\"|showRatingFor=\"none\"|ratingMode=\"bought\"|reviews_autopublish=\"0\"|reviews_minimum_comment_length=\"0\"|reviews_maximum_comment_length=\"2000\"|vmtemplate=\"\"|categorytemplate=\"\"|showCategory=\"1\"|categorylayout=\"categories\"|categories_per_row=\"2\"|productlayout=\"default\"|products_per_row=\"3\"|vmlayout=\"\"|show_featured=\"1\"|featured_products_per_row=\"3\"|show_topTen=\"1\"|topten_products_per_row=\"3\"|show_recent=\"1\"|show_latest=\"1\"|assets_general_path=\"components\\/com_virtuemart\\/assets\\/\"|media_category_path=\"images\\/stories\\/virtuemart\\/category\\/\"|media_product_path=\"images\\/stories\\/virtuemart\\/product\\/\"|media_manufacturer_path=\"images\\/stories\\/virtuemart\\/manufacturer\\/\"|media_vendor_path=\"images\\/stories\\/virtuemart\\/vendor\\/\"|forSale_path_thumb=\"images\\/stories\\/virtuemart\\/forSale\\/resized\\/\"|img_resize_enable=\"1\"|img_width=\"300\"|img_height=\"300\"|no_image_set=\"noimage.gif\"|no_image_found=\"warning.png\"|browse_orderby_field=\"pc.ordering\"|browse_orderby_fields=[\"product_name\",\"`p`.product_sku\",\"category_name\",\"mf_name\",\"pc.ordering\"]|browse_search_fields=[\"product_name\",\"`p`.product_sku\",\"product_s_desc\",\"product_desc\",\"category_name\",\"category_description\",\"mf_name\"]|show_prices=\"1\"|price_show_packaging_pricelabel=\"0\"|show_tax=\"1\"|basePrice=\"0\"|basePriceText=\"0\"|basePriceRounding=\"-1\"|variantModification=\"0\"|variantModificationText=\"0\"|variantModificationRounding=\"-1\"|basePriceVariant=\"0\"|basePriceVariantText=\"0\"|basePriceVariantRounding=\"-1\"|basePriceWithTax=\"0\"|basePriceWithTaxText=\"0\"|basePriceWithTaxRounding=\"-1\"|discountedPriceWithoutTax=\"1\"|discountedPriceWithoutTaxText=\"1\"|discountedPriceWithoutTaxRounding=\"-1\"|salesPriceWithDiscount=\"0\"|salesPriceWithDiscountText=\"0\"|salesPriceWithDiscountRounding=\"-1\"|salesPrice=\"1\"|salesPriceText=\"1\"|salesPriceRounding=\"-1\"|priceWithoutTax=\"1\"|priceWithoutTaxText=\"1\"|priceWithoutTaxRounding=\"-1\"|discountAmount=\"0\"|discountAmountText=\"0\"|discountAmountRounding=\"-1\"|taxAmount=\"0\"|taxAmountText=\"0\"|taxAmountRounding=\"-1\"|addtocart_popup=\"1\"|check_stock=\"0\"|automatic_payment=\"1\"|automatic_shipment=\"1\"|agree_to_tos_onorder=\"0\"|oncheckout_show_legal_info=\"1\"|oncheckout_show_register=\"1\"|oncheckout_show_steps=\"0\"|oncheckout_show_register_text=\"COM_VIRTUEMART_ONCHECKOUT_DEFAULT_TEXT_REGISTER\"|seo_disabled=\"0\"|seo_translate=\"0\"|seo_use_id=\"0\"|enable_content_plugin=\"1\"|reg_captcha=\"0\"|handle_404=\"1\"|member_access_number=\"\"|enableEnglish=\"1\"|vmDefLang=\"\"|active_languages=[\"en-GB\",\"tr-TR\"]|prodOnlyWLang=\"0\"|vm_lfbs=\"\"|ReInjectJLanguage=\"0\"|debug_enable_methods=\"0\"|debug_enable_router=\"0\"|revproxvar=\"\"|multixcart=\"0\"|optimisedProductSql=\"1\"|optimisedCalcSql=\"1\"|optimisedCatSql=\"1\"|useVendorEmail=\"0\"|invoiceInUserLang=\"0\"|debug_mail=\"debug_email_send\"|addVendorEmail=\"info@3s-technologies.com.tr\"|email_sf_s=[\"email\"]|email_os_s=[\"U\",\"C\",\"X\",\"R\",\"S\"]|email_os_v=[\"U\",\"C\",\"X\",\"R\"]|attach=\"\"|attach_os=[\"U\",\"C\",\"X\",\"R\"]|inv_os=[\"C\"]|norm_units=\"KG,100G,M,SM,CUBM,L,100ML,P\"|pdf_icon=\"0\"|recommend_unauth=\"1\"|ask_captcha=\"1\"|ask_question=\"1\"|asks_minimum_comment_length=\"10\"|asks_maximum_comment_length=\"2000\"|cp_rm=[\"C\"]|product_navigation=\"0\"|display_stock=\"0\"|show_pcustoms=\"1\"|show_subcat_products=\"0\"|show_uncat_parent_products=\"0\"|show_unpub_cat_products=\"1\"|cat_productdetails=\"0\"|latest_products_days=\"7\"|latest_products_orderBy=\"created_on\"|lstockmail=\"0\"|stockhandle_products=\"0\"|stockhandle=\"none\"|rised_availability=\"\"|image=\"\"|reviews_languagefilter=\"0\"|vm_num_ratings_show=\"3\"|rr_os=[\"C\"]|show_store_desc=\"1\"|showcategory_desc=\"1\"|showsearch=\"1\"|showcategory=\"1\"|showproducts=\"1\"|omitLoaded=\"1\"|show_manufacturers=\"1\"|manufacturer_per_row=\"3\"|featured=\"1\"|featured_rows=\"1\"|omitLoaded_featured=\"1\"|discontinued=\"0\"|discontinued_rows=\"1\"|omitLoaded_discontinued=\"1\"|topten=\"1\"|topten_rows=\"1\"|omitLoaded_topten=\"1\"|recent=\"1\"|recent_rows=\"1\"|omitLoaded_recent=\"1\"|latest=\"1\"|latest_rows=\"1\"|omitLoaded_latest=\"1\"|bootstrap=\"\"|cartlayout=\"default\"|productsublayout=\"\"|lazyLoad=\"1\"|useLayoutOverrides=\"1\"|usefancy=\"1\"|css=\"1\"|jquery_framework=\"1\"|jquery=\"0\"|jprice=\"1\"|jsite=\"1\"|jchosen=\"1\"|jdynupdate=\"1\"|ajax_category=\"0\"|legacylayouts=\"1\"|show_categories=\"1\"|homepage_categories_per_row=\"3\"|homepage_products_per_row=\"3\"|add_img_main=\"1\"|img_width_full=\"\"|img_height_full=\"\"|forSale_path=\"\\/home\\/ledbazaa\\/public_html\\/dmb-elektronik.com\\/vmfiles\\/\"|mediaLimit=\"20\"|llimit_init_BE=\"20\"|pagseq=\"\"|llimit_init_FE=\"20\"|pagseq_1=\"\"|pagseq_2=\"\"|pagseq_3=\"\"|pagseq_4=\"\"|pagseq_5=\"\"|vm_prices_info_tax=\"0\"|vm_prices_info_delivery=\"0\"|askprice=\"0\"|rappenrundung=\"0\"|roundindig=\"1\"|cVarswT=\"1\"|pricesbyCurrency=\"0\"|price_orderby=\"DESC\"|discountedPriceWithoutTaxTt=\"0\"|discountedPriceWithoutTaxTtText=\"0\"|discountedPriceWithoutTaxTtRounding=\"-1\"|priceWithoutTaxTt=\"0\"|priceWithoutTaxTtText=\"0\"|priceWithoutTaxTtRounding=\"-1\"|taxAmountTt=\"0\"|taxAmountTtText=\"0\"|taxAmountTtRounding=\"-1\"|salesPriceTt=\"0\"|salesPriceTtText=\"0\"|salesPriceTtRounding=\"-1\"|discountAmountTt=\"0\"|discountAmountTtText=\"0\"|discountAmountTtRounding=\"-1\"|unitPrice=\"0\"|unitPriceText=\"0\"|unitPriceRounding=\"-1\"|popup_rel=\"1\"|oncheckout_opc=\"1\"|oncheckout_ajax=\"1\"|set_automatic_shipment=\"0\"|set_automatic_payment=\"0\"|radicalShipPaymentVat=\"1\"|oncheckout_show_images=\"0\"|oncheckout_change_shopper=\"0\"|del_date_type=\"m\"|oncheckout_only_registered=\"0\"|ordertracking=\"guests\"|prd_brws_orderby_dir=\"ASC\"|browse_cat_orderby_field=\"c.ordering,category_name\"|cat_brws_orderby_dir=\"ASC\"|feed_latest_published=\"0\"|feed_latest_nb=\"5\"|feed_topten_published=\"0\"|feed_topten_nb=\"5\"|feed_featured_published=\"0\"|feed_featured_nb=\"5\"|feed_home_show_images=\"0\"|feed_home_show_prices=\"0\"|feed_home_show_description=\"0\"|feed_home_description_type=\"product_s_desc\"|feed_home_max_text_length=\"500\"|feed_cat_published=\"0\"|feed_cat_show_images=\"0\"|feed_cat_show_prices=\"0\"|feed_cat_show_description=\"0\"|feed_cat_description_type=\"product_s_desc\"|feed_cat_max_text_length=\"500\"|use_seo_suffix=\"1\"|seo_sufix=\"-detail\"|transliterateSlugs=\"0\"|seo_full=\"1\"|router_by_menu=\"0\"|sef_for_cart_links=\"1\"|task=\"apply\"|option=\"com_virtuemart\"|view=\"config\"|bb90ee5ac147b486c3a95bdc1ca7da91=\"1\"|sctime=1620761748.58814|vmlang=\"tr_tr\"','0000-00-00 00:00:00',0,'2021-05-11 19:35:59',676,'0000-00-00 00:00:00',0);

--
-- Table structure for table `fz6t4_virtuemart_countries`
--

CREATE TABLE `fz6t4_virtuemart_countries` (
  `virtuemart_country_id` int unsigned NOT NULL AUTO_INCREMENT,
  `virtuemart_worldzone_id` tinyint(1) NOT NULL DEFAULT '1',
  `country_name` varchar(64) DEFAULT NULL,
  `country_3_code` char(3) DEFAULT NULL,
  `country_2_code` char(2) DEFAULT NULL,
  `ordering` int NOT NULL DEFAULT '0',
  `published` tinyint(1) NOT NULL DEFAULT '1',
  `created_on` datetime NOT NULL DEFAULT '0000-00-00 00:00:00',
  `created_by` int NOT NULL DEFAULT '0',
  `modified_on` datetime NOT NULL DEFAULT '0000-00-00 00:00:00',
  `modified_by` int NOT NULL DEFAULT '0',
  `locked_on` datetime NOT NULL DEFAULT '0000-00-00 00:00:00',
  `locked_by` int NOT NULL DEFAULT '0',
  PRIMARY KEY (`virtuemart_country_id`),
  KEY `ordering` (`ordering`),
  KEY `published` (`published`),
  KEY `country_3_code` (`country_3_code`),
  KEY `country_2_code` (`country_2_code`),
  KEY `country_name` (`country_name`)
) ENGINE=MyISAM AUTO_INCREMENT=249 DEFAULT CHARSET=utf8mb3 COMMENT='Country records';

--
-- Dumping data for table `fz6t4_virtuemart_countries`
--

INSERT INTO `fz6t4_virtuemart_countries` VALUES (1,1,'Afghanistan','AFG','AF',0,1,'0000-00-00 00:00:00',0,'0000-00-00 00:00:00',0,'0000-00-00 00:00:00',0),(2,1,'Albania','ALB','AL',0,1,'0000-00-00 00:00:00',0,'0000-00-00 00:00:00',0,'0000-00-00 00:00:00',0),(3,1,'Algeria','DZA','DZ',0,1,'0000-00-00 00:00:00',0,'0000-00-00 00:00:00',0,'0000-00-00 00:00:00',0),(4,1,'American Samoa','ASM','AS',0,1,'0000-00-00 00:00:00',0,'0000-00-00 00:00:00',0,'0000-00-00 00:00:00',0),(5,1,'Andorra','AND','AD',0,1,'0000-00-00 00:00:00',0,'0000-00-00 00:00:00',0,'0000-00-00 00:00:00',0),(6,1,'Angola','AGO','AO',0,1,'0000-00-00 00:00:00',0,'0000-00-00 00:00:00',0,'0000-00-00 00:00:00',0),(7,1,'Anguilla','AIA','AI',0,1,'0000-00-00 00:00:00',0,'0000-00-00 00:00:00',0,'0000-00-00 00:00:00',0),(8,1,'Antarctica','ATA','AQ',0,1,'0000-00-00 00:00:00',0,'0000-00-00 00:00:00',0,'0000-00-00 00:00:00',0),(9,1,'Antigua and Barbuda','ATG','AG',0,1,'0000-00-00 00:00:00',0,'0000-00-00 00:00:00',0,'0000-00-00 00:00:00',0),(10,1,'Argentina','ARG','AR',0,1,'0000-00-00 00:00:00',0,'0000-00-00 00:00:00',0,'0000-00-00 00:00:00',0),(11,1,'Armenia','ARM','AM',0,1,'0000-00-00 00:00:00',0,'0000-00-00 00:00:00',0,'0000-00-00 00:00:00',0),(12,1,'Aruba','ABW','AW',0,1,'0000-00-00 00:00:00',0,'0000-00-00 00:00:00',0,'0000-00-00 00:00:00',0),(13,1,'Australia','AUS','AU',0,1,'0000-00-00 00:00:00',0,'0000-00-00 00:00:00',0,'0000-00-00 00:00:00',0),(14,1,'Austria','AUT','AT',0,1,'0000-00-00 00:00:00',0,'0000-00-00 00:00:00',0,'0000-00-00 00:00:00',0),(15,1,'Azerbaijan','AZE','AZ',0,1,'0000-00-00 00:00:00',0,'0000-00-00 00:00:00',0,'0000-00-00 00:00:00',0),(16,1,'Bahamas','BHS','BS',0,1,'0000-00-00 00:00:00',0,'0000-00-00 00:00:00',0,'0000-00-00 00:00:00',0),(17,1,'Bahrain','BHR','BH',0,1,'0000-00-00 00:00:00',0,'0000-00-00 00:00:00',0,'0000-00-00 00:00:00',0),(18,1,'Bangladesh','BGD','BD',0,1,'0000-00-00 00:00:00',0,'0000-00-00 00:00:00',0,'0000-00-00 00:00:00',0),(19,1,'Barbados','BRB','BB',0,1,'0000-00-00 00:00:00',0,'0000-00-00 00:00:00',0,'0000-00-00 00:00:00',0),(20,1,'Belarus','BLR','BY',0,1,'0000-00-00 00:00:00',0,'0000-00-00 00:00:00',0,'0000-00-00 00:00:00',0),(21,1,'Belgium','BEL','BE',0,1,'0000-00-00 00:00:00',0,'0000-00-00 00:00:00',0,'0000-00-00 00:00:00',0),(22,1,'Belize','BLZ','BZ',0,1,'0000-00-00 00:00:00',0,'0000-00-00 00:00:00',0,'0000-00-00 00:00:00',0),(23,1,'Benin','BEN','BJ',0,1,'0000-00-00 00:00:00',0,'0000-00-00 00:00:00',0,'0000-00-00 00:00:00',0),(24,1,'Bermuda','BMU','BM',0,1,'0000-00-00 00:00:00',0,'0000-00-00 00:00:00',0,'0000-00-00 00:00:00',0),(25,1,'Bhutan','BTN','BT',0,1,'0000-00-00 00:00:00',0,'0000-00-00 00:00:00',0,'0000-00-00 00:00:00',0),(26,1,'Bolivia','BOL','BO',0,1,'0000-00-00 00:00:00',0,'0000-00-00 00:00:00',0,'0000-00-00 00:00:00',0),(27,1,'Bosnia and Herzegowina','BIH','BA',0,1,'0000-00-00 00:00:00',0,'0000-00-00 00:00:00',0,'0000-00-00 00:00:00',0),(28,1,'Botswana','BWA','BW',0,1,'0000-00-00 00:00:00',0,'0000-00-00 00:00:00',0,'0000-00-00 00:00:00',0),(29,1,'Bouvet Island','BVT','BV',0,1,'0000-00-00 00:00:00',0,'0000-00-00 00:00:00',0,'0000-00-00 00:00:00',0),(30,1,'Brazil','BRA','BR',0,1,'0000-00-00 00:00:00',0,'0000-00-00 00:00:00',0,'0000-00-00 00:00:00',0),(31,1,'British Indian Ocean Territory','IOT','IO',0,1,'0000-00-00 00:00:00',0,'0000-00-00 00:00:00',0,'0000-00-00 00:00:00',0),(32,1,'Brunei Darussalam','BRN','BN',0,1,'0000-00-00 00:00:00',0,'0000-00-00 00:00:00',0,'0000-00-00 00:00:00',0),(33,1,'Bulgaria','BGR','BG',0,1,'0000-00-00 00:00:00',0,'0000-00-00 00:00:00',0,'0000-00-00 00:00:00',0),(34,1,'Burkina Faso','BFA','BF',0,1,'0000-00-00 00:00:00',0,'0000-00-00 00:00:00',0,'0000-00-00 00:00:00',0),(35,1,'Burundi','BDI','BI',0,1,'0000-00-00 00:00:00',0,'0000-00-00 00:00:00',0,'0000-00-00 00:00:00',0),(36,1,'Cambodia','KHM','KH',0,1,'0000-00-00 00:00:00',0,'0000-00-00 00:00:00',0,'0000-00-00 00:00:00',0),(37,1,'Cameroon','CMR','CM',0,1,'0000-00-00 00:00:00',0,'0000-00-00 00:00:00',0,'0000-00-00 00:00:00',0),(38,1,'Canada','CAN','CA',0,1,'0000-00-00 00:00:00',0,'0000-00-00 00:00:00',0,'0000-00-00 00:00:00',0),(39,1,'Cape Verde','CPV','CV',0,1,'0000-00-00 00:00:00',0,'0000-00-00 00:00:00',0,'0000-00-00 00:00:00',0),(40,1,'Cayman Islands','CYM','KY',0,1,'0000-00-00 00:00:00',0,'0000-00-00 00:00:00',0,'0000-00-00 00:00:00',0),(41,1,'Central African Republic','CAF','CF',0,1,'0000-00-00 00:00:00',0,'0000-00-00 00:00:00',0,'0000-00-00 00:00:00',0),(42,1,'Chad','TCD','TD',0,1,'0000-00-00 00:00:00',0,'0000-00-00 00:00:00',0,'0000-00-00 00:00:00',0),(43,1,'Chile','CHL','CL',0,1,'0000-00-00 00:00:00',0,'0000-00-00 00:00:00',0,'0000-00-00 00:00:00',0),(44,1,'China','CHN','CN',0,1,'0000-00-00 00:00:00',0,'0000-00-00 00:00:00',0,'0000-00-00 00:00:00',0),(45,1,'Christmas Island','CXR','CX',0,1,'0000-00-00 00:00:00',0,'0000-00-00 00:00:00',0,'0000-00-00 00:00:00',0),(46,1,'Cocos (Keeling) Islands','CCK','CC',0,1,'0000-00-00 00:00:00',0,'0000-00-00 00:00:00',0,'0000-00-00 00:00:00',0),(47,1,'Colombia','COL','CO',0,1,'0000-00-00 00:00:00',0,'0000-00-00 00:00:00',0,'0000-00-00 00:00:00',0),(48,1,'Comoros','COM','KM',0,1,'0000-00-00 00:00:00',0,'0000-00-00 00:00:00',0,'0000-00-00 00:00:00',0),(49,1,'Congo','COG','CG',0,1,'0000-00-00 00:00:00',0,'0000-00-00 00:00:00',0,'0000-00-00 00:00:00',0),(50,1,'Cook Islands','COK','CK',0,1,'0000-00-00 00:00:00',0,'0000-00-00 00:00:00',0,'0000-00-00 00:00:00',0),(51,1,'Costa Rica','CRI','CR',0,1,'0000-00-00 00:00:00',0,'0000-00-00 00:00:00',0,'0000-00-00 00:00:00',0),(52,1,'Cote D\'Ivoire','CIV','CI',0,1,'0000-00-00 00:00:00',0,'0000-00-00 00:00:00',0,'0000-00-00 00:00:00',0),(53,1,'Croatia','HRV','HR',0,1,'0000-00-00 00:00:00',0,'0000-00-00 00:00:00',0,'0000-00-00 00:00:00',0),(54,1,'Cuba','CUB','CU',0,1,'0000-00-00 00:00:00',0,'0000-00-00 00:00:00',0,'0000-00-00 00:00:00',0),(55,1,'Cyprus','CYP','CY',0,1,'0000-00-00 00:00:00',0,'0000-00-00 00:00:00',0,'0000-00-00 00:00:00',0),(56,1,'Czech Republic','CZE','CZ',0,1,'0000-00-00 00:00:00',0,'0000-00-00 00:00:00',0,'0000-00-00 00:00:00',0),(57,1,'Denmark','DNK','DK',0,1,'0000-00-00 00:00:00',0,'0000-00-00 00:00:00',0,'0000-00-00 00:00:00',0),(58,1,'Djibouti','DJI','DJ',0,1,'0000-00-00 00:00:00',0,'0000-00-00 00:00:00',0,'0000-00-00 00:00:00',0),(59,1,'Dominica','DMA','DM',0,1,'0000-00-00 00:00:00',0,'0000-00-00 00:00:00',0,'0000-00-00 00:00:00',0),(60,1,'Dominican Republic','DOM','DO',0,1,'0000-00-00 00:00:00',0,'0000-00-00 00:00:00',0,'0000-00-00 00:00:00',0),(61,1,'East Timor','TMP','TP',0,1,'0000-00-00 00:00:00',0,'0000-00-00 00:00:00',0,'0000-00-00 00:00:00',0),(62,1,'Ecuador','ECU','EC',0,1,'0000-00-00 00:00:00',0,'0000-00-00 00:00:00',0,'0000-00-00 00:00:00',0),(63,1,'Egypt','EGY','EG',0,1,'0000-00-00 00:00:00',0,'0000-00-00 00:00:00',0,'0000-00-00 00:00:00',0),(64,1,'El Salvador','SLV','SV',0,1,'0000-00-00 00:00:00',0,'0000-00-00 00:00:00',0,'0000-00-00 00:00:00',0),(65,1,'Equatorial Guinea','GNQ','GQ',0,1,'0000-00-00 00:00:00',0,'0000-00-00 00:00:00',0,'0000-00-00 00:00:00',0),(66,1,'Eritrea','ERI','ER',0,1,'0000-00-00 00:00:00',0,'0000-00-00 00:00:00',0,'0000-00-00 00:00:00',0),(67,1,'Estonia','EST','EE',0,1,'0000-00-00 00:00:00',0,'0000-00-00 00:00:00',0,'0000-00-00 00:00:00',0),(68,1,'Ethiopia','ETH','ET',0,1,'0000-00-00 00:00:00',0,'0000-00-00 00:00:00',0,'0000-00-00 00:00:00',0),(69,1,'Falkland Islands (Malvinas)','FLK','FK',0,1,'0000-00-00 00:00:00',0,'0000-00-00 00:00:00',0,'0000-00-00 00:00:00',0),(70,1,'Faroe Islands','FRO','FO',0,1,'0000-00-00 00:00:00',0,'0000-00-00 00:00:00',0,'0000-00-00 00:00:00',0),(71,1,'Fiji','FJI','FJ',0,1,'0000-00-00 00:00:00',0,'0000-00-00 00:00:00',0,'0000-00-00 00:00:00',0),(72,1,'Finland','FIN','FI',0,1,'0000-00-00 00:00:00',0,'0000-00-00 00:00:00',0,'0000-00-00 00:00:00',0),(73,1,'France','FRA','FR',0,1,'0000-00-00 00:00:00',0,'0000-00-00 00:00:00',0,'0000-00-00 00:00:00',0),(75,1,'French Guiana','GUF','GF',0,1,'0000-00-00 00:00:00',0,'0000-00-00 00:00:00',0,'0000-00-00 00:00:00',0),(76,1,'French Polynesia','PYF','PF',0,1,'0000-00-00 00:00:00',0,'0000-00-00 00:00:00',0,'0000-00-00 00:00:00',0),(77,1,'French Southern Territories','ATF','TF',0,1,'0000-00-00 00:00:00',0,'0000-00-00 00:00:00',0,'0000-00-00 00:00:00',0),(78,1,'Gabon','GAB','GA',0,1,'0000-00-00 00:00:00',0,'0000-00-00 00:00:00',0,'0000-00-00 00:00:00',0),(79,1,'Gambia','GMB','GM',0,1,'0000-00-00 00:00:00',0,'0000-00-00 00:00:00',0,'0000-00-00 00:00:00',0),(80,1,'Georgia','GEO','GE',0,1,'0000-00-00 00:00:00',0,'0000-00-00 00:00:00',0,'0000-00-00 00:00:00',0),(81,1,'Germany','DEU','DE',0,1,'0000-00-00 00:00:00',0,'0000-00-00 00:00:00',0,'0000-00-00 00:00:00',0),(82,1,'Ghana','GHA','GH',0,1,'0000-00-00 00:00:00',0,'0000-00-00 00:00:00',0,'0000-00-00 00:00:00',0),(83,1,'Gibraltar','GIB','GI',0,1,'0000-00-00 00:00:00',0,'0000-00-00 00:00:00',0,'0000-00-00 00:00:00',0),(84,1,'Greece','GRC','GR',0,1,'0000-00-00 00:00:00',0,'0000-00-00 00:00:00',0,'0000-00-00 00:00:00',0),(85,1,'Greenland','GRL','GL',0,1,'0000-00-00 00:00:00',0,'0000-00-00 00:00:00',0,'0000-00-00 00:00:00',0),(86,1,'Grenada','GRD','GD',0,1,'0000-00-00 00:00:00',0,'0000-00-00 00:00:00',0,'0000-00-00 00:00:00',0),(87,1,'Guadeloupe','GLP','GP',0,1,'0000-00-00 00:00:00',0,'0000-00-00 00:00:00',0,'0000-00-00 00:00:00',0),(88,1,'Guam','GUM','GU',0,1,'0000-00-00 00:00:00',0,'0000-00-00 00:00:00',0,'0000-00-00 00:00:00',0),(89,1,'Guatemala','GTM','GT',0,1,'0000-00-00 00:00:00',0,'0000-00-00 00:00:00',0,'0000-00-00 00:00:00',0),(90,1,'Guinea','GIN','GN',0,1,'0000-00-00 00:00:00',0,'0000-00-00 00:00:00',0,'0000-00-00 00:00:00',0),(91,1,'Guinea-bissau','GNB','GW',0,1,'0000-00-00 00:00:00',0,'0000-00-00 00:00:00',0,'0000-00-00 00:00:00',0),(92,1,'Guyana','GUY','GY',0,1,'0000-00-00 00:00:00',0,'0000-00-00 00:00:00',0,'0000-00-00 00:00:00',0),(93,1,'Haiti','HTI','HT',0,1,'0000-00-00 00:00:00',0,'0000-00-00 00:00:00',0,'0000-00-00 00:00:00',0),(94,1,'Heard and Mc Donald Islands','HMD','HM',0,1,'0000-00-00 00:00:00',0,'0000-00-00 00:00:00',0,'0000-00-00 00:00:00',0),(95,1,'Honduras','HND','HN',0,1,'0000-00-00 00:00:00',0,'0000-00-00 00:00:00',0,'0000-00-00 00:00:00',0),(96,1,'Hong Kong','HKG','HK',0,1,'0000-00-00 00:00:00',0,'0000-00-00 00:00:00',0,'0000-00-00 00:00:00',0),(97,1,'Hungary','HUN','HU',0,1,'0000-00-00 00:00:00',0,'0000-00-00 00:00:00',0,'0000-00-00 00:00:00',0),(98,1,'Iceland','ISL','IS',0,1,'0000-00-00 00:00:00',0,'0000-00-00 00:00:00',0,'0000-00-00 00:00:00',0),(99,1,'India','IND','IN',0,1,'0000-00-00 00:00:00',0,'0000-00-00 00:00:00',0,'0000-00-00 00:00:00',0),(100,1,'Indonesia','IDN','ID',0,1,'0000-00-00 00:00:00',0,'0000-00-00 00:00:00',0,'0000-00-00 00:00:00',0),(101,1,'Iran (Islamic Republic of)','IRN','IR',0,1,'0000-00-00 00:00:00',0,'0000-00-00 00:00:00',0,'0000-00-00 00:00:00',0),(102,1,'Iraq','IRQ','IQ',0,1,'0000-00-00 00:00:00',0,'0000-00-00 00:00:00',0,'0000-00-00 00:00:00',0),(103,1,'Ireland','IRL','IE',0,1,'0000-00-00 00:00:00',0,'0000-00-00 00:00:00',0,'0000-00-00 00:00:00',0),(104,1,'Israel','ISR','IL',0,1,'0000-00-00 00:00:00',0,'0000-00-00 00:00:00',0,'0000-00-00 00:00:00',0),(105,1,'Italy','ITA','IT',0,1,'0000-00-00 00:00:00',0,'0000-00-00 00:00:00',0,'0000-00-00 00:00:00',0),(106,1,'Jamaica','JAM','JM',0,1,'0000-00-00 00:00:00',0,'0000-00-00 00:00:00',0,'0000-00-00 00:00:00',0),(107,1,'Japan','JPN','JP',0,1,'0000-00-00 00:00:00',0,'0000-00-00 00:00:00',0,'0000-00-00 00:00:00',0),(108,1,'Jordan','JOR','JO',0,1,'0000-00-00 00:00:00',0,'0000-00-00 00:00:00',0,'0000-00-00 00:00:00',0),(109,1,'Kazakhstan','KAZ','KZ',0,1,'0000-00-00 00:00:00',0,'0000-00-00 00:00:00',0,'0000-00-00 00:00:00',0),(110,1,'Kenya','KEN','KE',0,1,'0000-00-00 00:00:00',0,'0000-00-00 00:00:00',0,'0000-00-00 00:00:00',0),(111,1,'Kiribati','KIR','KI',0,1,'0000-00-00 00:00:00',0,'0000-00-00 00:00:00',0,'0000-00-00 00:00:00',0),(112,1,'Korea, Democratic People\'s Republic of','PRK','KP',0,1,'0000-00-00 00:00:00',0,'0000-00-00 00:00:00',0,'0000-00-00 00:00:00',0),(113,1,'Korea, Republic of','KOR','KR',0,1,'0000-00-00 00:00:00',0,'0000-00-00 00:00:00',0,'0000-00-00 00:00:00',0),(114,1,'Kuwait','KWT','KW',0,1,'0000-00-00 00:00:00',0,'0000-00-00 00:00:00',0,'0000-00-00 00:00:00',0),(115,1,'Kyrgyzstan','KGZ','KG',0,1,'0000-00-00 00:00:00',0,'0000-00-00 00:00:00',0,'0000-00-00 00:00:00',0),(116,1,'Lao People\'s Democratic Republic','LAO','LA',0,1,'0000-00-00 00:00:00',0,'0000-00-00 00:00:00',0,'0000-00-00 00:00:00',0),(117,1,'Latvia','LVA','LV',0,1,'0000-00-00 00:00:00',0,'0000-00-00 00:00:00',0,'0000-00-00 00:00:00',0),(118,1,'Lebanon','LBN','LB',0,1,'0000-00-00 00:00:00',0,'0000-00-00 00:00:00',0,'0000-00-00 00:00:00',0),(119,1,'Lesotho','LSO','LS',0,1,'0000-00-00 00:00:00',0,'0000-00-00 00:00:00',0,'0000-00-00 00:00:00',0),(120,1,'Liberia','LBR','LR',0,1,'0000-00-00 00:00:00',0,'0000-00-00 00:00:00',0,'0000-00-00 00:00:00',0),(121,1,'Libya','LBY','LY',0,1,'0000-00-00 00:00:00',0,'0000-00-00 00:00:00',0,'0000-00-00 00:00:00',0),(122,1,'Liechtenstein','LIE','LI',0,1,'0000-00-00 00:00:00',0,'0000-00-00 00:00:00',0,'0000-00-00 00:00:00',0),(123,1,'Lithuania','LTU','LT',0,1,'0000-00-00 00:00:00',0,'0000-00-00 00:00:00',0,'0000-00-00 00:00:00',0),(124,1,'Luxembourg','LUX','LU',0,1,'0000-00-00 00:00:00',0,'0000-00-00 00:00:00',0,'0000-00-00 00:00:00',0),(125,1,'Macau','MAC','MO',0,1,'0000-00-00 00:00:00',0,'0000-00-00 00:00:00',0,'0000-00-00 00:00:00',0),(126,1,'Macedonia, The Former Yugoslav Republic of','MKD','MK',0,1,'0000-00-00 00:00:00',0,'0000-00-00 00:00:00',0,'0000-00-00 00:00:00',0),(127,1,'Madagascar','MDG','MG',0,1,'0000-00-00 00:00:00',0,'0000-00-00 00:00:00',0,'0000-00-00 00:00:00',0),(128,1,'Malawi','MWI','MW',0,1,'0000-00-00 00:00:00',0,'0000-00-00 00:00:00',0,'0000-00-00 00:00:00',0),(129,1,'Malaysia','MYS','MY',0,1,'0000-00-00 00:00:00',0,'0000-00-00 00:00:00',0,'0000-00-00 00:00:00',0),(130,1,'Maldives','MDV','MV',0,1,'0000-00-00 00:00:00',0,'0000-00-00 00:00:00',0,'0000-00-00 00:00:00',0),(131,1,'Mali','MLI','ML',0,1,'0000-00-00 00:00:00',0,'0000-00-00 00:00:00',0,'0000-00-00 00:00:00',0),(132,1,'Malta','MLT','MT',0,1,'0000-00-00 00:00:00',0,'0000-00-00 00:00:00',0,'0000-00-00 00:00:00',0),(133,1,'Marshall Islands','MHL','MH',0,1,'0000-00-00 00:00:00',0,'0000-00-00 00:00:00',0,'0000-00-00 00:00:00',0),(134,1,'Martinique','MTQ','MQ',0,1,'0000-00-00 00:00:00',0,'0000-00-00 00:00:00',0,'0000-00-00 00:00:00',0),(135,1,'Mauritania','MRT','MR',0,1,'0000-00-00 00:00:00',0,'0000-00-00 00:00:00',0,'0000-00-00 00:00:00',0),(136,1,'Mauritius','MUS','MU',0,1,'0000-00-00 00:00:00',0,'0000-00-00 00:00:00',0,'0000-00-00 00:00:00',0),(137,1,'Mayotte','MYT','YT',0,1,'0000-00-00 00:00:00',0,'0000-00-00 00:00:00',0,'0000-00-00 00:00:00',0),(138,1,'Mexico','MEX','MX',0,1,'0000-00-00 00:00:00',0,'0000-00-00 00:00:00',0,'0000-00-00 00:00:00',0),(139,1,'Micronesia, Federated States of','FSM','FM',0,1,'0000-00-00 00:00:00',0,'0000-00-00 00:00:00',0,'0000-00-00 00:00:00',0),(140,1,'Moldova, Republic of','MDA','MD',0,1,'0000-00-00 00:00:00',0,'0000-00-00 00:00:00',0,'0000-00-00 00:00:00',0),(141,1,'Monaco','MCO','MC',0,1,'0000-00-00 00:00:00',0,'0000-00-00 00:00:00',0,'0000-00-00 00:00:00',0),(142,1,'Mongolia','MNG','MN',0,1,'0000-00-00 00:00:00',0,'0000-00-00 00:00:00',0,'0000-00-00 00:00:00',0),(143,1,'Montserrat','MSR','MS',0,1,'0000-00-00 00:00:00',0,'0000-00-00 00:00:00',0,'0000-00-00 00:00:00',0),(144,1,'Morocco','MAR','MA',0,1,'0000-00-00 00:00:00',0,'0000-00-00 00:00:00',0,'0000-00-00 00:00:00',0),(145,1,'Mozambique','MOZ','MZ',0,1,'0000-00-00 00:00:00',0,'0000-00-00 00:00:00',0,'0000-00-00 00:00:00',0),(146,1,'Myanmar','MMR','MM',0,1,'0000-00-00 00:00:00',0,'0000-00-00 00:00:00',0,'0000-00-00 00:00:00',0),(147,1,'Namibia','NAM','NA',0,1,'0000-00-00 00:00:00',0,'0000-00-00 00:00:00',0,'0000-00-00 00:00:00',0),(148,1,'Nauru','NRU','NR',0,1,'0000-00-00 00:00:00',0,'0000-00-00 00:00:00',0,'0000-00-00 00:00:00',0),(149,1,'Nepal','NPL','NP',0,1,'0000-00-00 00:00:00',0,'0000-00-00 00:00:00',0,'0000-00-00 00:00:00',0),(150,1,'Netherlands','NLD','NL',0,1,'0000-00-00 00:00:00',0,'0000-00-00 00:00:00',0,'0000-00-00 00:00:00',0),(151,1,'Netherlands Antilles','ANT','AN',0,1,'0000-00-00 00:00:00',0,'0000-00-00 00:00:00',0,'0000-00-00 00:00:00',0),(152,1,'New Caledonia','NCL','NC',0,1,'0000-00-00 00:00:00',0,'0000-00-00 00:00:00',0,'0000-00-00 00:00:00',0),(153,1,'New Zealand','NZL','NZ',0,1,'0000-00-00 00:00:00',0,'0000-00-00 00:00:00',0,'0000-00-00 00:00:00',0),(154,1,'Nicaragua','NIC','NI',0,1,'0000-00-00 00:00:00',0,'0000-00-00 00:00:00',0,'0000-00-00 00:00:00',0),(155,1,'Niger','NER','NE',0,1,'0000-00-00 00:00:00',0,'0000-00-00 00:00:00',0,'0000-00-00 00:00:00',0),(156,1,'Nigeria','NGA','NG',0,1,'0000-00-00 00:00:00',0,'0000-00-00 00:00:00',0,'0000-00-00 00:00:00',0),(157,1,'Niue','NIU','NU',0,1,'0000-00-00 00:00:00',0,'0000-00-00 00:00:00',0,'0000-00-00 00:00:00',0),(158,1,'Norfolk Island','NFK','NF',0,1,'0000-00-00 00:00:00',0,'0000-00-00 00:00:00',0,'0000-00-00 00:00:00',0),(159,1,'Northern Mariana Islands','MNP','MP',0,1,'0000-00-00 00:00:00',0,'0000-00-00 00:00:00',0,'0000-00-00 00:00:00',0),(160,1,'Norway','NOR','NO',0,1,'0000-00-00 00:00:00',0,'0000-00-00 00:00:00',0,'0000-00-00 00:00:00',0),(161,1,'Oman','OMN','OM',0,1,'0000-00-00 00:00:00',0,'0000-00-00 00:00:00',0,'0000-00-00 00:00:00',0),(162,1,'Pakistan','PAK','PK',0,1,'0000-00-00 00:00:00',0,'0000-00-00 00:00:00',0,'0000-00-00 00:00:00',0),(163,1,'Palau','PLW','PW',0,1,'0000-00-00 00:00:00',0,'0000-00-00 00:00:00',0,'0000-00-00 00:00:00',0),(164,1,'Panama','PAN','PA',0,1,'0000-00-00 00:00:00',0,'0000-00-00 00:00:00',0,'0000-00-00 00:00:00',0),(165,1,'Papua New Guinea','PNG','PG',0,1,'0000-00-00 00:00:00',0,'0000-00-00 00:00:00',0,'0000-00-00 00:00:00',0),(166,1,'Paraguay','PRY','PY',0,1,'0000-00-00 00:00:00',0,'0000-00-00 00:00:00',0,'0000-00-00 00:00:00',0),(167,1,'Peru','PER','PE',0,1,'0000-00-00 00:00:00',0,'0000-00-00 00:00:00',0,'0000-00-00 00:00:00',0),(168,1,'Philippines','PHL','PH',0,1,'0000-00-00 00:00:00',0,'0000-00-00 00:00:00',0,'0000-00-00 00:00:00',0),(169,1,'Pitcairn','PCN','PN',0,1,'0000-00-00 00:00:00',0,'0000-00-00 00:00:00',0,'0000-00-00 00:00:00',0),(170,1,'Poland','POL','PL',0,1,'0000-00-00 00:00:00',0,'0000-00-00 00:00:00',0,'0000-00-00 00:00:00',0),(171,1,'Portugal','PRT','PT',0,1,'0000-00-00 00:00:00',0,'0000-00-00 00:00:00',0,'0000-00-00 00:00:00',0),(172,1,'Puerto Rico','PRI','PR',0,1,'0000-00-00 00:00:00',0,'0000-00-00 00:00:00',0,'0000-00-00 00:00:00',0),(173,1,'Qatar','QAT','QA',0,1,'0000-00-00 00:00:00',0,'0000-00-00 00:00:00',0,'0000-00-00 00:00:00',0),(174,1,'Reunion','REU','RE',0,1,'0000-00-00 00:00:00',0,'0000-00-00 00:00:00',0,'0000-00-00 00:00:00',0),(175,1,'Romania','ROM','RO',0,1,'0000-00-00 00:00:00',0,'0000-00-00 00:00:00',0,'0000-00-00 00:00:00',0),(176,1,'Russian Federation','RUS','RU',0,1,'0000-00-00 00:00:00',0,'0000-00-00 00:00:00',0,'0000-00-00 00:00:00',0),(177,1,'Rwanda','RWA','RW',0,1,'0000-00-00 00:00:00',0,'0000-00-00 00:00:00',0,'0000-00-00 00:00:00',0),(178,1,'Saint Kitts and Nevis','KNA','KN',0,1,'0000-00-00 00:00:00',0,'0000-00-00 00:00:00',0,'0000-00-00 00:00:00',0),(179,1,'Saint Lucia','LCA','LC',0,1,'0000-00-00 00:00:00',0,'0000-00-00 00:00:00',0,'0000-00-00 00:00:00',0),(180,1,'Saint Vincent and the Grenadines','VCT','VC',0,1,'0000-00-00 00:00:00',0,'0000-00-00 00:00:00',0,'0000-00-00 00:00:00',0),(181,1,'Samoa','WSM','WS',0,1,'0000-00-00 00:00:00',0,'0000-00-00 00:00:00',0,'0000-00-00 00:00:00',0),(182,1,'San Marino','SMR','SM',0,1,'0000-00-00 00:00:00',0,'0000-00-00 00:00:00',0,'0000-00-00 00:00:00',0),(183,1,'Sao Tome and Principe','STP','ST',0,1,'0000-00-00 00:00:00',0,'0000-00-00 00:00:00',0,'0000-00-00 00:00:00',0),(184,1,'Saudi Arabia','SAU','SA',0,1,'0000-00-00 00:00:00',0,'0000-00-00 00:00:00',0,'0000-00-00 00:00:00',0),(185,1,'Senegal','SEN','SN',0,1,'0000-00-00 00:00:00',0,'0000-00-00 00:00:00',0,'0000-00-00 00:00:00',0),(186,1,'Seychelles','SYC','SC',0,1,'0000-00-00 00:00:00',0,'0000-00-00 00:00:00',0,'0000-00-00 00:00:00',0),(187,1,'Sierra Leone','SLE','SL',0,1,'0000-00-00 00:00:00',0,'0000-00-00 00:00:00',0,'0000-00-00 00:00:00',0),(188,1,'Singapore','SGP','SG',0,1,'0000-00-00 00:00:00',0,'0000-00-00 00:00:00',0,'0000-00-00 00:00:00',0),(189,1,'Slovakia','SVK','SK',0,1,'0000-00-00 00:00:00',0,'0000-00-00 00:00:00',0,'0000-00-00 00:00:00',0),(190,1,'Slovenia','SVN','SI',0,1,'0000-00-00 00:00:00',0,'0000-00-00 00:00:00',0,'0000-00-00 00:00:00',0),(191,1,'Solomon Islands','SLB','SB',0,1,'0000-00-00 00:00:00',0,'0000-00-00 00:00:00',0,'0000-00-00 00:00:00',0),(192,1,'Somalia','SOM','SO',0,1,'0000-00-00 00:00:00',0,'0000-00-00 00:00:00',0,'0000-00-00 00:00:00',0),(193,1,'South Africa','ZAF','ZA',0,1,'0000-00-00 00:00:00',0,'0000-00-00 00:00:00',0,'0000-00-00 00:00:00',0),(194,1,'South Georgia and the South Sandwich Islands','SGS','GS',0,1,'0000-00-00 00:00:00',0,'0000-00-00 00:00:00',0,'0000-00-00 00:00:00',0),(195,1,'Spain','ESP','ES',0,1,'0000-00-00 00:00:00',0,'0000-00-00 00:00:00',0,'0000-00-00 00:00:00',0),(196,1,'Sri Lanka','LKA','LK',0,1,'0000-00-00 00:00:00',0,'0000-00-00 00:00:00',0,'0000-00-00 00:00:00',0),(197,1,'St. Helena','SHN','SH',0,1,'0000-00-00 00:00:00',0,'0000-00-00 00:00:00',0,'0000-00-00 00:00:00',0),(198,1,'St. Pierre and Miquelon','SPM','PM',0,1,'0000-00-00 00:00:00',0,'0000-00-00 00:00:00',0,'0000-00-00 00:00:00',0),(199,1,'Sudan','SDN','SD',0,1,'0000-00-00 00:00:00',0,'0000-00-00 00:00:00',0,'0000-00-00 00:00:00',0),(200,1,'Suriname','SUR','SR',0,1,'0000-00-00 00:00:00',0,'0000-00-00 00:00:00',0,'0000-00-00 00:00:00',0),(201,1,'Svalbard and Jan Mayen Islands','SJM','SJ',0,1,'0000-00-00 00:00:00',0,'0000-00-00 00:00:00',0,'0000-00-00 00:00:00',0),(202,1,'Swaziland','SWZ','SZ',0,1,'0000-00-00 00:00:00',0,'0000-00-00 00:00:00',0,'0000-00-00 00:00:00',0),(203,1,'Sweden','SWE','SE',0,1,'0000-00-00 00:00:00',0,'0000-00-00 00:00:00',0,'0000-00-00 00:00:00',0),(204,1,'Switzerland','CHE','CH',0,1,'0000-00-00 00:00:00',0,'0000-00-00 00:00:00',0,'0000-00-00 00:00:00',0),(205,1,'Syrian Arab Republic','SYR','SY',0,1,'0000-00-00 00:00:00',0,'0000-00-00 00:00:00',0,'0000-00-00 00:00:00',0),(206,1,'Taiwan','TWN','TW',0,1,'0000-00-00 00:00:00',0,'0000-00-00 00:00:00',0,'0000-00-00 00:00:00',0),(207,1,'Tajikistan','TJK','TJ',0,1,'0000-00-00 00:00:00',0,'0000-00-00 00:00:00',0,'0000-00-00 00:00:00',0),(208,1,'Tanzania, United Republic of','TZA','TZ',0,1,'0000-00-00 00:00:00',0,'0000-00-00 00:00:00',0,'0000-00-00 00:00:00',0),(209,1,'Thailand','THA','TH',0,1,'0000-00-00 00:00:00',0,'0000-00-00 00:00:00',0,'0000-00-00 00:00:00',0),(210,1,'Togo','TGO','TG',0,1,'0000-00-00 00:00:00',0,'0000-00-00 00:00:00',0,'0000-00-00 00:00:00',0),(211,1,'Tokelau','TKL','TK',0,1,'0000-00-00 00:00:00',0,'0000-00-00 00:00:00',0,'0000-00-00 00:00:00',0),(212,1,'Tonga','TON','TO',0,1,'0000-00-00 00:00:00',0,'0000-00-00 00:00:00',0,'0000-00-00 00:00:00',0),(213,1,'Trinidad and Tobago','TTO','TT',0,1,'0000-00-00 00:00:00',0,'0000-00-00 00:00:00',0,'0000-00-00 00:00:00',0),(214,1,'Tunisia','TUN','TN',0,1,'0000-00-00 00:00:00',0,'0000-00-00 00:00:00',0,'0000-00-00 00:00:00',0),(215,0,'Turkey','TUR','TR',0,1,'0000-00-00 00:00:00',0,'2017-11-05 11:36:58',676,'0000-00-00 00:00:00',0),(216,1,'Turkmenistan','TKM','TM',0,1,'0000-00-00 00:00:00',0,'0000-00-00 00:00:00',0,'0000-00-00 00:00:00',0),(217,1,'Turks and Caicos Islands','TCA','TC',0,1,'0000-00-00 00:00:00',0,'0000-00-00 00:00:00',0,'0000-00-00 00:00:00',0),(218,1,'Tuvalu','TUV','TV',0,1,'0000-00-00 00:00:00',0,'0000-00-00 00:00:00',0,'0000-00-00 00:00:00',0),(219,1,'Uganda','UGA','UG',0,1,'0000-00-00 00:00:00',0,'0000-00-00 00:00:00',0,'0000-00-00 00:00:00',0),(220,1,'Ukraine','UKR','UA',0,1,'0000-00-00 00:00:00',0,'0000-00-00 00:00:00',0,'0000-00-00 00:00:00',0),(221,1,'United Arab Emirates','ARE','AE',0,1,'0000-00-00 00:00:00',0,'0000-00-00 00:00:00',0,'0000-00-00 00:00:00',0),(222,1,'United Kingdom','GBR','GB',0,1,'0000-00-00 00:00:00',0,'0000-00-00 00:00:00',0,'0000-00-00 00:00:00',0),(223,1,'United States','USA','US',0,1,'0000-00-00 00:00:00',0,'0000-00-00 00:00:00',0,'0000-00-00 00:00:00',0),(224,1,'United States Minor Outlying Islands','UMI','UM',0,1,'0000-00-00 00:00:00',0,'0000-00-00 00:00:00',0,'0000-00-00 00:00:00',0),(225,1,'Uruguay','URY','UY',0,1,'0000-00-00 00:00:00',0,'0000-00-00 00:00:00',0,'0000-00-00 00:00:00',0),(226,1,'Uzbekistan','UZB','UZ',0,1,'0000-00-00 00:00:00',0,'0000-00-00 00:00:00',0,'0000-00-00 00:00:00',0),(227,1,'Vanuatu','VUT','VU',0,1,'0000-00-00 00:00:00',0,'0000-00-00 00:00:00',0,'0000-00-00 00:00:00',0),(228,1,'Vatican City State (Holy See)','VAT','VA',0,1,'0000-00-00 00:00:00',0,'0000-00-00 00:00:00',0,'0000-00-00 00:00:00',0),(229,1,'Venezuela','VEN','VE',0,1,'0000-00-00 00:00:00',0,'0000-00-00 00:00:00',0,'0000-00-00 00:00:00',0),(230,1,'Viet Nam','VNM','VN',0,1,'0000-00-00 00:00:00',0,'0000-00-00 00:00:00',0,'0000-00-00 00:00:00',0),(231,1,'Virgin Islands (British)','VGB','VG',0,1,'0000-00-00 00:00:00',0,'0000-00-00 00:00:00',0,'0000-00-00 00:00:00',0),(232,1,'Virgin Islands (U.S.)','VIR','VI',0,1,'0000-00-00 00:00:00',0,'0000-00-00 00:00:00',0,'0000-00-00 00:00:00',0),(233,1,'Wallis and Futuna Islands','WLF','WF',0,1,'0000-00-00 00:00:00',0,'0000-00-00 00:00:00',0,'0000-00-00 00:00:00',0),(234,1,'Western Sahara','ESH','EH',0,1,'0000-00-00 00:00:00',0,'0000-00-00 00:00:00',0,'0000-00-00 00:00:00',0),(235,1,'Yemen','YEM','YE',0,1,'0000-00-00 00:00:00',0,'0000-00-00 00:00:00',0,'0000-00-00 00:00:00',0),(237,1,'The Democratic Republic of Congo','DRC','DC',0,1,'0000-00-00 00:00:00',0,'0000-00-00 00:00:00',0,'0000-00-00 00:00:00',0),(238,1,'Zambia','ZMB','ZM',0,1,'0000-00-00 00:00:00',0,'0000-00-00 00:00:00',0,'0000-00-00 00:00:00',0),(239,1,'Zimbabwe','ZWE','ZW',0,1,'0000-00-00 00:00:00',0,'0000-00-00 00:00:00',0,'0000-00-00 00:00:00',0),(240,1,'East Timor','XET','XE',0,1,'0000-00-00 00:00:00',0,'0000-00-00 00:00:00',0,'0000-00-00 00:00:00',0),(241,1,'Jersey','JEY','JE',0,1,'0000-00-00 00:00:00',0,'0000-00-00 00:00:00',0,'0000-00-00 00:00:00',0),(242,1,'St. Barthelemy','XSB','XB',0,1,'0000-00-00 00:00:00',0,'0000-00-00 00:00:00',0,'0000-00-00 00:00:00',0),(243,1,'St. Eustatius','XSE','XU',0,1,'0000-00-00 00:00:00',0,'0000-00-00 00:00:00',0,'0000-00-00 00:00:00',0),(244,1,'Canary Islands','XCA','XC',0,1,'0000-00-00 00:00:00',0,'0000-00-00 00:00:00',0,'0000-00-00 00:00:00',0),(245,1,'Serbia','SRB','RS',0,1,'0000-00-00 00:00:00',0,'0000-00-00 00:00:00',0,'0000-00-00 00:00:00',0),(246,1,'Sint Maarten (French Antilles)','MAF','MF',0,1,'0000-00-00 00:00:00',0,'0000-00-00 00:00:00',0,'0000-00-00 00:00:00',0),(247,1,'Sint Maarten (Netherlands Antilles)','SXM','SX',0,1,'0000-00-00 00:00:00',0,'0000-00-00 00:00:00',0,'0000-00-00 00:00:00',0),(248,1,'Palestinian Territory, occupied','PSE','PS',0,1,'0000-00-00 00:00:00',0,'0000-00-00 00:00:00',0,'0000-00-00 00:00:00',0);

--
-- Table structure for table `fz6t4_virtuemart_coupons`
--

CREATE TABLE `fz6t4_virtuemart_coupons` (
  `virtuemart_coupon_id` int unsigned NOT NULL AUTO_INCREMENT,
  `virtuemart_vendor_id` int unsigned NOT NULL,
  `coupon_code` varchar(32) NOT NULL DEFAULT '',
  `percent_or_total` enum('percent','total') NOT NULL DEFAULT 'percent',
  `coupon_type` enum('gift','permanent') NOT NULL DEFAULT 'gift',
  `coupon_value` decimal(15,5) NOT NULL DEFAULT '0.00000',
  `coupon_start_date` datetime NOT NULL DEFAULT '0000-00-00 00:00:00',
  `coupon_expiry_date` datetime NOT NULL DEFAULT '0000-00-00 00:00:00',
  `coupon_value_valid` decimal(15,5) NOT NULL DEFAULT '0.00000',
  `coupon_used` varchar(200) NOT NULL DEFAULT '',
  `coupon_value_max` decimal(15,5) NOT NULL DEFAULT '0.00000',
  `virtuemart_shoppergroup_ids` text NOT NULL,
  `virtuemart_shopper_ids` text NOT NULL,
  `virtuemart_product_ids` text NOT NULL,
  `virtuemart_category_ids` text NOT NULL,
  `virtuemart_coupon_max_attempt_per_user` tinyint NOT NULL,
  `published` tinyint(1) NOT NULL DEFAULT '1',
  `created_on` datetime NOT NULL DEFAULT '0000-00-00 00:00:00',
  `created_by` int NOT NULL DEFAULT '0',
  `modified_on` datetime NOT NULL DEFAULT '0000-00-00 00:00:00',
  `modified_by` int NOT NULL DEFAULT '0',
  `locked_on` datetime NOT NULL DEFAULT '0000-00-00 00:00:00',
  `locked_by` int NOT NULL DEFAULT '0',
  PRIMARY KEY (`virtuemart_coupon_id`),
  KEY `coupon_code` (`coupon_code`),
  KEY `coupon_type` (`coupon_type`),
  KEY `published` (`published`),
  KEY `virtuemart_vendor_id` (`virtuemart_vendor_id`)
) ENGINE=MyISAM DEFAULT CHARSET=utf8mb3 COMMENT='Used to store coupon codes';

--
-- Dumping data for table `fz6t4_virtuemart_coupons`
--


--
-- Table structure for table `fz6t4_virtuemart_currencies`
--

CREATE TABLE `fz6t4_virtuemart_currencies` (
  `virtuemart_currency_id` int unsigned NOT NULL AUTO_INCREMENT,
  `virtuemart_vendor_id` int unsigned NOT NULL DEFAULT '1',
  `currency_name` varchar(64) DEFAULT NULL,
  `currency_code_2` char(2) DEFAULT NULL,
  `currency_code_3` char(3) DEFAULT NULL,
  `currency_numeric_code` int DEFAULT NULL,
  `currency_exchange_rate` decimal(12,5) DEFAULT NULL,
  `currency_symbol` varchar(8) DEFAULT NULL,
  `currency_decimal_place` varchar(8) DEFAULT NULL,
  `currency_decimal_symbol` varchar(8) DEFAULT NULL,
  `currency_thousands` varchar(8) DEFAULT NULL,
  `currency_positive_style` varchar(64) DEFAULT NULL,
  `currency_negative_style` varchar(64) DEFAULT NULL,
  `ordering` int NOT NULL DEFAULT '0',
  `shared` tinyint(1) NOT NULL DEFAULT '1',
  `published` tinyint(1) NOT NULL DEFAULT '1',
  `created_on` datetime NOT NULL DEFAULT '0000-00-00 00:00:00',
  `created_by` int NOT NULL DEFAULT '0',
  `modified_on` datetime NOT NULL DEFAULT '0000-00-00 00:00:00',
  `modified_by` int NOT NULL DEFAULT '0',
  `locked_on` datetime NOT NULL DEFAULT '0000-00-00 00:00:00',
  `locked_by` int NOT NULL DEFAULT '0',
  PRIMARY KEY (`virtuemart_currency_id`),
  UNIQUE KEY `currency_code_3` (`currency_code_3`),
  KEY `ordering` (`ordering`),
  KEY `published` (`published`),
  KEY `shared` (`shared`),
  KEY `virtuemart_vendor_id` (`virtuemart_vendor_id`),
  KEY `currency_name` (`currency_name`),
  KEY `currency_numeric_code` (`currency_numeric_code`)
) ENGINE=MyISAM AUTO_INCREMENT=202 DEFAULT CHARSET=utf8mb3 COMMENT='Used to store currencies';

--
-- Dumping data for table `fz6t4_virtuemart_currencies`
--

INSERT INTO `fz6t4_virtuemart_currencies` VALUES (2,1,'United Arab Emirates dirham','','AED',784,0.00000,'د.إ','2',',','','{number} {symbol}','{sign}{number} {symbol}',0,1,0,'0000-00-00 00:00:00',0,'0000-00-00 00:00:00',0,'0000-00-00 00:00:00',0),(4,1,'Albanian lek','','ALL',8,0.00000,'Lek','2',',','','{number} {symbol}','{sign}{number} {symbol}',0,1,0,'0000-00-00 00:00:00',0,'0000-00-00 00:00:00',0,'0000-00-00 00:00:00',0),(5,1,'Netherlands Antillean gulden','','ANG',532,0.00000,'ƒ','2',',','','{number} {symbol}','{sign}{number} {symbol}',0,1,0,'0000-00-00 00:00:00',0,'0000-00-00 00:00:00',0,'0000-00-00 00:00:00',0),(7,1,'Argentine peso','','ARS',32,0.00000,'$','2',',','','{number} {symbol}','{sign}{number} {symbol}',0,1,0,'0000-00-00 00:00:00',0,'0000-00-00 00:00:00',0,'0000-00-00 00:00:00',0),(9,1,'Australian dollar','','AUD',36,0.00000,'$','2','.','','{symbol} {number}','{sign}{symbol} {number}',0,1,0,'0000-00-00 00:00:00',0,'0000-00-00 00:00:00',0,'0000-00-00 00:00:00',0),(10,1,'Aruban florin','','AWG',533,0.00000,'ƒ','2',',','','{number} {symbol}','{sign}{number} {symbol}',0,1,0,'0000-00-00 00:00:00',0,'0000-00-00 00:00:00',0,'0000-00-00 00:00:00',0),(11,1,'Barbadian dollar','','BBD',52,0.00000,'$','2',',','','{number} {symbol}','{sign}{number} {symbol}',0,1,0,'0000-00-00 00:00:00',0,'0000-00-00 00:00:00',0,'0000-00-00 00:00:00',0),(12,1,'Bangladeshi taka','','BDT',50,0.00000,'৳','2',',','','{number} {symbol}','{sign}{number} {symbol}',0,1,0,'0000-00-00 00:00:00',0,'0000-00-00 00:00:00',0,'0000-00-00 00:00:00',0),(15,1,'Bahraini dinar','','BHD',48,0.00000,'ب.د','2',',','','{number} {symbol}','{sign}{number} {symbol}',0,1,0,'0000-00-00 00:00:00',0,'0000-00-00 00:00:00',0,'0000-00-00 00:00:00',0),(16,1,'Burundian franc','','BIF',108,0.00000,'Fr','0','','','{number} {symbol}','{sign}{number} {symbol}',0,1,0,'0000-00-00 00:00:00',0,'0000-00-00 00:00:00',0,'0000-00-00 00:00:00',0),(17,1,'Bermudian dollar','','BMD',60,0.00000,'$','2',',','','{number} {symbol}','{sign}{number} {symbol}',0,1,0,'0000-00-00 00:00:00',0,'0000-00-00 00:00:00',0,'0000-00-00 00:00:00',0),(18,1,'Brunei dollar','','BND',96,0.00000,'$','2',',','','{number} {symbol}','{sign}{number} {symbol}',0,1,0,'0000-00-00 00:00:00',0,'0000-00-00 00:00:00',0,'0000-00-00 00:00:00',0),(19,1,'Bolivian boliviano','','BOB',68,0.00000,'$b','2',',','','{number} {symbol}','{sign}{number} {symbol}',0,1,0,'0000-00-00 00:00:00',0,'0000-00-00 00:00:00',0,'0000-00-00 00:00:00',0),(20,1,'Brazilian real','','BRL',986,0.00000,'R$','2',',','.','{symbol} {number}','{symbol} {sign}{number}',0,1,0,'0000-00-00 00:00:00',0,'0000-00-00 00:00:00',0,'0000-00-00 00:00:00',0),(21,1,'Bahamian dollar','','BSD',44,0.00000,'$','2',',','','{number} {symbol}','{sign}{number} {symbol}',0,1,0,'0000-00-00 00:00:00',0,'0000-00-00 00:00:00',0,'0000-00-00 00:00:00',0),(22,1,'Bhutanese ngultrum','','BTN',64,0.00000,'BTN','2',',','','{number} {symbol}','{sign}{number} {symbol}',0,1,0,'0000-00-00 00:00:00',0,'0000-00-00 00:00:00',0,'0000-00-00 00:00:00',0),(24,1,'Botswana pula','','BWP',72,0.00000,'P','2',',','','{number} {symbol}','{sign}{number} {symbol}',0,1,0,'0000-00-00 00:00:00',0,'0000-00-00 00:00:00',0,'0000-00-00 00:00:00',0),(25,1,'Belize dollar','','BZD',84,0.00000,'BZ$','2',',','','{number} {symbol}','{sign}{number} {symbol}',0,1,0,'0000-00-00 00:00:00',0,'0000-00-00 00:00:00',0,'0000-00-00 00:00:00',0),(26,1,'Canadian dollar','','CAD',124,0.00000,'$','2','.',',','{symbol}{number}','{symbol}{sign}{number}',0,1,0,'0000-00-00 00:00:00',0,'0000-00-00 00:00:00',0,'0000-00-00 00:00:00',0),(27,1,'Swiss franc','','CHF',756,0.00000,'CHF','2',',','','{number} {symbol}','{sign}{number} {symbol}',0,1,0,'0000-00-00 00:00:00',0,'0000-00-00 00:00:00',0,'0000-00-00 00:00:00',0),(28,1,'Unidad de Fomento','','CLF',990,0.00000,'CLF','0',',','','{number} {symbol}','{sign}{number} {symbol}',0,1,0,'0000-00-00 00:00:00',0,'0000-00-00 00:00:00',0,'0000-00-00 00:00:00',0),(29,1,'Chilean peso','','CLP',152,0.00000,'$','2',',','','{number} {symbol}','{sign}{number} {symbol}',0,1,0,'0000-00-00 00:00:00',0,'0000-00-00 00:00:00',0,'0000-00-00 00:00:00',0),(30,1,'Chinese renminbi yuan','','CNY',156,0.00000,'元','2',',','','{number} {symbol}','{sign}{number} {symbol}',0,1,0,'0000-00-00 00:00:00',0,'0000-00-00 00:00:00',0,'0000-00-00 00:00:00',0),(31,1,'Colombian peso','','COP',170,0.00000,'$','2',',','','{number} {symbol}','{sign}{number} {symbol}',0,1,0,'0000-00-00 00:00:00',0,'0000-00-00 00:00:00',0,'0000-00-00 00:00:00',0),(32,1,'Costa Rican colón','','CRC',188,0.00000,'₡','2',',','','{number} {symbol}','{sign}{number} {symbol}',0,1,0,'0000-00-00 00:00:00',0,'0000-00-00 00:00:00',0,'0000-00-00 00:00:00',0),(33,1,'Czech koruna','','CZK',203,0.00000,'Kč','2',',','','{number} {symbol}','{sign}{number} {symbol}',0,1,0,'0000-00-00 00:00:00',0,'0000-00-00 00:00:00',0,'0000-00-00 00:00:00',0),(34,1,'Cuban peso','','CUP',192,0.00000,'₱','2',',','','{number} {symbol}','{sign}{number} {symbol}',0,1,0,'0000-00-00 00:00:00',0,'0000-00-00 00:00:00',0,'0000-00-00 00:00:00',0),(35,1,'Cape Verdean escudo','','CVE',132,0.00000,'$','0','','','{number} {symbol}','{sign}{number} {symbol}',0,1,0,'0000-00-00 00:00:00',0,'0000-00-00 00:00:00',0,'0000-00-00 00:00:00',0),(40,1,'Danish krone','','DKK',208,0.00000,'kr','2','.',',','{symbol}{number}','{symbol}{sign}{number}',0,1,0,'0000-00-00 00:00:00',0,'0000-00-00 00:00:00',0,'0000-00-00 00:00:00',0),(41,1,'Dominican peso','','DOP',214,0.00000,'RD$','2',',','','{number} {symbol}','{sign}{number} {symbol}',0,1,0,'0000-00-00 00:00:00',0,'0000-00-00 00:00:00',0,'0000-00-00 00:00:00',0),(42,1,'Algerian dinar','','DZD',12,0.00000,'د.ج','2',',','','{number} {symbol}','{sign}{number} {symbol}',0,1,0,'0000-00-00 00:00:00',0,'0000-00-00 00:00:00',0,'0000-00-00 00:00:00',0),(44,1,'Egyptian pound','','EGP',818,0.00000,'£','2',',','','{number} {symbol}','{sign}{number} {symbol}',0,1,0,'0000-00-00 00:00:00',0,'0000-00-00 00:00:00',0,'0000-00-00 00:00:00',0),(46,1,'Ethiopian birr','','ETB',230,0.00000,'ETB','2',',','','{number} {symbol}','{sign}{number} {symbol}',0,1,0,'0000-00-00 00:00:00',0,'0000-00-00 00:00:00',0,'0000-00-00 00:00:00',0),(47,1,'Euro','','EUR',978,0.00000,'€','2',',','','{number} {symbol}','{sign}{number} {symbol}',0,1,1,'0000-00-00 00:00:00',0,'0000-00-00 00:00:00',0,'0000-00-00 00:00:00',0),(49,1,'Fijian dollar','','FJD',242,0.00000,'$','2',',','','{number} {symbol}','{sign}{number} {symbol}',0,1,0,'0000-00-00 00:00:00',0,'0000-00-00 00:00:00',0,'0000-00-00 00:00:00',0),(50,1,'Falkland pound','','FKP',238,0.00000,'£','2',',','','{number} {symbol}','{sign}{number} {symbol}',0,1,0,'0000-00-00 00:00:00',0,'0000-00-00 00:00:00',0,'0000-00-00 00:00:00',0),(52,1,'British pound','','GBP',826,0.00000,'£','2','.',',','{symbol}{number}','{symbol}{sign}{number}',0,1,0,'0000-00-00 00:00:00',0,'0000-00-00 00:00:00',0,'0000-00-00 00:00:00',0),(54,1,'Gibraltar pound','','GIP',292,0.00000,'£','2',',','','{number} {symbol}','{sign}{number} {symbol}',0,1,0,'0000-00-00 00:00:00',0,'0000-00-00 00:00:00',0,'0000-00-00 00:00:00',0),(55,1,'Gambian dalasi','','GMD',270,0.00000,'D','2',',','','{number} {symbol}','{sign}{number} {symbol}',0,1,0,'0000-00-00 00:00:00',0,'0000-00-00 00:00:00',0,'0000-00-00 00:00:00',0),(56,1,'Guinean franc','','GNF',324,0.00000,'Fr','0','','','{number} {symbol}','{sign}{number} {symbol}',0,1,0,'0000-00-00 00:00:00',0,'0000-00-00 00:00:00',0,'0000-00-00 00:00:00',0),(58,1,'Guatemalan quetzal','','GTQ',320,0.00000,'Q','2',',','','{number} {symbol}','{sign}{number} {symbol}',0,1,0,'0000-00-00 00:00:00',0,'0000-00-00 00:00:00',0,'0000-00-00 00:00:00',0),(60,1,'Guyanese dollar','','GYD',328,0.00000,'$','2',',','','{number} {symbol}','{sign}{number} {symbol}',0,1,0,'0000-00-00 00:00:00',0,'0000-00-00 00:00:00',0,'0000-00-00 00:00:00',0),(61,1,'Hong Kong dollar','','HKD',344,0.00000,'元','2',',','','{number} {symbol}','{sign}{number} {symbol}',0,1,0,'0000-00-00 00:00:00',0,'0000-00-00 00:00:00',0,'0000-00-00 00:00:00',0),(62,1,'Honduran lempira','','HNL',340,0.00000,'L','2',',','','{number} {symbol}','{sign}{number} {symbol}',0,1,0,'0000-00-00 00:00:00',0,'0000-00-00 00:00:00',0,'0000-00-00 00:00:00',0),(63,1,'Haitian gourde','','HTG',332,0.00000,'G','2',',','','{number} {symbol}','{sign}{number} {symbol}',0,1,0,'0000-00-00 00:00:00',0,'0000-00-00 00:00:00',0,'0000-00-00 00:00:00',0),(64,1,'Hungarian forint','','HUF',348,0.00000,'Ft','2',',','','{number} {symbol}','{sign}{number} {symbol}',0,1,0,'0000-00-00 00:00:00',0,'0000-00-00 00:00:00',0,'0000-00-00 00:00:00',0),(65,1,'Indonesian rupiah','','IDR',360,0.00000,'Rp','0','','','{symbol}{number}','{symbol}{sign}{number}',0,1,0,'0000-00-00 00:00:00',0,'0000-00-00 00:00:00',0,'0000-00-00 00:00:00',0),(67,1,'Israeli new sheqel','','ILS',376,0.00000,'₪','2',',','','{number} {symbol}','{sign}{number} {symbol}',0,1,0,'0000-00-00 00:00:00',0,'0000-00-00 00:00:00',0,'0000-00-00 00:00:00',0),(68,1,'Indian rupee','','INR',356,0.00000,'₨','2',',','','{number} {symbol}','{sign}{number} {symbol}',0,1,0,'0000-00-00 00:00:00',0,'0000-00-00 00:00:00',0,'0000-00-00 00:00:00',0),(69,1,'Iraqi dinar','','IQD',368,0.00000,'ع.د','0','','','{number} {symbol}','{sign}{number} {symbol}',0,1,0,'0000-00-00 00:00:00',0,'0000-00-00 00:00:00',0,'0000-00-00 00:00:00',0),(70,1,'Iranian rial','','IRR',364,0.00000,'﷼','2',',','','{number} {symbol}','{sign}{number}{symb0l}',0,1,0,'0000-00-00 00:00:00',0,'0000-00-00 00:00:00',0,'0000-00-00 00:00:00',0),(73,1,'Jamaican dollar','','JMD',388,0.00000,'J$','2',',','','{number} {symbol}','{sign}{number} {symbol}',0,1,0,'0000-00-00 00:00:00',0,'0000-00-00 00:00:00',0,'0000-00-00 00:00:00',0),(74,1,'Jordanian dinar','','JOD',400,0.00000,'د.ا','2',',','','{number} {symbol}','{sign}{number} {symbol}',0,1,0,'0000-00-00 00:00:00',0,'0000-00-00 00:00:00',0,'0000-00-00 00:00:00',0),(75,1,'Japanese yen','','JPY',392,0.00000,'¥','0',',','','{number} {symbol}','{sign}{number} {symbol}',0,1,0,'0000-00-00 00:00:00',0,'0000-00-00 00:00:00',0,'0000-00-00 00:00:00',0),(76,1,'Kenyan shilling','','KES',404,0.00000,'Sh','2',',','','{number} {symbol}','{sign}{number} {symbol}',0,1,0,'0000-00-00 00:00:00',0,'0000-00-00 00:00:00',0,'0000-00-00 00:00:00',0),(77,1,'Cambodian riel','','KHR',116,0.00000,'៛','2',',','','{number} {symbol}','{sign}{number} {symbol}',0,1,0,'0000-00-00 00:00:00',0,'0000-00-00 00:00:00',0,'0000-00-00 00:00:00',0),(78,1,'Comorian franc','','KMF',174,0.00000,'Fr','0','','','{number} {symbol}','{sign}{number} {symbol}',0,1,0,'0000-00-00 00:00:00',0,'0000-00-00 00:00:00',0,'0000-00-00 00:00:00',0),(79,1,'North Korean won','','KPW',408,0.00000,'₩','0','','','{number} {symbol}','{sign}{number} {symbol}',0,1,0,'0000-00-00 00:00:00',0,'0000-00-00 00:00:00',0,'0000-00-00 00:00:00',0),(80,1,'South Korean won','','KRW',410,0.00000,'₩','0','','','{number} {symbol}','{sign}{number} {symbol}',0,1,0,'0000-00-00 00:00:00',0,'0000-00-00 00:00:00',0,'0000-00-00 00:00:00',0),(81,1,'Kuwaiti dinar','','KWD',414,0.00000,'د.ك','2',',','','{number} {symbol}','{sign}{number} {symbol}',0,1,0,'0000-00-00 00:00:00',0,'0000-00-00 00:00:00',0,'0000-00-00 00:00:00',0),(82,1,'Cayman Islands dollar','','KYD',136,0.00000,'$','2',',','','{number} {symbol}','{sign}{number} {symbol}',0,1,0,'0000-00-00 00:00:00',0,'0000-00-00 00:00:00',0,'0000-00-00 00:00:00',0),(83,1,'Lao kip','','LAK',418,0.00000,'₭','0','','','{number} {symbol}','{sign}{number} {symbol}',0,1,0,'0000-00-00 00:00:00',0,'0000-00-00 00:00:00',0,'0000-00-00 00:00:00',0),(84,1,'Lebanese pound','','LBP',422,0.00000,'£','0','','','{number} {symbol}','{sign}{number} {symbol}',0,1,0,'0000-00-00 00:00:00',0,'0000-00-00 00:00:00',0,'0000-00-00 00:00:00',0),(85,1,'Sri Lankan rupee','','LKR',144,0.00000,'₨','2',',','','{number} {symbol}','{sign}{number} {symbol}',0,1,0,'0000-00-00 00:00:00',0,'0000-00-00 00:00:00',0,'0000-00-00 00:00:00',0),(86,1,'Liberian dollar','','LRD',430,0.00000,'$','2',',','','{number} {symbol}','{sign}{number} {symbol}',0,1,0,'0000-00-00 00:00:00',0,'0000-00-00 00:00:00',0,'0000-00-00 00:00:00',0),(87,1,'Lesotho loti','','LSL',426,0.00000,'L','2',',','','{number} {symbol}','{sign}{number} {symbol}',0,1,0,'0000-00-00 00:00:00',0,'0000-00-00 00:00:00',0,'0000-00-00 00:00:00',0),(89,1,'Libyan dinar','','LYD',434,0.00000,'ل.د','3',',','','{number} {symbol}','{sign}{number} {symbol}',0,1,0,'0000-00-00 00:00:00',0,'0000-00-00 00:00:00',0,'0000-00-00 00:00:00',0),(90,1,'Moroccan dirham','','MAD',504,0.00000,'د.م.','2',',','','{number} {symbol}','{sign}{number} {symbol}',0,1,0,'0000-00-00 00:00:00',0,'0000-00-00 00:00:00',0,'0000-00-00 00:00:00',0),(92,1,'Mongolian tögrög','','MNT',496,0.00000,'₮','2',',','','{number} {symbol}','{sign}{number} {symbol}',0,1,0,'0000-00-00 00:00:00',0,'0000-00-00 00:00:00',0,'0000-00-00 00:00:00',0),(93,1,'Macanese pataca','','MOP',446,0.00000,'P','1',',','','{symbol}{number}','{symbol}{sign}{number}',0,1,0,'0000-00-00 00:00:00',0,'0000-00-00 00:00:00',0,'0000-00-00 00:00:00',0),(94,1,'Mauritanian ouguiya','','MRO',478,0.00000,'UM','2',',','','{number} {symbol}','{sign}{number} {symbol}',0,1,0,'0000-00-00 00:00:00',0,'0000-00-00 00:00:00',0,'0000-00-00 00:00:00',0),(96,1,'Mauritian rupee','','MUR',480,0.00000,'₨','2',',','','{number} {symbol}','{sign}{number} {symbol}',0,1,0,'0000-00-00 00:00:00',0,'0000-00-00 00:00:00',0,'0000-00-00 00:00:00',0),(97,1,'Maldivian rufiyaa','','MVR',462,0.00000,'ރ.','2',',','','{number} {symbol}','{sign}{number} {symbol}',0,1,0,'0000-00-00 00:00:00',0,'0000-00-00 00:00:00',0,'0000-00-00 00:00:00',0),(98,1,'Malawian kwacha','','MWK',454,0.00000,'MK','2',',','','{number} {symbol}','{sign}{number} {symbol}',0,1,0,'0000-00-00 00:00:00',0,'0000-00-00 00:00:00',0,'0000-00-00 00:00:00',0),(100,1,'Malaysian ringgit','','MYR',458,0.00000,'RM','2',',','','{number} {symbol}','{sign}{number} {symbol}',0,1,0,'0000-00-00 00:00:00',0,'0000-00-00 00:00:00',0,'0000-00-00 00:00:00',0),(102,1,'Nigerian naira','','NGN',566,0.00000,'₦','2',',','','{number} {symbol}','{sign}{number} {symbol}',0,1,0,'0000-00-00 00:00:00',0,'0000-00-00 00:00:00',0,'0000-00-00 00:00:00',0),(105,1,'Norwegian krone','','NOK',578,0.00000,'kr','2',',','','{symbol}{number}','{symbol}{sign}{number}',0,1,0,'0000-00-00 00:00:00',0,'0000-00-00 00:00:00',0,'0000-00-00 00:00:00',0),(106,1,'Nepalese rupee','','NPR',524,0.00000,'₨','2',',','','{number} {symbol}','{sign}{number} {symbol}',0,1,0,'0000-00-00 00:00:00',0,'0000-00-00 00:00:00',0,'0000-00-00 00:00:00',0),(107,1,'New Zealand dollar','','NZD',554,0.00000,'$','2',',','','{number} {symbol}','{symbol}{sign}{number}',0,1,0,'0000-00-00 00:00:00',0,'0000-00-00 00:00:00',0,'0000-00-00 00:00:00',0),(108,1,'Omani rial','','OMR',512,0.00000,'﷼','3','.','','{number} {symbol}','{sign}{number} {symbol}',0,1,0,'0000-00-00 00:00:00',0,'0000-00-00 00:00:00',0,'0000-00-00 00:00:00',0),(109,1,'Panamanian balboa','','PAB',590,0.00000,'B/.','2',',','','{number} {symbol}','{sign}{number} {symbol}',0,1,0,'0000-00-00 00:00:00',0,'0000-00-00 00:00:00',0,'0000-00-00 00:00:00',0),(110,1,'Peruvian nuevo sol','','PEN',604,0.00000,'S/.','2',',','','{number} {symbol}','{sign}{number} {symbol}',0,1,0,'0000-00-00 00:00:00',0,'0000-00-00 00:00:00',0,'0000-00-00 00:00:00',0),(111,1,'Papua New Guinean kina','','PGK',598,0.00000,'K','2',',','','{number} {symbol}','{sign}{number} {symbol}',0,1,0,'0000-00-00 00:00:00',0,'0000-00-00 00:00:00',0,'0000-00-00 00:00:00',0),(112,1,'Philippine peso','','PHP',608,0.00000,'₱','2',',','','{number} {symbol}','{sign}{number} {symbol}',0,1,0,'0000-00-00 00:00:00',0,'0000-00-00 00:00:00',0,'0000-00-00 00:00:00',0),(113,1,'Pakistani rupee','','PKR',586,0.00000,'₨','2',',','','{number} {symbol}','{sign}{number} {symbol}',0,1,0,'0000-00-00 00:00:00',0,'0000-00-00 00:00:00',0,'0000-00-00 00:00:00',0),(114,1,'Polish Złoty','','PLN',985,0.00000,'zł','2',',','','{number} {symbol}','{sign}{number} {symbol}',0,1,0,'0000-00-00 00:00:00',0,'0000-00-00 00:00:00',0,'0000-00-00 00:00:00',0),(116,1,'Paraguayan guaraní','','PYG',600,0.00000,'₲','0','','.','{symbol} {number}','{symbol} {sign}{number}',0,1,0,'0000-00-00 00:00:00',0,'0000-00-00 00:00:00',0,'0000-00-00 00:00:00',0),(117,1,'Qatari riyal','','QAR',634,0.00000,'﷼','2',',','','{number} {symbol}','{sign}{number} {symbol}',0,1,0,'0000-00-00 00:00:00',0,'0000-00-00 00:00:00',0,'0000-00-00 00:00:00',0),(118,1,'Romanian leu','','RON',946,0.00000,'lei','2',',','.','{number} {symbol}','{sign}{number} {symbol}',0,1,0,'0000-00-00 00:00:00',0,'0000-00-00 00:00:00',0,'0000-00-00 00:00:00',0),(119,1,'Rwandan franc','','RWF',646,0.00000,'Fr','2',',','','{number} {symbol}','{sign}{number} {symbol}',0,1,0,'0000-00-00 00:00:00',0,'0000-00-00 00:00:00',0,'0000-00-00 00:00:00',0),(120,1,'Saudi riyal','','SAR',682,0.00000,'﷼','2',',','','{number} {symbol}','{sign}{number} {symbol}',0,1,0,'0000-00-00 00:00:00',0,'0000-00-00 00:00:00',0,'0000-00-00 00:00:00',0),(121,1,'Solomon Islands dollar','','SBD',90,0.00000,'$','2',',','','{number} {symbol}','{sign}{number} {symbol}',0,1,0,'0000-00-00 00:00:00',0,'0000-00-00 00:00:00',0,'0000-00-00 00:00:00',0),(122,1,'Seychellois rupee','','SCR',690,0.00000,'₨','2',',','','{number} {symbol}','{sign}{number} {symbol}',0,1,0,'0000-00-00 00:00:00',0,'0000-00-00 00:00:00',0,'0000-00-00 00:00:00',0),(124,1,'Swedish krona','','SEK',752,0.00000,'kr','2',',','.','{number} {symbol}','{sign}{number} {symbol}',0,1,0,'0000-00-00 00:00:00',0,'0000-00-00 00:00:00',0,'0000-00-00 00:00:00',0),(125,1,'Singapore dollar','','SGD',702,0.00000,'$','2',',','','{number} {symbol}','{sign}{number} {symbol}',0,1,0,'0000-00-00 00:00:00',0,'0000-00-00 00:00:00',0,'0000-00-00 00:00:00',0),(126,1,'Saint Helenian pound','','SHP',654,0.00000,'£','2',',','','{number} {symbol}','{sign}{number} {symbol}',0,1,0,'0000-00-00 00:00:00',0,'0000-00-00 00:00:00',0,'0000-00-00 00:00:00',0),(127,1,'Sierra Leonean leone','','SLL',694,0.00000,'Le','2',',','','{number} {symbol}','{sign}{number} {symbol}',0,1,0,'0000-00-00 00:00:00',0,'0000-00-00 00:00:00',0,'0000-00-00 00:00:00',0),(128,1,'Somali shilling','','SOS',706,0.00000,'S','2',',','','{number} {symbol}','{sign}{number} {symbol}',0,1,0,'0000-00-00 00:00:00',0,'0000-00-00 00:00:00',0,'0000-00-00 00:00:00',0),(130,1,'São Tomé and Príncipe dobra','','STD',678,0.00000,'Db','0','','','{number} {symbol}','{sign}{number} {symbol}',0,1,0,'0000-00-00 00:00:00',0,'0000-00-00 00:00:00',0,'0000-00-00 00:00:00',0),(131,1,'Russian ruble','','RUB',643,0.00000,'руб','2',',','','{number} {symbol}','{sign}{number} {symbol}',0,1,0,'0000-00-00 00:00:00',0,'0000-00-00 00:00:00',0,'0000-00-00 00:00:00',0),(132,1,'Salvadoran colón','','SVC',222,0.00000,'$','2',',','','{number} {symbol}','{sign}{number} {symbol}',0,1,0,'0000-00-00 00:00:00',0,'0000-00-00 00:00:00',0,'0000-00-00 00:00:00',0),(133,1,'Syrian pound','','SYP',760,0.00000,'£','2',',','','{number} {symbol}','{sign}{number} {symbol}',0,1,0,'0000-00-00 00:00:00',0,'0000-00-00 00:00:00',0,'0000-00-00 00:00:00',0),(134,1,'Swazi lilangeni','','SZL',748,0.00000,'L','2',',','','{number} {symbol}','{sign}{number} {symbol}',0,1,0,'0000-00-00 00:00:00',0,'0000-00-00 00:00:00',0,'0000-00-00 00:00:00',0),(135,1,'Thai baht','','THB',764,0.00000,'฿','2',',','','{number} {symbol}','{sign}{number} {symbol}',0,1,0,'0000-00-00 00:00:00',0,'0000-00-00 00:00:00',0,'0000-00-00 00:00:00',0),(136,1,'Tunisian dinar','','TND',788,0.00000,'د.ت','3',',','','{number} {symbol}','{sign}{number} {symbol}',0,1,0,'0000-00-00 00:00:00',0,'0000-00-00 00:00:00',0,'0000-00-00 00:00:00',0),(137,1,'Tongan paʻanga','','TOP',776,0.00000,'T$','2',',','','{number} {symbol}','{sign}{number} {symbol}',0,1,0,'0000-00-00 00:00:00',0,'0000-00-00 00:00:00',0,'0000-00-00 00:00:00',0),(139,1,'Turkish new lira','','TRY',949,0.00000,'YTL','2',',','.','{number} {symbol}','{sign}{number} {symbol}',0,1,1,'0000-00-00 00:00:00',0,'0000-00-00 00:00:00',0,'0000-00-00 00:00:00',0),(140,1,'Trinidad and Tobago dollar','','TTD',780,0.00000,'TT$','2',',','','{number} {symbol}','{sign}{number} {symbol}',0,1,0,'0000-00-00 00:00:00',0,'0000-00-00 00:00:00',0,'0000-00-00 00:00:00',0),(141,1,'New Taiwan dollar','','TWD',901,0.00000,'NT$','2',',','','{number} {symbol}','{sign}{number} {symbol}',0,1,0,'0000-00-00 00:00:00',0,'0000-00-00 00:00:00',0,'0000-00-00 00:00:00',0),(142,1,'Tanzanian shilling','','TZS',834,0.00000,'Sh','2',',','','{number} {symbol}','{sign}{number} {symbol}',0,1,0,'0000-00-00 00:00:00',0,'0000-00-00 00:00:00',0,'0000-00-00 00:00:00',0),(144,1,'United States dollar','','USD',840,0.00000,'$','2','.',',','{symbol}{number}','{symbol}{sign}{number}',0,0,1,'0000-00-00 00:00:00',0,'2017-11-05 11:36:29',676,'0000-00-00 00:00:00',0),(147,1,'Vietnamese Dong','','VND',704,0.00000,'₫','0','','','{number} {symbol}','{sign}{number} {symbol}',0,1,0,'0000-00-00 00:00:00',0,'0000-00-00 00:00:00',0,'0000-00-00 00:00:00',0),(148,1,'Vanuatu vatu','','VUV',548,0.00000,'Vt','2',',','','{number} {symbol}','{sign}{number} {symbol}',0,1,0,'0000-00-00 00:00:00',0,'0000-00-00 00:00:00',0,'0000-00-00 00:00:00',0),(149,1,'Samoan tala','','WST',882,0.00000,'T','2',',','','{number} {symbol}','{sign}{number} {symbol}',0,1,0,'0000-00-00 00:00:00',0,'0000-00-00 00:00:00',0,'0000-00-00 00:00:00',0),(151,1,'Yemeni rial','','YER',886,0.00000,'﷼','2',',','','{number} {symbol}','{sign}{number} {symbol}',0,1,0,'0000-00-00 00:00:00',0,'0000-00-00 00:00:00',0,'0000-00-00 00:00:00',0),(152,1,'Serbian dinar','','RSD',941,0.00000,'Дин.','2',',','','{number} {symbol}','{sign}{number} {symbol}',0,1,0,'0000-00-00 00:00:00',0,'0000-00-00 00:00:00',0,'0000-00-00 00:00:00',0),(153,1,'South African rand','','ZAR',710,0.00000,'R','2',',','','{number} {symbol}','{sign}{number} {symbol}',0,1,0,'0000-00-00 00:00:00',0,'0000-00-00 00:00:00',0,'0000-00-00 00:00:00',0),(154,1,'Zambian kwacha','','ZMK',894,0.00000,'ZK','2',',','','{number} {symbol}','{sign}{number} {symbol}',0,1,0,'0000-00-00 00:00:00',0,'0000-00-00 00:00:00',0,'0000-00-00 00:00:00',0),(156,1,'Zimbabwean dollar','','ZWD',932,0.00000,'Z$','2',',','','{number} {symbol}','{sign}{number} {symbol}',0,1,0,'0000-00-00 00:00:00',0,'0000-00-00 00:00:00',0,'0000-00-00 00:00:00',0),(158,1,'Armenian dram','','AMD',51,0.00000,'դր.','2',',','','{number} {symbol}','{sign}{number} {symbol}',0,1,0,'0000-00-00 00:00:00',0,'0000-00-00 00:00:00',0,'0000-00-00 00:00:00',0),(159,1,'Myanmar kyat','','MMK',104,0.00000,'K','2',',','','{number} {symbol}','{symbol} {sign}{number}',0,1,0,'0000-00-00 00:00:00',0,'0000-00-00 00:00:00',0,'0000-00-00 00:00:00',0),(160,1,'Croatian kuna','','HRK',191,0.00000,'kn','2',',','.','{number} {symbol}','{sign}{number} {symbol}',0,1,0,'0000-00-00 00:00:00',0,'0000-00-00 00:00:00',0,'0000-00-00 00:00:00',0),(161,1,'Eritrean nakfa','','ERN',232,0.00000,'Nfk','2',',','','{number} {symbol}','{sign}{number} {symbol}',0,1,0,'0000-00-00 00:00:00',0,'0000-00-00 00:00:00',0,'0000-00-00 00:00:00',0),(162,1,'Djiboutian franc','','DJF',262,0.00000,'Fr','0','','','{number} {symbol}','{sign}{number} {symbol}',0,1,0,'0000-00-00 00:00:00',0,'0000-00-00 00:00:00',0,'0000-00-00 00:00:00',0),(163,1,'Icelandic króna','','ISK',352,0.00000,'kr','2',',','','{number} {symbol}','{sign}{number} {symbol}',0,1,0,'0000-00-00 00:00:00',0,'0000-00-00 00:00:00',0,'0000-00-00 00:00:00',0),(164,1,'Kazakhstani tenge','','KZT',398,0.00000,'лв','2',',','','{number} {symbol}','{sign}{number} {symbol}',0,1,0,'0000-00-00 00:00:00',0,'0000-00-00 00:00:00',0,'0000-00-00 00:00:00',0),(165,1,'Kyrgyzstani som','','KGS',417,0.00000,'лв','2',',','','{number} {symbol}','{sign}{number} {symbol}',0,1,0,'0000-00-00 00:00:00',0,'0000-00-00 00:00:00',0,'0000-00-00 00:00:00',0),(166,1,'Latvian lats','','LVL',428,0.00000,'Ls','2',',','','{number} {symbol}','{sign}{number} {symbol}',0,1,0,'0000-00-00 00:00:00',0,'0000-00-00 00:00:00',0,'0000-00-00 00:00:00',0),(167,1,'Lithuanian litas','','LTL',440,0.00000,'Lt','2',',','','{number} {symbol}','{sign}{number} {symbol}',0,1,0,'0000-00-00 00:00:00',0,'0000-00-00 00:00:00',0,'0000-00-00 00:00:00',0),(168,1,'Mexican peso','','MXN',484,0.00000,'$','2',',','','{number} {symbol}','{sign}{number} {symbol}',0,1,0,'0000-00-00 00:00:00',0,'0000-00-00 00:00:00',0,'0000-00-00 00:00:00',0),(169,1,'Moldovan leu','','MDL',498,0.00000,'L','2',',','','{number} {symbol}','{sign}{number} {symbol}',0,1,0,'0000-00-00 00:00:00',0,'0000-00-00 00:00:00',0,'0000-00-00 00:00:00',0),(170,1,'Namibian dollar','','NAD',516,0.00000,'$','2',',','','{number} {symbol}','{sign}{number} {symbol}',0,1,0,'0000-00-00 00:00:00',0,'0000-00-00 00:00:00',0,'0000-00-00 00:00:00',0),(171,1,'Nicaraguan córdoba','','NIO',558,0.00000,'C$','2',',','','{number} {symbol}','{sign}{number} {symbol}',0,1,0,'0000-00-00 00:00:00',0,'0000-00-00 00:00:00',0,'0000-00-00 00:00:00',0),(172,1,'Ugandan shilling','','UGX',800,0.00000,'Sh','2',',','','{number} {symbol}','{sign}{number} {symbol}',0,1,0,'0000-00-00 00:00:00',0,'0000-00-00 00:00:00',0,'0000-00-00 00:00:00',0),(173,1,'Macedonian denar','','MKD',807,0.00000,'ден','2',',','','{number} {symbol}','{sign}{number} {symbol}',0,1,0,'0000-00-00 00:00:00',0,'0000-00-00 00:00:00',0,'0000-00-00 00:00:00',0),(174,1,'Uruguayan peso','','UYU',858,0.00000,'$','0','','','{symbol}number}','{symbol}{sign}{number}',0,1,0,'0000-00-00 00:00:00',0,'0000-00-00 00:00:00',0,'0000-00-00 00:00:00',0),(175,1,'Uzbekistani som','','UZS',860,0.00000,'лв','2',',','','{number} {symbol}','{sign}{number} {symbol}',0,1,0,'0000-00-00 00:00:00',0,'0000-00-00 00:00:00',0,'0000-00-00 00:00:00',0),(176,1,'Azerbaijani manat','','AZN',934,0.00000,'ман','2',',','','{number} {symbol}','{sign}{number} {symbol}',0,1,0,'0000-00-00 00:00:00',0,'0000-00-00 00:00:00',0,'0000-00-00 00:00:00',0),(177,1,'Ghanaian cedi','','GHS',936,0.00000,'₵','2',',','','{number} {symbol}','{sign}{number} {symbol}',0,1,0,'0000-00-00 00:00:00',0,'0000-00-00 00:00:00',0,'0000-00-00 00:00:00',0),(178,1,'Venezuelan bolívar','','VEF',937,0.00000,'Bs','2',',','','{number} {symbol}','{sign}{number} {symbol}',0,1,0,'0000-00-00 00:00:00',0,'0000-00-00 00:00:00',0,'0000-00-00 00:00:00',0),(179,1,'Sudanese pound','','SDG',938,0.00000,'£','2',',','','{number} {symbol}','{sign}{number} {symbol}',0,1,0,'0000-00-00 00:00:00',0,'0000-00-00 00:00:00',0,'0000-00-00 00:00:00',0),(180,1,'Uruguay Peso','','UYI',940,0.00000,'UYI','2',',','','{number} {symbol}','{sign}{number} {symbol}',0,1,0,'0000-00-00 00:00:00',0,'0000-00-00 00:00:00',0,'0000-00-00 00:00:00',0),(181,1,'Mozambican metical','','MZN',943,0.00000,'MT','2',',','','{number} {symbol}','{sign}{number} {symbol}',0,1,0,'0000-00-00 00:00:00',0,'0000-00-00 00:00:00',0,'0000-00-00 00:00:00',0),(182,1,'WIR Euro','','CHE',947,0.00000,'€','2',',','','{number} {symbol}','{sign}{number} {symbol}',0,1,0,'0000-00-00 00:00:00',0,'0000-00-00 00:00:00',0,'0000-00-00 00:00:00',0),(183,1,'WIR Franc','','CHW',948,0.00000,'CHW','2',',','','{number} {symbol}','{sign}{number} {symbol}',0,1,0,'0000-00-00 00:00:00',0,'0000-00-00 00:00:00',0,'0000-00-00 00:00:00',0),(184,1,'Central African CFA franc','','XAF',950,0.00000,'Fr','0','','','{number} {symbol}','{sign}{number} {symbol}',0,1,0,'0000-00-00 00:00:00',0,'0000-00-00 00:00:00',0,'0000-00-00 00:00:00',0),(185,1,'East Caribbean dollar','','XCD',951,0.00000,'$','2',',','','{number} {symbol}','{sign}{number} {symbol}',0,1,0,'0000-00-00 00:00:00',0,'0000-00-00 00:00:00',0,'0000-00-00 00:00:00',0),(186,1,'West African CFA franc','','XOF',952,0.00000,'Fr','2',',','','{number} {symbol}','{sign}{number} {symbol}',0,1,0,'0000-00-00 00:00:00',0,'0000-00-00 00:00:00',0,'0000-00-00 00:00:00',0),(187,1,'CFP franc','','XPF',953,0.00000,'Fr','2',',','','{number} {symbol}','{sign}{number} {symbol}',0,1,0,'0000-00-00 00:00:00',0,'0000-00-00 00:00:00',0,'0000-00-00 00:00:00',0),(188,1,'Surinamese dollar','','SRD',968,0.00000,'$','2',',','','{number} {symbol}','{sign}{number} {symbol}',0,1,0,'0000-00-00 00:00:00',0,'0000-00-00 00:00:00',0,'0000-00-00 00:00:00',0),(189,1,'Malagasy ariary','','MGA',969,0.00000,'MGA','2',',','','{number} {symbol}','{sign}{number} {symbol}',0,1,0,'0000-00-00 00:00:00',0,'0000-00-00 00:00:00',0,'0000-00-00 00:00:00',0),(190,1,'Unidad de Valor Real','','COU',970,0.00000,'COU','2',',','','{number} {symbol}','{sign}{number} {symbol}',0,1,0,'0000-00-00 00:00:00',0,'0000-00-00 00:00:00',0,'0000-00-00 00:00:00',0),(191,1,'Afghan afghani','','AFN',971,0.00000,'؋','2',',','','{number} {symbol}','{sign}{number} {symbol}',0,1,0,'0000-00-00 00:00:00',0,'0000-00-00 00:00:00',0,'0000-00-00 00:00:00',0),(192,1,'Tajikistani somoni','','TJS',972,0.00000,'ЅМ','2',',','','{number} {symbol}','{sign}{number} {symbol}',0,1,0,'0000-00-00 00:00:00',0,'0000-00-00 00:00:00',0,'0000-00-00 00:00:00',0),(193,1,'Angolan kwanza','','AOA',973,0.00000,'Kz','2',',','','{number} {symbol}','{sign}{number} {symbol}',0,1,0,'0000-00-00 00:00:00',0,'0000-00-00 00:00:00',0,'0000-00-00 00:00:00',0),(194,1,'Belarusian ruble','','BYR',974,0.00000,'p.','0','','','{number} {symbol}','{sign}{number} {symbol}',0,1,0,'0000-00-00 00:00:00',0,'0000-00-00 00:00:00',0,'0000-00-00 00:00:00',0),(195,1,'Bulgarian lev','','BGN',975,0.00000,'лв','2',',','','{number} {symbol}','{sign}{number} {symbol}',0,1,0,'0000-00-00 00:00:00',0,'0000-00-00 00:00:00',0,'0000-00-00 00:00:00',0),(196,1,'Congolese franc','','CDF',976,0.00000,'Fr','2',',','','{number} {symbol}','{sign}{number} {symbol}',0,1,0,'0000-00-00 00:00:00',0,'0000-00-00 00:00:00',0,'0000-00-00 00:00:00',0),(197,1,'Bosnia and Herzegovina convert','','BAM',977,0.00000,'KM','2',',','','{number} {symbol}','{sign}{number} {symbol}',0,1,0,'0000-00-00 00:00:00',0,'0000-00-00 00:00:00',0,'0000-00-00 00:00:00',0),(198,1,'Mexican Unid','','MXV',979,0.00000,'MXV','2',',','','{number} {symbol}','{sign}{number} {symbol}',0,1,0,'0000-00-00 00:00:00',0,'0000-00-00 00:00:00',0,'0000-00-00 00:00:00',0),(199,1,'Ukrainian hryvnia','','UAH',980,0.00000,'₴','2',',','','{number} {symbol}','{sign}{number} {symbol}',0,1,0,'0000-00-00 00:00:00',0,'0000-00-00 00:00:00',0,'0000-00-00 00:00:00',0),(200,1,'Georgian lari','','GEL',981,0.00000,'ლ','2',',','','{number} {symbol}','{sign}{number} {symbol}',0,1,0,'0000-00-00 00:00:00',0,'0000-00-00 00:00:00',0,'0000-00-00 00:00:00',0),(201,1,'Mvdol','','BOV',984,0.00000,'BOV','2',',','','{number} {symbol}','{sign}{number} {symbol}',0,1,0,'0000-00-00 00:00:00',0,'0000-00-00 00:00:00',0,'0000-00-00 00:00:00',0);

--
-- Table structure for table `fz6t4_virtuemart_customs`
--

CREATE TABLE `fz6t4_virtuemart_customs` (
  `virtuemart_custom_id` int unsigned NOT NULL AUTO_INCREMENT,
  `custom_parent_id` int unsigned NOT NULL DEFAULT '0',
  `virtuemart_vendor_id` int unsigned NOT NULL DEFAULT '1',
  `custom_jplugin_id` int NOT NULL DEFAULT '0',
  `custom_element` varchar(50) NOT NULL DEFAULT '',
  `admin_only` tinyint(1) NOT NULL DEFAULT '0' COMMENT '1:Display in admin only',
  `custom_title` varchar(255) NOT NULL DEFAULT '' COMMENT 'FIELD TITLE',
  `show_title` tinyint(1) NOT NULL DEFAULT '1',
  `custom_tip` varchar(255) NOT NULL DEFAULT '' COMMENT 'TIP',
  `custom_value` varchar(4095) DEFAULT NULL COMMENT 'DEFAULT VALUE',
  `custom_desc` varchar(4095) DEFAULT NULL COMMENT 'DESCRIPTION OR UNIT',
  `field_type` varchar(2) NOT NULL DEFAULT '0' COMMENT 'S:STRING,I:INT,P:PARENT, B:BOOL,D:DATE,T:TIME,H:HIDDEN',
  `is_list` tinyint(1) NOT NULL DEFAULT '0' COMMENT 'list of values',
  `is_hidden` tinyint(1) NOT NULL DEFAULT '0' COMMENT '1:hidden',
  `is_cart_attribute` tinyint(1) NOT NULL DEFAULT '0' COMMENT 'Add attributes to cart',
  `is_input` tinyint(1) NOT NULL DEFAULT '0' COMMENT 'Add input to cart',
  `searchable` tinyint(1) NOT NULL DEFAULT '0' COMMENT 'Available as search filter',
  `layout_pos` varchar(24) DEFAULT NULL COMMENT 'LAYOUT POSITION',
  `custom_params` text NOT NULL,
  `virtuemart_shoppergroup_id` varchar(255) NOT NULL,
  `shared` tinyint(1) NOT NULL DEFAULT '0' COMMENT 'valid for all vendors?',
  `published` tinyint(1) NOT NULL DEFAULT '1',
  `created_on` datetime NOT NULL DEFAULT '0000-00-00 00:00:00',
  `created_by` int NOT NULL DEFAULT '0',
  `ordering` int NOT NULL DEFAULT '0',
  `modified_on` datetime NOT NULL DEFAULT '0000-00-00 00:00:00',
  `modified_by` int NOT NULL DEFAULT '0',
  `locked_on` datetime NOT NULL DEFAULT '0000-00-00 00:00:00',
  `locked_by` int NOT NULL DEFAULT '0',
  PRIMARY KEY (`virtuemart_custom_id`),
  KEY `custom_parent_id` (`custom_parent_id`),
  KEY `virtuemart_vendor_id` (`virtuemart_vendor_id`),
  KEY `custom_element` (`custom_element`),
  KEY `field_type` (`field_type`),
  KEY `is_cart_attribute` (`is_cart_attribute`),
  KEY `is_input` (`is_input`),
  KEY `searchable` (`searchable`),
  KEY `shared` (`shared`),
  KEY `published` (`published`),
  KEY `ordering` (`ordering`)
) ENGINE=MyISAM AUTO_INCREMENT=5 DEFAULT CHARSET=utf8mb3 COMMENT='custom fields definition';

--
-- Dumping data for table `fz6t4_virtuemart_customs`
--

INSERT INTO `fz6t4_virtuemart_customs` VALUES (1,0,1,0,'',0,'COM_VIRTUEMART_RELATED_PRODUCTS',1,'COM_VIRTUEMART_RELATED_PRODUCTS_TIP','related_products','COM_VIRTUEMART_RELATED_PRODUCTS_DESC','R',0,0,0,0,0,NULL,'','',0,1,'2011-05-25 21:52:43',62,0,'2011-05-25 21:52:43',62,'0000-00-00 00:00:00',0),(2,0,1,0,'',0,'COM_VIRTUEMART_RELATED_CATEGORIES',1,'COM_VIRTUEMART_RELATED_CATEGORIES_TIP','related_categories','COM_VIRTUEMART_RELATED_CATEGORIES_DESC','Z',0,0,0,0,0,NULL,'','',0,1,'0000-00-00 00:00:00',0,0,'0000-00-00 00:00:00',0,'0000-00-00 00:00:00',0),(3,0,1,0,'0',0,'Katalog',1,'','','','R',0,0,0,0,0,'','waddtocart=\"0\"|wPrice=\"0\"|wImage=\"1\"|wDescr=\"0\"|width=\"\"|height=\"\"|','',0,1,'2020-11-26 06:23:59',676,0,'2020-11-26 06:25:27',676,'0000-00-00 00:00:00',0),(4,0,1,0,'0',0,'Catalog',1,'','','','S',0,0,0,0,0,'','addEmpty=0|selectType=0|multiplyPrice=\"\"|transform=\"\"|','',0,1,'2020-11-26 06:29:12',676,0,'2020-11-26 06:29:12',676,'0000-00-00 00:00:00',0);

--
-- Table structure for table `fz6t4_virtuemart_invoices`
--

CREATE TABLE `fz6t4_virtuemart_invoices` (
  `virtuemart_invoice_id` int unsigned NOT NULL AUTO_INCREMENT,
  `virtuemart_vendor_id` int unsigned NOT NULL DEFAULT '1',
  `virtuemart_order_id` int unsigned DEFAULT NULL,
  `invoice_number` varchar(64) DEFAULT NULL,
  `order_status` char(2) DEFAULT NULL,
  `xhtml` text,
  `o_hash` varchar(33) DEFAULT NULL,
  `created_on` datetime NOT NULL DEFAULT '0000-00-00 00:00:00',
  `created_by` int NOT NULL DEFAULT '0',
  `modified_on` datetime NOT NULL DEFAULT '0000-00-00 00:00:00',
  `modified_by` int NOT NULL DEFAULT '0',
  `locked_on` datetime NOT NULL DEFAULT '0000-00-00 00:00:00',
  `locked_by` int NOT NULL DEFAULT '0',
  PRIMARY KEY (`virtuemart_invoice_id`),
  UNIQUE KEY `invoice_number` (`invoice_number`,`virtuemart_vendor_id`),
  KEY `virtuemart_order_id` (`virtuemart_order_id`),
  KEY `virtuemart_vendor_id` (`virtuemart_vendor_id`)
) ENGINE=InnoDB DEFAULT CHARSET=utf8mb3 COMMENT='custom fields definition';

--
-- Dumping data for table `fz6t4_virtuemart_invoices`
--


--
-- Table structure for table `fz6t4_virtuemart_manufacturer_medias`
--

CREATE TABLE `fz6t4_virtuemart_manufacturer_medias` (
  `id` int unsigned NOT NULL AUTO_INCREMENT,
  `virtuemart_manufacturer_id` int unsigned NOT NULL DEFAULT '0',
  `virtuemart_media_id` int unsigned NOT NULL DEFAULT '0',
  `ordering` int NOT NULL DEFAULT '0',
  PRIMARY KEY (`id`),
  UNIQUE KEY `virtuemart_manufacturer_id` (`virtuemart_manufacturer_id`,`virtuemart_media_id`),
  KEY `ordering` (`ordering`)
) ENGINE=MyISAM AUTO_INCREMENT=13 DEFAULT CHARSET=utf8mb3;

--
-- Dumping data for table `fz6t4_virtuemart_manufacturer_medias`
--

INSERT INTO `fz6t4_virtuemart_manufacturer_medias` VALUES (10,2,53,1),(5,4,39,1),(4,3,38,1),(6,5,40,1),(7,6,41,1),(8,7,51,1),(9,1,52,1),(12,8,94,1);

--
-- Table structure for table `fz6t4_virtuemart_manufacturercategories`
--

CREATE TABLE `fz6t4_virtuemart_manufacturercategories` (
  `virtuemart_manufacturercategories_id` int unsigned NOT NULL AUTO_INCREMENT,
  `published` tinyint(1) NOT NULL DEFAULT '1',
  `created_on` datetime NOT NULL DEFAULT '0000-00-00 00:00:00',
  `created_by` int NOT NULL DEFAULT '0',
  `modified_on` datetime NOT NULL DEFAULT '0000-00-00 00:00:00',
  `modified_by` int NOT NULL DEFAULT '0',
  `locked_on` datetime NOT NULL DEFAULT '0000-00-00 00:00:00',
  `locked_by` int NOT NULL DEFAULT '0',
  PRIMARY KEY (`virtuemart_manufacturercategories_id`),
  KEY `published` (`published`)
) ENGINE=MyISAM DEFAULT CHARSET=utf8mb3 COMMENT='Manufacturers are assigned to these categories';

--
-- Dumping data for table `fz6t4_virtuemart_manufacturercategories`
--


--
-- Table structure for table `fz6t4_virtuemart_manufacturercategories_en_gb`
--

CREATE TABLE `fz6t4_virtuemart_manufacturercategories_en_gb` (
  `virtuemart_manufacturercategories_id` int unsigned NOT NULL,
  `mf_category_name` varchar(180) NOT NULL DEFAULT '',
  `mf_category_desc` varchar(19000) NOT NULL DEFAULT '',
  `slug` varchar(192) NOT NULL DEFAULT '',
  PRIMARY KEY (`virtuemart_manufacturercategories_id`),
  UNIQUE KEY `slug` (`slug`)
) ENGINE=MyISAM DEFAULT CHARSET=utf8mb3;

--
-- Dumping data for table `fz6t4_virtuemart_manufacturercategories_en_gb`
--


--
-- Table structure for table `fz6t4_virtuemart_manufacturercategories_tr_tr`
--

CREATE TABLE `fz6t4_virtuemart_manufacturercategories_tr_tr` (
  `virtuemart_manufacturercategories_id` int unsigned NOT NULL,
  `mf_category_name` varchar(180) NOT NULL DEFAULT '',
  `mf_category_desc` varchar(19000) NOT NULL DEFAULT '',
  `slug` varchar(192) NOT NULL DEFAULT '',
  PRIMARY KEY (`virtuemart_manufacturercategories_id`),
  UNIQUE KEY `slug` (`slug`)
) ENGINE=MyISAM DEFAULT CHARSET=utf8mb3;

--
-- Dumping data for table `fz6t4_virtuemart_manufacturercategories_tr_tr`
--


--
-- Table structure for table `fz6t4_virtuemart_manufacturers`
--

CREATE TABLE `fz6t4_virtuemart_manufacturers` (
  `virtuemart_manufacturer_id` int unsigned NOT NULL AUTO_INCREMENT,
  `virtuemart_manufacturercategories_id` int DEFAULT NULL,
  `metarobot` varchar(400) DEFAULT NULL,
  `metaauthor` varchar(400) DEFAULT NULL,
  `hits` int unsigned NOT NULL DEFAULT '0',
  `published` tinyint(1) NOT NULL DEFAULT '1',
  `created_on` datetime NOT NULL DEFAULT '0000-00-00 00:00:00',
  `created_by` int NOT NULL DEFAULT '0',
  `modified_on` datetime NOT NULL DEFAULT '0000-00-00 00:00:00',
  `modified_by` int NOT NULL DEFAULT '0',
  `locked_on` datetime NOT NULL DEFAULT '0000-00-00 00:00:00',
  `locked_by` int NOT NULL DEFAULT '0',
  PRIMARY KEY (`virtuemart_manufacturer_id`),
  UNIQUE KEY `virtuemart_manufacturercategories_id` (`virtuemart_manufacturer_id`,`virtuemart_manufacturercategories_id`),
  KEY `published` (`published`)
) ENGINE=MyISAM AUTO_INCREMENT=9 DEFAULT CHARSET=utf8mb3 COMMENT='Manufacturers are those who deliver products';

--
-- Dumping data for table `fz6t4_virtuemart_manufacturers`
--

INSERT INTO `fz6t4_virtuemart_manufacturers` VALUES (1,0,'','',0,0,'2014-08-02 06:54:40',676,'2017-11-05 11:30:14',676,'0000-00-00 00:00:00',0),(2,0,NULL,NULL,0,0,'2014-08-02 06:57:15',676,'2014-08-02 09:25:33',676,'0000-00-00 00:00:00',0),(3,0,NULL,NULL,0,0,'2014-08-02 07:00:18',676,'2014-08-02 07:02:20',676,'0000-00-00 00:00:00',0),(4,0,NULL,NULL,0,1,'2014-08-02 07:05:31',676,'2014-08-02 07:05:51',676,'0000-00-00 00:00:00',0),(6,0,NULL,NULL,0,1,'2014-08-02 07:06:31',676,'2014-08-02 07:06:42',676,'0000-00-00 00:00:00',0),(7,0,'','',0,0,'2014-08-02 09:22:22',676,'2017-11-09 09:36:03',676,'0000-00-00 00:00:00',0),(8,0,'','',0,1,'2019-09-16 09:07:30',676,'2019-09-16 09:16:48',676,'0000-00-00 00:00:00',0);

--
-- Table structure for table `fz6t4_virtuemart_manufacturers_en_gb`
--

CREATE TABLE `fz6t4_virtuemart_manufacturers_en_gb` (
  `virtuemart_manufacturer_id` int unsigned NOT NULL,
  `mf_name` varchar(180) NOT NULL DEFAULT '',
  `mf_email` varchar(255) NOT NULL DEFAULT '',
  `mf_desc` varchar(19000) NOT NULL DEFAULT '',
  `mf_url` varchar(255) NOT NULL DEFAULT '',
  `metadesc` varchar(400) NOT NULL DEFAULT '',
  `metakey` varchar(400) NOT NULL DEFAULT '',
  `customtitle` varchar(255) NOT NULL DEFAULT '',
  `slug` varchar(192) NOT NULL DEFAULT '',
  PRIMARY KEY (`virtuemart_manufacturer_id`),
  UNIQUE KEY `slug` (`slug`)
) ENGINE=MyISAM DEFAULT CHARSET=utf8mb3;

--
-- Dumping data for table `fz6t4_virtuemart_manufacturers_en_gb`
--

INSERT INTO `fz6t4_virtuemart_manufacturers_en_gb` VALUES (1,'Panasonic','','','http://industry.panasonic.com','','','','panasonic'),(2,'Mirae','','','','','','','mirae'),(3,'Kester','','','http://www.kester.com','','','','kester'),(4,'DDM NOVASTAR','','','http://www.ddmnovastar.com','','','','ddm-novastar'),(6,'Tolo','','','','','','','tolo'),(7,'Aqueous','','','','','','','70aqueous'),(8,'3S Technologies','info@3s-technologies.com.tr','','www.3s-technologies.com.tr','','','','3s');

--
-- Table structure for table `fz6t4_virtuemart_manufacturers_tr_tr`
--

CREATE TABLE `fz6t4_virtuemart_manufacturers_tr_tr` (
  `virtuemart_manufacturer_id` int unsigned NOT NULL,
  `mf_name` varchar(180) NOT NULL DEFAULT '',
  `mf_email` varchar(255) NOT NULL DEFAULT '',
  `mf_desc` varchar(19000) NOT NULL DEFAULT '',
  `mf_url` varchar(255) NOT NULL DEFAULT '',
  `metadesc` varchar(400) NOT NULL DEFAULT '',
  `metakey` varchar(400) NOT NULL DEFAULT '',
  `customtitle` varchar(255) NOT NULL DEFAULT '',
  `slug` varchar(192) NOT NULL DEFAULT '',
  PRIMARY KEY (`virtuemart_manufacturer_id`),
  UNIQUE KEY `slug` (`slug`)
) ENGINE=MyISAM DEFAULT CHARSET=utf8mb3;

--
-- Dumping data for table `fz6t4_virtuemart_manufacturers_tr_tr`
--

INSERT INTO `fz6t4_virtuemart_manufacturers_tr_tr` VALUES (1,'Panasonic','','','http://industry.panasonic.com','','','','panasonic'),(2,'Mirae','','','http://www.mirae.com','','','','mirae'),(3,'Kester','','','http://www.kester.com','','','','kester'),(4,'DDM NOVASTAR','','','http://www.ddmnovastar.com','','','','ddm-novastar'),(6,'Tolo','','','','','','','tolo'),(7,'Aqueous','','','http://www.aqueoustech.com','','','','aqueous');

--
-- Table structure for table `fz6t4_virtuemart_medias`
--

CREATE TABLE `fz6t4_virtuemart_medias` (
  `virtuemart_media_id` int unsigned NOT NULL AUTO_INCREMENT,
  `virtuemart_vendor_id` int unsigned NOT NULL DEFAULT '1',
  `file_title` varchar(126) NOT NULL DEFAULT '',
  `file_description` varchar(254) NOT NULL DEFAULT '',
  `file_meta` varchar(254) NOT NULL DEFAULT '',
  `file_class` varchar(64) NOT NULL DEFAULT '',
  `file_mimetype` varchar(64) NOT NULL DEFAULT '',
  `file_type` varchar(32) NOT NULL DEFAULT '',
  `file_url` varchar(900) NOT NULL DEFAULT '',
  `file_url_thumb` varchar(900) NOT NULL DEFAULT '',
  `file_is_product_image` tinyint(1) NOT NULL DEFAULT '0',
  `file_is_downloadable` tinyint(1) NOT NULL DEFAULT '0',
  `file_is_forSale` tinyint(1) NOT NULL DEFAULT '0',
  `file_params` varchar(12287) NOT NULL DEFAULT '',
  `file_lang` varchar(500) NOT NULL DEFAULT '',
  `shared` tinyint(1) NOT NULL DEFAULT '0',
  `published` tinyint(1) NOT NULL DEFAULT '1',
  `created_on` datetime NOT NULL DEFAULT '0000-00-00 00:00:00',
  `created_by` int NOT NULL DEFAULT '0',
  `modified_on` datetime NOT NULL DEFAULT '0000-00-00 00:00:00',
  `modified_by` int NOT NULL DEFAULT '0',
  `locked_on` datetime NOT NULL DEFAULT '0000-00-00 00:00:00',
  `locked_by` int NOT NULL DEFAULT '0',
  PRIMARY KEY (`virtuemart_media_id`),
  KEY `virtuemart_vendor_id` (`virtuemart_vendor_id`),
  KEY `published` (`published`),
  KEY `file_type` (`file_type`),
  KEY `shared` (`shared`)
) ENGINE=MyISAM AUTO_INCREMENT=142 DEFAULT CHARSET=utf8mb3 COMMENT='Additional Images and Files which are assigned to products';

--
-- Dumping data for table `fz6t4_virtuemart_medias`
--

INSERT INTO `fz6t4_virtuemart_medias` VALUES (1,1,'5-aps_kobi.jpg','','','','image/jpeg','category','images/stories/virtuemart/category/5-aps_kobi.jpg','',0,0,0,'','',0,1,'2014-08-01 09:00:50',676,'2014-08-01 09:00:50',676,'0000-00-00 00:00:00',0),(2,1,'5-aps_kobi4.jpg','','','','image/jpeg','category','images/stories/virtuemart/category/5-aps_kobi4.jpg','images/stories/virtuemart/category/resized/',0,0,0,'','',0,1,'2014-08-01 09:02:45',676,'2014-08-01 13:49:23',676,'0000-00-00 00:00:00',0),(3,1,'2-mx100-400.jpg','','','','image/jpeg','category','images/stories/virtuemart/category/2-mx100-400.jpg','',0,0,0,'','',0,1,'2014-08-01 09:04:13',676,'2016-12-08 14:45:19',676,'0000-00-00 00:00:00',0),(4,1,'le40v_300dpi.jpg','','','','image/jpeg','product','images/stories/virtuemart/product/le40v_300dpi.jpg','',0,0,0,'','',0,1,'2014-08-01 11:37:24',676,'2014-08-01 11:37:24',676,'0000-00-00 00:00:00',0),(5,1,'le40v_300dpi.jpg_product','','','','image/jpeg','product','images/stories/virtuemart/product/le40v_300dpi3.jpg','',0,0,0,'','',0,1,'2014-08-01 11:38:33',676,'2014-08-01 11:38:33',676,'0000-00-00 00:00:00',0),(6,1,'le40v_300dpi.jpg_product_product','','','','image/jpeg','product','images/stories/virtuemart/product/le40v_400x214.jpg','',0,0,0,'','',0,1,'2014-08-01 11:39:13',676,'2020-02-17 06:57:18',676,'0000-00-00 00:00:00',0),(7,1,'cowboy_hat.jpg','cowboy_hat.jpg','cowboy_hat.jpg','','image/jpeg','product','images/stories/virtuemart/product/cowboy_hat.jpg','',0,0,0,'','',0,1,'2014-08-01 13:18:48',676,'2014-08-01 13:18:48',676,'0000-00-00 00:00:00',0),(8,1,'jacket_classic.jpg','jacket_classic.jpg','jacket_classic.jpg','','image/jpeg','product','images/stories/virtuemart/product/jacket_classic.jpg','',0,0,0,'','',0,1,'2014-08-01 13:18:48',676,'2014-08-01 13:18:48',676,'0000-00-00 00:00:00',0),(9,1,'marinecap.jpg','marinecap.jpg','marinecap.jpg','','image/jpeg','product','images/stories/virtuemart/product/marinecap.jpg','',0,0,0,'','',0,1,'2014-08-01 13:18:48',676,'2014-08-01 13:18:48',676,'0000-00-00 00:00:00',0),(10,1,'wide_dress_2.jpg','wide_dress_2.jpg','wide_dress_2.jpg','','image/jpeg','product','images/stories/virtuemart/product/wide_dress_2.jpg','',0,0,0,'','',0,1,'2014-08-01 13:18:48',676,'2014-08-01 13:18:48',676,'0000-00-00 00:00:00',0),(11,1,'baseballcap.jpg','baseballcap.jpg','baseballcap.jpg','','image/jpeg','product','images/stories/virtuemart/product/baseballcap.jpg','',0,0,0,'','',0,1,'2014-08-01 13:18:48',676,'2014-08-01 13:18:48',676,'0000-00-00 00:00:00',0),(12,1,'cap.jpg','cap.jpg','cap.jpg','','image/jpeg','product','images/stories/virtuemart/product/cap.jpg','',0,0,0,'','',0,1,'2014-08-01 13:18:48',676,'2014-08-01 13:18:48',676,'0000-00-00 00:00:00',0),(13,1,'poncho.jpg','poncho.jpg','poncho.jpg','','image/jpeg','product','images/stories/virtuemart/product/poncho.jpg','',0,0,0,'','',0,1,'2014-08-01 13:18:48',676,'2014-08-01 13:18:48',676,'0000-00-00 00:00:00',0),(14,1,'cart_logo.jpg','cart_logo.jpg','cart_logo.jpg','','image/jpeg','product','images/stories/virtuemart/product/cart_logo.jpg','',0,0,0,'','',0,1,'2014-08-01 13:18:48',676,'2014-08-01 13:18:48',676,'0000-00-00 00:00:00',0),(15,1,'classic_hat.jpg','classic_hat.jpg','classic_hat.jpg','','image/jpeg','product','images/stories/virtuemart/product/classic_hat.jpg','',0,0,0,'','',0,1,'2014-08-01 13:18:48',676,'2014-08-01 13:18:48',676,'0000-00-00 00:00:00',0),(16,1,'dress.jpg','dress.jpg','dress.jpg','','image/jpeg','product','images/stories/virtuemart/product/dress.jpg','',0,0,0,'','',0,1,'2014-08-01 13:18:48',676,'2014-08-01 13:18:48',676,'0000-00-00 00:00:00',0),(17,1,'santa_cap.jpg','santa_cap.jpg','santa_cap.jpg','','image/jpeg','product','images/stories/virtuemart/product/santa_cap.jpg','',0,0,0,'','',0,1,'2014-08-01 13:18:48',676,'2014-08-01 13:18:48',676,'0000-00-00 00:00:00',0),(18,1,'jumper.jpg','jumper.jpg','jumper.jpg','','image/jpeg','product','images/stories/virtuemart/product/jumper.jpg','',0,0,0,'','',0,1,'2014-08-01 13:18:48',676,'2014-08-01 13:18:48',676,'0000-00-00 00:00:00',0),(19,1,'derbyhat.jpg','derbyhat.jpg','derbyhat.jpg','','image/jpeg','product','images/stories/virtuemart/product/derbyhat.jpg','',0,0,0,'','',0,1,'2014-08-01 13:18:48',676,'2014-08-01 13:18:48',676,'0000-00-00 00:00:00',0),(20,1,'cap6.jpg','cap6.jpg','cap6.jpg','','image/jpeg','category','images/stories/virtuemart/category/cap6.jpg','',0,0,0,'','',0,1,'2014-08-01 13:18:48',676,'2014-08-01 13:18:48',676,'0000-00-00 00:00:00',0),(21,1,'jacket_classic7.jpg','jacket_classic7.jpg','jacket_classic7.jpg','','image/jpeg','category','images/stories/virtuemart/category/jacket_classic7.jpg','',0,0,0,'','',0,1,'2014-08-01 13:18:48',676,'2014-08-01 13:18:48',676,'0000-00-00 00:00:00',0),(22,1,'student_hat_16.jpg','student_hat_16.jpg','student_hat_16.jpg','','image/jpeg','category','images/stories/virtuemart/category/student_hat_16.jpg','',0,0,0,'','',0,1,'2014-08-01 13:18:48',676,'2014-08-01 13:18:48',676,'0000-00-00 00:00:00',0),(23,1,'hat_category8.jpg','hat_category8.jpg','hat_category8.jpg','','image/jpeg','category','images/stories/virtuemart/category/hat_category8.jpg','',0,0,0,'','',0,1,'2014-08-01 13:18:48',676,'2014-08-01 13:18:48',676,'0000-00-00 00:00:00',0),(24,1,'black_dress_2.jpg','black_dress_2.jpg','black_dress_2.jpg','','image/jpeg','category','images/stories/virtuemart/category/black_dress_2.jpg','',0,0,0,'','',0,1,'2014-08-01 13:18:48',676,'2014-08-01 13:18:48',676,'0000-00-00 00:00:00',0),(25,1,'manufacturer.jpg','manufacturer.jpg','manufacturer.jpg','','image/jpeg','manufacturer','images/stories/virtuemart/manufacturer/manufacturer.jpg','',0,0,0,'','',0,1,'2014-08-01 13:18:48',676,'2014-08-01 13:18:48',676,'0000-00-00 00:00:00',0),(26,1,'manufacturersample.jpg','manufacturersample.jpg','manufacturersample.jpg','','image/jpeg','manufacturer','images/stories/virtuemart/manufacturer/manufacturersample.jpg','',0,0,0,'','',0,1,'2014-08-01 13:18:48',676,'2014-08-01 13:18:48',676,'0000-00-00 00:00:00',0),(27,1,'vendor.gif','vendor.gif','vendor.gif','','image/gif','vendor','images/stories/virtuemart/vendor/vendor.gif','',0,0,0,'','',0,1,'2014-08-01 13:18:48',676,'2014-08-01 13:18:48',676,'0000-00-00 00:00:00',0),(28,1,'le40v_400x214.jpg','','','','image/jpeg','category','images/stories/virtuemart/category/le40v_400x214.jpg','',0,0,0,'','',0,1,'2014-08-01 13:51:18',676,'2022-07-26 11:56:12',676,'0000-00-00 00:00:00',0),(29,1,'mx200.jpg','','','','image/jpeg','product','images/stories/virtuemart/product/mx200.jpg','',0,0,0,'','',0,1,'2014-08-01 14:14:37',676,'2014-08-01 14:14:37',676,'0000-00-00 00:00:00',0),(30,1,'mx200.jpg_product','','','','image/jpeg','product','images/stories/virtuemart/product/mx2009.jpg','',0,0,0,'','',0,1,'2014-08-01 14:15:51',676,'2014-08-01 14:15:51',676,'0000-00-00 00:00:00',0),(31,1,'mx200.jpg_product_product','','','','image/jpeg','product','images/stories/virtuemart/product/mx2007.jpg','',0,0,0,'','',0,1,'2014-08-01 14:16:28',676,'2014-08-01 14:16:28',676,'0000-00-00 00:00:00',0),(32,1,'mx2008.jpg','','','','image/jpeg','product','images/stories/virtuemart/product/mx2008.jpg','',0,0,0,'','',0,1,'2014-08-01 14:17:28',676,'2014-08-01 14:17:28',676,'0000-00-00 00:00:00',0),(33,1,'mx200.jpg_product_product_product','','','','image/jpeg','product','images/stories/virtuemart/product/mx200.jpg','images/stories/virtuemart/product/mx200.jpg',0,0,0,'','',0,1,'2014-08-01 14:18:14',676,'2014-08-02 07:07:40',676,'0000-00-00 00:00:00',0),(34,1,'npm-1.jpg','','','','image/jpeg','category','images/stories/virtuemart/category/npm-1.jpg','images/stories/virtuemart/category/npm-1.jpg',0,0,0,'','',0,1,'2014-08-02 06:38:50',676,'2014-08-02 06:43:13',676,'0000-00-00 00:00:00',0),(35,1,'logo-panasonic.jpg','','','','image/jpeg','manufacturer','images/stories/virtuemart/manufacturer/logo-panasonic.jpg','images/stories/virtuemart/manufacturer/logo-panasonic.jpg',0,0,0,'','',0,1,'2014-08-02 06:54:40',676,'2014-08-02 06:58:10',676,'0000-00-00 00:00:00',0),(36,1,'logo.gif','','','','image/gif','manufacturer','images/stories/virtuemart/manufacturer/logo.gif','images/stories/virtuemart/manufacturer/logo.gif',0,0,0,'','',0,1,'2014-08-02 06:57:15',676,'2014-08-02 09:24:40',676,'0000-00-00 00:00:00',0),(37,1,'kester-logo.jpg','','','','image/jpeg','manufacturer','images/stories/virtuemart/manufacturer/kester-logo.jpg','',0,0,0,'','',0,1,'2014-08-02 07:00:18',676,'2014-08-02 07:02:20',676,'0000-00-00 00:00:00',0),(38,1,'kester-logo.jpg_manufacturer','','','','image/jpeg','manufacturer','images/stories/virtuemart/manufacturer/kester-logo2.jpg','',0,0,0,'','',0,1,'2014-08-02 07:01:52',676,'2014-08-02 07:01:52',676,'0000-00-00 00:00:00',0),(39,1,'logo-ddm.jpg','','','','image/jpeg','manufacturer','images/stories/virtuemart/manufacturer/logo-ddm.jpg','',0,0,0,'','',0,1,'2014-08-02 07:05:31',676,'2014-08-02 07:05:51',676,'0000-00-00 00:00:00',0),(40,1,'logo-ddm2.jpg','','','','image/jpeg','manufacturer','images/stories/virtuemart/manufacturer/logo-ddm2.jpg','',0,0,0,'','',0,1,'2014-08-02 07:05:53',676,'2014-08-02 07:05:53',676,'0000-00-00 00:00:00',0),(41,1,'tolo_logo.jpg','','','','image/jpeg','manufacturer','images/stories/virtuemart/manufacturer/tolo_logo.jpg','',0,0,0,'','',0,1,'2014-08-02 07:06:31',676,'2014-08-02 07:06:42',676,'0000-00-00 00:00:00',0),(42,1,'cm602.png','','','','image/png','product','images/stories/virtuemart/product/cm602.png','',0,0,0,'','',0,1,'2014-08-02 07:30:30',676,'2014-08-02 07:39:36',676,'0000-00-00 00:00:00',0),(43,1,'npm-1.jpg_category','','','','image/jpeg','category','images/stories/virtuemart/category/npm.jpg','',0,0,0,'','',0,1,'2014-08-02 07:36:04',676,'2020-11-21 22:48:17',676,'0000-00-00 00:00:00',0),(44,1,'sp18.jpg','','','','image/jpeg','category','images/stories/virtuemart/category/sp18.jpg','',0,0,0,'','',0,1,'2014-08-02 07:46:40',676,'2016-12-08 14:46:12',676,'0000-00-00 00:00:00',0),(45,1,'t_ly8c.jpg','','','','image/jpeg','category','images/stories/virtuemart/category/t_ly8c.jpg','',0,0,0,'','',0,1,'2014-08-02 07:47:58',676,'2016-12-08 14:44:17',676,'0000-00-00 00:00:00',0),(46,1,'avk3_1m.jpg','','','','image/jpeg','category','images/stories/virtuemart/category/avk3_1m.jpg','',0,0,0,'','',0,1,'2014-08-02 07:50:16',676,'2016-12-08 15:32:09',676,'0000-00-00 00:00:00',0),(47,1,'t_mi300.jpg','','','','image/jpeg','category','images/stories/virtuemart/category/t_mi300.jpg','',0,0,0,'','',0,1,'2014-08-02 07:52:35',676,'2020-11-21 22:49:30',676,'0000-00-00 00:00:00',0),(48,1,'ess-310-left-400x464.jpg','','','','image/jpeg','category','images/stories/virtuemart/category/ess-310-left-400x464.jpg','',0,0,0,'','',0,1,'2014-08-02 07:58:27',676,'2016-12-08 14:54:14',676,'0000-00-00 00:00:00',0),(49,1,'trident_full_view.jpg','','','','image/jpeg','category','images/stories/virtuemart/category/trident_full_view.jpg','',0,0,0,'','',0,1,'2014-08-02 09:19:38',676,'2016-12-08 14:43:52',676,'0000-00-00 00:00:00',0),(50,1,'t_pb3_s.jpg','','','','image/jpeg','category','images/stories/virtuemart/category/t_pb3_s.jpg','',0,0,0,'','',0,1,'2014-08-02 09:21:12',676,'2016-12-08 14:53:40',676,'0000-00-00 00:00:00',0),(51,1,'index_01.jpg','','','','image/jpeg','manufacturer','images/stories/virtuemart/manufacturer/index_01.jpg','',0,0,0,'','',0,1,'2014-08-02 09:22:22',676,'2017-11-09 09:36:03',676,'0000-00-00 00:00:00',0),(52,1,'logo-panasonic.jpg_manufacturer','','','','image/jpeg','manufacturer','images/stories/virtuemart/manufacturer/logo-panasonic6.jpg','',0,0,0,'','',0,1,'2014-08-02 09:23:19',676,'2017-11-05 11:30:14',676,'0000-00-00 00:00:00',0),(53,1,'logo.gif_manufacturer','','','','image/gif','manufacturer','images/stories/virtuemart/manufacturer/mirae_logo.gif','',0,0,0,'','',0,1,'2014-08-02 09:25:33',676,'2014-08-02 09:25:33',676,'0000-00-00 00:00:00',0),(54,1,'k_all.png','','','','image/png','category','images/stories/virtuemart/category/k_all.png','',0,0,0,'','',0,1,'2014-08-02 09:35:53',676,'2016-12-08 14:52:56',676,'0000-00-00 00:00:00',0),(55,1,'rhii_640x420.jpg','','','','image/jpeg','category','images/stories/virtuemart/category/rhii_640x420.jpg','',0,0,0,'','',0,1,'2014-08-02 09:41:05',676,'2016-12-08 14:54:48',676,'0000-00-00 00:00:00',0),(56,1,'av132.jpg','','','','image/jpeg','product','images/stories/virtuemart/product/av132.jpg','',0,0,0,'','',0,1,'2014-08-02 10:52:19',676,'2020-02-16 20:57:15',676,'0000-00-00 00:00:00',0),(57,1,'rl132.jpg','','','','image/jpeg','product','images/stories/virtuemart/product/rl132.jpg','',0,0,0,'','',0,1,'2014-08-02 10:59:44',676,'2020-11-26 07:57:22',676,'0000-00-00 00:00:00',0),(58,1,'jv131.jpg','','','','image/jpeg','product','images/stories/virtuemart/product/jv131.jpg','',0,0,0,'','',0,1,'2014-08-02 11:14:41',676,'2020-02-16 20:22:49',676,'0000-00-00 00:00:00',0),(59,1,'cs-40.gif','','','','image/gif','product','images/stories/virtuemart/product/cs-40.gif','',0,0,0,'','',0,1,'2014-08-02 12:48:21',676,'2020-02-17 06:54:46',676,'0000-00-00 00:00:00',0),(60,1,'ls60v.gif','','','','image/gif','product','images/stories/virtuemart/product/ls60v.gif','',0,0,0,'','',0,1,'2014-08-02 12:52:00',676,'2020-02-16 21:58:43',676,'0000-00-00 00:00:00',0),(61,1,'am100.jpg','','','','image/jpeg','product','images/stories/virtuemart/product/lps-c.jpg','',0,0,0,'','',0,1,'2014-08-02 13:03:59',676,'2020-02-11 14:04:36',676,'0000-00-00 00:00:00',0),(62,1,'sp18.jpg','','','','image/jpeg','product','images/stories/virtuemart/product/sp18.jpg','',0,0,0,'','',0,1,'2014-08-02 13:17:31',676,'2020-02-11 19:03:52',676,'0000-00-00 00:00:00',0),(63,1,'t_asp-300.jpg','','','','image/jpeg','product','images/stories/virtuemart/product/t_asp-300.jpg','',0,0,0,'','',0,1,'2014-08-02 13:22:22',676,'2014-08-03 19:55:39',676,'0000-00-00 00:00:00',0),(64,1,'t_ly8c.jpg','','','','image/jpeg','product','images/stories/virtuemart/product/t_ly8c.jpg','',0,0,0,'','',0,1,'2014-08-02 13:26:06',676,'2020-02-17 07:50:14',676,'0000-00-00 00:00:00',0),(65,1,'kopyası-gf-12ht.gif','','','','image/gif','product','images/stories/virtuemart/product/kopyası-gf-12ht.gif','',0,0,0,'','',0,1,'2014-08-02 13:31:05',676,'2020-02-16 21:40:24',676,'0000-00-00 00:00:00',0),(66,1,'t_mi300.jpg','','','','image/jpeg','product','images/stories/virtuemart/product/t_mi300.jpg','',0,0,0,'','',0,1,'2014-08-02 13:49:31',676,'2020-02-11 19:26:30',676,'0000-00-00 00:00:00',0),(67,1,'lfs-1-photo.gif','','','','image/gif','product','images/stories/virtuemart/product/lfs-1-photo.gif','',0,0,0,'','',0,1,'2014-08-03 07:06:22',676,'2020-02-11 19:23:04',676,'0000-00-00 00:00:00',0),(68,1,'avb_1.jpg','','','','image/jpeg','product','images/stories/virtuemart/product/avb_1.jpg','',0,0,0,'','',0,1,'2014-08-03 07:25:37',676,'2020-02-17 09:17:24',676,'0000-00-00 00:00:00',0),(69,1,'avb_12.jpg','','','','image/jpeg','product','images/stories/virtuemart/product/avb_12.jpg','',0,0,0,'','',0,1,'2014-08-03 09:26:39',676,'2020-02-17 09:20:08',676,'0000-00-00 00:00:00',0),(70,1,'rh6-400x300.jpg','','','','image/jpeg','product','images/stories/virtuemart/product/rh6-400x300.jpg','',0,0,0,'','',0,1,'2014-08-03 09:43:00',676,'2020-02-17 09:42:11',676,'0000-00-00 00:00:00',0),(71,1,'rhii_640x420.jpg','','','','image/jpeg','product','images/stories/virtuemart/product/rhii_640x420.jpg','',0,0,0,'','',0,1,'2014-08-03 09:55:07',676,'2020-02-17 10:27:33',676,'0000-00-00 00:00:00',0),(72,1,'jvk.jpg','','','','image/jpeg','product','images/stories/virtuemart/product/jvk.jpg','',0,0,0,'','',0,1,'2014-08-03 10:05:51',676,'2020-02-17 08:55:45',676,'0000-00-00 00:00:00',0),(73,1,'trident_full_view.jpg','','','','image/jpeg','product','images/stories/virtuemart/product/trident_full_view.jpg','',0,0,0,'','',0,1,'2014-08-03 10:20:06',676,'2014-08-03 20:12:24',676,'0000-00-00 00:00:00',0),(74,1,'ess-310-left-400x464.jpg','','','','image/jpeg','product','images/stories/virtuemart/product/ess-310-left-400x464.jpg','',0,0,0,'','',0,1,'2014-08-03 10:32:32',676,'2020-02-17 08:09:23',676,'0000-00-00 00:00:00',0),(75,1,'k_cwt.png','','','','image/png','category','images/stories/virtuemart/category/k_cwt.png','',0,0,0,'','',0,1,'2014-08-03 10:50:44',676,'2014-08-03 10:51:02',676,'0000-00-00 00:00:00',0),(76,1,'k_sb_2.png','','','','image/png','category','images/stories/virtuemart/category/k_sb_2.png','',0,0,0,'','',0,1,'2014-08-03 10:52:42',676,'2014-08-03 10:52:56',676,'0000-00-00 00:00:00',0),(77,1,'k_fl.png','','','','image/png','category','images/stories/virtuemart/category/k_fl.png','',0,0,0,'','',0,1,'2014-08-03 10:54:37',676,'2014-08-03 10:54:59',676,'0000-00-00 00:00:00',0),(78,1,'k_kr907_s.png','','','','image/png','category','images/stories/virtuemart/category/k_kr907_s.png','',0,0,0,'','',0,1,'2014-08-03 10:55:51',676,'2014-08-03 11:55:34',676,'0000-00-00 00:00:00',0),(79,1,'k_solder-bar_.png','','','','image/png','product','images/stories/virtuemart/product/k_solder-bar_.png','',0,0,0,'','',0,1,'2014-08-03 11:13:18',676,'2014-08-03 20:26:25',676,'0000-00-00 00:00:00',0),(80,1,'k_solder-bar_3.png','','','','image/png','product','images/stories/virtuemart/product/k_solder-bar_3.png','',0,0,0,'','',0,1,'2014-08-03 11:13:37',676,'2014-08-03 20:27:28',676,'0000-00-00 00:00:00',0),(81,1,'k_cwlf.png','','','','image/png','product','images/stories/virtuemart/product/k_cwlf.png','',0,0,0,'','',0,1,'2014-08-03 11:16:41',676,'2014-08-07 08:07:11',676,'0000-00-00 00:00:00',0),(82,1,'paste_1.jpg','','','','image/jpeg','product','images/stories/virtuemart/product/paste_1.jpg','',0,0,0,'','',0,1,'2014-08-03 11:28:57',676,'2014-08-03 20:31:35',676,'0000-00-00 00:00:00',0),(83,1,'k_fl.png','','','','image/png','product','images/stories/virtuemart/product/k_fl.png','',0,0,0,'','',0,1,'2014-08-03 11:58:35',676,'2014-08-03 20:32:40',676,'0000-00-00 00:00:00',0),(84,1,'mx200.jpg_product_product_product_product','','','','image/gif','product','images/stories/virtuemart/product/mirae-mx_400_s.gif','',0,0,0,'','',0,1,'2014-08-03 12:45:07',676,'2014-08-03 19:48:54',676,'0000-00-00 00:00:00',0),(85,1,'cm602.png_product','','','','image/jpeg','product','images/stories/virtuemart/product/npm.jpg','',0,0,0,'','',0,1,'2014-08-03 12:49:41',676,'2020-02-11 13:56:13',676,'0000-00-00 00:00:00',0),(86,1,'spr-20.gif','','','','image/gif','product','images/stories/virtuemart/product/spr-20.gif','',0,0,0,'','',0,1,'2014-08-03 18:37:47',676,'2020-02-17 07:37:13',676,'0000-00-00 00:00:00',0),(87,1,'spr-20.gif_product','','','','image/jpeg','product','images/stories/virtuemart/product/spr-25.jpg','',0,0,0,'','',0,1,'2014-08-03 18:40:24',676,'2020-02-17 07:41:49',676,'0000-00-00 00:00:00',0),(88,1,'spr-20.gif_product_product','','','','image/gif','product','images/stories/virtuemart/product/spr-45va.gif','',0,0,0,'','',0,1,'2014-08-03 18:45:36',676,'2020-02-17 07:46:05',676,'0000-00-00 00:00:00',0),(89,1,'spartan_8s.gif','','','','image/gif','product','images/stories/virtuemart/product/spartan_8s.gif','',0,0,0,'','',0,1,'2014-08-03 19:13:20',676,'2020-02-17 07:57:14',676,'0000-00-00 00:00:00',0),(90,1,'spartan_8s.gif_product','','','','image/jpeg','product','images/stories/virtuemart/product/spartan12s-400x268.jpg','',0,0,0,'','',0,1,'2014-08-03 19:17:26',676,'2020-02-17 08:05:01',676,'0000-00-00 00:00:00',0),(91,1,'a_stencilwasher-eco_s.jpg','','','','image/jpeg','product','images/stories/virtuemart/product/a_stencilwasher-eco_s.jpg','',0,0,0,'','',0,1,'2014-08-03 20:35:53',676,'2014-08-03 20:49:44',676,'0000-00-00 00:00:00',0),(92,1,'zero-g3.jpg','','','','image/jpeg','product','images/stories/virtuemart/product/zero-g3.jpg','',0,0,0,'','',0,1,'2014-08-03 20:52:43',676,'2014-08-03 21:10:26',676,'0000-00-00 00:00:00',0),(93,1,'logo-3S.jpg','','','','image/png','manufacturer','images/stories/virtuemart/manufacturer/3s-logo-2-400x88.png','',0,0,0,'','',0,1,'2019-09-16 09:10:45',676,'2019-09-16 09:15:47',676,'0000-00-00 00:00:00',0),(94,1,'3s-logo-2-400x889.png','','','','image/png','manufacturer','images/stories/virtuemart/manufacturer/3s-logo-2-400x889.png','',0,0,0,'','',0,1,'2019-09-16 09:16:48',676,'2019-09-16 09:16:48',676,'0000-00-00 00:00:00',0),(95,1,'center-comp-1-640x614.png','','','','image/png','product','images/stories/virtuemart/product/center-comp-1-640x614.png','',0,0,0,'','',0,1,'2019-09-16 09:17:49',676,'2019-09-16 13:17:17',676,'0000-00-00 00:00:00',0),(96,1,'center-comp-1-640x614.png','','','','image/png','category','images/stories/virtuemart/category/center-comp-1-640x614.png','',0,0,0,'','',0,1,'2019-09-16 09:44:50',676,'2019-09-16 10:28:19',676,'0000-00-00 00:00:00',0),(97,1,'center-comp-1-640x377.png','','','','image/png','product','images/stories/virtuemart/product/right-comp-1-640x402.png','',0,0,0,'','',0,1,'2019-09-16 11:54:06',676,'2019-09-16 11:57:22',676,'0000-00-00 00:00:00',0),(98,1,'center-comp-1-640x377.png_1','','','','image/png','product','images/stories/virtuemart/product/spindle-1024x498.png','',0,0,0,'','',0,1,'2019-09-16 11:55:25',676,'2019-09-16 11:56:49',676,'0000-00-00 00:00:00',0),(99,1,'pano-480x504.png_1','','','','image/png','product','images/stories/virtuemart/product/pano-480x504.png','',0,0,0,'','',0,1,'2019-09-16 11:56:15',676,'2019-09-16 11:56:15',676,'0000-00-00 00:00:00',0),(100,1,'center-comp-1-640x377.png_2','','','','image/png','product','images/stories/virtuemart/product/center-comp-1-640x377.png','',0,0,0,'','',0,1,'2019-09-16 11:57:10',676,'2019-09-19 09:51:09',676,'0000-00-00 00:00:00',0),(101,1,'pano-457x480.png_1','','','','image/png','product','images/stories/virtuemart/product/pano-457x480.png','',0,0,0,'','',0,1,'2019-09-16 12:01:45',676,'2019-09-16 12:04:57',676,'0000-00-00 00:00:00',0),(102,1,'inverter-509x640.png_1','','','','image/png','product','images/stories/virtuemart/product/inverter-509x640.png','',0,0,0,'','',0,1,'2019-09-16 12:02:03',676,'2019-09-16 12:05:43',676,'0000-00-00 00:00:00',0),(103,1,'right-comp-1-640x627.png_1','','','','image/png','product','images/stories/virtuemart/product/right-comp-1-640x627.png','',0,0,0,'','',0,1,'2019-09-16 12:03:55',676,'2019-09-16 12:03:55',676,'0000-00-00 00:00:00',0),(104,1,'spindle-600x1092.png_1','','','','image/png','product','images/stories/virtuemart/product/spindle-600x1092.png','',0,0,0,'','',0,1,'2019-09-16 12:04:21',676,'2019-09-16 12:04:21',676,'0000-00-00 00:00:00',0),(105,1,'spindle-600x10921.png_1','','','','image/png','product','images/stories/virtuemart/product/spindle-600x10921.png','',0,0,0,'','',0,1,'2019-09-16 12:07:42',676,'2019-09-16 12:07:42',676,'0000-00-00 00:00:00',0),(106,1,'spindle-352x640.png_1','','','','image/png','product','images/stories/virtuemart/product/spindle-352x640.png','',0,0,0,'','',0,1,'2019-09-16 12:09:25',676,'2019-09-16 12:09:25',676,'0000-00-00 00:00:00',0),(107,1,'spindle-352x6404.png_1','','','','image/png','product','images/stories/virtuemart/product/spindle-352x6404.png','',0,0,0,'','',0,1,'2019-09-16 12:11:05',676,'2019-09-16 12:11:05',676,'0000-00-00 00:00:00',0),(108,1,'spindle-352x451.png_1','','','','image/png','product','images/stories/virtuemart/product/spindle-352x451.png','',0,0,0,'','',0,1,'2019-09-16 12:13:32',676,'2019-09-16 12:13:32',676,'0000-00-00 00:00:00',0),(109,1,'spindle-352x4511.png_1','','','','image/png','product','images/stories/virtuemart/product/spindle-352x4511.png','',0,0,0,'','',0,1,'2019-09-16 12:14:00',676,'2019-09-16 12:14:00',676,'0000-00-00 00:00:00',0),(110,1,'lps-c.jpg_1','','','','image/jpeg','product','images/stories/virtuemart/product/lps-c.jpg','',0,0,0,'','',0,1,'2020-02-11 09:43:49',676,'2020-02-11 09:53:57',676,'0000-00-00 00:00:00',0),(111,1,'lps-c.-400x448jpg.jpg','','No image set ','','image/jpeg','category','images/stories/virtuemart/category/lps-c.-400x448jpg.jpg','',0,0,0,'','',0,1,'2020-02-11 09:54:39',676,'2020-02-11 09:54:39',676,'0000-00-00 00:00:00',0),(112,1,'lps-c-2-400x449.png_1','','','','image/png','product','images/stories/virtuemart/product/lps-c-2-400x449.png','',0,0,0,'','',0,1,'2020-02-11 10:52:27',676,'2020-02-13 18:51:04',676,'0000-00-00 00:00:00',0),(113,1,'lps-c-2-400x449.png_1','','No image set ','','image/png','category','images/stories/virtuemart/category/lps-c-2-400x449.png','',0,0,0,'','',0,1,'2020-02-11 10:53:13',676,'2020-02-11 13:14:25',676,'0000-00-00 00:00:00',0),(114,1,'npm-vf-400x350.png','','No image set ','','image/png','product','images/stories/virtuemart/product/npm-vf-400x350.png','',0,0,0,'','',0,1,'2020-02-11 13:33:55',676,'2020-11-26 05:27:08',676,'0000-00-00 00:00:00',0),(115,1,'npm-vf-400x350.png','','No image set ','','image/png','category','images/stories/virtuemart/category/npm-vf-400x350.png','',0,0,0,'','',0,1,'2020-02-11 13:34:34',676,'2020-02-11 13:34:49',676,'0000-00-00 00:00:00',0),(116,1,'AM100.jpg_1','','','','image/jpeg','product','images/stories/virtuemart/product/AM100.jpg','',0,0,0,'','',0,1,'2020-02-11 14:05:29',676,'2020-11-26 07:57:45',676,'0000-00-00 00:00:00',0),(117,1,'AM100.jpg_1','','','','image/jpeg','category','images/stories/virtuemart/category/AM100.jpg','',0,0,0,'','',0,1,'2020-02-11 14:07:27',676,'2020-02-11 14:07:40',676,'0000-00-00 00:00:00',0),(118,1,'spg.png_1','','','','image/png','product','images/stories/virtuemart/product/spg.png','',0,0,0,'','',0,1,'2020-02-11 19:07:50',676,'2020-02-17 07:04:07',676,'0000-00-00 00:00:00',0),(119,1,'lps-c-1.png_1','','','','image/png','product','images/stories/virtuemart/product/lps-c-1.png','',0,0,0,'','',0,1,'2020-02-13 18:48:17',676,'2020-02-16 20:56:05',676,'0000-00-00 00:00:00',0),(120,1,'NPM-W2-600x600.png_1','','','','image/png','product','images/stories/virtuemart/product/NPM-W2-600x600.png','',0,0,0,'','',0,1,'2020-02-13 19:35:19',676,'2020-11-23 10:32:02',676,'0000-00-00 00:00:00',0),(121,1,'TOP3-437x1920.png','','','','image/png','product','images/stories/virtuemart/product/TOP3-437x1920.png','',0,0,0,'','',0,1,'2020-11-21 22:52:44',676,'2020-11-21 22:55:00',676,'0000-00-00 00:00:00',0),(122,1,'NPM-D3-front.png','','','','image/png','product','images/stories/virtuemart/product/NPM-D3-front.png','',0,0,0,'','',0,1,'2020-11-23 07:17:24',676,'2020-11-23 07:21:21',676,'0000-00-00 00:00:00',0),(123,1,'NPM-D3A.png_1','','','','image/png','product','images/stories/virtuemart/product/NPM-D3A.png','',0,0,0,'','',0,1,'2020-11-23 07:21:05',676,'2020-11-26 06:52:20',676,'0000-00-00 00:00:00',0),(124,1,'NPM-W2S.png_1','','','','image/png','product','images/stories/virtuemart/product/NPM-W2S.png','',0,0,0,'','',0,1,'2020-11-23 08:38:20',676,'2020-11-26 06:51:28',676,'0000-00-00 00:00:00',0),(125,1,'NPM-VF-1.png_1','','No image set ','','image/png','product','images/stories/virtuemart/product/NPM-VF-1.png','',0,0,0,'','',0,1,'2020-11-26 05:27:00',676,'2020-11-26 05:43:49',676,'0000-00-00 00:00:00',0),(126,1,'AM100_en_18_0101_leaflet.pdf_1','','No image set ','','application/pdf','product','images/stories/virtuemart/product/AM100_en_18_0101_leaflet.pdf','',0,0,0,'','',0,1,'2020-11-26 05:58:15',676,'2020-11-26 05:58:15',676,'0000-00-00 00:00:00',0),(127,1,'AM100_en_18_0101.pdf_1','','','','application/pdf','product','images/stories/virtuemart/product/AM100_en_18_0101.pdf','',0,1,0,'','',0,1,'2020-11-26 05:59:39',676,'2020-11-26 05:59:39',676,'0000-00-00 00:00:00',0),(128,1,'AM100_en_18_01016.pdf_1','Catalog','','','application/pdf','product','images/stories/virtuemart/product/AM100_en_18_01016.pdf','',0,1,0,'','',0,1,'2020-11-26 06:09:28',676,'2020-11-26 06:09:28',676,'0000-00-00 00:00:00',0),(129,1,'AM100_en_18_01015.pdf_1','','Catalog','','application/pdf','product','images/stories/virtuemart/product/AM100_en_18_01015.pdf','',0,1,0,'','',0,1,'2020-11-26 06:11:28',676,'2020-11-26 06:11:28',676,'0000-00-00 00:00:00',0),(130,1,'AM100_en_18_01011.pdf_1','CATALOG2','CATALOG','','application/pdf','product','images/stories/virtuemart/product/AM100_en_18_01011.pdf','',0,1,0,'','',0,1,'2020-11-26 06:44:21',676,'2020-11-26 06:44:21',676,'0000-00-00 00:00:00',0),(131,1,'NPM-W2S_en_20_0101.pdf_1','','','','application/pdf','product','images/stories/virtuemart/product/NPM-W2S_en_20_0101.pdf','',0,1,0,'','',0,1,'2020-11-26 06:51:02',676,'2020-11-26 06:51:02',676,'0000-00-00 00:00:00',0),(132,1,'NPM-D3A_en_20_0803.pdf_1','','','','application/pdf','product','images/stories/virtuemart/product/NPM-D3A_en_20_0803.pdf','',0,1,0,'','',0,1,'2020-11-26 06:52:04',676,'2020-11-26 06:52:04',676,'0000-00-00 00:00:00',0),(133,1,'NPM-W2_en_20_1001.pdf_1','','','','application/pdf','product','images/stories/virtuemart/product/NPM-W2_en_20_1001.pdf','',0,1,0,'','',0,1,'2020-11-26 06:52:44',676,'2020-11-26 06:52:44',676,'0000-00-00 00:00:00',0),(134,1,'spg_en_20_0101.pdf_1','','','','application/pdf','product','images/stories/virtuemart/product/spg_en_20_0101.pdf','',0,1,0,'','',0,1,'2020-11-26 06:53:05',676,'2020-11-26 06:53:05',676,'0000-00-00 00:00:00',0),(135,1,'NPM-VF_en_20_0101.pdf_1','','No image set ','','application/pdf','product','images/stories/virtuemart/product/NPM-VF_en_20_0101.pdf','',0,1,0,'','',0,1,'2020-11-26 06:53:34',676,'2020-11-26 06:53:34',676,'0000-00-00 00:00:00',0),(136,1,'LPS-C_en_20_0101.pdf_1','','','','application/pdf','product','images/stories/virtuemart/product/LPS-C_en_20_0101.pdf','',0,1,0,'','',0,1,'2020-11-26 06:53:57',676,'2020-11-26 06:53:57',676,'0000-00-00 00:00:00',0),(137,1,'rl132_en_20_0101.pdf_1','','','','application/pdf','product','images/stories/virtuemart/product/rl132_en_20_0101.pdf','',0,1,0,'','',0,1,'2020-11-26 06:54:16',676,'2020-11-26 06:54:16',676,'0000-00-00 00:00:00',0),(138,1,'av132_en_20_0101.pdf_1','','','','application/pdf','product','images/stories/virtuemart/product/av132_en_20_0101.pdf','',0,1,0,'','',0,1,'2020-11-26 06:54:35',676,'2020-11-26 06:54:35',676,'0000-00-00 00:00:00',0),(139,1,'rg131.png_1','','','','image/png','product','images/stories/virtuemart/product/rg131.png','',0,0,0,'','',0,1,'2020-11-26 07:29:21',676,'2020-11-26 08:10:18',676,'0000-00-00 00:00:00',0),(140,1,'rg131_en_20_0101.pdf_1','','','','application/pdf','product','images/stories/virtuemart/product/rg131_en_20_0101.pdf','',0,0,0,'','',0,1,'2020-11-26 07:29:46',676,'2020-11-26 07:29:46',676,'0000-00-00 00:00:00',0),(141,1,'rg131_en_20_01017.pdf_1','','','','application/pdf','product','images/stories/virtuemart/product/rg131_en_20_01017.pdf','',0,1,0,'','',0,1,'2020-11-26 07:58:08',676,'2020-11-26 07:58:08',676,'0000-00-00 00:00:00',0);

--
-- Table structure for table `fz6t4_virtuemart_migration_oldtonew_ids`
--

CREATE TABLE `fz6t4_virtuemart_migration_oldtonew_ids` (
  `id` smallint unsigned NOT NULL AUTO_INCREMENT,
  `cats` longblob,
  `catsxref` blob,
  `manus` longblob,
  `mfcats` blob,
  `shoppergroups` longblob,
  `products` longblob,
  `products_start` int DEFAULT NULL,
  `orderstates` blob,
  `orders` longblob,
  `attributes` longblob,
  `relatedproducts` longblob,
  `orders_start` int DEFAULT NULL,
  PRIMARY KEY (`id`)
) ENGINE=MyISAM AUTO_INCREMENT=2 DEFAULT CHARSET=utf8mb3 COMMENT='xref table for vm1 ids to vm2 ids';

--
-- Dumping data for table `fz6t4_virtuemart_migration_oldtonew_ids`
--

INSERT INTO `fz6t4_virtuemart_migration_oldtonew_ids` VALUES (1,NULL,NULL,NULL,NULL,NULL,NULL,NULL,NULL,NULL,NULL,NULL,NULL);

--
-- Table structure for table `fz6t4_virtuemart_modules`
--

CREATE TABLE `fz6t4_virtuemart_modules` (
  `module_id` int unsigned NOT NULL AUTO_INCREMENT,
  `module_name` char(255) DEFAULT NULL,
  `module_description` varchar(15359) DEFAULT NULL,
  `module_perms` char(255) DEFAULT NULL,
  `published` tinyint(1) NOT NULL DEFAULT '1',
  `is_admin` enum('0','1') NOT NULL DEFAULT '0',
  `ordering` int NOT NULL DEFAULT '0',
  PRIMARY KEY (`module_id`),
  KEY `module_name` (`module_name`),
  KEY `ordering` (`ordering`),
  KEY `published` (`published`)
) ENGINE=MyISAM AUTO_INCREMENT=14 DEFAULT CHARSET=utf8mb3 COMMENT='VirtueMart Core Modules, not: Joomla modules';

--
-- Dumping data for table `fz6t4_virtuemart_modules`
--

INSERT INTO `fz6t4_virtuemart_modules` VALUES (1,'product','Here you can administer your online catalog of products.  Categories , Products (view=product), Attributes  ,Product Types      Product Files (view=media), Inventory  , Calculation Rules ,Customer Reviews  ','storeadmin,admin',1,'1',1),(2,'order','View Order and Update Order Status:    Orders , Coupons , Revenue Report ,Shopper , Shopper Groups ','admin,storeadmin',1,'1',2),(3,'manufacturer','Manage the manufacturers of products in your store.','storeadmin,admin',1,'1',3),(4,'store','Store Configuration: Store Information, Payment Methods , Shipment, Shipment Rates','storeadmin,admin',1,'1',4),(5,'configuration','Configuration: shop configuration , currencies (view=currency), Credit Card List, Countries, userfields, order status  ','admin,storeadmin',1,'1',5),(6,'msgs','This module is unprotected an used for displaying system messages to users.  We need to have an area that does not require authorization when things go wrong.','none',0,'0',99),(7,'shop','This is the Washupito store module.  This is the demo store included with the VirtueMart distribution.','none',1,'0',99),(8,'store','Store Configuration: Store Information, Payment Methods , Shipment, Shipment Rates','storeadmin,admin',1,'1',4),(9,'account','This module allows shoppers to update their account information and view previously placed orders.','shopper,storeadmin,admin,demo',1,'0',99),(10,'checkout','','none',0,'0',99),(11,'tools','Tools','admin',1,'1',8),(13,'zone','This is the zone-shipment module. Here you can manage your shipment costs according to Zones.','admin,storeadmin',0,'1',11);

--
-- Table structure for table `fz6t4_virtuemart_order_calc_rules`
--

CREATE TABLE `fz6t4_virtuemart_order_calc_rules` (
  `virtuemart_order_calc_rule_id` int unsigned NOT NULL AUTO_INCREMENT,
  `virtuemart_calc_id` int unsigned DEFAULT NULL,
  `virtuemart_order_id` int unsigned DEFAULT NULL,
  `virtuemart_vendor_id` int unsigned NOT NULL DEFAULT '1',
  `virtuemart_order_item_id` int DEFAULT NULL,
  `calc_rule_name` varchar(64) NOT NULL DEFAULT '' COMMENT 'NAME OF THE RULE',
  `calc_kind` varchar(16) NOT NULL DEFAULT '' COMMENT 'DISCOUNT/TAX/MARGIN/COMMISSION',
  `calc_mathop` varchar(16) NOT NULL DEFAULT '' COMMENT 'DISCOUNT/TAX/MARGIN/COMMISSION',
  `calc_amount` decimal(15,5) NOT NULL DEFAULT '0.00000',
  `calc_result` decimal(15,5) NOT NULL DEFAULT '0.00000',
  `calc_value` decimal(15,5) NOT NULL DEFAULT '0.00000',
  `calc_currency` int DEFAULT NULL,
  `calc_params` varchar(15359) NOT NULL DEFAULT '',
  `created_on` datetime NOT NULL DEFAULT '0000-00-00 00:00:00',
  `created_by` int NOT NULL DEFAULT '0',
  `modified_on` datetime NOT NULL DEFAULT '0000-00-00 00:00:00',
  `modified_by` int NOT NULL DEFAULT '0',
  `locked_on` datetime NOT NULL DEFAULT '0000-00-00 00:00:00',
  `locked_by` int NOT NULL DEFAULT '0',
  PRIMARY KEY (`virtuemart_order_calc_rule_id`),
  KEY `virtuemart_calc_id` (`virtuemart_calc_id`),
  KEY `virtuemart_order_id` (`virtuemart_order_id`),
  KEY `virtuemart_vendor_id` (`virtuemart_vendor_id`)
) ENGINE=MyISAM AUTO_INCREMENT=40 DEFAULT CHARSET=utf8mb3 COMMENT='Stores all calculation rules which are part of an order';

--
-- Dumping data for table `fz6t4_virtuemart_order_calc_rules`
--

INSERT INTO `fz6t4_virtuemart_order_calc_rules` VALUES (1,0,1,1,NULL,'','payment','',0.00000,0.00000,0.00000,0,'','2014-08-07 06:45:52',677,'2014-08-07 06:45:52',677,'0000-00-00 00:00:00',0),(2,0,1,1,NULL,'','shipment','',0.00000,0.00000,0.00000,0,'','2014-08-07 06:45:52',677,'2014-08-07 06:45:52',677,'0000-00-00 00:00:00',0),(3,1,2,1,2,'KDV_18','VatTax','+%',8.64756,60.53292,18.00000,144,'','2014-08-07 08:17:57',677,'2014-08-07 08:17:57',677,'0000-00-00 00:00:00',0),(4,1,2,1,3,'KDV_18','VatTax','+%',8.64756,60.53292,18.00000,144,'','2014-08-07 08:17:57',677,'2014-08-07 08:17:57',677,'0000-00-00 00:00:00',0),(5,0,2,1,NULL,'','payment','',0.00000,0.00000,0.00000,0,'','2014-08-07 08:17:57',677,'2014-08-07 08:17:57',677,'0000-00-00 00:00:00',0),(6,0,2,1,NULL,'','shipment','',0.00000,0.00000,0.00000,0,'','2014-08-07 08:17:57',677,'2014-08-07 08:17:57',677,'0000-00-00 00:00:00',0),(7,1,3,1,4,'KDV_18','VatTax','+%',6.24546,87.43644,18.00000,144,'','2014-08-07 08:41:55',677,'2014-08-07 08:41:55',677,'0000-00-00 00:00:00',0),(8,0,3,1,NULL,'','payment','',0.00000,0.00000,0.00000,0,'','2014-08-07 08:41:55',677,'2014-08-07 08:41:55',677,'0000-00-00 00:00:00',0),(9,0,3,1,NULL,'','shipment','',0.00000,0.00000,0.00000,0,'','2014-08-07 08:41:55',677,'2014-08-07 08:41:55',677,'0000-00-00 00:00:00',0),(10,1,4,1,5,'KDV_18','VatTax','+%',8.64756,8.64756,18.00000,144,'','2014-08-08 07:07:48',677,'2014-08-08 07:07:48',677,'0000-00-00 00:00:00',0),(11,1,4,1,NULL,'KDV_18','payment','+%',0.00000,0.00000,18.00000,144,'','2014-08-08 07:07:48',677,'2014-08-08 07:07:48',677,'0000-00-00 00:00:00',0),(12,0,4,1,NULL,'','shipment','',0.00000,0.00000,0.00000,0,'','2014-08-08 07:07:48',677,'2014-08-08 07:07:48',677,'0000-00-00 00:00:00',0),(13,1,5,1,6,'KDV_18','VatTax','+%',8.64756,8.64756,18.00000,144,'','2014-08-08 07:08:53',677,'2014-08-08 07:08:53',677,'0000-00-00 00:00:00',0),(14,1,5,1,NULL,'KDV_18','payment','+%',0.00000,0.00000,18.00000,144,'','2014-08-08 07:08:53',677,'2014-08-08 07:08:53',677,'0000-00-00 00:00:00',0),(15,0,5,1,NULL,'','shipment','',0.00000,0.00000,0.00000,0,'','2014-08-08 07:08:53',677,'2014-08-08 07:08:53',677,'0000-00-00 00:00:00',0),(16,1,6,1,7,'KDV_18','VatTax','+%',8.64756,8.64756,18.00000,144,'','2014-08-08 07:10:26',677,'2014-08-08 07:10:26',677,'0000-00-00 00:00:00',0),(17,1,6,1,NULL,'KDV_18','payment','+%',0.00000,0.00000,18.00000,144,'','2014-08-08 07:10:26',677,'2014-08-08 07:10:26',677,'0000-00-00 00:00:00',0),(18,0,6,1,NULL,'','shipment','',0.00000,0.00000,0.00000,0,'','2014-08-08 07:10:26',677,'2014-08-08 07:10:26',677,'0000-00-00 00:00:00',0),(19,1,7,1,8,'KDV_18','VatTax','+%',8.64756,8.64756,18.00000,144,'','2014-08-08 07:11:11',677,'2014-08-08 07:11:11',677,'0000-00-00 00:00:00',0),(20,1,7,1,NULL,'KDV_18','payment','+%',0.00000,0.00000,18.00000,144,'','2014-08-08 07:11:11',677,'2014-08-08 07:11:11',677,'0000-00-00 00:00:00',0),(21,0,7,1,NULL,'','shipment','',0.00000,0.00000,0.00000,0,'','2014-08-08 07:11:11',677,'2014-08-08 07:11:11',677,'0000-00-00 00:00:00',0),(22,1,8,1,9,'KDV_18','VatTax','+%',8.64756,8.64756,18.00000,144,'','2014-08-08 07:11:40',677,'2014-08-08 07:11:40',677,'0000-00-00 00:00:00',0),(23,1,8,1,NULL,'KDV_18','payment','+%',0.00000,0.00000,18.00000,144,'','2014-08-08 07:11:40',677,'2014-08-08 07:11:40',677,'0000-00-00 00:00:00',0),(24,0,8,1,NULL,'','shipment','',0.00000,0.00000,0.00000,0,'','2014-08-08 07:11:40',677,'2014-08-08 07:11:40',677,'0000-00-00 00:00:00',0),(25,1,9,1,10,'KDV_18','VatTax','+%',8.64756,8.64756,18.00000,144,'','2014-08-08 07:12:14',677,'2014-08-08 07:12:14',677,'0000-00-00 00:00:00',0),(26,1,9,1,NULL,'KDV_18','payment','+%',0.00000,0.00000,18.00000,144,'','2014-08-08 07:12:14',677,'2014-08-08 07:12:14',677,'0000-00-00 00:00:00',0),(27,0,9,1,NULL,'','shipment','',0.00000,0.00000,0.00000,0,'','2014-08-08 07:12:14',677,'2014-08-08 07:12:14',677,'0000-00-00 00:00:00',0),(28,1,10,1,11,'KDV_18','VatTax','+%',8.64756,8.64756,18.00000,144,'','2014-08-08 07:13:15',677,'2014-08-08 07:13:15',677,'0000-00-00 00:00:00',0),(29,1,10,1,NULL,'KDV_18','payment','+%',0.00000,0.00000,18.00000,144,'','2014-08-08 07:13:15',677,'2014-08-08 07:13:15',677,'0000-00-00 00:00:00',0),(30,0,10,1,NULL,'','shipment','',0.00000,0.00000,0.00000,0,'','2014-08-08 07:13:15',677,'2014-08-08 07:13:15',677,'0000-00-00 00:00:00',0),(31,1,11,1,12,'KDV_18','VatTax','+%',6.24546,31.22730,18.00000,144,'','2014-08-08 07:15:34',677,'2014-08-08 07:15:34',677,'0000-00-00 00:00:00',0),(32,1,11,1,NULL,'KDV_18','payment','+%',0.00000,0.00000,18.00000,144,'','2014-08-08 07:15:34',677,'2014-08-08 07:15:34',677,'0000-00-00 00:00:00',0),(33,0,11,1,NULL,'','shipment','',0.00000,0.00000,0.00000,0,'','2014-08-08 07:15:34',677,'2014-08-08 07:15:34',677,'0000-00-00 00:00:00',0),(34,1,12,1,13,'KDV_18','VatTax','+%',6.24546,31.22730,18.00000,144,'','2014-08-08 07:16:25',677,'2014-08-08 07:16:25',677,'0000-00-00 00:00:00',0),(35,1,12,1,NULL,'KDV_18','payment','+%',0.00000,0.00000,18.00000,144,'','2014-08-08 07:16:25',677,'2014-08-08 07:16:25',677,'0000-00-00 00:00:00',0),(36,0,12,1,NULL,'','shipment','',0.00000,0.00000,0.00000,0,'','2014-08-08 07:16:25',677,'2014-08-08 07:16:25',677,'0000-00-00 00:00:00',0),(37,1,13,1,14,'KDV_18','VatTax','+%',6.24546,31.22730,18.00000,144,'','2014-08-08 07:16:57',677,'2014-08-08 07:16:57',677,'0000-00-00 00:00:00',0),(38,1,13,1,NULL,'KDV_18','payment','+%',0.00000,0.00000,18.00000,144,'','2014-08-08 07:16:57',677,'2014-08-08 07:16:57',677,'0000-00-00 00:00:00',0),(39,0,13,1,NULL,'','shipment','',0.00000,0.00000,0.00000,0,'','2014-08-08 07:16:57',677,'2014-08-08 07:16:57',677,'0000-00-00 00:00:00',0);

--
-- Table structure for table `fz6t4_virtuemart_order_histories`
--

CREATE TABLE `fz6t4_virtuemart_order_histories` (
  `virtuemart_order_history_id` int unsigned NOT NULL AUTO_INCREMENT,
  `virtuemart_order_id` int unsigned NOT NULL DEFAULT '0',
  `order_status_code` char(1) NOT NULL DEFAULT '0',
  `customer_notified` tinyint(1) NOT NULL DEFAULT '0',
  `comments` varchar(15359) DEFAULT NULL,
  `paid` decimal(15,5) NOT NULL DEFAULT '0.00000',
  `o_hash` varchar(33) DEFAULT NULL,
  `published` tinyint(1) NOT NULL DEFAULT '1',
  `created_on` datetime NOT NULL DEFAULT '0000-00-00 00:00:00',
  `created_by` int NOT NULL DEFAULT '0',
  `modified_on` datetime NOT NULL DEFAULT '0000-00-00 00:00:00',
  `modified_by` int NOT NULL DEFAULT '0',
  `locked_on` datetime NOT NULL DEFAULT '0000-00-00 00:00:00',
  `locked_by` int NOT NULL DEFAULT '0',
  PRIMARY KEY (`virtuemart_order_history_id`),
  KEY `virtuemart_order_id` (`virtuemart_order_id`)
) ENGINE=InnoDB AUTO_INCREMENT=3 DEFAULT CHARSET=utf8mb3 COMMENT='Stores all actions and changes that occur to an order';

--
-- Dumping data for table `fz6t4_virtuemart_order_histories`
--

INSERT INTO `fz6t4_virtuemart_order_histories` VALUES (1,14,'P',0,'',0.00000,NULL,1,'2019-08-06 12:15:14',0,'2019-08-06 12:15:14',0,'0000-00-00 00:00:00',0),(2,15,'P',0,'',0.00000,'33370fad1ccd0dbdadad94754debd449',1,'2020-02-13 11:02:04',0,'2020-02-13 11:02:04',0,'0000-00-00 00:00:00',0);

--
-- Table structure for table `fz6t4_virtuemart_order_item_histories`
--

CREATE TABLE `fz6t4_virtuemart_order_item_histories` (
  `virtuemart_order_item_history_id` int unsigned NOT NULL AUTO_INCREMENT,
  `virtuemart_order_item_id` int unsigned NOT NULL,
  `virtuemart_order_id` int unsigned DEFAULT NULL,
  `virtuemart_vendor_id` int unsigned NOT NULL DEFAULT '1',
  `virtuemart_product_id` int DEFAULT NULL,
  `action` varchar(255) NOT NULL DEFAULT '',
  `order_item_sku` varchar(255) NOT NULL DEFAULT '',
  `order_item_name` varchar(4096) NOT NULL DEFAULT '',
  `product_quantity` int DEFAULT NULL,
  `product_item_price` decimal(15,5) DEFAULT NULL,
  `product_priceWithoutTax` decimal(15,5) DEFAULT NULL,
  `product_tax` decimal(15,5) DEFAULT NULL,
  `product_basePriceWithTax` decimal(15,5) DEFAULT NULL,
  `product_discountedPriceWithoutTax` decimal(15,5) DEFAULT NULL,
  `product_final_price` decimal(15,5) NOT NULL DEFAULT '0.00000',
  `product_subtotal_discount` decimal(15,5) NOT NULL DEFAULT '0.00000',
  `product_subtotal_with_tax` decimal(15,5) NOT NULL DEFAULT '0.00000',
  `order_item_currency` int DEFAULT NULL,
  `order_status` char(1) DEFAULT NULL,
  `product_attribute` mediumtext,
  `delivery_date` varchar(200) DEFAULT NULL,
  `paid` decimal(15,5) NOT NULL DEFAULT '0.00000',
  `oi_hash` varchar(33) DEFAULT NULL,
  `created_on` datetime NOT NULL DEFAULT '0000-00-00 00:00:00',
  `created_by` int NOT NULL DEFAULT '0',
  `modified_on` datetime NOT NULL DEFAULT '0000-00-00 00:00:00',
  `modified_by` int NOT NULL DEFAULT '0',
  `locked_on` datetime NOT NULL DEFAULT '0000-00-00 00:00:00',
  `locked_by` int NOT NULL DEFAULT '0',
  PRIMARY KEY (`virtuemart_order_item_history_id`),
  KEY `virtuemart_order_id` (`virtuemart_order_id`)
) ENGINE=InnoDB DEFAULT CHARSET=utf8mb3 COMMENT='Stores all actions and changes that occur to an order item only';

--
-- Dumping data for table `fz6t4_virtuemart_order_item_histories`
--


--
-- Table structure for table `fz6t4_virtuemart_order_items`
--

CREATE TABLE `fz6t4_virtuemart_order_items` (
  `virtuemart_order_item_id` int unsigned NOT NULL AUTO_INCREMENT,
  `virtuemart_order_id` int unsigned DEFAULT NULL,
  `virtuemart_vendor_id` int unsigned NOT NULL DEFAULT '1',
  `virtuemart_product_id` int DEFAULT NULL,
  `order_item_sku` varchar(255) NOT NULL DEFAULT '',
  `order_item_name` varchar(4096) NOT NULL DEFAULT '',
  `product_quantity` int DEFAULT NULL,
  `product_item_price` decimal(15,5) DEFAULT NULL,
  `product_priceWithoutTax` decimal(15,5) DEFAULT NULL,
  `product_tax` decimal(15,5) DEFAULT NULL,
  `product_basePriceWithTax` decimal(15,5) DEFAULT NULL,
  `product_discountedPriceWithoutTax` decimal(15,5) DEFAULT NULL,
  `product_final_price` decimal(15,5) NOT NULL DEFAULT '0.00000',
  `product_subtotal_discount` decimal(15,5) NOT NULL DEFAULT '0.00000',
  `product_subtotal_with_tax` decimal(15,5) NOT NULL DEFAULT '0.00000',
  `order_item_currency` int DEFAULT NULL,
  `order_status` char(1) DEFAULT NULL,
  `product_attribute` mediumtext,
  `delivery_date` varchar(200) DEFAULT NULL,
  `paid` decimal(15,5) NOT NULL DEFAULT '0.00000',
  `oi_hash` varchar(33) DEFAULT NULL,
  `created_on` datetime NOT NULL DEFAULT '0000-00-00 00:00:00',
  `created_by` int NOT NULL DEFAULT '0',
  `modified_on` datetime NOT NULL DEFAULT '0000-00-00 00:00:00',
  `modified_by` int NOT NULL DEFAULT '0',
  `locked_on` datetime NOT NULL DEFAULT '0000-00-00 00:00:00',
  `locked_by` int NOT NULL DEFAULT '0',
  PRIMARY KEY (`virtuemart_order_item_id`),
  KEY `virtuemart_product_id` (`virtuemart_product_id`),
  KEY `virtuemart_order_id` (`virtuemart_order_id`),
  KEY `virtuemart_vendor_id` (`virtuemart_vendor_id`),
  KEY `order_status` (`order_status`)
) ENGINE=InnoDB AUTO_INCREMENT=4 DEFAULT CHARSET=utf8mb3 COMMENT='Stores all items (products) which are part of an order';

--
-- Dumping data for table `fz6t4_virtuemart_order_items`
--

INSERT INTO `fz6t4_virtuemart_order_items` VALUES (1,14,1,14,'','GF-12-HC/HT',1,NULL,NULL,NULL,NULL,NULL,0.00000,0.00000,0.00000,NULL,'P','',NULL,0.00000,NULL,'2019-08-06 12:15:14',0,'2019-08-06 12:15:14',0,'0000-00-00 00:00:00',0),(2,15,1,8,'','CS40',1,NULL,NULL,NULL,NULL,NULL,0.00000,0.00000,0.00000,NULL,'P','',NULL,0.00000,'0179ab777667be9d236a6555caa002ec','2020-02-13 11:02:04',0,'2020-02-13 11:02:04',0,'0000-00-00 00:00:00',0),(3,15,1,14,'','GF-12-HC/HT',1,NULL,NULL,NULL,NULL,NULL,0.00000,0.00000,0.00000,NULL,'P','',NULL,0.00000,'77b4661855228d26278f0ea676ac8780','2020-02-13 11:02:04',0,'2020-02-13 11:02:04',0,'0000-00-00 00:00:00',0);

--
-- Table structure for table `fz6t4_virtuemart_order_userinfos`
--

CREATE TABLE `fz6t4_virtuemart_order_userinfos` (
  `virtuemart_order_userinfo_id` int unsigned NOT NULL AUTO_INCREMENT,
  `virtuemart_order_id` int unsigned NOT NULL DEFAULT '0',
  `virtuemart_user_id` int unsigned NOT NULL DEFAULT '0',
  `address_type` char(2) DEFAULT NULL,
  `address_type_name` char(32) DEFAULT NULL,
  `company` varchar(255) DEFAULT NULL,
  `title` char(32) DEFAULT NULL,
  `last_name` char(48) DEFAULT NULL,
  `first_name` char(48) DEFAULT NULL,
  `middle_name` char(48) DEFAULT NULL,
  `phone_1` char(32) DEFAULT NULL,
  `phone_2` char(32) DEFAULT NULL,
  `fax` varchar(255) DEFAULT NULL,
  `address_1` char(64) NOT NULL DEFAULT '',
  `address_2` char(64) DEFAULT NULL,
  `city` char(64) NOT NULL DEFAULT '',
  `virtuemart_state_id` smallint unsigned NOT NULL DEFAULT '0',
  `virtuemart_country_id` smallint unsigned NOT NULL DEFAULT '0',
  `zip` char(16) NOT NULL DEFAULT '',
  `email` char(128) DEFAULT NULL,
  `agreed` tinyint(1) NOT NULL DEFAULT '0',
  `created_on` datetime NOT NULL DEFAULT '0000-00-00 00:00:00',
  `created_by` int NOT NULL DEFAULT '0',
  `modified_on` datetime NOT NULL DEFAULT '0000-00-00 00:00:00',
  `modified_by` int NOT NULL DEFAULT '0',
  `locked_on` datetime NOT NULL DEFAULT '0000-00-00 00:00:00',
  `locked_by` int NOT NULL DEFAULT '0',
  PRIMARY KEY (`virtuemart_order_userinfo_id`),
  KEY `virtuemart_order_id` (`virtuemart_order_id`),
  KEY `virtuemart_user_id` (`virtuemart_user_id`,`address_type`),
  KEY `address_type` (`address_type`)
) ENGINE=InnoDB AUTO_INCREMENT=22 DEFAULT CHARSET=utf8mb3 COMMENT='Stores the BillTo and ShipTo Information at order time';

--
-- Dumping data for table `fz6t4_virtuemart_order_userinfos`
--

INSERT INTO `fz6t4_virtuemart_order_userinfos` VALUES (1,1,677,'BT',NULL,'DMB Elektronik A.S.','Mr','Enunlu','Ahmet',NULL,'0212 482 8606',NULL,'0212 482 8424','Davutpaşa Caddesi, Serçekale Sokak 10/1, Topkapi 34010',NULL,'Zeytinburnu',0,215,'034010','info@dmb-elektronik.com',0,'2014-08-07 06:45:52',677,'2014-08-07 06:45:52',677,'0000-00-00 00:00:00',0),(2,2,677,'BT',NULL,'DMB Elektronik A.S.','Mr','Enunlu','Ahmet',NULL,'0212 482 8606',NULL,'0212 482 8424','Davutpaşa Caddesi, Serçekale Sokak 10/1, Topkapi 34010',NULL,'Zeytinburnu',0,215,'034010','info@dmb-elektronik.com',0,'2014-08-07 08:17:57',677,'2014-08-07 08:17:57',677,'0000-00-00 00:00:00',0),(3,3,677,'BT',NULL,'DMB Elektronik A.S.','Mr','Enunlu','Ahmet',NULL,'0212 482 8606',NULL,'0212 482 8424','Davutpaşa Caddesi, Serçekale Sokak 10/1, Topkapi 34010',NULL,'Zeytinburnu',0,215,'034010','info@dmb-elektronik.com',0,'2014-08-07 08:41:55',677,'2014-08-07 08:41:55',677,'0000-00-00 00:00:00',0),(4,4,677,'BT',NULL,'DMB Elektronik A.S.','Mr','Enunlu','Ahmet',NULL,'0212 482 8606',NULL,'0212 482 8424','Davutpaşa Caddesi, Serçekale Sokak 10/1, Topkapi 34010',NULL,'Zeytinburnu',0,215,'034010','info@dmb-elektronik.com',0,'2014-08-08 07:07:48',677,'2014-08-08 07:07:48',677,'0000-00-00 00:00:00',0),(5,5,677,'BT',NULL,'DMB Elektronik A.S.','Mr','Enunlu','Ahmet',NULL,'0212 482 8606',NULL,'0212 482 8424','Davutpaşa Caddesi, Serçekale Sokak 10/1, Topkapi 34010',NULL,'Zeytinburnu',0,215,'034010','info@dmb-elektronik.com',0,'2014-08-08 07:08:53',677,'2014-08-08 07:08:53',677,'0000-00-00 00:00:00',0),(6,6,677,'BT',NULL,'DMB Elektronik A.S.','Mr','Enunlu','Ahmet',NULL,'0212 482 8606',NULL,'0212 482 8424','Davutpaşa Caddesi, Serçekale Sokak 10/1, Topkapi 34010',NULL,'Zeytinburnu',0,215,'034010','info@dmb-elektronik.com',0,'2014-08-08 07:10:26',677,'2014-08-08 07:10:26',677,'0000-00-00 00:00:00',0),(7,6,677,'ST',NULL,'DMB Elektronik A.S.',NULL,'Enunlu','Ahmet',NULL,'0212 482 8606',NULL,'0212 482 8424','Davutpaşa Caddesi, Serçekale Sokak 10/1, Topkapi 34010',NULL,'Zeytinburnu',0,215,'034010',NULL,0,'2014-08-08 07:10:26',677,'2014-08-08 07:10:26',677,'0000-00-00 00:00:00',0),(8,7,677,'BT',NULL,'DMB Elektronik A.S.','Mr','Enunlu','Ahmet',NULL,'0212 482 8606',NULL,'0212 482 8424','Davutpaşa Caddesi, Serçekale Sokak 10/1, Topkapi 34010',NULL,'Zeytinburnu',0,215,'034010','info@dmb-elektronik.com',0,'2014-08-08 07:11:11',677,'2014-08-08 07:11:11',677,'0000-00-00 00:00:00',0),(9,7,677,'ST',NULL,'DMB Elektronik A.S.',NULL,'Enunlu','Ahmet',NULL,'0212 482 8606',NULL,'0212 482 8424','Davutpaşa Caddesi, Serçekale Sokak 10/1, Topkapi 34010',NULL,'Zeytinburnu',0,215,'034010',NULL,0,'2014-08-08 07:11:11',677,'2014-08-08 07:11:11',677,'0000-00-00 00:00:00',0),(10,8,677,'BT',NULL,'DMB Elektronik A.S.','Mr','Enunlu','Ahmet',NULL,'0212 482 8606',NULL,'0212 482 8424','Davutpaşa Caddesi, Serçekale Sokak 10/1, Topkapi 34010',NULL,'Zeytinburnu',0,215,'034010','info@dmb-elektronik.com',0,'2014-08-08 07:11:40',677,'2014-08-08 07:11:40',677,'0000-00-00 00:00:00',0),(11,8,677,'ST',NULL,'DMB Elektronik A.S.',NULL,'Enunlu','Ahmet',NULL,'0212 482 8606',NULL,'0212 482 8424','Davutpaşa Caddesi, Serçekale Sokak 10/1, Topkapi 34010',NULL,'Zeytinburnu',0,215,'034010',NULL,0,'2014-08-08 07:11:40',677,'2014-08-08 07:11:40',677,'0000-00-00 00:00:00',0),(12,9,677,'BT',NULL,'DMB Elektronik A.S.','Mr','Enunlu','Ahmet',NULL,'0212 482 8606',NULL,'0212 482 8424','Davutpaşa Caddesi, Serçekale Sokak 10/1, Topkapi 34010',NULL,'Zeytinburnu',0,215,'034010','info@dmb-elektronik.com',0,'2014-08-08 07:12:14',677,'2014-08-08 07:12:14',677,'0000-00-00 00:00:00',0),(13,9,677,'ST',NULL,'DMB Elektronik A.S.',NULL,'Enunlu','Ahmet',NULL,'0212 482 8606',NULL,'0212 482 8424','Davutpaşa Caddesi, Serçekale Sokak 10/1, Topkapi 34010',NULL,'Zeytinburnu',0,215,'034010',NULL,0,'2014-08-08 07:12:14',677,'2014-08-08 07:12:14',677,'0000-00-00 00:00:00',0),(14,10,677,'BT',NULL,'DMB Elektronik A.S.','Mr','Enunlu','Ahmet',NULL,'0212 482 8606',NULL,'0212 482 8424','Davutpaşa Caddesi, Serçekale Sokak 10/1, Topkapi 34010',NULL,'Zeytinburnu',0,215,'034010','info@dmb-elektronik.com',0,'2014-08-08 07:13:15',677,'2014-08-08 07:13:15',677,'0000-00-00 00:00:00',0),(15,10,677,'ST',NULL,'DMB Elektronik A.S.',NULL,'Enunlu','Ahmet',NULL,'0212 482 8606',NULL,'0212 482 8424','Davutpaşa Caddesi, Serçekale Sokak 10/1, Topkapi 34010',NULL,'Zeytinburnu',0,215,'034010',NULL,0,'2014-08-08 07:13:15',677,'2014-08-08 07:13:15',677,'0000-00-00 00:00:00',0),(16,11,677,'BT',NULL,'DMB Elektronik A.S.','Mr','Enunlu','Ahmet',NULL,'0212 482 8606',NULL,'0212 482 8424','Davutpaşa Caddesi, Serçekale Sokak 10/1, Topkapi 34010',NULL,'Zeytinburnu',0,215,'034010','info@dmb-elektronik.com',0,'2014-08-08 07:15:34',677,'2014-08-08 07:15:34',677,'0000-00-00 00:00:00',0),(17,12,677,'BT',NULL,'DMB Elektronik A.S.','Mr','Enunlu','Ahmet',NULL,'0212 482 8606',NULL,'0212 482 8424','Davutpaşa Caddesi, Serçekale Sokak 10/1, Topkapi 34010',NULL,'Zeytinburnu',0,215,'034010','info@dmb-elektronik.com',0,'2014-08-08 07:16:25',677,'2014-08-08 07:16:25',677,'0000-00-00 00:00:00',0),(18,12,677,'ST',NULL,'DMB Elektronik A.S.',NULL,'Enunlu','Ahmet',NULL,'0212 482 8606',NULL,'0212 482 8424','Davutpaşa Caddesi, Serçekale Sokak 10/1, Topkapi 34010',NULL,'Zeytinburnu',0,215,'034010',NULL,0,'2014-08-08 07:16:25',677,'2014-08-08 07:16:25',677,'0000-00-00 00:00:00',0),(19,13,677,'BT',NULL,'DMB Elektronik A.S.','Mr','Enunlu','Ahmet',NULL,'0212 482 8606',NULL,'0212 482 8424','Davutpaşa Caddesi, Serçekale Sokak 10/1, Topkapi 34010',NULL,'Zeytinburnu',0,215,'034010','info@dmb-elektronik.com',0,'2014-08-08 07:16:57',677,'2014-08-08 07:16:57',677,'0000-00-00 00:00:00',0),(20,14,0,'BT',NULL,NULL,NULL,'dgdgd','dgdgdg',NULL,NULL,NULL,NULL,'dgdgdg',NULL,'gdgdgd',560,81,'3465','terter@hotmail.com',1,'2019-08-06 12:15:14',0,'2019-08-06 12:15:14',0,'0000-00-00 00:00:00',0),(21,15,0,'BT',NULL,NULL,'Mr','ÖZTAŞ','KIYASETTİN',NULL,NULL,NULL,NULL,'HÜRRİYET MAHALLESİ FIRAT CADDESİS ÜSTÜNEL APARTMANI 39/B',NULL,'MELİKGAZİ',0,215,'38050','kiyasettinoztas@outlook.com',1,'2020-02-13 11:02:04',0,'2020-02-13 11:02:04',0,'0000-00-00 00:00:00',0);

--
-- Table structure for table `fz6t4_virtuemart_orders`
--

CREATE TABLE `fz6t4_virtuemart_orders` (
  `virtuemart_order_id` int unsigned NOT NULL AUTO_INCREMENT,
  `virtuemart_user_id` int unsigned NOT NULL DEFAULT '0',
  `virtuemart_vendor_id` int unsigned NOT NULL DEFAULT '0',
  `order_note` varchar(5000) DEFAULT NULL,
  `order_number` varchar(64) DEFAULT NULL,
  `customer_number` varchar(32) DEFAULT NULL,
  `order_pass` varchar(34) DEFAULT NULL,
  `order_create_invoice_pass` varchar(32) DEFAULT NULL,
  `invoice_locked` tinyint(1) NOT NULL DEFAULT '0',
  `order_total` decimal(15,5) NOT NULL DEFAULT '0.00000',
  `order_salesPrice` decimal(15,5) NOT NULL DEFAULT '0.00000',
  `order_billTaxAmount` decimal(15,5) NOT NULL DEFAULT '0.00000',
  `order_billTax` varchar(400) DEFAULT NULL,
  `order_billDiscountAmount` decimal(15,5) NOT NULL DEFAULT '0.00000',
  `order_discountAmount` decimal(15,5) NOT NULL DEFAULT '0.00000',
  `order_subtotal` decimal(15,5) DEFAULT NULL,
  `order_tax` decimal(12,5) DEFAULT NULL,
  `order_shipment` decimal(12,5) DEFAULT NULL,
  `order_shipment_tax` decimal(10,5) DEFAULT NULL,
  `order_payment` decimal(12,2) DEFAULT NULL,
  `order_payment_tax` decimal(10,5) DEFAULT NULL,
  `coupon_discount` decimal(12,2) NOT NULL DEFAULT '0.00',
  `coupon_code` varchar(32) DEFAULT NULL,
  `order_discount` decimal(12,2) NOT NULL DEFAULT '0.00',
  `order_currency` smallint DEFAULT NULL,
  `order_status` char(1) DEFAULT NULL,
  `user_currency_id` smallint DEFAULT NULL,
  `user_currency_rate` decimal(12,6) NOT NULL DEFAULT '1.000000',
  `user_shoppergroups` varchar(30) DEFAULT NULL,
  `payment_currency_id` smallint DEFAULT NULL,
  `payment_currency_rate` decimal(12,6) NOT NULL DEFAULT '1.000000',
  `virtuemart_paymentmethod_id` int unsigned DEFAULT NULL,
  `virtuemart_shipmentmethod_id` int unsigned DEFAULT NULL,
  `oc_note` text NOT NULL COMMENT 'old customer notes',
  `delivery_date` varchar(200) DEFAULT NULL,
  `order_language` varchar(7) DEFAULT NULL,
  `ip_address` char(15) NOT NULL DEFAULT '',
  `STsameAsBT` tinyint(1) NOT NULL DEFAULT '0',
  `paid` decimal(15,5) NOT NULL DEFAULT '0.00000',
  `paid_on` datetime NOT NULL DEFAULT '0000-00-00 00:00:00',
  `o_hash` varchar(33) DEFAULT NULL,
  `created_on` datetime NOT NULL DEFAULT '0000-00-00 00:00:00',
  `created_by` int NOT NULL DEFAULT '0',
  `modified_on` datetime NOT NULL DEFAULT '0000-00-00 00:00:00',
  `modified_by` int NOT NULL DEFAULT '0',
  `locked_on` datetime NOT NULL DEFAULT '0000-00-00 00:00:00',
  `locked_by` int NOT NULL DEFAULT '0',
  PRIMARY KEY (`virtuemart_order_id`),
  KEY `virtuemart_user_id` (`virtuemart_user_id`),
  KEY `virtuemart_vendor_id` (`virtuemart_vendor_id`),
  KEY `order_number` (`order_number`),
  KEY `virtuemart_paymentmethod_id` (`virtuemart_paymentmethod_id`),
  KEY `virtuemart_shipmentmethod_id` (`virtuemart_shipmentmethod_id`),
  KEY `created_on` (`created_on`)
) ENGINE=InnoDB AUTO_INCREMENT=16 DEFAULT CHARSET=utf8mb3 COMMENT='Used to store all orders';

--
-- Dumping data for table `fz6t4_virtuemart_orders`
--

INSERT INTO `fz6t4_virtuemart_orders` VALUES (1,677,1,NULL,'41a603','DMefa0e2f9c','p_54c0f',NULL,0,9500.00000,9500.00000,0.00000,'0',0.00000,0.00000,9500.00000,0.00000,0.00000,0.00000,0.00,0.00000,0.00,NULL,0.00,144,'P',139,2.163660,NULL,NULL,1.000000,1,1,'',NULL,'tr-TR','88.249.243.244',0,0.00000,'0000-00-00 00:00:00',NULL,'2014-08-07 06:45:52',677,'2014-08-07 06:45:52',677,'0000-00-00 00:00:00',0),(2,677,1,NULL,'d29404','DMefa0e2f9c','p_7b5a4',NULL,0,396.82692,396.82692,60.53292,'{\"1\":{\"virtuemart_calc_id\":1,\"calc_name\":\"KDV_18\",\"calc_value\":\"18.0000\",\"result\":60.53292}}',0.00000,0.00000,336.29400,60.53292,0.00000,0.00000,0.00,0.00000,0.00,NULL,0.00,144,'U',144,1.000000,NULL,NULL,1.000000,2,2,'','Fatura tarihi ile aynı','tr-TR','88.249.243.244',0,0.00000,'0000-00-00 00:00:00',NULL,'2014-08-07 08:17:57',677,'2014-08-07 08:17:57',677,'0000-00-00 00:00:00',0),(3,677,1,NULL,'706405','DMefa0e2f9c','p_a9927',NULL,0,573.19444,573.19444,87.43644,'{\"1\":{\"virtuemart_calc_id\":1,\"calc_name\":\"KDV_18\",\"calc_value\":\"18.0000\",\"result\":87.4364399999999}}',0.00000,0.00000,485.75800,87.43644,0.00000,0.00000,0.00,0.00000,0.00,NULL,0.00,144,'U',144,1.000000,NULL,NULL,1.000000,2,1,'','Fatura tarihi ile aynı','tr-TR','88.249.243.244',0,0.00000,'0000-00-00 00:00:00',NULL,'2014-08-07 08:41:55',677,'2014-08-07 08:41:55',677,'0000-00-00 00:00:00',0),(4,677,1,NULL,'630406','DMefa0e2f9c','p_20059',NULL,0,56.68956,56.68956,8.64756,'{\"1\":{\"virtuemart_calc_id\":1,\"calc_name\":\"KDV_18\",\"calc_value\":\"18.0000\",\"result\":8.64756}}',0.00000,0.00000,48.04200,8.64756,0.00000,0.00000,0.00,0.00000,0.00,NULL,0.00,144,'X',144,1.000000,NULL,NULL,1.000000,3,2,'','Fatura tarihi ile aynı','tr-TR','78.188.219.196',0,0.00000,'0000-00-00 00:00:00',NULL,'2014-08-08 07:07:48',677,'2014-08-08 07:08:44',677,'0000-00-00 00:00:00',0),(5,677,1,NULL,'9f7b07','DMefa0e2f9c','p_b5b54',NULL,0,56.68956,56.68956,8.64756,'{\"1\":{\"virtuemart_calc_id\":1,\"calc_name\":\"KDV_18\",\"calc_value\":\"18.0000\",\"result\":8.64756}}',0.00000,0.00000,48.04200,8.64756,0.00000,0.00000,0.00,0.00000,0.00,NULL,0.00,144,'P',139,2.163660,NULL,NULL,1.000000,1,2,'',NULL,'tr-TR','78.188.219.196',0,0.00000,'0000-00-00 00:00:00',NULL,'2014-08-08 07:08:53',677,'2014-08-08 07:08:53',677,'0000-00-00 00:00:00',0),(6,677,1,NULL,'166c08','DMefa0e2f9c','p_e41cb',NULL,0,56.68956,56.68956,8.64756,'{\"1\":{\"virtuemart_calc_id\":1,\"calc_name\":\"KDV_18\",\"calc_value\":\"18.0000\",\"result\":8.64756}}',0.00000,0.00000,48.04200,8.64756,0.00000,0.00000,0.00,0.00000,0.00,NULL,0.00,144,'P',139,2.163660,NULL,NULL,1.000000,1,2,'',NULL,'tr-TR','78.188.219.196',0,0.00000,'0000-00-00 00:00:00',NULL,'2014-08-08 07:10:26',677,'2014-08-08 07:10:26',677,'0000-00-00 00:00:00',0),(7,677,1,NULL,'e8c009','DMefa0e2f9c','p_b45e7',NULL,0,56.68956,56.68956,8.64756,'{\"1\":{\"virtuemart_calc_id\":1,\"calc_name\":\"KDV_18\",\"calc_value\":\"18.0000\",\"result\":8.64756}}',0.00000,0.00000,48.04200,8.64756,0.00000,0.00000,0.00,0.00000,0.00,NULL,0.00,144,'P',139,2.163660,NULL,NULL,1.000000,1,2,'',NULL,'tr-TR','78.188.219.196',0,0.00000,'0000-00-00 00:00:00',NULL,'2014-08-08 07:11:11',677,'2014-08-08 07:11:11',677,'0000-00-00 00:00:00',0),(8,677,1,NULL,'d844010','DMefa0e2f9c','p_5314e',NULL,0,56.68956,56.68956,8.64756,'{\"1\":{\"virtuemart_calc_id\":1,\"calc_name\":\"KDV_18\",\"calc_value\":\"18.0000\",\"result\":8.64756}}',0.00000,0.00000,48.04200,8.64756,0.00000,0.00000,0.00,0.00000,0.00,NULL,0.00,144,'P',139,2.163660,NULL,NULL,1.000000,1,2,'',NULL,'tr-TR','78.188.219.196',0,0.00000,'0000-00-00 00:00:00',NULL,'2014-08-08 07:11:40',677,'2014-08-08 07:11:40',677,'0000-00-00 00:00:00',0),(9,677,1,NULL,'acf5011','DMefa0e2f9c','p_67949',NULL,0,56.68956,56.68956,8.64756,'{\"1\":{\"virtuemart_calc_id\":1,\"calc_name\":\"KDV_18\",\"calc_value\":\"18.0000\",\"result\":8.64756}}',0.00000,0.00000,48.04200,8.64756,0.00000,0.00000,0.00,0.00000,0.00,NULL,0.00,144,'P',139,2.163660,NULL,NULL,1.000000,1,2,'',NULL,'tr-TR','78.188.219.196',0,0.00000,'0000-00-00 00:00:00',NULL,'2014-08-08 07:12:14',677,'2014-08-08 07:12:14',677,'0000-00-00 00:00:00',0),(10,677,1,NULL,'241b012','DMefa0e2f9c','p_dc7e1',NULL,0,56.68956,56.68956,8.64756,'{\"1\":{\"virtuemart_calc_id\":1,\"calc_name\":\"KDV_18\",\"calc_value\":\"18.0000\",\"result\":8.64756}}',0.00000,0.00000,48.04200,8.64756,0.00000,0.00000,0.00,0.00000,0.00,NULL,0.00,144,'P',144,1.000000,NULL,NULL,1.000000,3,2,'',NULL,'tr-TR','78.188.219.196',0,0.00000,'0000-00-00 00:00:00',NULL,'2014-08-08 07:13:15',677,'2014-08-08 07:13:15',677,'0000-00-00 00:00:00',0),(11,677,1,NULL,'4448013','DMefa0e2f9c','p_305f4',NULL,0,204.71230,204.71230,31.22730,'{\"1\":{\"virtuemart_calc_id\":1,\"calc_name\":\"KDV_18\",\"calc_value\":\"18.0000\",\"result\":31.2273}}',0.00000,0.00000,173.48500,31.22730,0.00000,0.00000,0.00,0.00000,0.00,NULL,0.00,144,'P',139,2.163660,NULL,NULL,1.000000,1,2,'',NULL,'tr-TR','78.188.219.196',0,0.00000,'0000-00-00 00:00:00',NULL,'2014-08-08 07:15:34',677,'2014-08-08 07:15:34',677,'0000-00-00 00:00:00',0),(12,677,1,NULL,'b6cb014','DMefa0e2f9c','p_81921',NULL,0,204.71230,204.71230,31.22730,'{\"1\":{\"virtuemart_calc_id\":1,\"calc_name\":\"KDV_18\",\"calc_value\":\"18.0000\",\"result\":31.2273}}',0.00000,0.00000,173.48500,31.22730,0.00000,0.00000,0.00,0.00000,0.00,NULL,0.00,144,'P',144,1.000000,NULL,NULL,1.000000,3,2,'',NULL,'tr-TR','78.188.219.196',0,0.00000,'0000-00-00 00:00:00',NULL,'2014-08-08 07:16:25',677,'2014-08-08 07:16:25',677,'0000-00-00 00:00:00',0),(13,677,1,NULL,'06df015','DMefa0e2f9c','p_0d434',NULL,0,204.71230,204.71230,31.22730,'{\"1\":{\"virtuemart_calc_id\":1,\"calc_name\":\"KDV_18\",\"calc_value\":\"18.0000\",\"result\":31.2273}}',0.00000,0.00000,173.48500,31.22730,0.00000,0.00000,0.00,0.00000,0.00,NULL,0.00,144,'P',144,1.000000,NULL,NULL,1.000000,3,2,'',NULL,'tr-TR','78.188.219.196',0,0.00000,'0000-00-00 00:00:00',NULL,'2014-08-08 07:16:57',677,'2014-08-08 07:16:57',677,'0000-00-00 00:00:00',0),(14,0,1,NULL,'G6NQ016','nonreg_dgdgte20190806_121514_','p_6EknUBLH','o9D1RmXM',0,0.00000,0.00000,0.00000,'0',0.00000,0.00000,0.00000,0.00000,0.00000,0.00000,0.00,0.00000,0.00,NULL,0.00,144,'P',144,1.000000,'1',NULL,1.000000,0,1,'',NULL,'tr-TR','46.154.224.xx',0,0.00000,'0000-00-00 00:00:00',NULL,'2019-08-06 12:15:14',0,'2019-08-06 12:15:14',0,'0000-00-00 00:00:00',0),(15,0,1,NULL,'AUQ3017','nonreg_KIÖZki20200213_110204_','p_wrUNWonG','nYbim6sY',0,0.00000,0.00000,0.00000,'0',0.00000,0.00000,0.00000,0.00000,0.00000,0.00000,0.00,0.00000,0.00,NULL,0.00,144,'P',144,1.000000,'1',144,1.000000,3,1,'',NULL,'tr-TR','92.45.189.xx',1,0.00000,'0000-00-00 00:00:00','a5b89ed930199cdedd3ae02f6c5e097e','2020-02-13 11:02:04',0,'2020-02-13 11:02:04',0,'0000-00-00 00:00:00',0);

--
-- Table structure for table `fz6t4_virtuemart_orderstates`
--

CREATE TABLE `fz6t4_virtuemart_orderstates` (
  `virtuemart_orderstate_id` tinyint unsigned NOT NULL AUTO_INCREMENT,
  `virtuemart_vendor_id` int unsigned NOT NULL DEFAULT '1',
  `order_status_code` char(1) NOT NULL DEFAULT '',
  `order_status_name` varchar(64) DEFAULT NULL,
  `order_status_color` varchar(64) DEFAULT NULL,
  `order_status_description` varchar(15359) DEFAULT NULL,
  `order_stock_handle` char(1) NOT NULL DEFAULT 'A',
  `ordering` int NOT NULL DEFAULT '0',
  `published` tinyint(1) NOT NULL DEFAULT '1',
  `created_on` datetime NOT NULL DEFAULT '0000-00-00 00:00:00',
  `created_by` int NOT NULL DEFAULT '0',
  `modified_on` datetime NOT NULL DEFAULT '0000-00-00 00:00:00',
  `modified_by` int NOT NULL DEFAULT '0',
  `locked_on` datetime NOT NULL DEFAULT '0000-00-00 00:00:00',
  `locked_by` int NOT NULL DEFAULT '0',
  PRIMARY KEY (`virtuemart_orderstate_id`),
  KEY `ordering` (`ordering`),
  KEY `virtuemart_vendor_id` (`virtuemart_vendor_id`),
  KEY `published` (`published`)
) ENGINE=MyISAM AUTO_INCREMENT=9 DEFAULT CHARSET=utf8mb3 COMMENT='All available order statuses';

--
-- Dumping data for table `fz6t4_virtuemart_orderstates`
--

INSERT INTO `fz6t4_virtuemart_orderstates` VALUES (1,1,'P','COM_VIRTUEMART_ORDER_STATUS_PENDING',NULL,'','R',1,1,'0000-00-00 00:00:00',0,'0000-00-00 00:00:00',0,'0000-00-00 00:00:00',0),(2,1,'U','COM_VIRTUEMART_ORDER_STATUS_CONFIRMED_BY_SHOPPER',NULL,'','R',2,1,'0000-00-00 00:00:00',0,'0000-00-00 00:00:00',0,'0000-00-00 00:00:00',0),(3,1,'C','COM_VIRTUEMART_ORDER_STATUS_CONFIRMED',NULL,'','R',3,1,'0000-00-00 00:00:00',0,'0000-00-00 00:00:00',0,'0000-00-00 00:00:00',0),(4,1,'X','COM_VIRTUEMART_ORDER_STATUS_CANCELLED',NULL,'','A',4,1,'0000-00-00 00:00:00',0,'0000-00-00 00:00:00',0,'0000-00-00 00:00:00',0),(5,1,'R','COM_VIRTUEMART_ORDER_STATUS_REFUNDED',NULL,'','A',5,1,'0000-00-00 00:00:00',0,'0000-00-00 00:00:00',0,'0000-00-00 00:00:00',0),(6,1,'S','COM_VIRTUEMART_ORDER_STATUS_SHIPPED',NULL,'','O',6,1,'0000-00-00 00:00:00',0,'0000-00-00 00:00:00',0,'0000-00-00 00:00:00',0),(7,1,'F','COM_VIRTUEMART_ORDER_STATUS_COMPLETED',NULL,'','R',7,1,'0000-00-00 00:00:00',0,'0000-00-00 00:00:00',0,'0000-00-00 00:00:00',0),(8,1,'D','COM_VIRTUEMART_ORDER_STATUS_DENIED','','','A',8,1,'0000-00-00 00:00:00',0,'2017-11-05 11:35:42',676,'0000-00-00 00:00:00',0);

--
-- Table structure for table `fz6t4_virtuemart_payment_plg_authorizenet`
--

CREATE TABLE `fz6t4_virtuemart_payment_plg_authorizenet` (
  `id` int unsigned NOT NULL AUTO_INCREMENT,
  `virtuemart_order_id` int unsigned DEFAULT NULL,
  `order_number` char(64) DEFAULT NULL,
  `virtuemart_paymentmethod_id` mediumint unsigned DEFAULT NULL,
  `payment_name` varchar(5000) DEFAULT NULL,
  `payment_order_total` decimal(15,5) NOT NULL,
  `payment_currency` smallint DEFAULT NULL,
  `return_context` char(255) DEFAULT NULL,
  `cost_per_transaction` decimal(10,2) DEFAULT NULL,
  `cost_percent_total` char(10) DEFAULT NULL,
  `tax_id` smallint DEFAULT NULL,
  `authorizenet_response_authorization_code` char(10) DEFAULT NULL,
  `authorizenet_response_transaction_id` char(128) DEFAULT NULL,
  `authorizenet_response_response_code` char(128) DEFAULT NULL,
  `authorizenet_response_response_subcode` char(13) DEFAULT NULL,
  `authorizenet_response_response_reason_code` decimal(10,2) DEFAULT NULL,
  `authorizenet_response_response_reason_text` text,
  `authorizenet_response_transaction_type` char(50) DEFAULT NULL,
  `authorizenet_response_account_number` char(4) DEFAULT NULL,
  `authorizenet_response_card_type` char(128) DEFAULT NULL,
  `authorizenet_response_card_code_response` char(5) DEFAULT NULL,
  `authorizenet_response_cavv_response` char(1) DEFAULT NULL,
  `authorizeresponse_raw` text,
  `created_on` datetime NOT NULL DEFAULT '0000-00-00 00:00:00',
  `created_by` int NOT NULL DEFAULT '0',
  `modified_on` datetime NOT NULL DEFAULT '0000-00-00 00:00:00',
  `modified_by` int NOT NULL DEFAULT '0',
  `locked_on` datetime NOT NULL DEFAULT '0000-00-00 00:00:00',
  `locked_by` int NOT NULL DEFAULT '0',
  PRIMARY KEY (`id`)
) ENGINE=MyISAM DEFAULT CHARSET=utf8mb3 COMMENT='Payment AuthorizeNet Table';

--
-- Dumping data for table `fz6t4_virtuemart_payment_plg_authorizenet`
--


--
-- Table structure for table `fz6t4_virtuemart_payment_plg_epos`
--

CREATE TABLE `fz6t4_virtuemart_payment_plg_epos` (
  `id` int unsigned NOT NULL AUTO_INCREMENT,
  `virtuemart_order_id` int unsigned DEFAULT NULL,
  `order_number` char(64) DEFAULT NULL,
  `virtuemart_paymentmethod_id` mediumint unsigned DEFAULT NULL,
  `payment_name` varchar(5000) DEFAULT NULL,
  `return_context` char(255) DEFAULT NULL,
  `cost_per_transaction` decimal(10,2) DEFAULT NULL,
  `cost_percent_total` char(10) DEFAULT NULL,
  `tax_id` smallint DEFAULT NULL,
  `epos_response_authorization_code` char(10) DEFAULT NULL,
  `epos_response_transaction_id` mediumint unsigned DEFAULT NULL,
  `epos_response_response_code` char(128) DEFAULT NULL,
  `epos_response_response_subcode` char(13) DEFAULT NULL,
  `epos_response_response_reason_code` decimal(10,2) DEFAULT NULL,
  `epos_response_response_reason_text` text,
  `epos_response_transaction_type` char(50) DEFAULT NULL,
  `epos_response_account_number` char(4) DEFAULT NULL,
  `epos_response_card_type` char(128) DEFAULT NULL,
  `epos_response_card_code_response` char(5) DEFAULT NULL,
  `epos_response_cavv_response` char(1) DEFAULT NULL,
  `authorizeresponse_raw` text,
  `created_on` datetime NOT NULL DEFAULT '0000-00-00 00:00:00',
  `created_by` int NOT NULL DEFAULT '0',
  `modified_on` datetime NOT NULL DEFAULT '0000-00-00 00:00:00',
  `modified_by` int NOT NULL DEFAULT '0',
  `locked_on` datetime NOT NULL DEFAULT '0000-00-00 00:00:00',
  `locked_by` int NOT NULL DEFAULT '0',
  PRIMARY KEY (`id`)
) ENGINE=MyISAM DEFAULT CHARSET=utf8mb3 COMMENT='Payment epos Table';

--
-- Dumping data for table `fz6t4_virtuemart_payment_plg_epos`
--


--
-- Table structure for table `fz6t4_virtuemart_payment_plg_paypal`
--

CREATE TABLE `fz6t4_virtuemart_payment_plg_paypal` (
  `id` int unsigned NOT NULL AUTO_INCREMENT,
  `virtuemart_order_id` int unsigned DEFAULT NULL,
  `order_number` char(64) DEFAULT NULL,
  `virtuemart_paymentmethod_id` mediumint unsigned DEFAULT NULL,
  `payment_name` varchar(5000) DEFAULT NULL,
  `payment_order_total` decimal(15,5) NOT NULL,
  `payment_currency` smallint DEFAULT NULL,
  `email_currency` smallint DEFAULT NULL,
  `cost_per_transaction` decimal(10,2) DEFAULT NULL,
  `cost_percent_total` decimal(10,2) DEFAULT NULL,
  `tax_id` smallint DEFAULT NULL,
  `paypal_custom` varchar(255) DEFAULT NULL,
  `paypal_method` varchar(200) DEFAULT NULL,
  `paypal_response_mc_gross` decimal(10,2) DEFAULT NULL,
  `paypal_response_mc_currency` char(10) DEFAULT NULL,
  `paypal_response_invoice` char(32) DEFAULT NULL,
  `paypal_response_protection_eligibility` char(128) DEFAULT NULL,
  `paypal_response_payer_id` char(13) DEFAULT NULL,
  `paypal_response_tax` decimal(10,2) DEFAULT NULL,
  `paypal_response_payment_date` char(28) DEFAULT NULL,
  `paypal_response_payment_status` char(50) DEFAULT NULL,
  `paypal_response_pending_reason` char(50) DEFAULT NULL,
  `paypal_response_mc_fee` decimal(10,2) DEFAULT NULL,
  `paypal_response_payer_email` char(128) DEFAULT NULL,
  `paypal_response_last_name` char(64) DEFAULT NULL,
  `paypal_response_first_name` char(64) DEFAULT NULL,
  `paypal_response_business` char(128) DEFAULT NULL,
  `paypal_response_receiver_email` char(128) DEFAULT NULL,
  `paypal_response_transaction_subject` char(128) DEFAULT NULL,
  `paypal_response_residence_country` char(2) DEFAULT NULL,
  `paypal_response_txn_id` char(32) DEFAULT NULL,
  `paypal_response_txn_type` char(32) DEFAULT NULL,
  `paypal_response_parent_txn_id` char(32) DEFAULT NULL,
  `paypal_response_case_creation_date` char(32) DEFAULT NULL,
  `paypal_response_case_id` char(32) DEFAULT NULL,
  `paypal_response_case_type` char(32) DEFAULT NULL,
  `paypal_response_reason_code` char(32) DEFAULT NULL,
  `paypalresponse_raw` varchar(512) DEFAULT NULL,
  `paypal_fullresponse` text,
  `created_on` datetime NOT NULL DEFAULT '0000-00-00 00:00:00',
  `created_by` int NOT NULL DEFAULT '0',
  `modified_on` datetime NOT NULL DEFAULT '0000-00-00 00:00:00',
  `modified_by` int NOT NULL DEFAULT '0',
  `locked_on` datetime NOT NULL DEFAULT '0000-00-00 00:00:00',
  `locked_by` int NOT NULL DEFAULT '0',
  PRIMARY KEY (`id`)
) ENGINE=MyISAM AUTO_INCREMENT=6 DEFAULT CHARSET=utf8mb3 COMMENT='PayPal Table';

--
-- Dumping data for table `fz6t4_virtuemart_payment_plg_paypal`
--

INSERT INTO `fz6t4_virtuemart_payment_plg_paypal` VALUES (1,4,'630406',3,'<span class=\"vmpayment_name\">PayPal</span>',56.69000,144,144,0.00,0.00,0,'58bbddc4e59189c3bea7bb48faec8b12','0',0.00,'0','0','0','0',0.00,'0','0','0',0.00,'0','0','0','0','0','0','0','0','0','0','0','0','0','0','0','0','2014-08-08 07:07:48',677,'2014-08-08 07:07:48',677,'0000-00-00 00:00:00',0),(2,10,'241b012',3,'<span class=\"vmpayment_name\">PayPal</span>',56.69000,144,144,0.00,0.00,0,'58bbddc4e59189c3bea7bb48faec8b12','0',0.00,'0','0','0','0',0.00,'0','0','0',0.00,'0','0','0','0','0','0','0','0','0','0','0','0','0','0','0','0','2014-08-08 07:13:15',677,'2014-08-08 07:13:15',677,'0000-00-00 00:00:00',0),(3,12,'b6cb014',3,'<span class=\"vmpayment_name\">PayPal</span>',204.71000,144,144,0.00,0.00,0,'58bbddc4e59189c3bea7bb48faec8b12','0',0.00,'0','0','0','0',0.00,'0','0','0',0.00,'0','0','0','0','0','0','0','0','0','0','0','0','0','0','0','0','2014-08-08 07:16:25',677,'2014-08-08 07:16:25',677,'0000-00-00 00:00:00',0),(4,13,'06df015',3,'<span class=\"vmpayment_name\">PayPal</span>',204.71000,144,144,0.00,0.00,0,'58bbddc4e59189c3bea7bb48faec8b12','0',0.00,'0','0','0','0',0.00,'0','0','0',0.00,'0','0','0','0','0','0','0','0','0','0','0','0','0','0','0','0','2014-08-08 07:16:57',677,'2014-08-08 07:16:57',677,'0000-00-00 00:00:00',0),(5,15,'AUQ3017',3,'<span class=\"vmpayment_name\">PayPal</span>',0.00000,144,144,0.00,0.00,0,'etgtvo7e9c67rhl80oegc1sc21','0',0.00,'0','0','0','0',0.00,'0','0','0',0.00,'0','0','0','0','0','0','0','0','0','0','0','0','0','0','0','0','2020-02-13 11:02:04',0,'2020-02-13 11:02:04',0,'0000-00-00 00:00:00',0);

--
-- Table structure for table `fz6t4_virtuemart_payment_plg_standard`
--

CREATE TABLE `fz6t4_virtuemart_payment_plg_standard` (
  `id` int unsigned NOT NULL AUTO_INCREMENT,
  `virtuemart_order_id` int unsigned DEFAULT NULL,
  `order_number` char(64) DEFAULT NULL,
  `virtuemart_paymentmethod_id` mediumint unsigned DEFAULT NULL,
  `payment_name` varchar(5000) DEFAULT NULL,
  `payment_order_total` decimal(15,5) NOT NULL DEFAULT '0.00000',
  `payment_currency` char(3) DEFAULT NULL,
  `email_currency` char(3) DEFAULT NULL,
  `cost_per_transaction` decimal(10,2) DEFAULT NULL,
  `cost_min_transaction` decimal(10,2) DEFAULT NULL,
  `cost_percent_total` decimal(10,2) DEFAULT NULL,
  `tax_id` smallint DEFAULT NULL,
  `created_on` datetime NOT NULL DEFAULT '0000-00-00 00:00:00',
  `created_by` int NOT NULL DEFAULT '0',
  `modified_on` datetime NOT NULL DEFAULT '0000-00-00 00:00:00',
  `modified_by` int NOT NULL DEFAULT '0',
  `locked_on` datetime NOT NULL DEFAULT '0000-00-00 00:00:00',
  `locked_by` int NOT NULL DEFAULT '0',
  PRIMARY KEY (`id`)
) ENGINE=MyISAM AUTO_INCREMENT=3 DEFAULT CHARSET=utf8mb3 COMMENT='Payment Standard Table';

--
-- Dumping data for table `fz6t4_virtuemart_payment_plg_standard`
--

INSERT INTO `fz6t4_virtuemart_payment_plg_standard` VALUES (1,2,'d29404',2,'<span class=\"vmpayment_name\">Banka Havalesi</span><br />',396.83000,'USD','144',0.00,NULL,0.00,-1,'2014-08-07 08:17:57',677,'2014-08-07 08:17:57',677,'0000-00-00 00:00:00',0),(2,3,'706405',2,'<span class=\"vmpayment_name\">Banka Havalesi</span><br />TL HESAPLARI:\r\nYapı Kredi Bankası - Topkapı (538) - IBAN: TR21 0006 7010 0000 0026 8596 02\r\nVakıfbank - Davutpaşa (453) - IBAN: TR33 0001 5001 5800 7294 5461 09\r\n\r\nUSD HESAPLARI:\r\nYapı Kredi Bankası - Topkapı (538) - IBAN: TR02 0006 7010 0000 0026 8596 53\r\nVakıfbank - Davutpaşa (453) - IBAN: TR24 0001 5001 5804 8011 2653 01\r\n\r\nEURO HESAPLARI:\r\nYapı Kredi Bankası - Topkapı (538) - IBAN: TR24 0006 7010 0000 0026 8596 45\r\nVakıfbank - Davutpaşa (453) - IBAN: TR42 0001 5001 5804 8011 2652 68',573.19000,'USD','144',0.00,NULL,0.00,-1,'2014-08-07 08:41:55',677,'2014-08-07 08:41:55',677,'0000-00-00 00:00:00',0);

--
-- Table structure for table `fz6t4_virtuemart_paymentmethod_shoppergroups`
--

CREATE TABLE `fz6t4_virtuemart_paymentmethod_shoppergroups` (
  `id` int unsigned NOT NULL AUTO_INCREMENT,
  `virtuemart_paymentmethod_id` int unsigned NOT NULL DEFAULT '0',
  `virtuemart_shoppergroup_id` int unsigned NOT NULL DEFAULT '0',
  PRIMARY KEY (`id`),
  UNIQUE KEY `virtuemart_paymentmethod_id` (`virtuemart_paymentmethod_id`,`virtuemart_shoppergroup_id`)
) ENGINE=MyISAM DEFAULT CHARSET=utf8mb3 COMMENT='xref table for paymentmethods to shoppergroup';

--
-- Dumping data for table `fz6t4_virtuemart_paymentmethod_shoppergroups`
--


--
-- Table structure for table `fz6t4_virtuemart_paymentmethods`
--

CREATE TABLE `fz6t4_virtuemart_paymentmethods` (
  `virtuemart_paymentmethod_id` int unsigned NOT NULL AUTO_INCREMENT,
  `virtuemart_vendor_id` int unsigned NOT NULL DEFAULT '1',
  `payment_jplugin_id` int NOT NULL DEFAULT '0',
  `payment_element` varchar(50) NOT NULL DEFAULT '',
  `payment_params` text,
  `currency_id` int unsigned DEFAULT NULL,
  `shared` tinyint(1) NOT NULL DEFAULT '0' COMMENT 'valide for all vendors?',
  `ordering` int NOT NULL DEFAULT '0',
  `published` tinyint(1) NOT NULL DEFAULT '1',
  `created_on` datetime NOT NULL DEFAULT '0000-00-00 00:00:00',
  `created_by` int NOT NULL DEFAULT '0',
  `modified_on` datetime NOT NULL DEFAULT '0000-00-00 00:00:00',
  `modified_by` int NOT NULL DEFAULT '0',
  `locked_on` datetime NOT NULL DEFAULT '0000-00-00 00:00:00',
  `locked_by` int NOT NULL DEFAULT '0',
  PRIMARY KEY (`virtuemart_paymentmethod_id`),
  KEY `payment_jplugin_id` (`payment_jplugin_id`),
  KEY `ordering` (`ordering`),
  KEY `virtuemart_vendor_id` (`virtuemart_vendor_id`),
  KEY `payment_element` (`payment_element`,`virtuemart_vendor_id`)
) ENGINE=MyISAM AUTO_INCREMENT=6 DEFAULT CHARSET=utf8mb3 COMMENT='The payment methods of your store';

--
-- Dumping data for table `fz6t4_virtuemart_paymentmethods`
--

INSERT INTO `fz6t4_virtuemart_paymentmethods` VALUES (2,1,10002,'standard','payment_logos=\"\"|countries=\"\"|payment_currency=\"0\"|email_currency=\"vendor\"|status_pending=\"U\"|send_invoice_on_order_null=\"1\"|min_amount=\"\"|max_amount=\"\"|cost_per_transaction=\"\"|cost_percent_total=\"\"|tax_id=\"-1\"|payment_info=\"TL HESAPLARI:\\r\\nYap\\u0131 Kredi Bankas\\u0131 - Topkap\\u0131 (538) - IBAN: TR21 0006 7010 0000 0026 8596 02\\r\\n\\/ Vak\\u0131fbank - Davutpa\\u015fa (453) - IBAN: TR33 0001 5001 5800 7294 5461 09\\r\\n*******************\\r\\nUSD HESAPLARI:\\r\\nYap\\u0131 Kredi Bankas\\u0131 - Topkap\\u0131 (538) - IBAN: TR02 0006 7010 0000 0026 8596 53\\r\\n\\/ Vak\\u0131fbank - Davutpa\\u015fa (453) - IBAN: TR24 0001 5001 5804 8011 2653 01\\r\\n*******************\\r\\nEURO HESAPLARI:\\r\\nYap\\u0131 Kredi Bankas\\u0131 - Topkap\\u0131 (538) - IBAN: TR24 0006 7010 0000 0026 8596 45\\r\\n\\/ Vak\\u0131fbank - Davutpa\\u015fa (453) - IBAN: TR42 0001 5001 5804 8011 2652 68\"|',NULL,0,0,1,'2014-08-07 06:49:35',676,'2014-08-07 08:43:55',676,'0000-00-00 00:00:00',0),(3,1,10006,'paypal','paypal_merchant_email=\"omurbozma@gmail.com\"|accelerated_onboarding=\"0\"|api_login_id=\"\"|api_password=\"\"|authentication=\"signature\"|api_signature=\"\"|api_certificate=\"\"|sandbox=\"0\"|sandbox_merchant_email=\"\"|sandbox_api_login_id=\"\"|sandbox_api_password=\"\"|sandbox_api_signature=\"\"|sandbox_api_certificate=\"\"|sandbox_payflow_vendor=\"\"|sandbox_payflow_partner=\"PayPal\"|payflow_vendor=\"\"|payflow_partner=\"\"|creditcards=\"\"|cvv_required=\"1\"|cvv_images=\"\"|paypalproduct=\"std\"|paypal_verified_only=\"\"|payment_currency=\"0\"|email_currency=\"vendor\"|log_ipn=\"\"|payment_logos=\"\"|debug=\"0\"|log=\"0\"|status_pending=\"U\"|status_success=\"C\"|status_canceled=\"X\"|status_expired=\"\"|status_capture=\"S\"|status_refunded=\"R\"|status_partial_refunded=\"R\"|expected_maxamount=\"\"|secure_post=\"\"|ipn_test=\"\"|no_shipping=\"0\"|address_override=\"0\"|payment_type=\"_xclick\"|subcription_trials=\"0\"|trial1_price=\"0\"|trial1_duration=\"1-M\"|subscription_duration=\"1-M\"|subscription_term=\"1\"|payment_plan_duration=\"1-M\"|payment_plan_term=\"2\"|payment_plan_defer=\"0\"|payment_plan_defer_duration=\"1-M\"|payment_plan_defer_strtotime=\"+1 Month\"|billing_max_amount_type=\"cart\"|billing_max_amount=\"\"|sftp_login=\"\"|sftp_password=\"\"|sftp_host=\"\"|sftp_sandbox_login=\"\"|sftp_sandbox_password=\"\"|countries=\"\"|min_amount=\"\"|max_amount=\"\"|publishup=\"\"|publishdown=\"\"|cost_per_transaction=\"\"|cost_percent_total=\"\"|tax_id=\"0\"|headerBgColor=\"\"|headerHeight=\"\"|logoFont=\"\"|logoFontColor=\"\"|logoFontSize=\"\"|bodyBgImg=[\"\"]|bodyBgColor=\"\"|PageTitleTextColor=\"\"|PageCollapseBgColor=\"\"|PageCollapseTextColor=\"\"|orderSummaryBgColor=\"\"|orderSummaryBgImage=[\"\"]|footerTextColor=\"\"|footerTextlinkColor=\"\"|pageButtonBgColor=\"\"|pageButtonTextColor=\"\"|pageTitleTextColor=\"\"|sectionBorder=\"\"|bordercolor=\"\"|headerimg=\"-1\"|logoimg=\"\"|payment_action=\"Sale\"|template=\"templateA\"|',NULL,0,0,1,'2014-08-07 06:50:11',676,'2014-08-07 08:19:25',676,'0000-00-00 00:00:00',0),(4,1,10018,'authorizenet','hostname=\"https:\\/\\/secure.authorize.net\\/gateway\\/transact.dll\"|login_id=\"\"|transaction_key=\"\"|secure_post=\"0\"|sandbox=\"0\"|sandbox_hostname=\"https:\\/\\/test.authorize.net\\/gateway\\/transact.dll\"|sandbox_login_id=\"\"|sandbox_transaction_key=\"\"|xtype=\"AUTH_CAPTURE\"|creditcards=\"\"|payment_approved_status=\"C\"|payment_declined_status=\"X\"|payment_held_status=\"P\"|payment_logos=\"\"|cvv_images=\"\"|countries=\"\"|min_amount=\"\"|max_amount=\"\"|cost_per_transaction=\"\"|cost_percent_total=\"\"|tax_id=\"-1\"|debug=\"0\"|log=\"0\"|',NULL,0,0,0,'2014-08-07 09:20:26',676,'2014-08-07 09:39:15',676,'0000-00-00 00:00:00',0);

--
-- Table structure for table `fz6t4_virtuemart_paymentmethods_en_gb`
--

CREATE TABLE `fz6t4_virtuemart_paymentmethods_en_gb` (
  `virtuemart_paymentmethod_id` int unsigned NOT NULL,
  `payment_name` varchar(180) NOT NULL DEFAULT '',
  `payment_desc` varchar(19000) NOT NULL DEFAULT '',
  `slug` varchar(192) NOT NULL DEFAULT '',
  PRIMARY KEY (`virtuemart_paymentmethod_id`),
  UNIQUE KEY `slug` (`slug`)
) ENGINE=MyISAM DEFAULT CHARSET=utf8mb3;

--
-- Dumping data for table `fz6t4_virtuemart_paymentmethods_en_gb`
--

INSERT INTO `fz6t4_virtuemart_paymentmethods_en_gb` VALUES (2,'Bank Transfer','','banka-havalesi'),(3,'PayPal','','paypal');

--
-- Table structure for table `fz6t4_virtuemart_paymentmethods_tr_tr`
--

CREATE TABLE `fz6t4_virtuemart_paymentmethods_tr_tr` (
  `virtuemart_paymentmethod_id` int unsigned NOT NULL,
  `payment_name` varchar(180) NOT NULL DEFAULT '',
  `payment_desc` varchar(19000) NOT NULL DEFAULT '',
  `slug` varchar(192) NOT NULL DEFAULT '',
  PRIMARY KEY (`virtuemart_paymentmethod_id`),
  UNIQUE KEY `slug` (`slug`)
) ENGINE=MyISAM DEFAULT CHARSET=utf8mb3;

--
-- Dumping data for table `fz6t4_virtuemart_paymentmethods_tr_tr`
--

INSERT INTO `fz6t4_virtuemart_paymentmethods_tr_tr` VALUES (2,'Banka Havalesi','','banka-havalesi'),(3,'PayPal','','paypal'),(4,'Deneme','','deneme');

--
-- Table structure for table `fz6t4_virtuemart_permgroups`
--

CREATE TABLE `fz6t4_virtuemart_permgroups` (
  `virtuemart_permgroup_id` tinyint unsigned NOT NULL AUTO_INCREMENT,
  `virtuemart_vendor_id` smallint unsigned NOT NULL DEFAULT '1',
  `group_name` char(128) DEFAULT NULL,
  `group_level` int DEFAULT NULL,
  `ordering` int NOT NULL DEFAULT '0',
  `shared` tinyint(1) NOT NULL DEFAULT '0',
  `published` tinyint(1) NOT NULL DEFAULT '1',
  `created_on` datetime NOT NULL DEFAULT '0000-00-00 00:00:00',
  `created_by` int NOT NULL DEFAULT '0',
  `modified_on` datetime NOT NULL DEFAULT '0000-00-00 00:00:00',
  `modified_by` int NOT NULL DEFAULT '0',
  `locked_on` datetime NOT NULL DEFAULT '0000-00-00 00:00:00',
  `locked_by` int NOT NULL DEFAULT '0',
  PRIMARY KEY (`virtuemart_permgroup_id`),
  KEY `i_virtuemart_vendor_id` (`virtuemart_vendor_id`)
) ENGINE=MyISAM AUTO_INCREMENT=5 DEFAULT CHARSET=utf8mb3 COMMENT='Holds all the user groups';

--
-- Dumping data for table `fz6t4_virtuemart_permgroups`
--

INSERT INTO `fz6t4_virtuemart_permgroups` VALUES (1,1,'admin',0,0,0,1,'0000-00-00 00:00:00',0,'0000-00-00 00:00:00',0,'0000-00-00 00:00:00',0),(2,1,'storeadmin',250,0,0,1,'0000-00-00 00:00:00',0,'0000-00-00 00:00:00',0,'0000-00-00 00:00:00',0),(3,1,'shopper',500,0,0,1,'0000-00-00 00:00:00',0,'0000-00-00 00:00:00',0,'0000-00-00 00:00:00',0),(4,1,'demo',750,0,0,1,'0000-00-00 00:00:00',0,'0000-00-00 00:00:00',0,'0000-00-00 00:00:00',0);

--
-- Table structure for table `fz6t4_virtuemart_product_categories`
--

CREATE TABLE `fz6t4_virtuemart_product_categories` (
  `id` int unsigned NOT NULL AUTO_INCREMENT,
  `virtuemart_product_id` int unsigned NOT NULL DEFAULT '0',
  `virtuemart_category_id` int unsigned NOT NULL DEFAULT '0',
  `ordering` int NOT NULL DEFAULT '0',
  PRIMARY KEY (`id`),
  UNIQUE KEY `virtuemart_product_id` (`virtuemart_product_id`,`virtuemart_category_id`),
  KEY `ordering` (`ordering`)
) ENGINE=MyISAM AUTO_INCREMENT=68 DEFAULT CHARSET=utf8mb3 COMMENT='Maps Products to Categories';

--
-- Dumping data for table `fz6t4_virtuemart_product_categories`
--

INSERT INTO `fz6t4_virtuemart_product_categories` VALUES (1,2,2,155),(2,3,3,10),(3,4,4,150),(4,5,7,1),(5,6,7,2),(6,7,7,0),(7,8,2,75),(8,9,2,205),(9,10,3,55),(10,11,5,270),(11,12,5,250),(12,13,6,160),(13,14,6,60),(14,15,8,255),(15,16,8,190),(16,17,13,165),(17,18,13,200),(18,19,13,245),(19,20,13,265),(20,21,13,285),(21,22,13,95),(22,23,10,100),(23,24,9,170),(24,25,9,110),(25,26,15,180),(26,27,15,115),(27,28,14,175),(28,29,14,280),(29,30,14,225),(30,31,17,65),(31,32,17,275),(32,33,17,235),(33,34,17,230),(34,35,17,125),(35,36,16,120),(40,40,4,220),(37,38,16,70),(39,39,4,215),(41,41,5,90),(42,42,5,130),(43,43,5,210),(44,44,8,135),(45,45,8,105),(46,46,10,140),(47,47,10,185),(48,48,14,240),(49,49,14,260),(50,50,14,85),(51,51,18,50),(52,52,18,45),(58,53,19,40),(56,55,20,35),(59,56,5,25),(63,60,4,30),(64,61,4,20),(67,66,7,3),(66,63,4,15);

--
-- Table structure for table `fz6t4_virtuemart_product_customfields`
--

CREATE TABLE `fz6t4_virtuemart_product_customfields` (
  `virtuemart_customfield_id` int unsigned NOT NULL AUTO_INCREMENT COMMENT 'FIELD ID',
  `virtuemart_product_id` int NOT NULL DEFAULT '0',
  `virtuemart_custom_id` int NOT NULL DEFAULT '1' COMMENT 'CUSTOM GROUP ID',
  `customfield_value` varchar(2500) DEFAULT NULL COMMENT 'field value',
  `customfield_price` decimal(15,6) DEFAULT NULL COMMENT 'price',
  `disabler` int unsigned NOT NULL DEFAULT '0',
  `override` int unsigned NOT NULL DEFAULT '0',
  `noninheritable` int unsigned NOT NULL DEFAULT '0',
  `customfield_params` text COMMENT 'PARAM FOR PLUGINS',
  `product_sku` varchar(64) DEFAULT NULL,
  `product_gtin` varchar(64) DEFAULT NULL,
  `product_mpn` varchar(64) DEFAULT NULL,
  `published` tinyint(1) NOT NULL DEFAULT '1',
  `created_on` datetime NOT NULL DEFAULT '0000-00-00 00:00:00',
  `created_by` int unsigned NOT NULL DEFAULT '0',
  `modified_on` datetime NOT NULL DEFAULT '0000-00-00 00:00:00',
  `modified_by` int unsigned NOT NULL DEFAULT '0',
  `locked_on` datetime NOT NULL DEFAULT '0000-00-00 00:00:00',
  `locked_by` int unsigned NOT NULL DEFAULT '0',
  `ordering` int NOT NULL DEFAULT '0',
  PRIMARY KEY (`virtuemart_customfield_id`),
  UNIQUE KEY `unique_custf_prd_value` (`virtuemart_customfield_id`,`virtuemart_product_id`,`virtuemart_custom_id`,`customfield_value`(50)),
  KEY `virtuemart_custom_id` (`virtuemart_custom_id`),
  KEY `published` (`published`),
  KEY `ordering` (`ordering`),
  KEY `virtuemart_product_id` (`virtuemart_product_id`,`ordering`),
  KEY `unique_cust_prd_value` (`virtuemart_custom_id`,`virtuemart_product_id`,`customfield_value`(50)),
  KEY `customfield_value` (`customfield_value`(50))
) ENGINE=MyISAM AUTO_INCREMENT=2 DEFAULT CHARSET=utf8mb3 COMMENT='custom fields';

--
-- Dumping data for table `fz6t4_virtuemart_product_customfields`
--


--
-- Table structure for table `fz6t4_virtuemart_product_manufacturers`
--

CREATE TABLE `fz6t4_virtuemart_product_manufacturers` (
  `id` int unsigned NOT NULL AUTO_INCREMENT,
  `virtuemart_product_id` int DEFAULT NULL,
  `virtuemart_manufacturer_id` int unsigned DEFAULT NULL,
  PRIMARY KEY (`id`),
  UNIQUE KEY `virtuemart_product_id` (`virtuemart_product_id`,`virtuemart_manufacturer_id`)
) ENGINE=MyISAM AUTO_INCREMENT=64 DEFAULT CHARSET=utf8mb3 COMMENT='Maps a product to a manufacturer';

--
-- Dumping data for table `fz6t4_virtuemart_product_manufacturers`
--

INSERT INTO `fz6t4_virtuemart_product_manufacturers` VALUES (1,3,2),(9,2,4),(3,4,1),(4,6,1),(5,5,1),(6,7,1),(7,8,4),(8,9,4),(10,10,1),(11,11,1),(12,12,6),(13,13,6),(14,14,4),(15,15,6),(16,17,1),(17,18,1),(18,19,1),(19,20,1),(20,21,1),(21,22,1),(22,23,7),(23,24,4),(24,25,4),(25,26,3),(26,27,3),(27,28,3),(28,29,3),(29,30,3),(30,31,3),(31,32,3),(32,33,3),(33,34,3),(34,35,3),(35,36,3),(38,39,2),(37,38,3),(39,40,1),(40,41,4),(41,42,4),(42,43,4),(43,44,4),(44,45,4),(45,46,7),(46,47,7),(47,48,3),(48,49,3),(49,50,3),(50,51,8),(51,52,8),(52,53,1),(54,55,1),(55,56,1),(59,60,1),(60,61,1),(63,66,1),(62,63,1);

--
-- Table structure for table `fz6t4_virtuemart_product_medias`
--

CREATE TABLE `fz6t4_virtuemart_product_medias` (
  `id` int unsigned NOT NULL AUTO_INCREMENT,
  `virtuemart_product_id` int unsigned NOT NULL DEFAULT '0',
  `virtuemart_media_id` int unsigned NOT NULL DEFAULT '0',
  `ordering` int NOT NULL DEFAULT '0',
  PRIMARY KEY (`id`),
  UNIQUE KEY `virtuemart_product_id` (`virtuemart_product_id`,`virtuemart_media_id`),
  KEY `virtuemart_media_id` (`virtuemart_media_id`),
  KEY `ordering` (`virtuemart_product_id`,`ordering`)
) ENGINE=MyISAM AUTO_INCREMENT=116 DEFAULT CHARSET=utf8mb3;

--
-- Dumping data for table `fz6t4_virtuemart_product_medias`
--

INSERT INTO `fz6t4_virtuemart_product_medias` VALUES (8,3,33,1),(9,4,42,1),(3,2,6,1),(10,5,56,1),(11,6,57,1),(12,7,58,1),(13,8,59,1),(14,9,60,1),(89,53,119,1),(16,11,62,1),(17,12,63,1),(18,13,64,1),(19,14,65,1),(20,15,66,1),(21,16,67,1),(22,17,68,1),(23,18,69,1),(24,19,70,1),(25,20,71,1),(26,21,71,1),(27,22,72,1),(28,23,73,1),(29,24,74,1),(30,25,74,1),(31,27,79,1),(32,26,80,1),(33,28,81,1),(34,29,81,1),(35,30,81,1),(36,31,82,1),(37,32,82,1),(38,33,82,1),(39,34,82,1),(40,35,82,1),(41,36,83,1),(48,41,86,1),(43,38,83,1),(45,39,84,1),(56,46,91,1),(50,42,87,1),(52,43,88,1),(54,45,89,1),(55,44,90,1),(57,47,92,1),(58,48,81,1),(59,49,81,1),(60,50,81,1),(61,51,95,1),(63,52,97,2),(64,52,98,4),(72,52,102,5),(66,52,100,1),(93,61,122,2),(96,63,124,1),(94,61,123,1),(97,55,125,1),(71,52,101,3),(73,51,103,2),(75,51,101,5),(76,51,102,4),(80,51,108,3),(90,40,120,1),(108,53,136,2),(86,10,116,1),(88,56,118,1),(101,10,129,2),(103,63,131,2),(104,61,132,3),(105,40,133,2),(106,56,134,2),(107,55,135,2),(109,6,137,2),(110,5,138,2),(115,66,141,2),(113,66,139,1);

--
-- Table structure for table `fz6t4_virtuemart_product_prices`
--

CREATE TABLE `fz6t4_virtuemart_product_prices` (
  `virtuemart_product_price_id` int unsigned NOT NULL AUTO_INCREMENT,
  `virtuemart_product_id` int unsigned NOT NULL DEFAULT '0',
  `virtuemart_shoppergroup_id` int unsigned NOT NULL DEFAULT '0',
  `product_price` decimal(15,6) DEFAULT NULL,
  `override` tinyint(1) DEFAULT NULL,
  `product_override_price` decimal(15,5) DEFAULT NULL,
  `product_tax_id` int DEFAULT NULL,
  `product_discount_id` int DEFAULT NULL,
  `product_currency` smallint DEFAULT NULL,
  `product_price_publish_up` datetime NOT NULL DEFAULT '0000-00-00 00:00:00',
  `product_price_publish_down` datetime NOT NULL DEFAULT '0000-00-00 00:00:00',
  `price_quantity_start` int unsigned NOT NULL DEFAULT '0',
  `price_quantity_end` int unsigned NOT NULL DEFAULT '0',
  `created_on` datetime NOT NULL DEFAULT '0000-00-00 00:00:00',
  `created_by` int NOT NULL DEFAULT '0',
  `modified_on` datetime NOT NULL DEFAULT '0000-00-00 00:00:00',
  `modified_by` int NOT NULL DEFAULT '0',
  `locked_on` datetime NOT NULL DEFAULT '0000-00-00 00:00:00',
  `locked_by` int NOT NULL DEFAULT '0',
  PRIMARY KEY (`virtuemart_product_price_id`),
  KEY `virtuemart_shoppergroup_id` (`virtuemart_shoppergroup_id`),
  KEY `product_price_publish_up` (`product_price_publish_up`),
  KEY `product_price_publish_down` (`product_price_publish_down`),
  KEY `price_quantity_start` (`price_quantity_start`),
  KEY `price_quantity_end` (`price_quantity_end`),
  KEY `virtuemart_product_id` (`virtuemart_product_id`),
  KEY `product_price` (`product_price`)
) ENGINE=MyISAM AUTO_INCREMENT=21 DEFAULT CHARSET=utf8mb3 COMMENT='Holds price records for a product';

--
-- Dumping data for table `fz6t4_virtuemart_product_prices`
--

INSERT INTO `fz6t4_virtuemart_product_prices` VALUES (1,16,0,9500.000000,0,0.00000,0,0,144,'0000-00-00 00:00:00','0000-00-00 00:00:00',0,0,'2014-08-03 07:10:07',676,'2020-02-11 19:23:04',676,'0000-00-00 00:00:00',0),(2,18,0,20000.000000,0,0.00000,0,0,144,'0000-00-00 00:00:00','0000-00-00 00:00:00',0,0,'2014-08-03 09:26:39',676,'2020-02-17 09:20:08',676,'0000-00-00 00:00:00',0),(3,17,0,20000.000000,0,0.00000,0,0,144,'0000-00-00 00:00:00','0000-00-00 00:00:00',0,0,'2014-08-03 09:28:05',676,'2020-02-17 09:17:24',676,'0000-00-00 00:00:00',0),(4,19,0,15000.000000,0,0.00000,0,0,144,'0000-00-00 00:00:00','0000-00-00 00:00:00',0,0,'2014-08-03 09:44:50',676,'2020-02-17 09:42:11',676,'0000-00-00 00:00:00',0),(5,20,0,35000.000000,0,0.00000,0,0,144,'0000-00-00 00:00:00','0000-00-00 00:00:00',0,0,'2014-08-03 09:55:07',676,'2020-02-17 09:53:20',676,'0000-00-00 00:00:00',0),(6,21,0,40000.000000,0,0.00000,0,0,144,'0000-00-00 00:00:00','0000-00-00 00:00:00',0,0,'2014-08-03 09:56:35',676,'2020-02-17 10:27:33',676,'0000-00-00 00:00:00',0),(7,22,0,30000.000000,0,0.00000,0,0,144,'0000-00-00 00:00:00','0000-00-00 00:00:00',0,0,'2014-08-03 10:06:12',676,'2020-02-17 08:55:45',676,'0000-00-00 00:00:00',0),(8,29,0,26.000000,0,0.00000,1,-1,47,'0000-00-00 00:00:00','0000-00-00 00:00:00',1,20,'2014-08-07 07:15:11',676,'2014-08-07 07:53:29',676,'0000-00-00 00:00:00',0),(9,29,0,22.000000,0,0.00000,1,0,47,'0000-00-00 00:00:00','0000-00-00 00:00:00',21,100,'2014-08-07 07:38:17',676,'2014-08-07 07:53:29',676,'0000-00-00 00:00:00',0),(10,48,0,50.000000,0,0.00000,1,-1,47,'0000-00-00 00:00:00','0000-00-00 00:00:00',1,20,'2014-08-07 07:49:01',676,'2014-08-07 07:52:19',676,'0000-00-00 00:00:00',0),(11,48,0,42.000000,0,0.00000,1,0,47,'0000-00-00 00:00:00','0000-00-00 00:00:00',21,100,'2014-08-07 07:49:01',676,'2014-08-07 07:52:19',676,'0000-00-00 00:00:00',0),(12,49,0,26.000000,0,0.00000,1,-1,47,'0000-00-00 00:00:00','0000-00-00 00:00:00',1,20,'2014-08-07 07:49:19',676,'2014-08-07 07:55:04',676,'0000-00-00 00:00:00',0),(13,49,0,22.000000,0,0.00000,1,0,47,'0000-00-00 00:00:00','0000-00-00 00:00:00',21,100,'2014-08-07 07:49:19',676,'2014-08-07 07:55:04',676,'0000-00-00 00:00:00',0),(14,28,0,36.000000,0,0.00000,1,0,47,'0000-00-00 00:00:00','0000-00-00 00:00:00',1,20,'2014-08-07 07:57:59',676,'2014-08-07 08:01:22',676,'0000-00-00 00:00:00',0),(15,28,0,30.000000,0,0.00000,1,0,47,'0000-00-00 00:00:00','0000-00-00 00:00:00',21,100,'2014-08-07 07:58:29',676,'2014-08-07 08:01:22',676,'0000-00-00 00:00:00',0),(16,50,0,36.000000,0,0.00000,1,0,47,'0000-00-00 00:00:00','0000-00-00 00:00:00',1,20,'2014-08-07 08:00:19',676,'2014-08-07 08:07:11',676,'0000-00-00 00:00:00',0),(17,50,0,30.000000,0,0.00000,1,0,47,'0000-00-00 00:00:00','0000-00-00 00:00:00',21,100,'2014-08-07 08:00:19',676,'2014-08-07 08:07:11',676,'0000-00-00 00:00:00',0),(18,51,0,6000.000000,0,0.00000,1,0,144,'0000-00-00 00:00:00','0000-00-00 00:00:00',0,0,'2019-09-16 09:42:01',676,'2019-09-16 13:17:17',676,'0000-00-00 00:00:00',0),(19,52,0,7500.000000,0,0.00000,1,0,144,'0000-00-00 00:00:00','0000-00-00 00:00:00',0,0,'2019-09-16 11:50:52',676,'2019-09-19 09:51:09',676,'0000-00-00 00:00:00',0);

--
-- Table structure for table `fz6t4_virtuemart_product_shoppergroups`
--

CREATE TABLE `fz6t4_virtuemart_product_shoppergroups` (
  `id` int unsigned NOT NULL AUTO_INCREMENT,
  `virtuemart_product_id` int unsigned NOT NULL DEFAULT '0',
  `virtuemart_shoppergroup_id` int unsigned NOT NULL DEFAULT '0',
  PRIMARY KEY (`id`),
  UNIQUE KEY `virtuemart_product_id` (`virtuemart_product_id`,`virtuemart_shoppergroup_id`)
) ENGINE=MyISAM DEFAULT CHARSET=utf8mb3 COMMENT='Maps Products to Categories';

--
-- Dumping data for table `fz6t4_virtuemart_product_shoppergroups`
--


--
-- Table structure for table `fz6t4_virtuemart_products`
--

CREATE TABLE `fz6t4_virtuemart_products` (
  `virtuemart_product_id` int unsigned NOT NULL AUTO_INCREMENT,
  `virtuemart_vendor_id` int unsigned NOT NULL DEFAULT '1',
  `product_parent_id` int unsigned NOT NULL DEFAULT '0',
  `product_sku` varchar(255) DEFAULT NULL,
  `product_gtin` varchar(64) DEFAULT NULL,
  `product_mpn` varchar(64) DEFAULT NULL,
  `product_weight` decimal(10,4) DEFAULT NULL,
  `product_weight_uom` varchar(7) DEFAULT NULL,
  `product_length` decimal(10,4) DEFAULT NULL,
  `product_width` decimal(10,4) DEFAULT NULL,
  `product_height` decimal(10,4) DEFAULT NULL,
  `product_lwh_uom` varchar(7) DEFAULT NULL,
  `product_url` varchar(255) DEFAULT NULL,
  `product_in_stock` int NOT NULL DEFAULT '0',
  `product_ordered` int NOT NULL DEFAULT '0',
  `product_stockhandle` varchar(24) NOT NULL DEFAULT '0',
  `low_stock_notification` int unsigned NOT NULL DEFAULT '0',
  `product_available_date` datetime NOT NULL DEFAULT '0000-00-00 00:00:00',
  `product_availability` varchar(32) DEFAULT NULL,
  `product_special` tinyint(1) NOT NULL DEFAULT '0',
  `product_discontinued` tinyint(1) NOT NULL DEFAULT '0',
  `product_sales` int NOT NULL DEFAULT '0',
  `product_unit` varchar(8) DEFAULT NULL,
  `product_packaging` decimal(8,4) unsigned DEFAULT NULL,
  `product_params` varchar(255) NOT NULL,
  `product_canon_category_id` int DEFAULT NULL,
  `hits` int unsigned DEFAULT NULL,
  `intnotes` text,
  `metarobot` varchar(400) DEFAULT NULL,
  `metaauthor` varchar(400) DEFAULT NULL,
  `layout` varchar(16) DEFAULT NULL,
  `published` tinyint(1) NOT NULL DEFAULT '0',
  `pordering` int unsigned NOT NULL DEFAULT '0',
  `has_categories` tinyint(1) DEFAULT NULL,
  `has_manufacturers` tinyint(1) DEFAULT NULL,
  `has_medias` tinyint(1) DEFAULT NULL,
  `has_prices` tinyint(1) DEFAULT NULL,
  `has_shoppergroups` tinyint(1) DEFAULT NULL,
  `created_on` datetime NOT NULL DEFAULT '0000-00-00 00:00:00',
  `created_by` int NOT NULL DEFAULT '0',
  `modified_on` datetime NOT NULL DEFAULT '0000-00-00 00:00:00',
  `modified_by` int NOT NULL DEFAULT '0',
  `locked_on` datetime NOT NULL DEFAULT '0000-00-00 00:00:00',
  `locked_by` int NOT NULL DEFAULT '0',
  PRIMARY KEY (`virtuemart_product_id`),
  KEY `virtuemart_vendor_id` (`virtuemart_vendor_id`),
  KEY `product_parent_id` (`product_parent_id`),
  KEY `product_special` (`product_special`),
  KEY `published` (`published`),
  KEY `pordering` (`pordering`),
  KEY `created_on` (`created_on`),
  KEY `modified_on` (`modified_on`),
  KEY `product_in_stock` (`product_in_stock`),
  KEY `product_ordered` (`product_ordered`),
  KEY `product_discontinued` (`product_discontinued`),
  KEY `product_sku` (`product_sku`)
) ENGINE=MyISAM AUTO_INCREMENT=67 DEFAULT CHARSET=utf8mb3 COMMENT='All products are stored here.';

--
-- Dumping data for table `fz6t4_virtuemart_products`
--

INSERT INTO `fz6t4_virtuemart_products` VALUES (2,1,0,'','','',NULL,'KG',NULL,NULL,NULL,'M','',0,0,'0',0,'2014-08-01 00:00:00','',0,0,0,'KG',NULL,'min_order_level=\"\"|max_order_level=\"\"|step_order_level=\"\"|shared_stock=0|product_box=\"\"|',NULL,NULL,'','','','default',1,0,1,1,1,1,0,'2014-08-01 11:29:40',676,'2020-02-17 06:57:18',676,'0000-00-00 00:00:00',0),(3,1,0,'','','',NULL,'KG',NULL,NULL,NULL,'M','',0,0,'0',0,'2014-08-01 00:00:00','',0,0,0,'KG',NULL,'min_order_level=\"\"|max_order_level=\"\"|step_order_level=\"\"|product_box=\"\"|',NULL,NULL,'','','','0',0,0,1,1,1,1,0,'2014-08-01 14:12:11',676,'2014-08-02 07:07:40',676,'0000-00-00 00:00:00',0),(4,1,0,'CM-602-L','','',NULL,'KG',NULL,NULL,NULL,'M','',0,0,'0',0,'2014-08-02 00:00:00','',0,0,0,'KG',NULL,'min_order_level=\"\"|max_order_level=\"\"|step_order_level=\"\"|product_box=\"\"|',NULL,NULL,'','','','0',0,0,1,1,1,1,0,'2014-08-02 07:29:43',676,'2014-08-02 07:39:36',676,'0000-00-00 00:00:00',0),(5,1,0,'','','',NULL,'KG',NULL,NULL,NULL,'M','',0,0,'0',0,'2014-08-02 00:00:00','',0,0,0,'KG',NULL,'min_order_level=\"\"|max_order_level=\"\"|step_order_level=\"\"|shared_stock=0|product_box=\"\"|',NULL,NULL,'','','','default',0,0,1,1,1,0,0,'2014-08-02 10:50:01',676,'2020-11-26 06:54:35',676,'0000-00-00 00:00:00',0),(6,1,0,'','','',NULL,'KG',NULL,NULL,NULL,'M','',0,0,'0',0,'2014-08-02 00:00:00','',0,0,0,'KG',NULL,'min_order_level=\"\"|max_order_level=\"\"|step_order_level=\"\"|shared_stock=0|product_box=\"\"|',NULL,NULL,'','','','default',0,0,1,1,1,0,0,'2014-08-02 10:57:34',676,'2020-11-26 07:57:22',676,'0000-00-00 00:00:00',0),(7,1,0,'','','',NULL,'KG',NULL,NULL,NULL,'M','',0,0,'0',0,'2014-08-02 00:00:00','',0,0,0,'KG',NULL,'min_order_level=\"\"|max_order_level=\"\"|step_order_level=\"\"|shared_stock=0|product_box=\"\"|',NULL,NULL,'','','','default',0,0,1,1,1,1,0,'2014-08-02 11:10:18',676,'2020-02-16 20:22:49',676,'0000-00-00 00:00:00',0),(8,1,0,'','','',NULL,'KG',NULL,NULL,NULL,'M','',0,1,'0',0,'2014-08-02 00:00:00','',0,0,0,'KG',NULL,'min_order_level=\"\"|max_order_level=\"\"|step_order_level=\"\"|shared_stock=0|product_box=\"\"|',NULL,NULL,'','','','default',1,0,1,1,1,1,0,'2014-08-02 12:48:21',676,'2020-02-17 06:54:46',676,'0000-00-00 00:00:00',0),(9,1,0,'','','',NULL,'KG',NULL,NULL,NULL,'M','',0,0,'0',0,'2014-08-02 00:00:00','',0,0,0,'KG',NULL,'min_order_level=\"\"|max_order_level=\"\"|step_order_level=\"\"|shared_stock=0|product_box=\"\"|',NULL,NULL,'','','','default',1,0,1,1,1,1,0,'2014-08-02 12:52:00',676,'2020-02-16 21:58:43',676,'0000-00-00 00:00:00',0),(10,1,0,'','','',NULL,'KG',NULL,NULL,NULL,'M','',0,0,'0',0,'2014-08-02 00:00:00','',0,0,0,'KG',NULL,'min_order_level=\"\"|max_order_level=\"\"|step_order_level=\"\"|shared_stock=0|product_box=\"\"|',NULL,NULL,'','','','default',0,0,1,1,1,0,0,'2014-08-02 13:01:05',676,'2020-11-26 07:57:45',676,'0000-00-00 00:00:00',0),(11,1,0,'','','',NULL,'KG',NULL,NULL,NULL,'M','',0,0,'0',0,'2014-08-02 00:00:00','',1,0,0,'KG',NULL,'min_order_level=\"\"|max_order_level=\"\"|step_order_level=\"\"|product_box=\"\"|',NULL,NULL,'','','','0',0,0,1,1,1,1,0,'2014-08-02 13:17:31',676,'2014-08-03 19:52:27',676,'0000-00-00 00:00:00',0),(12,1,0,'','','',NULL,'KG',NULL,NULL,NULL,'M','',0,0,'0',0,'2014-08-02 00:00:00','',0,0,0,'KG',NULL,'min_order_level=\"\"|max_order_level=\"\"|step_order_level=\"\"|product_box=\"\"|',NULL,NULL,'','','','0',0,0,1,1,1,1,0,'2014-08-02 13:21:44',676,'2014-08-03 19:55:39',676,'0000-00-00 00:00:00',0),(13,1,0,'','','',NULL,'KG',NULL,NULL,NULL,'M','',0,0,'0',0,'2014-08-02 00:00:00','',0,0,0,'KG',NULL,'min_order_level=\"\"|max_order_level=\"\"|step_order_level=\"\"|shared_stock=0|product_box=\"\"|',NULL,NULL,'','','','default',1,0,1,1,1,1,0,'2014-08-02 13:26:06',676,'2020-02-17 07:50:14',676,'0000-00-00 00:00:00',0),(14,1,0,'','','',NULL,'KG',NULL,NULL,NULL,'M','',0,2,'0',0,'2014-08-02 00:00:00','',0,0,0,'KG',NULL,'min_order_level=\"\"|max_order_level=\"\"|step_order_level=\"\"|shared_stock=0|product_box=\"\"|',NULL,NULL,'','','','default',1,0,1,1,1,1,0,'2014-08-02 13:31:05',676,'2020-02-16 21:40:24',676,'0000-00-00 00:00:00',0),(15,1,0,'','','',NULL,'KG',NULL,NULL,NULL,'M','',0,0,'0',0,'2014-08-02 00:00:00','',0,0,0,'KG',NULL,'min_order_level=\"\"|max_order_level=\"\"|step_order_level=\"\"|shared_stock=0|product_box=\"\"|',NULL,NULL,'','','','',1,0,1,1,1,1,0,'2014-08-02 13:49:31',676,'2020-02-11 19:26:30',676,'0000-00-00 00:00:00',0),(16,1,0,'','','',NULL,'KG',NULL,NULL,NULL,'M','',0,1,'0',0,'2014-08-03 00:00:00','',0,0,0,'KG',NULL,'min_order_level=\"\"|max_order_level=\"\"|step_order_level=\"\"|shared_stock=0|product_box=\"\"|',NULL,NULL,'','','','default',1,0,1,0,1,1,0,'2014-08-03 07:06:22',676,'2020-02-11 19:23:04',676,'0000-00-00 00:00:00',0),(17,1,0,'','','',NULL,'KG',NULL,NULL,NULL,'M','',0,0,'0',0,'2014-08-03 00:00:00','',0,0,0,'KG',NULL,'min_order_level=\"\"|max_order_level=\"\"|step_order_level=\"\"|shared_stock=0|product_box=\"\"|',NULL,NULL,'','','','default',1,0,1,1,1,1,0,'2014-08-03 07:18:16',676,'2020-02-17 09:17:24',676,'0000-00-00 00:00:00',0),(18,1,0,'','','',NULL,'KG',NULL,NULL,NULL,'M','',0,0,'0',0,'2014-08-03 00:00:00','',0,0,0,'KG',NULL,'min_order_level=\"\"|max_order_level=\"\"|step_order_level=\"\"|shared_stock=0|product_box=\"\"|',NULL,NULL,'','','','default',1,0,1,1,1,1,0,'2014-08-03 09:26:39',676,'2020-02-17 09:20:08',676,'0000-00-00 00:00:00',0),(19,1,0,'','','',NULL,'KG',NULL,NULL,NULL,'M','',0,0,'0',0,'2014-08-03 00:00:00','',0,0,0,'KG',NULL,'min_order_level=\"\"|max_order_level=\"\"|step_order_level=\"\"|shared_stock=0|product_box=\"\"|',NULL,NULL,'','','','default',1,0,1,1,1,1,0,'2014-08-03 09:35:21',676,'2020-02-17 09:42:11',676,'0000-00-00 00:00:00',0),(20,1,0,'','','',NULL,'KG',NULL,NULL,NULL,'M','',0,0,'0',0,'2014-08-03 00:00:00','',0,0,0,'KG',NULL,'min_order_level=\"\"|max_order_level=\"\"|step_order_level=\"\"|shared_stock=0|product_box=\"\"|',NULL,NULL,'','','','default',1,0,1,1,1,1,0,'2014-08-03 09:55:07',676,'2020-02-17 09:53:20',676,'0000-00-00 00:00:00',0),(21,1,0,'','','',NULL,'KG',NULL,NULL,NULL,'M','',0,0,'0',0,'2014-08-03 00:00:00','',0,0,0,'KG',NULL,'min_order_level=\"\"|max_order_level=\"\"|step_order_level=\"\"|shared_stock=0|product_box=\"\"|',NULL,NULL,'','','','default',1,0,1,1,1,1,0,'2014-08-03 09:56:35',676,'2020-02-17 10:27:33',676,'0000-00-00 00:00:00',0),(22,1,0,'','','',NULL,'KG',NULL,NULL,NULL,'M','',0,0,'0',0,'2014-08-03 00:00:00','',0,0,0,'KG',NULL,'min_order_level=\"\"|max_order_level=\"\"|step_order_level=\"\"|shared_stock=0|product_box=\"\"|',NULL,NULL,'','','','default',1,0,1,1,1,1,0,'2014-08-03 10:05:51',676,'2020-02-17 08:55:45',676,'0000-00-00 00:00:00',0),(23,1,0,'','','',NULL,'KG',NULL,NULL,NULL,'M','',0,0,'0',0,'2014-08-03 00:00:00','',0,0,0,'KG',NULL,'min_order_level=\"\"|max_order_level=\"\"|step_order_level=\"\"|product_box=\"\"|',NULL,NULL,'','','','0',1,0,1,1,1,1,0,'2014-08-03 10:08:50',676,'2014-08-03 20:12:24',676,'0000-00-00 00:00:00',0),(24,1,0,'','','',NULL,'KG',NULL,NULL,NULL,'M','',0,0,'0',0,'2014-08-03 00:00:00','',0,0,0,'KG',NULL,'min_order_level=\"\"|max_order_level=\"\"|step_order_level=\"\"|shared_stock=0|product_box=\"\"|',NULL,NULL,'','','','default',1,0,1,1,1,1,0,'2014-08-03 10:28:09',676,'2020-02-17 06:46:06',676,'0000-00-00 00:00:00',0),(25,1,0,'','','',NULL,'KG',NULL,NULL,NULL,'M','',0,0,'0',0,'2014-08-03 00:00:00','',0,0,0,'KG',NULL,'min_order_level=\"\"|max_order_level=\"\"|step_order_level=\"\"|shared_stock=0|product_box=\"\"|',NULL,NULL,'','','','default',1,0,1,1,1,1,0,'2014-08-03 10:46:27',676,'2020-02-17 08:09:23',676,'0000-00-00 00:00:00',0),(26,1,0,'','','',NULL,'KG',NULL,NULL,NULL,'M','',0,0,'0',0,'2014-08-03 00:00:00','',0,0,0,'KG',NULL,'min_order_level=\"\"|max_order_level=\"\"|step_order_level=\"\"|product_box=\"\"|',NULL,NULL,'','','','0',0,0,1,1,1,1,0,'2014-08-03 11:01:59',676,'2014-08-03 20:27:28',676,'0000-00-00 00:00:00',0),(27,1,0,'','','',NULL,'KG',NULL,NULL,NULL,'M','',0,0,'0',0,'2014-08-03 00:00:00','',0,0,0,'KG',NULL,'min_order_level=\"\"|max_order_level=\"\"|step_order_level=\"\"|product_box=\"\"|',NULL,NULL,'','','','0',0,0,1,1,1,1,0,'2014-08-03 11:11:22',676,'2014-08-03 20:26:25',676,'0000-00-00 00:00:00',0),(28,1,0,'','','',NULL,'KG',NULL,NULL,NULL,'M','',0,11,'0',0,'2014-08-03 00:00:00','',0,0,0,'KG',0.4500,'min_order_level=\"\"|max_order_level=\"\"|step_order_level=\"\"|product_box=\"\"|',NULL,NULL,'','','','0',0,0,1,1,1,1,0,'2014-08-03 11:16:41',676,'2014-08-07 08:01:22',676,'0000-00-00 00:00:00',0),(29,1,0,'','','',NULL,'KG',NULL,NULL,NULL,'M','',0,29,'0',0,'2014-08-03 00:00:00','',0,0,0,'KG',0.5000,'min_order_level=\"\"|max_order_level=\"\"|step_order_level=\"\"|product_box=\"\"|',NULL,NULL,'','','','0',0,0,1,1,1,1,0,'2014-08-03 11:23:56',676,'2014-08-07 07:53:29',676,'0000-00-00 00:00:00',0),(30,1,0,'','','',NULL,'KG',NULL,NULL,NULL,'M','',0,0,'0',0,'2014-08-03 00:00:00','',0,0,0,'KG',NULL,'min_order_level=\"\"|max_order_level=\"\"|step_order_level=\"\"|product_box=\"\"|',NULL,NULL,'','','','0',0,0,1,1,1,1,0,'2014-08-03 11:24:03',676,'2014-08-03 11:25:36',676,'0000-00-00 00:00:00',0),(31,1,0,'','','',NULL,'KG',NULL,NULL,NULL,'M','',0,0,'0',0,'2014-08-03 00:00:00','',0,0,0,'KG',NULL,'min_order_level=\"\"|max_order_level=\"\"|step_order_level=\"\"|product_box=\"\"|',NULL,NULL,'','','','0',0,0,1,1,1,1,0,'2014-08-03 11:28:57',676,'2014-08-03 11:32:01',676,'0000-00-00 00:00:00',0),(32,1,0,'','','',NULL,'KG',NULL,NULL,NULL,'M','',0,0,'0',0,'2014-08-03 00:00:00','',0,0,0,'KG',NULL,'min_order_level=\"\"|max_order_level=\"\"|step_order_level=\"\"|product_box=\"\"|',NULL,NULL,'','','','0',0,0,1,1,1,1,0,'2014-08-03 11:32:07',676,'2014-08-03 20:31:35',676,'0000-00-00 00:00:00',0),(33,1,0,'','','',NULL,'KG',NULL,NULL,NULL,'M','',0,0,'0',0,'2014-08-03 00:00:00','',0,0,0,'KG',NULL,'min_order_level=\"\"|max_order_level=\"\"|step_order_level=\"\"|product_box=\"\"|',NULL,NULL,'','','','0',0,0,1,1,1,1,0,'2014-08-03 11:44:06',676,'2014-08-03 20:30:56',676,'0000-00-00 00:00:00',0),(34,1,0,'','','',NULL,'KG',NULL,NULL,NULL,'M','',0,0,'0',0,'2014-08-03 00:00:00','',0,0,0,'KG',NULL,'min_order_level=\"\"|max_order_level=\"\"|step_order_level=\"\"|product_box=\"\"|',NULL,NULL,'','','','0',0,0,1,1,1,1,0,'2014-08-03 11:49:20',676,'2014-08-03 20:30:13',676,'0000-00-00 00:00:00',0),(35,1,0,'','','',NULL,'KG',NULL,NULL,NULL,'M','',0,0,'0',0,'2014-08-03 00:00:00','',0,0,0,'KG',NULL,'min_order_level=\"\"|max_order_level=\"\"|step_order_level=\"\"|product_box=\"\"|',NULL,NULL,'','','','0',0,0,1,1,1,1,0,'2014-08-03 11:52:21',676,'2014-08-03 20:29:29',676,'0000-00-00 00:00:00',0),(36,1,0,'','','',NULL,'KG',NULL,NULL,NULL,'M','',0,0,'0',0,'2014-08-03 00:00:00','',0,0,0,'KG',NULL,'min_order_level=\"\"|max_order_level=\"\"|step_order_level=\"\"|product_box=\"\"|',NULL,NULL,'','','','0',0,0,1,1,1,1,0,'2014-08-03 11:58:35',676,'2014-08-03 12:12:10',676,'0000-00-00 00:00:00',0),(39,1,0,'','','',NULL,'KG',NULL,NULL,NULL,'M','',0,0,'0',0,'2014-08-01 00:00:00','',0,0,0,'KG',NULL,'min_order_level=\"\"|max_order_level=\"\"|step_order_level=\"\"|product_box=\"\"|',NULL,NULL,'','','','0',0,0,1,1,1,1,0,'2014-08-03 12:41:15',676,'2014-08-03 19:48:54',676,'0000-00-00 00:00:00',0),(38,1,0,'','','',NULL,'KG',NULL,NULL,NULL,'M','',0,0,'0',0,'2014-08-03 00:00:00','',0,0,0,'KG',NULL,'min_order_level=\"\"|max_order_level=\"\"|step_order_level=\"\"|product_box=\"\"|',NULL,NULL,'','','','0',0,0,1,1,1,1,0,'2014-08-03 12:05:31',676,'2014-08-03 20:32:40',676,'0000-00-00 00:00:00',0),(40,1,0,'NM-EJM7D','','',NULL,'KG',NULL,NULL,NULL,'M','',0,0,'0',0,'2014-08-02 00:00:00','',0,0,0,'KG',NULL,'min_order_level=\"\"|max_order_level=\"\"|step_order_level=\"\"|shared_stock=0|product_box=\"\"|',NULL,NULL,'','','','default',0,0,1,1,1,0,0,'2014-08-03 12:48:43',676,'2020-11-26 06:52:44',676,'0000-00-00 00:00:00',0),(41,1,0,'','','',NULL,'KG',NULL,NULL,NULL,'M','',0,0,'0',0,'2014-08-03 00:00:00','',0,0,0,'KG',NULL,'min_order_level=\"\"|max_order_level=\"\"|step_order_level=\"\"|shared_stock=0|product_box=\"\"|',NULL,NULL,'','','','default',1,0,1,1,1,1,0,'2014-08-03 18:37:11',676,'2020-02-17 07:37:13',676,'0000-00-00 00:00:00',0),(42,1,0,'','','',NULL,'KG',NULL,NULL,NULL,'M','',0,0,'0',0,'2014-08-03 00:00:00','',0,0,0,'KG',NULL,'min_order_level=\"\"|max_order_level=\"\"|step_order_level=\"\"|shared_stock=0|product_box=\"\"|',NULL,NULL,'','','','default',1,0,1,1,1,1,0,'2014-08-03 18:39:48',676,'2020-02-17 07:41:49',676,'0000-00-00 00:00:00',0),(43,1,0,'','','',NULL,'KG',NULL,NULL,NULL,'M','',0,0,'0',0,'2014-08-03 00:00:00','',0,0,0,'KG',NULL,'min_order_level=\"\"|max_order_level=\"\"|step_order_level=\"\"|shared_stock=0|product_box=\"\"|',NULL,NULL,'','','','default',1,0,1,1,1,1,0,'2014-08-03 18:44:36',676,'2020-02-17 07:46:05',676,'0000-00-00 00:00:00',0),(44,1,0,'','','',NULL,'KG',NULL,NULL,NULL,'M','',0,0,'0',0,'2014-08-03 00:00:00','',0,0,0,'KG',NULL,'min_order_level=\"\"|max_order_level=\"\"|step_order_level=\"\"|shared_stock=0|product_box=\"\"|',NULL,NULL,'','','','default',1,0,1,1,1,1,0,'2014-08-03 19:13:20',676,'2020-02-17 08:05:01',676,'0000-00-00 00:00:00',0),(45,1,0,'','','',NULL,'KG',NULL,NULL,NULL,'M','',0,0,'0',0,'2014-08-03 00:00:00','',0,0,0,'KG',NULL,'min_order_level=\"\"|max_order_level=\"\"|step_order_level=\"\"|shared_stock=0|product_box=\"\"|',NULL,NULL,'','','','default',1,0,1,1,1,1,0,'2014-08-03 19:14:40',676,'2020-02-17 07:57:14',676,'0000-00-00 00:00:00',0),(46,1,0,'','','',NULL,'KG',NULL,NULL,NULL,'M','',0,0,'0',0,'2014-08-03 00:00:00','',0,0,0,'KG',NULL,'min_order_level=\"\"|max_order_level=\"\"|step_order_level=\"\"|product_box=\"\"|',NULL,NULL,'','','','0',1,0,1,1,1,1,0,'2014-08-03 20:35:53',676,'2014-08-03 20:49:44',676,'0000-00-00 00:00:00',0),(47,1,0,'','','',NULL,'KG',NULL,NULL,NULL,'M','',0,0,'0',0,'2014-08-03 00:00:00','',0,0,0,'KG',NULL,'min_order_level=\"\"|max_order_level=\"\"|step_order_level=\"\"|product_box=\"\"|',NULL,NULL,'','','','0',1,0,1,1,1,1,0,'2014-08-03 20:52:43',676,'2014-08-03 21:10:26',676,'0000-00-00 00:00:00',0),(48,1,0,'','','',NULL,'KG',NULL,NULL,NULL,'M','',0,0,'0',0,'2014-08-03 00:00:00','',0,0,0,'KG',0.5000,'min_order_level=\"\"|max_order_level=\"\"|step_order_level=\"\"|product_box=\"\"|',NULL,NULL,'','','','0',0,0,1,1,1,1,0,'2014-08-07 07:49:01',676,'2014-08-07 07:52:19',676,'0000-00-00 00:00:00',0),(49,1,0,'','','',NULL,'KG',NULL,NULL,NULL,'M','',0,0,'0',0,'2014-08-03 00:00:00','',0,0,0,'KG',0.5000,'min_order_level=\"\"|max_order_level=\"\"|step_order_level=\"\"|product_box=\"\"|',NULL,NULL,'','','','0',0,0,1,1,1,1,0,'2014-08-07 07:49:19',676,'2014-08-07 07:55:04',676,'0000-00-00 00:00:00',0),(50,1,0,'','','',NULL,'KG',NULL,NULL,NULL,'M','',0,2,'0',0,'2014-08-03 00:00:00','',0,0,0,'KG',0.4500,'min_order_level=\"\"|max_order_level=\"\"|step_order_level=\"\"|product_box=\"\"|',NULL,NULL,'','','','default',0,0,1,1,1,1,0,'2014-08-07 08:00:19',676,'2014-08-07 08:07:11',676,'0000-00-00 00:00:00',0),(51,1,0,'3S-CNC-01-750x750','','',NULL,'KG',750.0000,750.0000,1000.0000,'MM','',1,0,'0',0,'2019-09-16 00:00:00','',0,0,0,'KG',NULL,'min_order_level=\"\"|max_order_level=\"\"|step_order_level=\"\"|product_box=\"\"|',NULL,NULL,'','','','',1,0,1,1,1,1,0,'2019-09-16 09:17:49',676,'2019-09-16 13:17:17',676,'0000-00-00 00:00:00',0),(52,1,0,'3S-CNC-01-1500x1500','','',NULL,'KG',1500.0000,1500.0000,1000.0000,'MM','',1,0,'0',0,'2019-09-16 00:00:00','',1,0,0,'KG',NULL,'min_order_level=\"\"|max_order_level=\"\"|step_order_level=\"\"|product_box=\"\"|',NULL,NULL,'','','','',1,0,1,1,1,1,0,'2019-09-16 11:50:52',676,'2019-09-19 09:51:09',676,'0000-00-00 00:00:00',0),(53,1,0,'lps-c','','',NULL,'KG',NULL,NULL,NULL,'M','',0,0,'0',0,'2014-08-02 00:00:00','',0,0,0,'KG',NULL,'min_order_level=\"\"|max_order_level=\"\"|step_order_level=\"\"|shared_stock=0|product_box=\"\"|',NULL,NULL,'','','','default',0,0,1,1,1,0,0,'2020-02-11 09:30:22',676,'2020-11-26 06:53:57',676,'0000-00-00 00:00:00',0),(55,1,0,'','','',NULL,'KG',NULL,NULL,NULL,'M','',0,0,'0',0,'2020-02-11 00:00:00','',0,0,0,'KG',NULL,'min_order_level=\"\"|max_order_level=\"\"|step_order_level=\"\"|shared_stock=0|product_box=\"\"|',NULL,NULL,'','','','',0,0,1,1,1,0,0,'2020-02-11 12:21:44',676,'2020-11-26 06:53:34',676,'0000-00-00 00:00:00',0),(56,1,0,'','','',NULL,'KG',NULL,NULL,NULL,'M','',0,0,'0',0,'2014-08-02 00:00:00','',0,0,0,'KG',NULL,'min_order_level=\"\"|max_order_level=\"\"|step_order_level=\"\"|shared_stock=0|product_box=\"\"|',NULL,NULL,'','','','default',0,0,1,1,1,0,0,'2020-02-11 18:55:07',676,'2020-11-26 06:53:05',676,'0000-00-00 00:00:00',0),(60,1,0,'NM-EJM6E','','',NULL,'KG',NULL,NULL,NULL,'M','',0,0,'0',0,'2020-11-22 00:00:00','',0,0,0,'KG',NULL,'min_order_level=\"\"|max_order_level=\"\"|step_order_level=\"\"|shared_stock=0|product_box=\"\"|',4,NULL,'','','','',0,0,1,1,0,0,0,'2020-11-22 06:37:25',676,'2020-11-22 16:28:22',676,'0000-00-00 00:00:00',0),(61,1,0,'NM-EJM6E','','',NULL,'KG',NULL,NULL,NULL,'M','',0,0,'0',0,'2020-11-22 00:00:00','',0,0,0,'KG',NULL,'min_order_level=\"\"|max_order_level=\"\"|step_order_level=\"\"|shared_stock=0|product_box=\"\"|',NULL,NULL,'','','','',0,0,1,1,1,0,0,'2020-11-22 16:53:58',676,'2020-11-26 06:52:20',676,'0000-00-00 00:00:00',0),(66,1,0,'NM-EJR5A','','',NULL,'KG',NULL,NULL,NULL,'M','',0,0,'0',0,'2014-08-02 00:00:00','',0,0,0,'KG',NULL,'min_order_level=\"\"|max_order_level=\"\"|step_order_level=\"\"|shared_stock=0|product_box=\"\"|',NULL,NULL,'','','','default',0,0,1,1,1,0,0,'2020-11-26 07:27:23',676,'2020-11-26 08:10:18',676,'0000-00-00 00:00:00',0),(63,1,0,'NM-EJM5E','','',NULL,'KG',NULL,NULL,NULL,'M','',0,0,'0',0,'2014-08-02 00:00:00','',0,0,0,'KG',NULL,'min_order_level=\"\"|max_order_level=\"\"|step_order_level=\"\"|shared_stock=0|product_box=\"\"|',NULL,NULL,'','','','default',0,0,1,1,1,0,0,'2020-11-23 08:36:31',676,'2020-11-26 06:51:28',676,'0000-00-00 00:00:00',0);

--
-- Table structure for table `fz6t4_virtuemart_products_en_gb`
--

CREATE TABLE `fz6t4_virtuemart_products_en_gb` (
  `virtuemart_product_id` int unsigned NOT NULL,
  `product_s_desc` varchar(2000) NOT NULL DEFAULT '',
  `product_desc` text NOT NULL,
  `product_name` varchar(180) NOT NULL DEFAULT '',
  `metadesc` varchar(400) NOT NULL DEFAULT '',
  `metakey` varchar(400) NOT NULL DEFAULT '',
  `customtitle` varchar(255) NOT NULL DEFAULT '',
  `slug` varchar(192) NOT NULL DEFAULT '',
  PRIMARY KEY (`virtuemart_product_id`),
  UNIQUE KEY `slug` (`slug`)
) ENGINE=MyISAM DEFAULT CHARSET=utf8mb3;

--
-- Dumping data for table `fz6t4_virtuemart_products_en_gb`
--

INSERT INTO `fz6t4_virtuemart_products_en_gb` VALUES (3,'MX200LP - IPC: 15,000cph','<p>&nbsp;</p>\r\n<hr class=\"system-pagebreak\" title=\"Ürün Bilgisi\" />\r\n<p>&nbsp;</p>\r\n<p style=\"text-align: left; margin-left: 30px;\">MIRAE MX200LP SMD Dizgi Makinesi</p>\r\n<ul>\r\n<li style=\"text-align: left; margin-left: 30px;\">Maksimum Hız: 15,000cph</li>\r\n<li style=\"text-align: left; margin-left: 30px;\">Pratik Hız: 9,000-12,500cph</li>\r\n<li style=\"text-align: left; margin-left: 30px;\">Maksimum 680x460x5.0mm PCB</li>\r\n<li style=\"text-align: left; margin-left: 30px;\">Lineer Enkoder (2um çözünürlüklü)</li>\r\n<li style=\"text-align: left; margin-left: 30px;\">Servo Motor</li>\r\n<li style=\"text-align: left; margin-left: 30px;\">0.025mm tekrarlama doğruluğu</li>\r\n<li style=\"text-align: left; margin-left: 30px;\">8, 12, 16, 24, 32, 44, 56, 72, 88mm besleyiciler + Tepsi</li>\r\n<li style=\"text-align: left; margin-left: 30px;\">Intelligent Feeders</li>\r\n<li style=\"text-align: left; margin-left: 30px;\">Windows tabanlı MMI</li>\r\n</ul>\r\n<p style=\"text-align: left;\">&nbsp;&nbsp;</p>\r\n<hr class=\"system-pagebreak\" title=\"Teknik Bilgiler\" />\r\n<p style=\"text-align: left;\">&nbsp;</p>\r\n<table style=\"border-collapse: collapse; width: 633px; height: 279px; margin-left: 60px;\" border=\"0\" cellspacing=\"0\" cellpadding=\"0\"><colgroup><col style=\"width: 236pt;\" width=\"394\" /> <col style=\"width: 412pt;\" width=\"686\" /> </colgroup>\r\n<tbody>\r\n<tr>\r\n<td width=\"394\" height=\"21\">\r\n<p>MODEL ADI</p>\r\n</td>\r\n<td width=\"686\">\r\n<p>MX200LP</p>\r\n</td>\r\n</tr>\r\n<tr>\r\n<td width=\"394\" height=\"18\">\r\n<p>PCB Boyutları</p>\r\n</td>\r\n<td width=\"686\">\r\n<p>680mm x 460mm x 5mm</p>\r\n</td>\r\n</tr>\r\n<tr>\r\n<td width=\"394\" height=\"18\">\r\n<p>Dizilebilen Malzeme Aralığı</p>\r\n</td>\r\n<td width=\"686\">\r\n<p>0201 chip - 35mm kare IC</p>\r\n</td>\r\n</tr>\r\n<tr>\r\n<td width=\"394\" height=\"18\">\r\n<p>Dizgi Hassasiyeti</p>\r\n</td>\r\n<td width=\"686\">\r\n<p>±0.025 mm</p>\r\n</td>\r\n</tr>\r\n<tr>\r\n<td width=\"394\" height=\"18\">\r\n<p>Maksimum Dizgi Hızı</p>\r\n</td>\r\n<td width=\"686\">\r\n<p>15,000 cph</p>\r\n</td>\r\n</tr>\r\n<tr>\r\n<td width=\"394\" height=\"18\">\r\n<p>Pratik Dizgi Hızı</p>\r\n</td>\r\n<td width=\"686\">\r\n<p>9,000 - 12,500 cph</p>\r\n</td>\r\n</tr>\r\n<tr>\r\n<td width=\"394\" height=\"18\">\r\n<p>Maksimum Feeder Sayısı</p>\r\n</td>\r\n<td width=\"686\">\r\n<p>80 adet (8mm tape)</p>\r\n</td>\r\n</tr>\r\n<tr>\r\n<td width=\"394\" height=\"18\">\r\n<p>Şerit Besleyiciler</p>\r\n</td>\r\n<td width=\"686\">\r\n<p>8, 12, 16, 24, 32, 44, 56, 72, 88mm (Elektrikli)</p>\r\n</td>\r\n</tr>\r\n<tr>\r\n<td width=\"394\" height=\"18\">\r\n<p>Titreşim Besleyiciler</p>\r\n</td>\r\n<td width=\"686\">\r\n<p>Dökme, tüp, çubuk (Frekans ve güçayarlanabilir)</p>\r\n</td>\r\n</tr>\r\n<tr>\r\n<td width=\"394\" height=\"18\">\r\n<p>Matrix Tray</p>\r\n</td>\r\n<td width=\"686\">\r\n<p>Tepsi sabitleyiciler</p>\r\n</td>\r\n</tr>\r\n<tr>\r\n<td width=\"394\" height=\"18\">\r\n<p>Lazer Hizalama</p>\r\n</td>\r\n<td width=\"686\">\r\n<p>Opsiyon</p>\r\n</td>\r\n</tr>\r\n<tr>\r\n<td width=\"394\" height=\"18\">\r\n<p>Vision Sistemi</p>\r\n</td>\r\n<td width=\"686\">\r\n<p>Cognex Vision</p>\r\n</td>\r\n</tr>\r\n<tr>\r\n<td width=\"394\" height=\"18\">\r\n<p>Boyutlar</p>\r\n</td>\r\n<td width=\"686\">\r\n<p>W 2330 mm x D 1900mm x H 1500mm</p>\r\n</td>\r\n</tr>\r\n</tbody>\r\n</table>\r\n<p style=\"text-align: left;\">&nbsp;</p>\r\n<hr class=\"system-pagebreak\" title=\"Malzemeler\" />\r\n<p style=\"text-align: left;\">&nbsp;</p>\r\n<ul style=\"list-style-type: square; text-align: left;\">\r\n<li style=\"list-style-type: none;\">\r\n<ul style=\"list-style-type: square;\">\r\n<li style=\"text-align: left;\">Boyut Olarak;</li>\r\n</ul>\r\n<ul style=\"list-style-type: circle;\">\r\n<li style=\"list-style-type: none;\">\r\n<ul style=\"list-style-type: circle;\">\r\n<li style=\"text-align: left;\">0201 chip – 35mm kare IC (standart) veya 50mm kare IC (Vision Opsiyonu ile)</li>\r\n</ul>\r\n</li>\r\n</ul>\r\n</li>\r\n</ul>\r\n<ul style=\"list-style-type: square; text-align: left;\">\r\n<li style=\"list-style-type: none;\">\r\n<ul style=\"list-style-type: square;\">\r\n<li style=\"text-align: left;\">Malzeme paketlenmesi</li>\r\n</ul>\r\n<ul style=\"list-style-type: circle;\">\r\n<li style=\"list-style-type: none;\">\r\n<ul style=\"list-style-type: circle;\">\r\n<li style=\"text-align: left;\">Makara</li>\r\n<li style=\"text-align: left;\">Tüp</li>\r\n<li style=\"text-align: left;\">Dökme</li>\r\n<li style=\"text-align: left;\">Kesik</li>\r\n<li style=\"text-align: left;\">Şerit</li>\r\n<li style=\"text-align: left;\">Tepsi&nbsp;</li>\r\n</ul>\r\n</li>\r\n</ul>\r\n</li>\r\n</ul>\r\n<ul style=\"list-style-type: square; text-align: left;\">\r\n<li style=\"list-style-type: none;\">\r\n<ul style=\"list-style-type: square;\">\r\n<li style=\"text-align: left;\">Malzeme Paket Tipi</li>\r\n</ul>\r\n<ul style=\"list-style-type: circle;\">\r\n<li style=\"list-style-type: none;\">\r\n<ul style=\"list-style-type: circle;\">\r\n<li style=\"text-align: left;\">Chip (0201,0402,0603,…)</li>\r\n<li style=\"text-align: left;\">SOIC</li>\r\n<li style=\"text-align: left;\">PLCCQ</li>\r\n<li style=\"text-align: left;\">FPBGA,</li>\r\n<li style=\"text-align: left;\">CSP (Vision Opsiyonu ile)</li>\r\n</ul>\r\n</li>\r\n</ul>\r\n</li>\r\n</ul>\r\n<p style=\"text-align: left;\">&nbsp;</p>\r\n<div style=\"text-align: left;\">&nbsp;</div>','MX200LP','','','','mx200lp'),(2,'Desktop SMD P&P - 3,000cph','<h2>LE40V Precision Desktop SMD Placement Machine</h2>\r\n<p style=\"text-align: left;\">&nbsp;</p>\r\n<ul style=\"background-image: background-color: #ffffff; font-family: Tahoma, Helvetica, Arial, sans-serif; text-align: left;\">\r\n<li>Orta/D&uuml;ş&uuml;k hacimli işletmeler i&ccedil;in gelişmiş teknolojili SMT dizgi sistemidir</li>\r\n<li>Cognex Vision sistemli kameralı malzeme hizalama ile hemen&nbsp;her tip&nbsp;malzemenin hassas dizgisi m&uuml;mk&uuml;nd&uuml;r</li>\r\n<li>Sınıfındaki en iyi grafik aray&uuml;z ile dakikalar i&ccedil;inde kolay programlama</li>\r\n<li>0201 chip malzemeden 15mil bacak aralıklı QFP\'ye kadar geniş aralıktaki malzemeleri dizebilme</li>\r\n<li>Kapalı &ccedil;evrim ile kontrol edilen hassas dizgi kafası</li>\r\n<li>96 adete kadar 8mm besleyici kapasitesi</li>\r\n<li>Makara, t&uuml;p, d&ouml;kme, tepsi malzeme besleyiciler</li>\r\n<li>Kafa &uuml;zerinde kameralı, lazer veya mekanik hizalama</li>\r\n<li>Otomatik nozzle değiştirme&nbsp;</li>\r\n<li>Harici have bağlantısına ihtiya&ccedil; duymayan sistem</li>\r\n</ul>\r\n<p style=\"text-align: left;\"><img src=\"images/ddm/LE40V.JPG\" alt=\"\" style=\"font-family: Tahoma, Helvetica, Arial, sans-serif; text-align: left;\" /></p>\r\n<p style=\"text-align: left;\">&nbsp;</p>\r\n<table border=\"0\" id=\"zebra-blue\" style=\"border-collapse: collapse;\" cellspacing=\"0\" cellpadding=\"0\"><colgroup><col /><col /></colgroup>\r\n<tbody>\r\n<tr>\r\n<td>\r\n<p>MODEL ADI</p>\r\n</td>\r\n<td width=\"686\">\r\n<p>LE40V</p>\r\n</td>\r\n</tr>\r\n<tr>\r\n<td>\r\n<p>PCB Boyutları</p>\r\n</td>\r\n<td>\r\n<p>343mm x 560mm</p>\r\n</td>\r\n</tr>\r\n<tr>\r\n<td>\r\n<p>Dizilebilen Malzeme Aralığı</p>\r\n</td>\r\n<td>\r\n<p>0201 chip - 35mm kare IC</p>\r\n</td>\r\n</tr>\r\n<tr>\r\n<td>\r\n<p>Dizgi Hassasiyeti</p>\r\n</td>\r\n<td>\r\n<p>&plusmn;0.025 mm</p>\r\n</td>\r\n</tr>\r\n<tr>\r\n<td>\r\n<p>Dizilebilen IC Bacak Aralığı</p>\r\n</td>\r\n<td>0.381mm</td>\r\n</tr>\r\n<tr>\r\n<td>\r\n<p>Maksimum Dizgi Hızı</p>\r\n</td>\r\n<td>\r\n<p>3000 cph</p>\r\n</td>\r\n</tr>\r\n<tr>\r\n<td>\r\n<p>Pratik Dizgi Hızı</p>\r\n</td>\r\n<td>\r\n<p>1800-2500 cph</p>\r\n</td>\r\n</tr>\r\n<tr>\r\n<td>\r\n<p>Maksimum Hareket Alanı</p>\r\n</td>\r\n<td>\r\n<p>560mm x 560mm</p>\r\n</td>\r\n</tr>\r\n<tr>\r\n<td>\r\n<p>Maksimum Feeder Sayısı</p>\r\n</td>\r\n<td>\r\n<p>96 adet (8mm tape)</p>\r\n</td>\r\n</tr>\r\n<tr>\r\n<td>\r\n<p>Şerit Besleyiciler</p>\r\n</td>\r\n<td>\r\n<p>8, 12, 16, 24, 32, 44mm (Elektrikli)</p>\r\n</td>\r\n</tr>\r\n<tr>\r\n<td>\r\n<p>Titreşim Besleyiciler</p>\r\n</td>\r\n<td>\r\n<p>D&ouml;kme, t&uuml;p, &ccedil;ubuk (Frekans ve g&uuml;&ccedil;ayarlanabilir)</p>\r\n</td>\r\n</tr>\r\n<tr>\r\n<td>\r\n<p>Matrix Tray</p>\r\n</td>\r\n<td>\r\n<p>Tepsi sabitleyiciler</p>\r\n</td>\r\n</tr>\r\n<tr>\r\n<td>\r\n<p>Lazer Hizalama</p>\r\n</td>\r\n<td>\r\n<p>Opsiyon</p>\r\n</td>\r\n</tr>\r\n<tr>\r\n<td>\r\n<p>Vision Sistemi</p>\r\n</td>\r\n<td>Cognex Vision</td>\r\n</tr>\r\n<tr>\r\n<td>\r\n<p>Dispenser Opsiyonu</p>\r\n</td>\r\n<td>10,000 nokta/saat</td>\r\n</tr>\r\n<tr>\r\n<td>\r\n<p>Boyutlar</p>\r\n</td>\r\n<td>\r\n<p>W 1016 mm x D 1067mm x H 635mm</p>\r\n</td>\r\n</tr>\r\n</tbody>\r\n</table>\r\n<p style=\"text-align: left;\">&nbsp;</p>\r\n<ul style=\"list-style-type: square; text-align: left;\">\r\n<li style=\"list-style-type: none;\">\r\n<ul style=\"list-style-type: square;\">\r\n<li style=\"text-align: left;\">Boyut Olarak;</li>\r\n</ul>\r\n<ul style=\"list-style-type: circle;\">\r\n<li style=\"list-style-type: none;\">\r\n<ul style=\"list-style-type: circle;\">\r\n<li style=\"text-align: left;\">0201 chip &ndash; 35mm kare IC (standart) veya 50mm kare IC (Vision Opsiyonu ile)</li>\r\n</ul>\r\n</li>\r\n</ul>\r\n</li>\r\n</ul>\r\n<ul style=\"list-style-type: square; text-align: left;\">\r\n<li style=\"list-style-type: none;\">\r\n<ul style=\"list-style-type: square;\">\r\n<li style=\"text-align: left;\">Malzeme paketlenmesi</li>\r\n</ul>\r\n<ul style=\"list-style-type: circle;\">\r\n<li style=\"list-style-type: none;\">\r\n<ul style=\"list-style-type: circle;\">\r\n<li style=\"text-align: left;\">Makara</li>\r\n<li style=\"text-align: left;\">T&uuml;p</li>\r\n<li style=\"text-align: left;\">D&ouml;kme</li>\r\n<li style=\"text-align: left;\">Kesik</li>\r\n<li style=\"text-align: left;\">Şerit</li>\r\n<li style=\"text-align: left;\">Tepsi&nbsp;</li>\r\n</ul>\r\n</li>\r\n</ul>\r\n</li>\r\n</ul>\r\n<ul style=\"list-style-type: square; text-align: left;\">\r\n<li style=\"list-style-type: none;\">\r\n<ul style=\"list-style-type: square;\">\r\n<li style=\"text-align: left;\">Malzeme Paket Tipi</li>\r\n</ul>\r\n<ul style=\"list-style-type: circle;\">\r\n<li style=\"list-style-type: none;\">\r\n<ul style=\"list-style-type: circle;\">\r\n<li style=\"text-align: left;\">Chip (0201,0402,0603,&hellip;)</li>\r\n<li style=\"text-align: left;\">SOIC</li>\r\n<li style=\"text-align: left;\">PLCCQ</li>\r\n<li style=\"text-align: left;\">FPBGA,</li>\r\n<li style=\"text-align: left;\">CSP (Vision Opsiyonu ile)</li>\r\n</ul>\r\n</li>\r\n</ul>\r\n</li>\r\n</ul>\r\n<p style=\"text-align: left;\">&nbsp;</p>\r\n<div style=\"text-align: left;\">&nbsp;</div>','LE-40V','','','','le-40v'),(4,'Max: 100,000cph / 8-104mm feeder / Tray Ünitesi','<p>&nbsp;</p>\r\n<p>&nbsp;</p>\r\n<hr class=\"system-pagebreak\" title=\"Ürün Bilgisi\" />\r\n<p style=\"text-align: left;\">&nbsp;</p>\r\n<p style=\"text-align: left; margin-left: 30px;\">PANASONIC SMD Dizgi Makinesi</p>\r\n<ul>\r\n<li style=\"text-align: left; margin-left: 30px;\">Maksimum Hız: 100,000cph</li>\r\n<li style=\"text-align: left; margin-left: 30px;\">3, 8 ve 12 kafa seçenekleri</li>\r\n<li style=\"text-align: left; margin-left: 30px;\">Maksimum 510 x 460mm PCB</li>\r\n<li style=\"text-align: left; margin-left: 30px;\">Servo Motor</li>\r\n<li style=\"text-align: left; margin-left: 30px;\">0.035mm dizgi hassasiyeti</li>\r\n<li style=\"text-align: left; margin-left: 30px;\">01005 ile 100x90mm arası malzemelerin dizgisi</li>\r\n<li style=\"text-align: left; margin-left: 30px;\">8 - 104mm feederler + Tray Ünitesi</li>\r\n<li style=\"text-align: left; margin-left: 30px;\">Gelişmiş MMI</li>\r\n<li style=\"text-align: left; margin-left: 30px;\">Modüler ve esnek</li>\r\n<li style=\"text-align: left; margin-left: 30px;\">Hızlı ürün dönüşümü</li>\r\n</ul>\r\n<p style=\"text-align: left; margin-left: 30px;\">&nbsp;</p>\r\n<hr class=\"system-pagebreak\" title=\"Teknik Bilgiler\" />\r\n<p style=\"text-align: left;\">&nbsp;</p>\r\n<p style=\"text-align: left;\">&nbsp;</p>\r\n<table style=\"border-collapse: collapse; width: 633px; height: 279px; margin-left: 60px;\" border=\"0\" cellspacing=\"0\" cellpadding=\"0\"><colgroup><col style=\"width: 236pt;\" width=\"394\" /><col style=\"width: 412pt;\" width=\"686\" /></colgroup>\r\n<tbody>\r\n<tr>\r\n<td width=\"394\" height=\"21\">\r\n<p>MODEL ADI</p>\r\n</td>\r\n<td width=\"686\">\r\n<p>CM-602-L</p>\r\n</td>\r\n</tr>\r\n<tr>\r\n<td width=\"394\" height=\"18\">\r\n<p>PCB Boyutları</p>\r\n</td>\r\n<td width=\"686\">\r\n<p>510 x 460mm</p>\r\n</td>\r\n</tr>\r\n<tr>\r\n<td width=\"394\" height=\"18\">\r\n<p>Dizilebilen Malzeme Aralığı</p>\r\n</td>\r\n<td width=\"686\">\r\n<p>01005 chip - 100x90mm konnektör</p>\r\n</td>\r\n</tr>\r\n<tr>\r\n<td width=\"394\" height=\"18\">\r\n<p>Dizgi Hassasiyeti</p>\r\n</td>\r\n<td width=\"686\">\r\n<p>±0.035 mm</p>\r\n</td>\r\n</tr>\r\n<tr>\r\n<td width=\"394\" height=\"18\">\r\n<p>Maksimum Dizgi Hızı</p>\r\n</td>\r\n<td width=\"686\">\r\n<p>100,000cph (12 kafa) - 75,000cph (8 kafa)</p>\r\n</td>\r\n</tr>\r\n<tr>\r\n<td width=\"394\" height=\"18\">\r\n<p>Maksimum Feeder Sayısı</p>\r\n</td>\r\n<td width=\"686\">\r\n<p>216 adet (8mm tape)</p>\r\n</td>\r\n</tr>\r\n<tr>\r\n<td width=\"394\" height=\"18\">\r\n<p>Şerit Besleyiciler</p>\r\n</td>\r\n<td width=\"686\">\r\n<p>8 - 104mm feeder, bulk feeder, tray unit</p>\r\n</td>\r\n</tr>\r\n<tr>\r\n<td width=\"394\" height=\"18\">\r\n<p>Matrix Tray</p>\r\n</td>\r\n<td width=\"686\">\r\n<p>Tepsi sabitleyiciler</p>\r\n</td>\r\n</tr>\r\n<tr>\r\n<td width=\"394\" height=\"18\">\r\n<p>Boyutlar</p>\r\n</td>\r\n<td width=\"686\">\r\n<p>W 2350mm x D 2290mm x H 1430mm</p>\r\n</td>\r\n</tr>\r\n</tbody>\r\n</table>\r\n<p>&nbsp;</p>\r\n<hr class=\"system-pagebreak\" title=\"Malzemeler\" />\r\n<p>&nbsp;</p>\r\n<p>&nbsp;</p>\r\n<p style=\"text-align: left;\">&nbsp;</p>','CM-602-L','','','','cm-602-l'),(5,'Axial Insertion','<h2 style=\"color: #333333; font-family: Tahoma, Helvetica, Arial, sans-serif; line-height: 15.807999610900879px; text-align: start;\">Panasonic High-Speed Axial Insertion Machine</h2>\r\n<p style=\"text-align: left;\">&nbsp;</p>\r\n<table border=\"0\">\r\n<tbody>\r\n<tr>\r\n<td style=\"font-size: 10px;\"><img src=\"images/panasonic/av132.jpg\" alt=\"\" width=\"400\" height=\"271\" />&nbsp;</td>\r\n</tr>\r\n<tr>\r\n<td style=\"font-size: 10px;\">\r\n<ul style=\"font-size: 10px; text-align: start;\">\r\n<li><strong>Saatte 22,000 komponent dizgi hızı</strong></li>\r\n<li><strong>Otomatik koordinat d&uuml;zeltme fonksiyonu ile g&uuml;venilir dizgi</strong></li>\r\n<li><strong>Dikey malzeme besleyiciler ile&nbsp;arttırılmış kapasite ve d&uuml;ş&uuml;r&uuml;lm&uuml;ş &uuml;r&uuml;n d&ouml;n&uuml;ş&uuml;m zamanı</strong></li>\r\n<li><strong>Azaltılmış &ccedil;alışma maliyetleri</strong></li>\r\n<li><strong>Makinenin &ouml;n ve arka tarafları i&ccedil;in bağımsız kontrol panelleri</strong></li>\r\n</ul>\r\n</td>\r\n</tr>\r\n</tbody>\r\n</table>\r\n<p style=\"text-align: left;\">&nbsp;</p>\r\n<p style=\"text-align: left;\">&nbsp;</p>\r\n<table border=\"1\" id=\"zebra-blue\" style=\"font-family: Tahoma, Helvetica, Arial, sans-serif; margin: auto 4.8pt; border: 1pt outset;\" cellpadding=\"0\" align=\"center\">\r\n<tbody>\r\n<tr>\r\n<td style=\"font-size: 10px; padding: 0cm 5.4pt; width: 149.4pt; border: 1pt inset #ece9d8; background-color: transparent;\" width=\"199\"><strong><span style=\"font-family: Arial; color: #655d5b; font-size: 9pt;\"><span style=\"color: #333333;\">MODEL ADI</span></span></strong></td>\r\n<td style=\"font-size: 10px; padding: 0cm 5.4pt; width: 340.85pt; border: 1pt inset #ece9d8; background-color: transparent;\" width=\"454\">\r\n<p style=\"text-align: center; line-height: 14.25pt; margin: 0cm 0cm 0pt;\" align=\"center\"><strong><span style=\"font-family: Arial; color: #655d5b; font-size: 9pt;\"><span style=\"color: #333333;\">AV132</span></span></strong></p>\r\n</td>\r\n</tr>\r\n<tr>\r\n<td style=\"font-size: 10px; padding: 0cm 5.4pt; width: 149.4pt; border: 1pt inset #ece9d8; background-color: transparent;\" width=\"199\"><strong><span style=\"font-family: Arial; color: #655d5b; font-size: 9pt;\"><span style=\"color: #333333;\">Model No</span></span></strong></td>\r\n<td style=\"font-size: 10px; padding: 0cm 5.4pt; width: 340.85pt; border: 1pt inset #ece9d8; background-color: transparent;\" width=\"454\">\r\n<p style=\"text-align: center; line-height: 14.25pt; margin: 0cm 0cm 0pt;\" align=\"center\"><strong><span style=\"font-family: Arial; color: #655d5b; font-size: 9pt;\"><span style=\"color: #333333;\">NM-EJ5A / 6A</span></span></strong></p>\r\n</td>\r\n</tr>\r\n<tr>\r\n<td style=\"font-size: 10px; padding: 0cm 5.4pt; width: 149.4pt; border: 1pt inset #ece9d8; background-color: transparent;\" width=\"199\"><strong><span style=\"font-family: Arial; color: #655d5b; font-size: 9pt;\"><span style=\"color: #333333;\">PCB Boyutları</span></span></strong></td>\r\n<td style=\"font-size: 10px; padding: 0cm 5.4pt; width: 340.85pt; border: 1pt inset #ece9d8; background-color: transparent;\" width=\"454\"><span style=\"font-family: Arial; color: #655d5b; font-size: 9pt;\"><span style=\"color: #333333;\">L 150mm x W 50mm -&nbsp;&nbsp;L 508mm x W 381mm</span></span></td>\r\n</tr>\r\n<tr>\r\n<td style=\"font-size: 10px; padding: 0cm 5.4pt; width: 149.4pt; border: 1pt inset #ece9d8; background-color: transparent;\" width=\"199\"><strong><span style=\"font-family: Arial; color: #655d5b; font-size: 9pt;\"><span style=\"color: #333333;\">Max. Hız</span></span></strong></td>\r\n<td style=\"font-size: 10px; padding: 0cm 5.4pt; width: 340.85pt; border: 1pt inset #ece9d8; background-color: transparent;\" width=\"454\"><span style=\"font-family: Arial; color: #655d5b; font-size: 9pt;\"><span style=\"color: #333333;\">22,000 komponent / saat</span></span></td>\r\n</tr>\r\n<tr>\r\n<td style=\"font-size: 10px; padding: 0cm 5.4pt; width: 149.4pt; border: 1pt inset #ece9d8; background-color: transparent;\" width=\"199\"><strong><span style=\"font-family: Arial; color: #655d5b; font-size: 9pt;\"><span style=\"color: #333333;\">Komponent Sayısı</span></span></strong></td>\r\n<td style=\"font-size: 10px; padding: 0cm 5.4pt; width: 340.85pt; border: 1pt inset #ece9d8; background-color: transparent;\" width=\"454\"><span style=\"font-family: Arial; color: #655d5b; font-size: 9pt;\"><span style=\"color: #333333;\">60 + 60 + JW</span></span></td>\r\n</tr>\r\n<tr>\r\n<td style=\"font-size: 10px; padding: 0cm 5.4pt; width: 149.4pt; border: 1pt inset #ece9d8; background-color: transparent;\" width=\"199\"><strong><span style=\"font-family: Arial; color: #655d5b; font-size: 9pt;\"><span style=\"color: #333333;\">Uygulanabilir Komponentler</span></span></strong></td>\r\n<td style=\"font-size: 10px; padding: 0cm 5.4pt; width: 340.85pt; border: 1pt inset #ece9d8; background-color: transparent;\" width=\"454\"><span style=\"font-family: Arial; color: #655d5b; font-size: 9pt;\"><span style=\"color: #333333;\">Resistors 1/8 W, 1/6 W,1/4 W, &frac12; W, jumper wires (tin-plated), Diyodes, Cylindrical ceramic capacitors</span></span></td>\r\n</tr>\r\n<tr>\r\n<td style=\"font-size: 10px; padding: 0cm 5.4pt; width: 149.4pt; border: 1pt inset #ece9d8; background-color: transparent;\" width=\"199\"><strong><span style=\"font-family: Arial; color: #655d5b; font-size: 9pt;\"><span style=\"color: #333333;\">Malzeme Alış</span></span></strong></td>\r\n<td style=\"font-size: 10px; padding: 0cm 5.4pt; width: 340.85pt; border: 1pt inset #ece9d8; background-color: transparent;\" width=\"454\"><span style=\"font-family: Arial; color: #655d5b; font-size: 9pt;\"><span style=\"color: #333333;\">Sequencer Y&ouml;ntemi</span></span></td>\r\n</tr>\r\n<tr>\r\n<td style=\"font-size: 10px; padding: 0cm 5.4pt; width: 149.4pt; border: 1pt inset #ece9d8; background-color: transparent;\" width=\"199\"><strong><span style=\"font-family: Arial; color: #655d5b; font-size: 9pt;\"><span style=\"color: #333333;\">PCB Değiştirme Zamanı</span></span></strong></td>\r\n<td style=\"font-size: 10px; padding: 0cm 5.4pt; width: 340.85pt; border: 1pt inset #ece9d8; background-color: transparent;\" width=\"454\"><span style=\"font-family: Arial; color: #655d5b; font-size: 9pt;\"><span style=\"color: #333333;\">2.0 s</span></span></td>\r\n</tr>\r\n<tr>\r\n<td style=\"font-size: 10px; padding: 0cm 5.4pt; width: 149.4pt; border: 1pt inset #ece9d8; background-color: transparent;\" width=\"199\"><strong><span style=\"font-family: Arial; color: #655d5b; font-size: 9pt;\"><span style=\"color: #333333;\">Yerleştirme Y&ouml;n&uuml;</span></span></strong></td>\r\n<td style=\"font-size: 10px; padding: 0cm 5.4pt; width: 340.85pt; border: 1pt inset #ece9d8; background-color: transparent;\" width=\"454\"><span style=\"font-family: Arial; color: #655d5b; font-size: 9pt;\"><span style=\"color: #333333;\">4 y&ouml;n (0, 90, 180, -270)</span></span></td>\r\n</tr>\r\n<tr>\r\n<td style=\"font-size: 10px; padding: 0cm 5.4pt; width: 149.4pt; border: 1pt inset #ece9d8; background-color: transparent;\" width=\"199\"><strong><span style=\"font-family: Arial; color: #655d5b; font-size: 9pt;\"><span style=\"color: #333333;\">G&uuml;&ccedil; Kaynağı</span></span></strong></td>\r\n<td style=\"font-size: 10px; padding: 0cm 5.4pt; width: 340.85pt; border: 1pt inset #ece9d8; background-color: transparent;\" width=\"454\"><span style=\"font-family: Arial; color: #655d5b; font-size: 9pt;\"><span style=\"color: #333333;\">3 faz AC 200 V&nbsp;&nbsp;4 kVA</span></span></td>\r\n</tr>\r\n<tr>\r\n<td style=\"font-size: 10px; padding: 0cm 5.4pt; width: 149.4pt; border: 1pt inset #ece9d8; background-color: transparent;\" width=\"199\"><strong><span style=\"font-family: Arial; color: #655d5b; font-size: 9pt;\"><span style=\"color: #333333;\">Hava Kaynağı</span></span></strong></td>\r\n<td style=\"font-size: 10px; padding: 0cm 5.4pt; width: 340.85pt; border: 1pt inset #ece9d8; background-color: transparent;\" width=\"454\"><span style=\"font-family: Arial; color: #655d5b; font-size: 9pt;\"><span style=\"color: #333333;\">0,5 MPa, 150 L/min (A.N.R)</span></span></td>\r\n</tr>\r\n<tr>\r\n<td style=\"font-size: 10px; padding: 0cm 5.4pt; width: 149.4pt; border: 1pt inset #ece9d8; background-color: transparent;\" width=\"199\"><strong><span style=\"font-family: Arial; color: #655d5b; font-size: 9pt;\"><span style=\"color: #333333;\">Boyutlar</span></span></strong></td>\r\n<td style=\"font-size: 10px; padding: 0cm 5.4pt; width: 340.85pt; border: 1pt inset #ece9d8; background-color: transparent;\" width=\"454\"><span style=\"font-family: Arial; color: #655d5b; font-size: 9pt;\"><span style=\"color: #333333;\">W 4050 mm x D 1900mm x H 1590mm</span></span></td>\r\n</tr>\r\n<tr>\r\n<td style=\"font-size: 10px; padding: 0cm 5.4pt; width: 149.4pt; border: 1pt inset #ece9d8; background-color: transparent;\" width=\"199\"><strong><span style=\"font-family: Arial; color: #655d5b; font-size: 9pt;\"><span style=\"color: #333333;\">Ağırlık</span></span></strong></td>\r\n<td style=\"font-size: 10px; padding: 0cm 5.4pt; width: 340.85pt; border: 1pt inset #ece9d8; background-color: transparent;\" width=\"454\"><span style=\"font-family: Arial; color: #655d5b; font-size: 9pt;\"><span style=\"color: #333333;\">2520kg</span></span></td>\r\n</tr>\r\n</tbody>\r\n</table>\r\n<p>&nbsp;&nbsp;</p>','AV132','','','','av132'),(6,'Radial Insertion','<h2 style=\"color: #333333; font-family: Tahoma, Helvetica, Arial, sans-serif; line-height: 15.807999610900879px; text-align: start;\">Panasonic High-Speed Radial Insertion Machine</h2>\r\n<p style=\"text-align: left;\"> </p>\r\n<table border=\"0\">\r\n<tbody>\r\n<tr>\r\n<td style=\"font-size: 10px;\"><img src=\"images/panasonic/pana_rh2sb.gif\" alt=\"\" border=\"0\" /> </td>\r\n<td style=\"font-size: 10px;\">\r\n<ul>\r\n<li><strong>0.14 sec/component achieving highest efficiency in the industry</strong></li>\r\n<li><strong>2.5/5.0/7.5/10 mm pitch component insertion</strong></li>\r\n<li><strong>Fixed component feeders and early component exhaust warning enables non-stop operation</strong></li>\r\n<li><strong>%100 placement rate with auto-recovery function</strong></li>\r\n<li><strong>Windows XP based LCD touch screen</strong></li>\r\n</ul>\r\n</td>\r\n</tr>\r\n</tbody>\r\n</table>\r\n<p>  </p>\r\n<table id=\"zebra-blue\" style=\"font-family: Tahoma, Helvetica, Arial, sans-serif; margin: auto 4.8pt; border: 1pt outset;\" border=\"1\" cellpadding=\"0\" align=\"center\">\r\n<tbody>\r\n<tr>\r\n<td style=\"font-size: 10px; padding: 0cm 5.4pt; border: 1pt inset #ece9d8; background-color: transparent;\"><strong><span style=\"font-family: Arial; color: #655d5b; font-size: 9pt;\"><span style=\"color: #333333;\">MODEL ADI</span></span></strong></td>\r\n<td style=\"font-size: 10px; padding: 0cm 5.4pt; border: 1pt inset #ece9d8; background-color: transparent;\">\r\n<p style=\"text-align: center; line-height: 14.25pt; margin: 0cm 0cm 0pt;\" align=\"center\"><strong><span style=\"font-family: Arial; color: #655d5b; font-size: 9pt;\"><span style=\"color: #333333;\">RL132</span></span></strong></p>\r\n</td>\r\n</tr>\r\n<tr>\r\n<td style=\"font-size: 10px; padding: 0cm 5.4pt; border: 1pt inset #ece9d8; background-color: transparent;\"><strong><span style=\"font-family: Arial; color: #655d5b; font-size: 9pt;\"><span style=\"color: #333333;\">Model No</span></span></strong></td>\r\n<td style=\"font-size: 10px; padding: 0cm 5.4pt; border: 1pt inset #ece9d8; background-color: transparent;\">\r\n<p style=\"text-align: center; line-height: 14.25pt; margin: 0cm 0cm 0pt;\" align=\"center\"><strong><span style=\"font-family: Arial; color: #655d5b; font-size: 9pt;\"><span style=\"color: #333333;\">NM-EJR5A   -   NM-EJR6A</span></span></strong></p>\r\n</td>\r\n</tr>\r\n<tr>\r\n<td style=\"font-size: 10px; padding: 0cm 5.4pt; border: 1pt inset #ece9d8; background-color: transparent;\"><strong><span style=\"font-family: Arial; color: #655d5b; font-size: 9pt;\"><span style=\"color: #333333;\">PCB Dimensions</span></span></strong></td>\r\n<td style=\"font-size: 10px; padding: 0cm 5.4pt; border: 1pt inset #ece9d8; background-color: transparent;\"><span style=\"font-family: Arial; color: #655d5b; font-size: 9pt;\"><span style=\"color: #333333;\">L 50mm x W 50mm -  L 508mm x W 381mm</span></span></td>\r\n</tr>\r\n<tr>\r\n<td style=\"font-size: 10px; padding: 0cm 5.4pt; border: 1pt inset #ece9d8; background-color: transparent;\"><strong><span style=\"font-family: Arial; color: #655d5b; font-size: 9pt;\"><span style=\"color: #333333;\">Max. speed</span></span></strong></td>\r\n<td style=\"font-size: 10px; padding: 0cm 5.4pt; border: 1pt inset #ece9d8; background-color: transparent;\"><span style=\"font-family: Arial; color: #655d5b; font-size: 9pt;\"><span style=\"color: #333333;\">0,14 s / piece (21000 CPH)</span></span></td>\r\n</tr>\r\n<tr>\r\n<td style=\"font-size: 10px; padding: 0cm 5.4pt; border: 1pt inset #ece9d8; background-color: transparent;\"><strong><span style=\"font-family: Arial; color: #655d5b; font-size: 9pt;\"><span style=\"color: #333333;\">No. of component input</span></span></strong></td>\r\n<td style=\"font-size: 10px; padding: 0cm 5.4pt; border: 1pt inset #ece9d8; background-color: transparent;\"><span style=\"font-family: Arial; color: #655d5b; font-size: 9pt;\"><span style=\"color: #333333;\">NM-EJR5A =&gt; 40 / NM-EJR6A =&gt; 80 feeders</span></span></td>\r\n</tr>\r\n<tr>\r\n<td style=\"font-size: 10px; padding: 0cm 5.4pt; border: 1pt inset #ece9d8; background-color: transparent;\"><strong><span style=\"font-family: Arial; color: #655d5b; font-size: 9pt;\"><span style=\"color: #333333;\">Range of components</span></span></strong></td>\r\n<td style=\"font-size: 10px; padding: 0cm 5.4pt; border: 1pt inset #ece9d8; background-color: transparent;\"><span style=\"font-family: Arial; color: #655d5b; font-size: 9pt;\"><span style=\"color: #333333;\">Resistors, Electrolytic capacitors, Ceramic capacitors, LEDs, Transistors, Filters, Resistor networks, JIS C0805 (1989) ?Electronic Component Taping?, standard components</span></span></td>\r\n</tr>\r\n<tr>\r\n<td style=\"font-size: 10px; padding: 0cm 5.4pt; border: 1pt inset #ece9d8; background-color: transparent;\"><strong><span style=\"font-family: Arial; color: #655d5b; font-size: 9pt;\"><span style=\"color: #333333;\">PCB Exchange time</span></span></strong></td>\r\n<td style=\"font-size: 10px; padding: 0cm 5.4pt; border: 1pt inset #ece9d8; background-color: transparent;\"><span style=\"font-family: Arial; color: #655d5b; font-size: 9pt;\"><span style=\"color: #333333;\">Approx. 2.0 s</span></span></td>\r\n</tr>\r\n<tr>\r\n<td style=\"font-size: 10px; padding: 0cm 5.4pt; border: 1pt inset #ece9d8; background-color: transparent;\"><span style=\"font-family: Arial;\"><span style=\"font-size: 12px;\"><b>Placement directions</b></span></span></td>\r\n<td style=\"font-size: 10px; padding: 0cm 5.4pt; border: 1pt inset #ece9d8; background-color: transparent;\"><span style=\"font-family: Arial; color: #655d5b; font-size: 9pt;\"><span style=\"color: #333333;\">1<span style=\"font-size: 10pt;\">° increments upto 360<span style=\"font-size: 10pt;\">°</span></span></span></span></td>\r\n</tr>\r\n<tr>\r\n<td style=\"font-size: 10px; padding: 0cm 5.4pt; border: 1pt inset #ece9d8; background-color: transparent;\"><span style=\"font-family: Arial;\"><span style=\"font-size: 12px;\"><b>Electrical source</b></span></span></td>\r\n<td style=\"font-size: 10px; padding: 0cm 5.4pt; border: 1pt inset #ece9d8; background-color: transparent;\"><span style=\"font-family: Arial; color: #655d5b; font-size: 9pt;\"><span style=\"color: #333333;\">3 faz AC 200 V 5 kVA</span></span></td>\r\n</tr>\r\n<tr>\r\n<td style=\"font-size: 10px; padding: 0cm 5.4pt; border: 1pt inset #ece9d8; background-color: transparent;\"><span style=\"font-family: Arial;\"><span style=\"font-size: 12px;\"><b>Pneumatic</b></span></span></td>\r\n<td style=\"font-size: 10px; padding: 0cm 5.4pt; border: 1pt inset #ece9d8; background-color: transparent;\"><span style=\"font-family: Arial; color: #655d5b; font-size: 9pt;\"><span style=\"color: #333333;\">0,5 MPa, 80 L/min (A.N.R)</span></span></td>\r\n</tr>\r\n<tr>\r\n<td style=\"font-size: 10px; padding: 0cm 5.4pt; border: 1pt inset #ece9d8; background-color: transparent;\"><span style=\"font-family: Arial;\"><span style=\"font-size: 12px;\"><b>Dimensions</b></span></span></td>\r\n<td style=\"font-size: 10px; padding: 0cm 5.4pt; border: 1pt inset #ece9d8; background-color: transparent;\"><span style=\"font-family: Arial; color: #655d5b; font-size: 9pt;\"><span style=\"color: #333333;\">W 3200 mm x D 2417mm x H 1575mm</span></span></td>\r\n</tr>\r\n<tr>\r\n<td style=\"font-size: 10px; padding: 0cm 5.4pt; border: 1pt inset #ece9d8; background-color: transparent;\"><span style=\"font-family: Arial;\"><span style=\"font-size: 12px;\"><b>Mass</b></span></span></td>\r\n<td style=\"font-size: 10px; padding: 0cm 5.4pt; border: 1pt inset #ece9d8; background-color: transparent;\"><span style=\"font-family: Arial; color: #655d5b; font-size: 9pt;\"><span style=\"color: #333333;\">2300kg</span></span></td>\r\n</tr>\r\n</tbody>\r\n</table>\r\n<p style=\"text-align: left;\"> </p>\r\n<p> </p>','RL132','','','','rl132'),(7,'Jumper Wire Insertion','<h5 style=\"color: #333333; font-family: Tahoma, Helvetica, Arial, sans-serif; line-height: 15.807999610900879px; text-align: start;\">Panasonic High-Speed Jumper Wire Insertion Machine&nbsp;</h5>\r\n<p style=\"text-align: left;\">&nbsp;</p>\r\n<table border=\"0\">\r\n<tbody>\r\n<tr>\r\n<td style=\"font-size: 10px;\"><img src=\"images/panasonic/pana_jvk3.gif\" alt=\"\" border=\"0\" />&nbsp;</td>\r\n<td style=\"font-size: 10px;\">\r\n<ul>\r\n<li><strong>0.08 saniye/malzeme hızıyla&nbsp;y&uuml;ksek dizgi hızı ve verimlilik</strong></li>\r\n<li><strong>5 mm - 31 mm arası 1/100&nbsp;aralıkla ayarlanabilen tel uzunluğu</strong></li>\r\n<li><strong>Bacak eğme uzunluğu değiştirilerek tel israfı minimuma&nbsp;indirilmiştir</strong></li>\r\n<li><strong>Otomatik koordinat d&uuml;zeltme&nbsp;fonksiyonu ile g&uuml;venilir dizgi&nbsp;</strong></li>\r\n</ul>\r\n</td>\r\n</tr>\r\n</tbody>\r\n</table>\r\n<p style=\"text-align: left;\">&nbsp;</p>\r\n<p>&nbsp;</p>\r\n<table border=\"1\" id=\"zebra-blue\" style=\"font-family: Tahoma, Helvetica, Arial, sans-serif; margin: auto 4.8pt; width: 587px; height: 236px; border: 1pt outset;\" cellpadding=\"0\" align=\"center\">\r\n<tbody>\r\n<tr>\r\n<td style=\"font-size: 10px; padding: 0cm 5.4pt; border: 1pt inset #ece9d8; background-color: transparent;\"><strong><span style=\"font-family: Arial; color: #655d5b; font-size: 9pt;\"><span style=\"color: #333333;\">MODEL ADI</span></span></strong></td>\r\n<td style=\"font-size: 10px; padding: 0cm 5.4pt; border: 1pt inset #ece9d8; background-color: transparent;\">\r\n<p style=\"text-align: center; line-height: 14.25pt; margin: 0cm 0cm 0pt;\" align=\"center\"><strong><span style=\"font-family: Arial; color: #655d5b; font-size: 9pt;\"><span style=\"color: #333333;\">JV131</span></span></strong></p>\r\n</td>\r\n</tr>\r\n<tr>\r\n<td style=\"font-size: 10px; padding: 0cm 5.4pt; border: 1pt inset #ece9d8; background-color: transparent;\"><strong><span style=\"font-family: Arial; color: #655d5b; font-size: 9pt;\"><span style=\"color: #333333;\">Model No</span></span></strong></td>\r\n<td style=\"font-size: 10px; padding: 0cm 5.4pt; border: 1pt inset #ece9d8; background-color: transparent;\"><span style=\"font-family: Arial; color: #655d5b; font-size: 9pt;\"><span style=\"color: #333333;\">NM-EJA4A</span></span></td>\r\n</tr>\r\n<tr>\r\n<td style=\"font-size: 10px; padding: 0cm 5.4pt; border: 1pt inset #ece9d8; background-color: transparent;\"><strong><span style=\"font-family: Arial; color: #655d5b; font-size: 9pt;\"><span style=\"color: #333333;\">PCB Boyutları</span></span></strong></td>\r\n<td style=\"font-size: 10px; padding: 0cm 5.4pt; border: 1pt inset #ece9d8; background-color: transparent;\"><span style=\"font-family: Arial; color: #655d5b; font-size: 9pt;\"><span style=\"color: #333333;\">L 50mm x W 50mm -&nbsp;&nbsp;L 508mm x W 381mm</span></span></td>\r\n</tr>\r\n<tr>\r\n<td style=\"font-size: 10px; padding: 0cm 5.4pt; border: 1pt inset #ece9d8; background-color: transparent;\"><strong><span style=\"font-family: Arial; color: #655d5b; font-size: 9pt;\"><span style=\"color: #333333;\">Max. Hız</span></span></strong></td>\r\n<td style=\"font-size: 10px; padding: 0cm 5.4pt; border: 1pt inset #ece9d8; background-color: transparent;\"><span style=\"font-family: Arial; color: #655d5b; font-size: 9pt;\"><span style=\"color: #333333;\">0,08 s / piece</span></span></td>\r\n</tr>\r\n<tr>\r\n<td style=\"font-size: 10px; padding: 0cm 5.4pt; border: 1pt inset #ece9d8; background-color: transparent;\"><strong><span style=\"font-family: Arial; color: #655d5b; font-size: 9pt;\"><span style=\"color: #333333;\">Komponent Ambalajı</span></span></strong></td>\r\n<td style=\"font-size: 10px; padding: 0cm 5.4pt; border: 1pt inset #ece9d8; background-color: transparent;\"><span style=\"font-family: Arial; color: #655d5b; font-size: 9pt;\"><span style=\"color: #333333;\">Drum on floor (Reel applicable: Optional)</span></span></td>\r\n</tr>\r\n<tr>\r\n<td style=\"font-size: 10px; padding: 0cm 5.4pt; border: 1pt inset #ece9d8; background-color: transparent;\"><strong><span style=\"font-family: Arial; color: #655d5b; font-size: 9pt;\"><span style=\"color: #333333;\">Uygulanabilir Komponentler</span></span></strong></td>\r\n<td style=\"font-size: 10px; padding: 0cm 5.4pt; border: 1pt inset #ece9d8; background-color: transparent;\"><span style=\"font-family: Arial; color: #655d5b; font-size: 9pt;\"><span style=\"color: #333333;\">Jumper wire (tin-plated)</span></span></td>\r\n</tr>\r\n<tr>\r\n<td style=\"font-size: 10px; padding: 0cm 5.4pt; border: 1pt inset #ece9d8; background-color: transparent;\"><strong><span style=\"font-family: Arial; color: #655d5b; font-size: 9pt;\"><span style=\"color: #333333;\">PCB Değiştirme Zamanı</span></span></strong></td>\r\n<td style=\"font-size: 10px; padding: 0cm 5.4pt; border: 1pt inset #ece9d8; background-color: transparent;\"><span style=\"font-family: Arial; color: #655d5b; font-size: 9pt;\"><span style=\"color: #333333;\">2.0 s</span></span></td>\r\n</tr>\r\n<tr>\r\n<td style=\"font-size: 10px; padding: 0cm 5.4pt; border: 1pt inset #ece9d8; background-color: transparent;\"><strong><span style=\"font-family: Arial; color: #655d5b; font-size: 9pt;\"><span style=\"color: #333333;\">Yerleştirme Y&ouml;n&uuml;</span></span></strong></td>\r\n<td style=\"font-size: 10px; padding: 0cm 5.4pt; border: 1pt inset #ece9d8; background-color: transparent;\"><span style=\"font-family: Arial; color: #655d5b; font-size: 9pt;\"><span style=\"color: #333333;\">2 y&ouml;n (0, 90)</span></span></td>\r\n</tr>\r\n<tr>\r\n<td style=\"font-size: 10px; padding: 0cm 5.4pt; border: 1pt inset #ece9d8; background-color: transparent;\"><strong><span style=\"font-family: Arial; color: #655d5b; font-size: 9pt;\"><span style=\"color: #333333;\">G&uuml;&ccedil; Kaynağı</span></span></strong></td>\r\n<td style=\"font-size: 10px; padding: 0cm 5.4pt; border: 1pt inset #ece9d8; background-color: transparent;\"><span style=\"font-family: Arial; color: #655d5b; font-size: 9pt;\"><span style=\"color: #333333;\">3 faz</span></span></td>\r\n</tr>\r\n<tr>\r\n<td style=\"font-size: 10px; padding: 0cm 5.4pt; border: 1pt inset #ece9d8; background-color: transparent;\"><strong><span style=\"font-family: Arial; color: #655d5b; font-size: 9pt;\"><span style=\"color: #333333;\">Hava Kaynağı</span></span></strong></td>\r\n<td style=\"font-size: 10px; padding: 0cm 5.4pt; border: 1pt inset #ece9d8; background-color: transparent;\"><span style=\"font-family: Arial; color: #655d5b; font-size: 9pt;\"><span style=\"color: #333333;\">0,5 MPa, 15 L/min (A.N.R)</span></span></td>\r\n</tr>\r\n<tr>\r\n<td style=\"font-size: 10px; padding: 0cm 5.4pt; border: 1pt inset #ece9d8; background-color: transparent;\"><strong><span style=\"font-family: Arial; color: #655d5b; font-size: 9pt;\"><span style=\"color: #333333;\">Boyutlar</span></span></strong></td>\r\n<td style=\"font-size: 10px; padding: 0cm 5.4pt; border: 1pt inset #ece9d8; background-color: transparent;\"><span style=\"font-family: Arial; color: #655d5b; font-size: 9pt;\"><span style=\"color: #333333;\">W 2810 mm x D 1480mm x H 1415mm</span></span></td>\r\n</tr>\r\n<tr>\r\n<td style=\"font-size: 10px; padding: 0cm 5.4pt; border: 1pt inset #ece9d8; background-color: transparent;\"><strong><span style=\"font-family: Arial; color: #655d5b; font-size: 9pt;\"><span style=\"color: #333333;\">Ağırlık</span></span></strong></td>\r\n<td style=\"font-size: 10px; padding: 0cm 5.4pt; border: 1pt inset #ece9d8; background-color: transparent;\"><span style=\"font-family: Arial; color: #655d5b; font-size: 9pt;\"><span style=\"color: #333333;\">1450kg</span></span></td>\r\n</tr>\r\n</tbody>\r\n</table>\r\n<p style=\"text-align: left;\">&nbsp;</p>\r\n<p style=\"text-align: left;\">&nbsp;</p>\r\n<p style=\"text-align: left;\">&nbsp;</p>','JV131','','','','jv131'),(8,'Desktop SMD P&P - 2,100cph','<h2>CS40 Automatic Desktop SMD Placement Machine</h2>\r\n<p style=\"text-align: left;\">&nbsp;</p>\r\n<ul style=\"background-image: text-align: left;\">\r\n<li style=\"text-align: left;\">D&uuml;ş&uuml;k hacimli ve prototip &uuml;retimler i&ccedil;in uygun maliyetli &ccedil;&ouml;z&uuml;m</li>\r\n<li style=\"text-align: left;\">Windows tabanlı yazılım ile kolay programlama</li>\r\n<li style=\"text-align: left;\">0603 chip malzemeden 25mil bacak aralıklı QFP\'ye kadar geniş aralıktaki malzemeleri dizebilme</li>\r\n<li style=\"text-align: left;\">96 adete kadar 8mm besleyici kapasitesi</li>\r\n<li style=\"text-align: left;\">Makara, t&uuml;p, d&ouml;kme, tepsi malzeme besleyiciler</li>\r\n<li style=\"text-align: left;\">Kafa &uuml;zerinde mekanik hizalama</li>\r\n<li style=\"text-align: left;\">Otomatik nozzle değiştirme</li>\r\n</ul>\r\n<p style=\"text-align: left;\"><img src=\"images/ddm/CS-40.gif\" alt=\"\" style=\"text-align: left;\" border=\"0\" />&nbsp;</p>\r\n<p>&nbsp;</p>\r\n<table border=\"0\" id=\"zebra-blue\" style=\"font-family: Tahoma, Helvetica, Arial, sans-serif; border-collapse: collapse;\" cellspacing=\"0\" cellpadding=\"0\">\r\n<tbody>\r\n<tr>\r\n<td>MODEL ADI</td>\r\n<td>CS40</td>\r\n</tr>\r\n<tr>\r\n<td>Dizilebilen Malzeme Aralığı</td>\r\n<td>0603 chip - 35mm kare IC</td>\r\n</tr>\r\n<tr>\r\n<td>PCB Boyutları</td>\r\n<td>343mm x 560mm</td>\r\n</tr>\r\n<tr>\r\n<td>Dizgi Hassasiyeti</td>\r\n<td>&plusmn;0.15 mm</td>\r\n</tr>\r\n<tr>\r\n<td>Dizilebilen IC Bacak Aralığı</td>\r\n<td>0.635mm</td>\r\n</tr>\r\n<tr>\r\n<td>Maksimum Dizgi Hızı</td>\r\n<td>2100 cph</td>\r\n</tr>\r\n<tr>\r\n<td>Pratik Dizgi Hızı</td>\r\n<td>1000-1800 cph</td>\r\n</tr>\r\n<tr>\r\n<td>Maksimum Hareket Alanı</td>\r\n<td>560mm x 560mm</td>\r\n</tr>\r\n<tr>\r\n<td>Maksimum Feeder Sayısı</td>\r\n<td>96 adet (8mm tape)</td>\r\n</tr>\r\n<tr>\r\n<td>Şerit Besleyiciler</td>\r\n<td>8, 12, 16, 24, 32, 44mm (Elektrikli)</td>\r\n</tr>\r\n<tr>\r\n<td>Titreşim Besleyiciler</td>\r\n<td>D&ouml;kme, t&uuml;p, &ccedil;ubuk (Frekans ve g&uuml;&ccedil;ayarlanabilir)</td>\r\n</tr>\r\n<tr>\r\n<td>Matrix Tray</td>\r\n<td>Tepsi sabitleyiciler</td>\r\n</tr>\r\n<tr>\r\n<td>Lazer Hizalama</td>\r\n<td>Yok</td>\r\n</tr>\r\n<tr>\r\n<td>Vision Sistemi</td>\r\n<td>Renkli PCB Kamera</td>\r\n</tr>\r\n<tr>\r\n<td>Dispenser Opsiyonu</td>\r\n<td>10.000 nokta/saat</td>\r\n</tr>\r\n<tr>\r\n<td>Boyutlar</td>\r\n<td>W 1016 mm x D 1067mm x H 635mm</td>\r\n</tr>\r\n</tbody>\r\n</table>','CS40','','','','cs40'),(9,'SMD P&P - 4,800cph','<h2>LS60V Advanced SMD Placement Machine with Camera</h2>\r\n<p style=\"text-align: left;\">&nbsp;<img src=\"images/ddm/LS60.jpg\" alt=\"\" style=\"font-family: Tahoma, Helvetica, Arial, sans-serif; font-size: 10px; text-align: left;\" border=\"0\" /></p>\r\n<li style=\"text-align: left;\">330mmx813mm dizgi alanı ve 144 besleyici kapasitesi ve kameralı hizalama sisteminin avantajları&nbsp;ile en esnek SMT dizgi sistemidir</li>\r\n<li style=\"text-align: left;\">Sınıfındaki en iyi grafik aray&uuml;z ile dakikalar i&ccedil;inde kolay programlama</li>\r\n<li style=\"text-align: left;\">Cognex Vision sistemli kameralı malzeme hizalama ile hemen&nbsp;her tip&nbsp;malzemenin hassas dizgisi m&uuml;mk&uuml;nd&uuml;r</li>\r\n<li style=\"text-align: left;\">&plusmn;0.025mm dizgi doğruluğu</li>\r\n<li style=\"text-align: left;\">Maksimum 4800cph a ulaşan dizgi hızı</li>\r\n<li style=\"text-align: left;\">0201 chip malzemeden 15mil bacak aralıklı QFP\'ye kadar geniş aralıktaki malzemeleri dizebilme</li>\r\n<li style=\"text-align: left;\">2 mikron doğrusal hassas cetvelden gelen geri besleme ile kapalı &ccedil;evrim kontrol edilen&nbsp;dizgi kafası</li>\r\n<li style=\"text-align: left;\">Makara, t&uuml;p, d&ouml;kme, tepsi malzeme besleyiciler</li>\r\n<li style=\"text-align: left;\">Kafa &uuml;zerinde kamera, lazer veya mekanik hizalama</li>\r\n<li style=\"text-align: left;\">Otomatik nozzle değiştirme&nbsp;</li>\r\n<li style=\"text-align: left;\">Harici have bağlantısına ihtiya&ccedil; duymayan sistem</li>\r\n<p>&nbsp;</p>\r\n<table border=\"0\" id=\"zebra-blue\" style=\"cursor: default; border: 1px dashed #bbbbbb; border-collapse: collapse;\" cellspacing=\"0\" cellpadding=\"0\">\r\n<tbody>\r\n<tr>\r\n<td>MODEL ADI</td>\r\n<td>LS60V</td>\r\n</tr>\r\n<tr>\r\n<td>PCB Boyutları</td>\r\n<td>343mm x 813mm</td>\r\n</tr>\r\n<tr>\r\n<td>Dizilebilen Malzeme Aralığı</td>\r\n<td>0201 chip - 35mm kare IC</td>\r\n</tr>\r\n<tr>\r\n<td>Dizgi Hassasiyeti</td>\r\n<td>&plusmn;0.025 mm</td>\r\n</tr>\r\n<tr>\r\n<td>Dizilebilen IC Bacak Aralığı</td>\r\n<td>0.381mm</td>\r\n</tr>\r\n<tr>\r\n<td>Maksimum Dizgi Hızı</td>\r\n<td>4800 cph</td>\r\n</tr>\r\n<tr>\r\n<td>Pratik Dizgi Hızı</td>\r\n<td>2500-3600 cph</td>\r\n</tr>\r\n<tr>\r\n<td>Maksimum Hareket Alanı</td>\r\n<td>560mm x 8130mm</td>\r\n</tr>\r\n<tr>\r\n<td>Maksimum Feeder Sayısı</td>\r\n<td>144 adet (8mm tape)</td>\r\n</tr>\r\n<tr>\r\n<td>Şerit Besleyiciler</td>\r\n<td>8, 12, 16, 24, 32, 44mm (Elektrikli)</td>\r\n</tr>\r\n<tr>\r\n<td>Titreşim Besleyiciler</td>\r\n<td>D&ouml;kme, t&uuml;p, &ccedil;ubuk (Frekans ve g&uuml;&ccedil;ayarlanabilir)</td>\r\n</tr>\r\n<tr>\r\n<td>Matrix Tray</td>\r\n<td>Tepsi sabitleyiciler</td>\r\n</tr>\r\n<tr>\r\n<td>Lazer Hizalama</td>\r\n<td>Opsiyon</td>\r\n</tr>\r\n<tr>\r\n<td>Vision Sistemi</td>\r\n<td>Cognex Vision</td>\r\n</tr>\r\n<tr>\r\n<td>Dispenser Opsiyonu</td>\r\n<td>10.000 nokta/saat</td>\r\n</tr>\r\n<tr>\r\n<td>Boyutlar</td>\r\n<td>W 1016 mm x D 1321mm x H 1346.2mm</td>\r\n</tr>\r\n<tr>\r\n<td>&nbsp;</td>\r\n<td>&nbsp;</td>\r\n</tr>\r\n</tbody>\r\n</table>','LS60V','','','','ls60v'),(10,'SMD P&P - 23,000cph','<h2 style=\"text-align: left;\">Panasonic Mid-High Speed Placement Machine</h2>\r\n<ul style=\"font-family: Tahoma, Helvetica, Arial, sans-serif; text-align: start;\">\r\n<li>High technology SMD placement solution for Mid/High volume manufacturers</li>\r\n<li>Total solution with single machine</li>\r\n<li>Best MMI interface in its class - enabling easy programming</li>\r\n<li>Range of components from 01005 upto 150x25mm connectors</li>\r\n<li>High precision placement head</li>\r\n<li>Feeder capacity of 120pcs of 8mm feeders</li>\r\n</ul>\r\n<p> </p>\r\n<table id=\"zebra-blue\" style=\"margin-left: 30px;\" border=\"0\" cellspacing=\"0\" cellpadding=\"0\">\r\n<tbody style=\"margin-left: 30px;\">\r\n<tr style=\"margin-left: 30px;\">\r\n<td style=\"margin-left: 30px;\">\r\n<p style=\"margin-left: 30px;\">Head</p>\r\n</td>\r\n<td style=\"margin-left: 30px;\">\r\n<p style=\"margin-left: 30px;\">1 head / 14 nozzles</p>\r\n</td>\r\n</tr>\r\n<tr style=\"margin-left: 30px;\">\r\n<td style=\"margin-left: 30px;\">\r\n<p style=\"margin-left: 30px;\">Productivity</p>\r\n</td>\r\n<td style=\"margin-left: 30px;\">\r\n<p style=\"margin-left: 30px;\">35,800cph (IPC9850：23,000cph)</p>\r\n</td>\r\n</tr>\r\n<tr style=\"margin-left: 30px;\">\r\n<td style=\"margin-left: 30px;\">\r\n<p style=\"margin-left: 30px;\">Component</p>\r\n</td>\r\n<td style=\"margin-left: 30px;\">\r\n<p style=\"margin-left: 30px;\">01005”～120×90mm</p>\r\n<p style=\"margin-left: 30px;\">150×25mm (Connector)</p>\r\n<p style=\"margin-left: 30px;\">H=28mm, W=30g</p>\r\n</td>\r\n</tr>\r\n<tr style=\"margin-left: 30px;\">\r\n<td style=\"margin-left: 30px;\">\r\n<p style=\"margin-left: 30px;\">Max PCB size</p>\r\n</td>\r\n<td style=\"margin-left: 30px;\">\r\n<p style=\"margin-left: 30px;\">Standard: ～510 x 460mm</p>\r\n<p style=\"margin-left: 30px;\">Long board spec: ～1500 x 460mm</p>\r\n<p style=\"margin-left: 30px;\">*For long board spec please consult our sales.</p>\r\n</td>\r\n</tr>\r\n<tr style=\"margin-left: 30px;\">\r\n<td style=\"margin-left: 30px;\">\r\n<p style=\"margin-left: 30px;\">Feeder slot</p>\r\n</td>\r\n<td style=\"margin-left: 30px;\">\r\n<p style=\"margin-left: 30px;\">Max. 80 slot (160 input / 8mm)</p>\r\n</td>\r\n</tr>\r\n<tr style=\"margin-left: 30px;\">\r\n<td style=\"margin-left: 30px;\">\r\n<p style=\"margin-left: 30px;\">Feeder</p>\r\n</td>\r\n<td style=\"margin-left: 30px;\">\r\n<p style=\"margin-left: 30px;\">NPM / CM feeder</p>\r\n</td>\r\n</tr>\r\n<tr style=\"margin-left: 30px;\">\r\n<td style=\"margin-left: 30px;\">\r\n<p style=\"margin-left: 30px;\">Dimensions</p>\r\n</td>\r\n<td style=\"margin-left: 30px;\">\r\n<p style=\"margin-left: 30px;\">W1970 x D2019 x H1500mm</p>\r\n</td>\r\n</tr>\r\n<tr style=\"margin-left: 30px;\">\r\n<td style=\"margin-left: 30px;\">\r\n<p style=\"margin-left: 30px;\">Electric Source</p>\r\n</td>\r\n<td style=\"margin-left: 30px;\">\r\n<p style=\"margin-left: 30px;\">3-phase AC 380</p>\r\n</td>\r\n</tr>\r\n<tr style=\"margin-left: 30px;\">\r\n<td style=\"margin-left: 30px;\">\r\n<p style=\"margin-left: 30px;\">Pneumatic source</p>\r\n</td>\r\n<td style=\"margin-left: 30px;\">\r\n<p style=\"margin-left: 30px;\">0.5 MPa - 0.8 MPa 200 L/min (A.N.R.)</p>\r\n</td>\r\n</tr>\r\n<tr style=\"margin-left: 30px;\">\r\n<td style=\"margin-left: 30px;\">\r\n<p style=\"margin-left: 30px;\">Mass</p>\r\n</td>\r\n<td style=\"margin-left: 30px;\">\r\n<p style=\"margin-left: 30px;\">2,650 kg</p>\r\n</td>\r\n</tr>\r\n</tbody>\r\n</table>','AM100','','','','am100'),(11,'Screen Printer - Automatic','<p style=\"text-align: left;\">&nbsp;</p>\r\n<h5 style=\"color: #333333; font-family: Tahoma, Helvetica, Arial, sans-serif; line-height: 15.807999610900879px; text-align: start;\">Panasonic SP18P-L Automatic Screen Printer</h5>\r\n<hr class=\"system-pagebreak\" title=\"Ürün Bilgisi\" />\r\n<p>&nbsp;</p>\r\n<table style=\"font-family: Tahoma, Helvetica, Arial, sans-serif;\" border=\"0\">\r\n<tbody>\r\n<tr>\r\n<td style=\"font-size: 10px;\"><img src=\"images/panasonic/PANA_sp18.gif\" alt=\"\" border=\"0\" />&nbsp;</td>\r\n<td style=\"font-size: 10px;\">\r\n<ul>\r\n<ul>&nbsp;</ul>\r\n<li>\r\n<div class=\"O\"><span style=\"position: absolute; left: -53.171875px;\">?</span><span style=\"font-size: 10pt;\">Uni-Floating baskı metodu ile kartın eğikliğinden bağımsız mükemmel dolgu performansı</span></div>\r\n</li>\r\n</ul>\r\n<ul>\r\n<li>\r\n<div class=\"O\"><span style=\"font-size: 6px;\"><span style=\"position: absolute; left: -53.171875px;\">?</span></span><span style=\"font-size: 10pt;\">Hafif temizlik yöntemi ile açıklıklardaki flux kurumaz ve kararlı miktarda lehim geçişi&nbsp;sağlanır</span></div>\r\n</li>\r\n<li>\r\n<div class=\"O\"><span style=\"font-size: 6px;\"><span style=\"position: absolute; left: -53.171875px;\">?</span></span><span style=\"font-size: 10pt;\">Gelişmiş bıçak yapısı lehimin baskı alanı dışına çıkmasını engeller ve lehim israfını önler</span></div>\r\n</li>\r\n<li>\r\n<div class=\"O\"><span style=\"font-size: 6px;\"><span style=\"position: absolute; left: -53.171875px;\">?</span></span><span style=\"font-size: 10pt;\">Geniş baskı veritabanı ile baskı parametreleri otomatik ayarlanır</span></div>\r\n</li>\r\n<li>\r\n<p><span style=\"font-size: 10pt;\">&nbsp;</span></p>\r\n</li>\r\n</ul>\r\n</td>\r\n</tr>\r\n</tbody>\r\n</table>\r\n<p>&nbsp;&nbsp;</p>\r\n<hr class=\"system-pagebreak\" title=\"Teknik Bilgiler\" />\r\n<p style=\"text-align: left;\">&nbsp;</p>\r\n<table style=\"font-family: Tahoma, Helvetica, Arial, sans-serif; width: 463px; border-collapse: collapse; margin-left: 30px;\" border=\"0\" cellspacing=\"0\" cellpadding=\"0\">\r\n<tbody style=\"margin-left: 30px;\">\r\n<tr style=\"height: 17.25pt; margin-left: 30px;\">\r\n<td style=\"margin-left: 30px;\" width=\"128\" height=\"23\">MODEL ADI</td>\r\n<td style=\"margin-left: 30px;\" width=\"335\">SP18P-L</td>\r\n</tr>\r\n<tr style=\"height: 14.25pt; margin-left: 30px;\">\r\n<td style=\"margin-left: 30px;\" width=\"128\" height=\"19\">Model No</td>\r\n<td style=\"margin-left: 30px;\" width=\"335\">NM-EJP1A</td>\r\n</tr>\r\n<tr style=\"height: 14.25pt; margin-left: 30px;\">\r\n<td style=\"margin-left: 30px;\" width=\"128\" height=\"19\">PCB Boyutları</td>\r\n<td style=\"margin-left: 30px;\" width=\"335\">L 50mm x W 50mm -&nbsp; L 510mm x W 460mm</td>\r\n</tr>\r\n<tr style=\"height: 14.25pt; margin-left: 30px;\">\r\n<td style=\"margin-left: 30px;\" width=\"128\" height=\"19\">Döngü Zamanı</td>\r\n<td style=\"margin-left: 30px;\" width=\"335\">8&nbsp;sn + Baskı Süresi</td>\r\n</tr>\r\n<tr style=\"height: 14.25pt; margin-left: 30px;\">\r\n<td style=\"margin-left: 30px;\" width=\"128\" height=\"19\">Hassasiyet</td>\r\n<td style=\"margin-left: 30px;\" width=\"335\">±12.5 µm</td>\r\n</tr>\r\n<tr style=\"height: 14.25pt; margin-left: 30px;\">\r\n<td style=\"margin-left: 30px;\" width=\"128\" height=\"19\">Çerçeve Boyutları</td>\r\n<td style=\"margin-left: 30px;\" width=\"335\">L 736 x W 736, L 650 x W 550 (Dikey Durumda)</td>\r\n</tr>\r\n<tr style=\"height: 14.25pt; margin-left: 30px;\">\r\n<td style=\"margin-left: 30px;\" width=\"128\" height=\"19\">Güç Kaynağı</td>\r\n<td style=\"margin-left: 30px;\" width=\"335\">1 faz AC 200 V&nbsp; 1.4 kVA</td>\r\n</tr>\r\n<tr style=\"height: 14.25pt; margin-left: 30px;\">\r\n<td style=\"margin-left: 30px;\" width=\"128\" height=\"19\">Hava Kaynağı</td>\r\n<td style=\"margin-left: 30px;\" width=\"335\">0,5 MPa, 30 L/min (A.N.R)</td>\r\n</tr>\r\n<tr style=\"height: 14.25pt; margin-left: 30px;\">\r\n<td style=\"margin-left: 30px;\" width=\"128\" height=\"19\">Boyutlar</td>\r\n<td style=\"margin-left: 30px;\" width=\"335\">W 1100 mm x D 1536mm x H 1430mm</td>\r\n</tr>\r\n<tr style=\"height: 14.25pt; margin-left: 30px;\">\r\n<td style=\"margin-left: 30px;\" width=\"128\" height=\"19\">Ağırlık</td>\r\n<td style=\"margin-left: 30px;\" width=\"335\">1250kg</td>\r\n</tr>\r\n</tbody>\r\n</table>','SP-18P-L','','','','sp-18p-l'),(12,'Screen Printer - Semi-automatic','<h5 style=\"text-align: left;\"><span style=\"font-size: 0.83em; color: #333333; font-family: Tahoma, Helvetica, Arial, sans-serif; line-height: 15.807999610900879px; text-align: start;\">ASP-300 Semi-Automatic Screen Printer</span></h5>\r\n<hr class=\"system-pagebreak\" title=\"Ürün Bilgisi\" />\r\n<p style=\"text-align: left;\">&nbsp;</p>\r\n<table border=\"0\">\r\n<tbody>\r\n<tr>\r\n<td style=\"font-size: 10px;\">&nbsp;<img src=\"images/tolo/T_asp-300_m.jpg\" alt=\"\" /></td>\r\n<td style=\"font-size: 10px;\">&nbsp;\r\n<div class=\"O\">\r\n<div>&nbsp;</div>\r\n<ul>\r\n<li><span style=\"font-size: 10pt;\"><strong>Güvenilir-Hassas Lehimleme</strong></span></li>\r\n<li><span style=\"font-size: 10pt;\"><strong>Motorlu baskı kafa hareketi&nbsp;</strong></span></li>\r\n<li><span style=\"font-size: 10pt;\"><strong>Kolay kullanım ve bakım&nbsp;</strong></span></li>\r\n<li><span style=\"font-size: 10pt;\"><strong>Giriş ve Orta ölçekli uygulamalarda&nbsp;&nbsp;yüksek performans</strong></span></li>\r\n</ul>\r\n</div>\r\n</td>\r\n</tr>\r\n</tbody>\r\n</table>\r\n<p style=\"text-align: left;\">&nbsp;</p>\r\n<hr class=\"system-pagebreak\" title=\"Teknik Bilgiler\" />\r\n<p>&nbsp;</p>\r\n<table style=\"margin-left: 30px;\" dir=\"ltr\" border=\"0\" cellspacing=\"0\" cellpadding=\"0\">\r\n<tbody style=\"margin-left: 30px;\">\r\n<tr style=\"margin-left: 30px;\">\r\n<td>\r\n<div style=\"margin-left: 30px;\">Model İsmi</div>\r\n</td>\r\n<td>\r\n<div style=\"margin-left: 30px;\">TOLO ASP-300</div>\r\n</td>\r\n</tr>\r\n<tr style=\"margin-left: 30px;\">\r\n<td style=\"margin-left: 30px;\" width=\"136\" height=\"17\">\r\n<div style=\"margin-left: 30px;\">Baskı Alanı</div>\r\n</td>\r\n<td style=\"margin-left: 30px;\" width=\"195\" height=\"17\">\r\n<div style=\"margin-left: 30px;\">300mm x 400 mm</div>\r\n</td>\r\n</tr>\r\n<tr style=\"margin-left: 30px;\">\r\n<td style=\"margin-left: 30px;\" width=\"136\" height=\"17\">\r\n<div style=\"margin-left: 30px;\">Çerçeve Genişliği</div>\r\n</td>\r\n<td style=\"margin-left: 30px;\" width=\"195\" height=\"17\">\r\n<div style=\"margin-left: 30px;\">370*470- 550*650mm</div>\r\n</td>\r\n</tr>\r\n<tr style=\"margin-left: 30px;\">\r\n<td style=\"margin-left: 30px;\" width=\"136\" height=\"17\">\r\n<div style=\"margin-left: 30px;\">Masa Ayarlaması</div>\r\n</td>\r\n<td style=\"margin-left: 30px;\" width=\"195\" height=\"17\">\r\n<div style=\"margin-left: 30px;\">+/- 10mm</div>\r\n</td>\r\n</tr>\r\n<tr style=\"margin-left: 30px;\">\r\n<td style=\"margin-left: 30px;\" width=\"136\" height=\"17\">\r\n<div style=\"margin-left: 30px;\">Baskı Hassasiyeti</div>\r\n</td>\r\n<td style=\"margin-left: 30px;\" width=\"195\" height=\"17\">\r\n<div style=\"margin-left: 30px;\">0.02 mm</div>\r\n</td>\r\n</tr>\r\n<tr style=\"margin-left: 30px;\">\r\n<td style=\"margin-left: 30px;\" width=\"136\" height=\"17\">\r\n<div style=\"margin-left: 30px;\">Tekrarlama Hassasiyeti</div>\r\n</td>\r\n<td style=\"margin-left: 30px;\" width=\"195\" height=\"17\">\r\n<div style=\"margin-left: 30px;\">0.02 mm</div>\r\n</td>\r\n</tr>\r\n<tr style=\"margin-left: 30px;\">\r\n<td style=\"margin-left: 30px;\" width=\"136\" height=\"17\">\r\n<div style=\"margin-left: 30px;\">Fine Pitch</div>\r\n</td>\r\n<td style=\"margin-left: 30px;\" width=\"195\" height=\"17\">\r\n<div style=\"margin-left: 30px;\">0.3 mm</div>\r\n</td>\r\n</tr>\r\n<tr style=\"margin-left: 30px;\">\r\n<td style=\"margin-left: 30px;\" width=\"136\" height=\"17\">\r\n<div style=\"margin-left: 30px;\">PCB Boyutu</div>\r\n</td>\r\n<td style=\"margin-left: 30px;\" width=\"195\" height=\"17\">\r\n<div style=\"margin-left: 30px;\">Max: 350*330mm</div>\r\n</td>\r\n</tr>\r\n<tr style=\"margin-left: 30px;\">\r\n<td style=\"margin-left: 30px;\" width=\"136\" height=\"17\">\r\n<div style=\"margin-left: 30px;\">PCB Kalınlığı</div>\r\n</td>\r\n<td style=\"margin-left: 30px;\" width=\"195\" height=\"17\">\r\n<div style=\"margin-left: 30px;\">0.2 ? 2.0 mm</div>\r\n</td>\r\n</tr>\r\n<tr style=\"margin-left: 30px;\">\r\n<td style=\"margin-left: 30px;\" width=\"136\" height=\"17\">\r\n<div style=\"margin-left: 30px;\">Hava Kaynağı</div>\r\n</td>\r\n<td style=\"margin-left: 30px;\" width=\"195\" height=\"17\">\r\n<div style=\"margin-left: 30px;\">4-6 kg /cm²</div>\r\n</td>\r\n</tr>\r\n<tr style=\"margin-left: 30px;\">\r\n<td style=\"margin-left: 30px;\" width=\"136\" height=\"17\">\r\n<div style=\"margin-left: 30px;\">Güç Kaynağı</div>\r\n</td>\r\n<td style=\"margin-left: 30px;\" width=\"195\" height=\"17\">\r\n<div style=\"margin-left: 30px;\">AC 220V 50 HZ</div>\r\n</td>\r\n</tr>\r\n<tr style=\"margin-left: 30px;\">\r\n<td style=\"margin-left: 30px;\" width=\"136\" height=\"17\">\r\n<div style=\"margin-left: 30px;\">Uzunluk</div>\r\n</td>\r\n<td style=\"margin-left: 30px;\" width=\"195\" height=\"17\">\r\n<div style=\"margin-left: 30px;\">900 mm</div>\r\n</td>\r\n</tr>\r\n<tr style=\"margin-left: 30px;\">\r\n<td style=\"margin-left: 30px;\" width=\"136\" height=\"17\">\r\n<div style=\"margin-left: 30px;\">Genişlik</div>\r\n</td>\r\n<td style=\"margin-left: 30px;\" width=\"195\" height=\"17\">\r\n<div style=\"margin-left: 30px;\">900 mm</div>\r\n</td>\r\n</tr>\r\n<tr style=\"margin-left: 30px;\">\r\n<td style=\"margin-left: 30px;\" width=\"136\" height=\"17\">\r\n<div style=\"margin-left: 30px;\">Yükseklik</div>\r\n</td>\r\n<td style=\"margin-left: 30px;\" width=\"195\" height=\"17\">\r\n<div style=\"margin-left: 30px;\">1650 mm</div>\r\n</td>\r\n</tr>\r\n<tr style=\"margin-left: 30px;\">\r\n<td style=\"margin-left: 30px;\" width=\"136\" height=\"17\">\r\n<div style=\"margin-left: 30px;\">Ağırlık</div>\r\n</td>\r\n<td style=\"margin-left: 30px;\" width=\"195\" height=\"17\">\r\n<div style=\"margin-left: 30px;\">250kg</div>\r\n</td>\r\n</tr>\r\n</tbody>\r\n</table>','ASP-300','','','','asp-300'),(13,'Reflow Oven - 8-zone','<h2>TOLO LY-8C SMD REFLOW FIRIN</h2>\r\n<ul>\r\n<li>\r\n<p style=\"text-align: left;\">Zincir ve Mesh Konvey&ouml;r ile senkronize &ccedil;alışabilme</p>\r\n</li>\r\n<li style=\"text-align: left;\">\r\n<p>&Ouml;zel dizaynı sayesinde sabit &uuml;fleme hızı</p>\r\n</li>\r\n<li style=\"text-align: left;\">\r\n<p>S&uuml;per Kaliteli Al&uuml;minyum alaşımlı raylar</p>\r\n</li>\r\n<li style=\"text-align: left;\">\r\n<p>Otomatik Yağlama Sistemi</p>\r\n</li>\r\n<li style=\"text-align: left;\">\r\n<p>20 dakikadan daha kısa s&uuml;rede hızlı ısı y&uuml;kselişi</p>\r\n</li>\r\n<li>\r\n<p style=\"text-align: left;\">G&uuml;&ccedil; kesintilerine karşı koruma</p>\r\n</li>\r\n</ul>\r\n<p>&nbsp;</p>\r\n<table border=\"0\" id=\"zebra-blue\" dir=\"ltr\" cellspacing=\"0\" cellpadding=\"0\">\r\n<tbody>\r\n<tr>\r\n<td>Model İsmi</td>\r\n<td>TOLO LY-8C</td>\r\n</tr>\r\n<tr>\r\n<td>Isıtıcı Uzunluğu</td>\r\n<td>2953&nbsp;mm</td>\r\n</tr>\r\n<tr>\r\n<td>Isıtma B&ouml;lge Sayısı</td>\r\n<td>8</td>\r\n</tr>\r\n<tr>\r\n<td>Soğutma B&ouml;lge Sayısı</td>\r\n<td>2</td>\r\n</tr>\r\n<tr>\r\n<td>Isı&nbsp;Derecesi</td>\r\n<td>300 &ordm;C</td>\r\n</tr>\r\n<tr>\r\n<td>Isı&nbsp;Hassasiyeti</td>\r\n<td>&plusmn;&nbsp;1 &ordm;C</td>\r\n</tr>\r\n<tr>\r\n<td>Isı&nbsp;Sapması</td>\r\n<td>&plusmn;&nbsp;2 &ordm;C</td>\r\n</tr>\r\n<tr>\r\n<td>Soğutma Tipi</td>\r\n<td>Air cooling</td>\r\n</tr>\r\n<tr>\r\n<td>Konveyor Y&uuml;ksekliği</td>\r\n<td>900&plusmn;&nbsp;20 mm</td>\r\n</tr>\r\n<tr>\r\n<td>Konveyor Tipi</td>\r\n<td>Zincir ve Mesh</td>\r\n</tr>\r\n<tr>\r\n<td>PCB Boyutları</td>\r\n<td>70-400 mm(W)</td>\r\n</tr>\r\n<tr>\r\n<td>PCB Transfer Y&ouml;n&uuml;</td>\r\n<td>L-&gt;R (R-&gt;L)</td>\r\n</tr>\r\n<tr>\r\n<td>Konveyor Hızı</td>\r\n<td>0-1200 mm/min</td>\r\n</tr>\r\n<tr>\r\n<td>Zincir genişlik aralığı</td>\r\n<td>70-400 mm</td>\r\n</tr>\r\n<tr>\r\n<td>Mesh genişliği</td>\r\n<td>460 mm</td>\r\n</tr>\r\n<tr>\r\n<td>Enerji Kontrol&uuml;</td>\r\n<td>UPS (Konveyor ve PC)</td>\r\n</tr>\r\n<tr>\r\n<td>G&uuml;&ccedil;&nbsp;Kaynağı</td>\r\n<td>AC 3?380V 50 hz</td>\r\n</tr>\r\n<tr>\r\n<td>&Ccedil;alışma&nbsp;&nbsp;/ Başlangı&ccedil; G&uuml;c&uuml;</td>\r\n<td>7.5 /28 KW</td>\r\n</tr>\r\n<tr>\r\n<td>Boyutları</td>\r\n<td>5100Lx1280Wx1580H</td>\r\n</tr>\r\n<tr>\r\n<td>Net Ağırlık</td>\r\n<td>1300 kg</td>\r\n</tr>\r\n</tbody>\r\n</table>','LY-8C','','','','ly-8c'),(47,'Cleanliness Tester','<h5 style=\"text-align: left;\">Zero-Ion G3 - Ionic Contamination (Cleanliness) Tester&nbsp;</h5>\r\n<hr class=\"system-pagebreak\" title=\"Ürün Bilgisi\" />\r\n<ul>\r\n<li style=\"text-align: left;\">MIL-STD-200A, MIL-P-28809, IPC-001 TM650 Standartlarına uygundur</li>\r\n<li style=\"text-align: left;\">Windows İşletim Sistemi</li>\r\n<li style=\"text-align: left;\">Dinamik Ölçüm Teknolojisi</li>\r\n<li style=\"text-align: left;\">No-clean fluxlardaki zayıf ion aktivatörlerini algılar</li>\r\n</ul>\r\n<p>&nbsp;</p>\r\n<hr class=\"system-pagebreak\" title=\"Teknik Bilgiler\" />\r\n<p>&nbsp;</p>\r\n<table cellspacing=\"0\">\r\n<tbody>\r\n<tr><th>Features</th><th>Zero Ion G3 12</th><th>Zero Ion G3 18</th><th>Zero Ion G3 24</th></tr>\r\n<tr>\r\n<td>Dimensions</td>\r\n<td>28\" x 53 1/4\" x 53\"</td>\r\n<td>28\" x 53 1/4\" x 53\"</td>\r\n<td>28\" x 53 1/4\" x 53\"</td>\r\n</tr>\r\n<tr>\r\n<td>Weight</td>\r\n<td>288 lbs</td>\r\n<td>288 lbs</td>\r\n<td>288 lbs</td>\r\n</tr>\r\n<tr>\r\n<td>Electrical Requirements</td>\r\n<td>120VAC, 10 Amps,<br />Single Phase</td>\r\n<td>120VAC, 10 Amps,<br />Single Phase</td>\r\n<td>120VAC, 10 Amps,<br />Single Phase</td>\r\n</tr>\r\n<tr>\r\n<td>Test Cell Sizes</td>\r\n<td>12”x12”</td>\r\n<td>18”x18”</td>\r\n<td>24”x24”</td>\r\n</tr>\r\n<tr>\r\n<td>Test Method</td>\r\n<td>All</td>\r\n<td>All</td>\r\n<td>All</td>\r\n</tr>\r\n<tr>\r\n<td>Control</td>\r\n<td>All-in-One PC</td>\r\n<td>All-in-One PC</td>\r\n<td>All-in-One PC</td>\r\n</tr>\r\n<tr>\r\n<td>Interface</td>\r\n<td>18.5\" (46.99cm) LCD</td>\r\n<td>18.5\" (46.99cm) LCD</td>\r\n<td>18.5\" (46.99cm) LCD</td>\r\n</tr>\r\n<tr>\r\n<td>ESD Counter Top</td>\r\n<td>Standard</td>\r\n<td>Standard</td>\r\n<td>Standard</td>\r\n</tr>\r\n<tr>\r\n<td>Test Solution</td>\r\n<td>75% IPA / 25% DI</td>\r\n<td>75% IPA / 25% DI</td>\r\n<td>75% IPA / 25% DI</td>\r\n</tr>\r\n<tr>\r\n<td>Auto Print and SPC<br />Data Storage</td>\r\n<td>Standard</td>\r\n<td>Standard</td>\r\n<td>Standard</td>\r\n</tr>\r\n<tr>\r\n<td>Dynamic Filtration</td>\r\n<td>Standard</td>\r\n<td>Standard</td>\r\n<td>Standard</td>\r\n</tr>\r\n</tbody>\r\n</table>\r\n<p>&nbsp;</p>\r\n<p>&nbsp;</p>','Zero Ion - G3','','','','zero-ion-g3'),(14,'SMT Reflow Oven - Desktop','<h2>GF-12-HC/HT&nbsp;Desktop SMD Reflow Oven</h2>\r\n<p style=\"text-align: left;\">&nbsp;</p>\r\n<ul style=\"font-family: Tahoma, Helvetica, Arial, sans-serif; text-align: start;\">\r\n<li>\r\n<p>D&uuml;ş&uuml;k hacimli ve prototip &uuml;retimler i&ccedil;in \'Horizontal Convection\' ısıtma teknolojili masa&uuml;st&uuml; SMT lehimleme &ccedil;&ouml;z&uuml;m&uuml;</p>\r\n</li>\r\n<li>\r\n<p>Kurşunsuz lehimlemeye uygun</p>\r\n</li>\r\n<li>\r\n<p>Alt/&Uuml;st ısıtıcılı 3 Kabin + soğutma kabini</p>\r\n</li>\r\n<li>\r\n<p>Paslanmaz &ccedil;elik konvey&ouml;r ve ısıtıcı kabinler</p>\r\n</li>\r\n<li>\r\n<p>Ger&ccedil;ek zamanlı grafik sıcaklık g&ouml;sterimi ile kartın ısı profilinin belirlenmesine yardımcı olur</p>\r\n</li>\r\n<li>\r\n<p>Nitrojen opsiyonu</p>\r\n</li>\r\n</ul>\r\n<p>&nbsp;</p>\r\n<table id=\"zebra-blue\">\r\n<tbody style=\"width: 0px; height: 0px;\">\r\n<tr>\r\n<td>MODEL ADI</td>\r\n<td>GF-12-HC/HT</td>\r\n</tr>\r\n<tr>\r\n<td>Maksimum Kart Boyutları</td>\r\n<td>305mm x 305mm</td>\r\n</tr>\r\n<tr>\r\n<td>Maksimum Kart Y&uuml;ksekliği</td>\r\n<td>35mm</td>\r\n</tr>\r\n<tr>\r\n<td>Isıtma Kabini</td>\r\n<td>3 &Uuml;st + 3 Alt</td>\r\n</tr>\r\n<tr>\r\n<td>Maksimum Sıcaklık</td>\r\n<td>HC: 250&ordm;C / HT: 350&ordm;C</td>\r\n</tr>\r\n<tr>\r\n<td>Isıtma T&uuml;nel Uzunluğu</td>\r\n<td>660mm</td>\r\n</tr>\r\n<tr>\r\n<td>Soğutma B&ouml;lge Sayısı</td>\r\n<td>1 Kabin (1Fan)</td>\r\n</tr>\r\n<tr>\r\n<td>Nitrojen</td>\r\n<td>Opsiyon</td>\r\n</tr>\r\n<tr>\r\n<td>Maksimum G&uuml;&ccedil;</td>\r\n<td>5.5kW</td>\r\n</tr>\r\n<tr>\r\n<td>G&uuml;&ccedil; Kaynağı</td>\r\n<td>1 ? 220VAC</td>\r\n</tr>\r\n<tr>\r\n<td>Makine Boyutları</td>\r\n<td>990mm x 813mm x 483mm</td>\r\n</tr>\r\n<tr>\r\n<td>&nbsp;</td>\r\n<td>&nbsp;</td>\r\n</tr>\r\n</tbody>\r\n</table>','GF-12-HC/HT','','','','gf-12-hc-ht'),(15,'Wave-Soldering Machine','<h2 style=\"color: #333333; font-family: Tahoma, Helvetica, Arial, sans-serif; line-height: 15.807999610900879px; text-align: start;\">TOLO MI-300 WAVE-SOLDERING MACHINE</h2>\r\n<p>&nbsp;</p>\r\n<p style=\"color: #333333; font-family: Tahoma, Helvetica, Arial, sans-serif; font-size: 12px; line-height: 15.807999610900879px; text-align: start;\">&nbsp;<img src=\"images/urunler/t_mi300.jpg\" alt=\"\" border=\"0\" /></p>\r\n<ul style=\"color: #333333; font-family: Tahoma, Helvetica, Arial, sans-serif; font-size: 12px; line-height: 15.807999610900879px; text-align: start;\">\r\n<li>\r\n<p><span style=\"font-size: 14pt;\"><span style=\"font-size: 10pt;\"><strong>Kurşunsuz Lehimleye uygun dizayn&nbsp;</strong></span></span></p>\r\n</li>\r\n<li>\r\n<p><span style=\"font-size: 14pt;\"><span style=\"font-size: 10pt;\"><strong>Japon yapımı Mitsubishi PLC Kontrol&nbsp;</strong></span></span></p>\r\n</li>\r\n<li>\r\n<p><span style=\"font-size: 14pt;\"><span style=\"font-size: 10pt;\"><strong>Masa &Uuml;st&uuml; dizaynı ile k&uuml;&ccedil;&uuml;k &uuml;retimlere ve esnek &uuml;retim yapısına uygun, bakım ve temizlik avantajı sunan&nbsp;</strong></span><span style=\"font-size: 10pt;\"><strong>yapısı&nbsp;</strong></span></span></p>\r\n</li>\r\n<li>\r\n<p><span style=\"font-size: 14pt;\"><span style=\"font-size: 10pt;\"><strong>İşitsel ve g&ouml;rsel uyarı emniyet fren sistemi&nbsp;</strong></span></span></p>\r\n</li>\r\n<li>\r\n<p><span style=\"font-size: 14pt;\"><span style=\"font-size: 10pt;\"><strong>Enerji tasarrufu sağlayan yapısı</strong></span></span></p>\r\n</li>\r\n</ul>\r\n<p>&nbsp;</p>\r\n<p style=\"text-align: left;\">&nbsp;</p>\r\n<table border=\"0\" style=\"margin-left: 30px;\" cellspacing=\"0\" cellpadding=\"0\">\r\n<tbody style=\"margin-left: 30px;\">\r\n<tr style=\"margin-left: 30px;\">\r\n<td style=\"margin-left: 30px;\" width=\"200\" height=\"17\">Model İsmi</td>\r\n<td style=\"margin-left: 30px;\" width=\"354\">TOLO MI-300</td>\r\n</tr>\r\n<tr style=\"margin-left: 30px;\">\r\n<td style=\"margin-left: 30px;\" width=\"200\" height=\"17\">Kontrol Metodu</td>\r\n<td style=\"margin-left: 30px;\" width=\"354\">PLC, IR PID Kontrol</td>\r\n</tr>\r\n<tr style=\"margin-left: 30px;\">\r\n<td style=\"margin-left: 30px;\" width=\"200\" height=\"17\">Konvey&ouml;r Motoru</td>\r\n<td style=\"margin-left: 30px;\" width=\"354\">1P AC220V 60W</td>\r\n</tr>\r\n<tr style=\"margin-left: 30px;\">\r\n<td style=\"margin-left: 30px;\" width=\"200\" height=\"17\">Lehimleme Isısı</td>\r\n<td style=\"margin-left: 30px;\" width=\"354\">\r\n<div style=\"margin-left: 30px;\">300&deg;C, 12KW</div>\r\n</td>\r\n</tr>\r\n<tr style=\"margin-left: 30px;\">\r\n<td style=\"margin-left: 30px;\" width=\"200\" height=\"17\">Dalga Y&uuml;ksekliği</td>\r\n<td style=\"margin-left: 30px;\" width=\"354\">0-12 mm</td>\r\n</tr>\r\n<tr style=\"margin-left: 30px;\">\r\n<td style=\"margin-left: 30px;\" width=\"200\" height=\"17\">Dalga Motoru</td>\r\n<td style=\"margin-left: 30px;\" width=\"354\">1P AC220V 90W</td>\r\n</tr>\r\n<tr style=\"margin-left: 30px;\">\r\n<td style=\"margin-left: 30px;\" width=\"200\" height=\"17\">Tırnak Temizleme Pompası</td>\r\n<td style=\"margin-left: 30px;\" width=\"354\">1P AC220V&nbsp;&nbsp;6W</td>\r\n</tr>\r\n<tr style=\"margin-left: 30px;\">\r\n<td style=\"margin-left: 30px;\" width=\"200\" height=\"17\">Lehim Kapasitesi</td>\r\n<td style=\"margin-left: 30px;\" width=\"354\">214kg</td>\r\n</tr>\r\n<tr style=\"margin-left: 30px;\">\r\n<td style=\"margin-left: 30px;\" width=\"200\" height=\"17\">Flux Sistemi</td>\r\n<td style=\"margin-left: 30px;\" width=\"354\">K&ouml;p&uuml;k (Foam)</td>\r\n</tr>\r\n<tr style=\"margin-left: 30px;\">\r\n<td style=\"margin-left: 30px;\" width=\"200\" height=\"17\">&Ouml;n Isıtıcı Sıcaklığı</td>\r\n<td style=\"margin-left: 30px;\" width=\"354\">\r\n<div style=\"margin-left: 30px;\">110-150&deg;C</div>\r\n</td>\r\n</tr>\r\n<tr style=\"margin-left: 30px;\">\r\n<td style=\"margin-left: 30px;\" width=\"200\" height=\"17\">&Ouml;n Isıtıcı Uzunluğu&nbsp;</td>\r\n<td style=\"margin-left: 30px;\" width=\"354\">1x800 mm&nbsp;</td>\r\n</tr>\r\n<tr style=\"margin-left: 30px;\">\r\n<td style=\"margin-left: 30px;\" width=\"200\" height=\"17\">Soğutma Tipi</td>\r\n<td style=\"margin-left: 30px;\" width=\"354\">Hava Soğutmalı</td>\r\n</tr>\r\n<tr style=\"margin-left: 30px;\">\r\n<td style=\"margin-left: 30px;\" width=\"200\" height=\"17\">\r\n<div style=\"margin-left: 30px;\">Konvey&ouml;r Y&uuml;ksekliği</div>\r\n</td>\r\n<td style=\"margin-left: 30px;\" width=\"354\">360+/-10mm</td>\r\n</tr>\r\n<tr style=\"margin-left: 30px;\">\r\n<td style=\"margin-left: 30px;\" width=\"200\" height=\"17\">Konvey&ouml;r A&ccedil;ısı</td>\r\n<td style=\"margin-left: 30px;\" width=\"354\">\r\n<div style=\"margin-left: 30px;\">4 - 6&deg;</div>\r\n</td>\r\n</tr>\r\n<tr style=\"margin-left: 30px;\">\r\n<td style=\"margin-left: 30px;\" width=\"200\" height=\"17\">G&uuml;&ccedil; Kesilme Emniyeti</td>\r\n<td style=\"margin-left: 30px;\" width=\"354\">Konvey&ouml;r ve Bilgisayar i&ccedil;in kesintisiz g&uuml;&ccedil; kaynağı</td>\r\n</tr>\r\n<tr style=\"margin-left: 30px;\">\r\n<td style=\"margin-left: 30px;\" width=\"200\" height=\"17\">PCB Boyutları</td>\r\n<td style=\"margin-left: 30px;\" width=\"354\">50 ? 300 mm</td>\r\n</tr>\r\n<tr style=\"margin-left: 30px;\">\r\n<td style=\"margin-left: 30px;\" width=\"200\" height=\"17\">PCB Transfer Y&ouml;n&uuml;</td>\r\n<td style=\"margin-left: 30px;\" width=\"354\">L-&gt;R&nbsp;&nbsp;&nbsp;/ (R-&gt;L )</td>\r\n</tr>\r\n<tr style=\"margin-left: 30px;\">\r\n<td style=\"margin-left: 30px;\" width=\"200\" height=\"17\">Konvey&ouml;r Hızı</td>\r\n<td style=\"margin-left: 30px;\" width=\"354\">300-900 mm/dk.&nbsp;&nbsp;(Panasonic Hız Kontrol&uuml;)</td>\r\n</tr>\r\n<tr style=\"margin-left: 30px;\">\r\n<td style=\"margin-left: 30px;\" width=\"200\" height=\"17\">\r\n<div style=\"margin-left: 30px;\">G&uuml;&ccedil; Kaynağı</div>\r\n</td>\r\n<td style=\"margin-left: 30px;\" width=\"354\">3P AC380V 50HZ</td>\r\n</tr>\r\n<tr style=\"margin-left: 30px;\">\r\n<td style=\"margin-left: 30px;\" width=\"200\" height=\"17\">Başlangı&ccedil; /&Ccedil;alışma G&uuml;c&uuml;</td>\r\n<td style=\"margin-left: 30px;\" width=\"354\">13KW / 3.5KW</td>\r\n</tr>\r\n<tr style=\"margin-left: 30px;\">\r\n<td style=\"margin-left: 30px;\" width=\"200\" height=\"17\">\r\n<div style=\"margin-left: 30px;\">Boyutları</div>\r\n</td>\r\n<td style=\"margin-left: 30px;\" width=\"354\">2570(L) X 1000 (W) X 845(H) mm</td>\r\n</tr>\r\n</tbody>\r\n</table>','MI-300','','','','mi-300'),(16,'Wave-soldering (Desktop)','<h2 style=\"color: #333333; font-family: Tahoma, Helvetica, Arial, sans-serif; line-height: 15.807999610900879px; text-align: start;\">LFS 1&nbsp;DESKTOP WAVE-SOLDERING MACHINE</h2>\r\n<p style=\"text-align: left;\">&nbsp;</p>\r\n<p style=\"color: #333333; font-family: Tahoma, Helvetica, Arial, sans-serif; font-size: 12px; line-height: 15.807999610900879px; text-align: start;\"><img src=\"images/global/LFS 1 Photo.gif\" alt=\"\" /></p>\r\n<ul style=\"color: #333333; font-family: Tahoma, Helvetica, Arial, sans-serif; font-size: 12px; line-height: 15.807999610900879px; text-align: start;\">\r\n<li><span style=\"font-size: 14pt;\"><span style=\"font-size: 10pt;\"><strong>Kurşunsuz &uuml;retime uygun&nbsp;titanyum pota</strong></span></span></li>\r\n<li><span style=\"font-size: 14pt;\"><span style=\"font-size: 10pt;\"><strong>Titanyum tırnaklı palet sistemi</strong></span></span></li>\r\n<li><span style=\"font-size: 14pt;\"><span style=\"font-size: 10pt;\"><strong>T&uuml;m lehimleme parametreleri kolaylıkla kontrol edilebilir</strong></span></span></li>\r\n<li><span style=\"font-size: 14pt;\"><span style=\"font-size: 10pt;\"><strong>Y&uuml;ksek kaliteli ısıtıcı elemanları ile kararlı ve g&uuml;venilir makine performansı&nbsp;</strong></span></span></li>\r\n<li><span style=\"font-size: 14pt;\"><span style=\"font-size: 10pt;\"><strong>T&uuml;m lehimleme ihtiya&ccedil;larınızı karşılayan performans&nbsp;</strong></span></span></li>\r\n<li><span style=\"font-size: 14pt;\"><span style=\"font-size: 10pt;\"><strong>Uygun fiyat&nbsp;</strong></span></span></li>\r\n<li><span style=\"font-size: 14pt;\"><span style=\"font-size: 10pt;\"><strong>K&uuml;&ccedil;&uuml;k boyutlar ve d&uuml;ş&uuml;k enerji t&uuml;ketimi</strong></span></span></li>\r\n</ul>\r\n<p style=\"text-align: left;\">&nbsp;</p>\r\n<p style=\"text-align: left;\">&nbsp;</p>\r\n<table border=\"0\" style=\"margin-left: 30px;\" cellspacing=\"0\" cellpadding=\"0\">\r\n<tbody style=\"margin-left: 30px;\">\r\n<tr style=\"margin-left: 30px;\">\r\n<td style=\"margin-left: 30px;\" width=\"200\" height=\"17\">Model İsmi</td>\r\n<td style=\"margin-left: 30px;\" width=\"354\">LFS 1</td>\r\n</tr>\r\n<tr style=\"margin-left: 30px;\">\r\n<td style=\"margin-left: 30px;\" width=\"200\" height=\"17\">Kontrol Metodu</td>\r\n<td style=\"margin-left: 30px;\" width=\"354\">Dijital Kontrol</td>\r\n</tr>\r\n<tr style=\"margin-left: 30px;\">\r\n<td style=\"margin-left: 30px;\" width=\"200\" height=\"17\">&Ccedil;alışma Sıcaklığı</td>\r\n<td style=\"margin-left: 30px;\" width=\"354\">\r\n<div style=\"margin-left: 30px;\">200~350&deg;C</div>\r\n</td>\r\n</tr>\r\n<tr style=\"margin-left: 30px;\">\r\n<td style=\"margin-left: 30px;\" width=\"200\" height=\"17\">Dalga Y&uuml;ksekliği</td>\r\n<td style=\"margin-left: 30px;\" width=\"354\">5-15 mm</td>\r\n</tr>\r\n<tr style=\"margin-left: 30px;\">\r\n<td style=\"margin-left: 30px;\" width=\"200\" height=\"17\">Lehim Kapasitesi</td>\r\n<td style=\"margin-left: 30px;\" width=\"354\">55kg</td>\r\n</tr>\r\n<tr style=\"margin-left: 30px;\">\r\n<td style=\"margin-left: 30px;\" width=\"200\" height=\"17\">Flux Sistemi</td>\r\n<td style=\"margin-left: 30px;\" width=\"354\">K&ouml;p&uuml;k (Foam) - 3lt</td>\r\n</tr>\r\n<tr style=\"margin-left: 30px;\">\r\n<td style=\"margin-left: 30px;\" width=\"200\" height=\"17\">&Ouml;n Isıtıcı Tipi</td>\r\n<td style=\"margin-left: 30px;\" width=\"354\">Infrared</td>\r\n</tr>\r\n<tr style=\"margin-left: 30px;\">\r\n<td style=\"margin-left: 30px;\" width=\"200\" height=\"17\">&Ouml;n Isıtıcı Zamanlaması</td>\r\n<td style=\"margin-left: 30px;\" width=\"354\">600 sn kadar ayarlanabilir</td>\r\n</tr>\r\n<tr style=\"margin-left: 30px;\">\r\n<td style=\"margin-left: 30px;\" width=\"200\" height=\"17\">Maksimum PCB Boyutları</td>\r\n<td style=\"margin-left: 30px;\" width=\"354\">200x270 mm</td>\r\n</tr>\r\n<tr style=\"margin-left: 30px;\">\r\n<td style=\"margin-left: 30px;\" width=\"200\" height=\"17\">Pota Tipi</td>\r\n<td style=\"margin-left: 30px;\" width=\"354\">Dalgalı Titanyum Pota</td>\r\n</tr>\r\n<tr style=\"margin-left: 30px;\">\r\n<td style=\"margin-left: 30px;\" width=\"200\" height=\"17\">Pota Erime S&uuml;resi</td>\r\n<td style=\"margin-left: 30px;\" width=\"354\">45&nbsp;Dakika</td>\r\n</tr>\r\n<tr style=\"margin-left: 30px;\">\r\n<td style=\"margin-left: 30px;\" width=\"200\" height=\"17\">Taşıyıcı Tipi</td>\r\n<td style=\"margin-left: 30px;\" width=\"354\">Titanyum Tırnaklı Palet</td>\r\n</tr>\r\n<tr style=\"margin-left: 30px;\">\r\n<td style=\"margin-left: 30px;\" width=\"200\" height=\"17\">Konvey&ouml;r Hızı</td>\r\n<td style=\"margin-left: 30px;\" width=\"354\">0.5-2 m/dk.&nbsp;</td>\r\n</tr>\r\n<tr style=\"margin-left: 30px;\">\r\n<td style=\"margin-left: 30px;\" width=\"200\" height=\"17\">\r\n<div style=\"margin-left: 30px;\">G&uuml;&ccedil; Kaynağı</div>\r\n</td>\r\n<td style=\"margin-left: 30px;\" width=\"354\">AC 220V 50HZ</td>\r\n</tr>\r\n<tr style=\"margin-left: 30px;\">\r\n<td style=\"margin-left: 30px;\" width=\"200\" height=\"17\">Maksimum&nbsp;G&uuml;&ccedil; T&uuml;ketimi</td>\r\n<td style=\"margin-left: 30px;\" width=\"354\">5.0kW</td>\r\n</tr>\r\n<tr style=\"margin-left: 30px;\">\r\n<td style=\"margin-left: 30px;\" width=\"200\" height=\"17\">\r\n<div style=\"margin-left: 30px;\">Boyutları</div>\r\n</td>\r\n<td style=\"margin-left: 30px;\" width=\"354\">1230 x&nbsp;560&nbsp;x&nbsp;400 mm</td>\r\n</tr>\r\n<tr style=\"margin-left: 30px;\">\r\n<td style=\"margin-left: 30px;\" width=\"200\" height=\"17\">Ağırlık</td>\r\n<td style=\"margin-left: 30px;\" width=\"354\">95kg (lehim hari&ccedil;)</td>\r\n</tr>\r\n</tbody>\r\n</table>','LFS-1','','','','lfs-1'),(17,'Axial Insertion','<h2 style=\"text-align: left;\">Panasonic Axial Insertion Machine - AVB</h2>\r\n<h2 style=\"text-align: left;\"><img src=\"images/2el/avb.jpg\" alt=\"\" width=\"300\" border=\"0\" /></h2>\r\n<h2>&nbsp;</h2>\r\n<h3 style=\"text-align: left;\">Genel &Ouml;zellikler</h3>\r\n<ul>\r\n<li style=\"text-align: left;\">Aksiyel bacaklı malzemeleri istenilen bacak aralığı ve y&uuml;kseklikte dizer</li>\r\n<li style=\"text-align: left;\">Delik pozisyonlarının kamera sistemi ile doğrulanması yapılır</li>\r\n<li style=\"text-align: left;\">5mm kalınlık ve 20mm\'nin &uuml;zerinde g&ouml;ve uzunluğuna sahip malzemeler dizebilir</li>\r\n<li style=\"text-align: left;\">26 veya 52mm lik şeritler doğrudan makineye bağlanabilir.</li>\r\n<li style=\"text-align: left;\">Auto Recovery fonksiyonu ile hatalı dizilen malzemenin pozisyonu kamera ile kontrol edilip yeniden dizilir. B&ouml;ylece kesintisiz &uuml;retim ve daha az duruş zamanı sağlanır.</li>\r\n<li style=\"text-align: left;\">Kısa devre teli dizmek i&ccedil;in &ouml;zel besleyici &uuml;nitesi</li>\r\n</ul>\r\n<div>\r\n<div>&nbsp;</div>\r\n<table>\r\n<tbody>\r\n<tr>\r\n<td><img src=\"images/2el/avb-arka.jpg\" alt=\"\" width=\"200\" style=\"font-size: 10px;\" border=\"0\" /></td>\r\n<td><img src=\"images/2el/avb-head.jpg\" alt=\"\" width=\"100\" style=\"font-size: 10px;\" border=\"0\" /></td>\r\n</tr>\r\n<tr>\r\n<td><img src=\"images/2el/avb-feeder.jpg\" alt=\"\" width=\"200\" border=\"0\" /></td>\r\n<td><img src=\"images/2el/avb-monitor.jpg\" alt=\"\" width=\"100\" border=\"0\" /></td>\r\n</tr>\r\n<tr>\r\n<td colspan=\"2\"><img src=\"images/2el/avb-komp.jpg\" alt=\"\" width=\"300\" border=\"0\" /></td>\r\n</tr>\r\n</tbody>\r\n</table>\r\n<p>&nbsp;</p>\r\n<table border=\"0\" id=\"zebra-blue\" dir=\"ltr\" cellspacing=\"0\" cellpadding=\"0\">\r\n<tbody>\r\n<tr>\r\n<td colspan=\"2\">Makine İsmi</td>\r\n<td>PANASONIC AVB</td>\r\n</tr>\r\n<tr>\r\n<td colspan=\"2\">Model İsmi</td>\r\n<td>NM-2011B</td>\r\n</tr>\r\n<tr>\r\n<td colspan=\"2\">Delik Doğrulama Sistemi</td>\r\n<td>Kamera ile tanıma</td>\r\n</tr>\r\n<tr>\r\n<td rowspan=\"3\">PCB Boyutları</td>\r\n<td>Kart Boyutları</td>\r\n<td>\r\n<div>508x381mm (max.) </div>\r\n<div>90x &nbsp;60mm (min.)</div>\r\n</td>\r\n</tr>\r\n<tr>\r\n<td>Dizgi Boyutları</td>\r\n<td>508x371mm (max.)</td>\r\n</tr>\r\n<tr>\r\n<td>Kart Kalınlığı</td>\r\n<td>1.6 &plusmn;0.15 mm</td>\r\n</tr>\r\n<tr>\r\n<td colspan=\"2\">Dizgi Delik &Ccedil;apı (mm)</td>\r\n<td>1&nbsp;&plusmn;0.05</td>\r\n</tr>\r\n<tr>\r\n<td colspan=\"2\">Malzeme Yerleştirme Y&ouml;n&uuml;</td>\r\n<td>2 Y&ouml;nl&uuml; 0&deg;, 90&deg;</td>\r\n</tr>\r\n<tr>\r\n<td colspan=\"2\">Giriş (Feeder) Sayısı</td>\r\n<td>\r\n<div>48+Jumper Wire (26mm şerit)</div>\r\n<div>24+Jumper Wire (52mm şerit)</div>\r\n</td>\r\n</tr>\r\n<tr>\r\n<td colspan=\"2\">Dizgi Hızı (sn/malzeme)</td>\r\n<td>\r\n<div>0.48 sn/malzeme (26mm şerit)</div>\r\n<div>0.68 sn/malzeme (52mm şerit)</div>\r\n</td>\r\n</tr>\r\n<tr>\r\n<td colspan=\"2\">Maksimum Malzeme Y&uuml;ksekliği (mm)</td>\r\n<td>0 - 5mm arası ayarlanabilir</td>\r\n</tr>\r\n<tr>\r\n<td colspan=\"2\">Malzeme Bacak Aralığı (mm)</td>\r\n<td>5 - 26mm arası ayarlanabilir</td>\r\n</tr>\r\n<tr>\r\n<td rowspan=\"3\">\r\n<p>Kesme ve</p>\r\n<p>Per&ccedil;inlemeMetodu</p>\r\n</td>\r\n<td width=\"83\" height=\"25\">Per&ccedil;inleme BacakUzunlu&Auml;u</td>\r\n<td>1.5&nbsp;&plusmn;0.3 mm</td>\r\n</tr>\r\n<tr>\r\n<td>Per&ccedil;inleme A&ccedil;ısı</td>\r\n<td>~15&deg;</td>\r\n</tr>\r\n<tr>\r\n<td>B&uuml;kme A&ccedil;ısı</td>\r\n<td>~35&deg;&nbsp;veya 45&deg;</td>\r\n</tr>\r\n<tr>\r\n<td colspan=\"2\">Kontrol Sistemi</td>\r\n<td>Panadac 783A controller; DC servomotorlu yarı&nbsp;kapalı &ccedil;evrim kontrol, CRT monit&ouml;r</td>\r\n</tr>\r\n<tr>\r\n<td colspan=\"2\">Hava Beslemesi ve T&uuml;ketimi</td>\r\n<td>5kg/cm2, 80N&acirc;/dak</td>\r\n</tr>\r\n<tr>\r\n<td colspan=\"2\">G&uuml;&ccedil; Beslemesi</td>\r\n<td>AC 3-faz380V 50 Hz</td>\r\n</tr>\r\n<tr>\r\n<td colspan=\"2\">&Ccedil;alışma g&uuml;c&uuml;</td>\r\n<td>5.7KVA</td>\r\n</tr>\r\n<tr>\r\n<td colspan=\"2\">Makine Boyutları (Boy x En x Y&uuml;kseklik)</td>\r\n<td>5900 x 1750 x 1460mm</td>\r\n</tr>\r\n<tr>\r\n<td>Ağırlık</td>\r\n<td>2250kg</td>\r\n</tr>\r\n</tbody>\r\n</table>\r\n<p>&nbsp;</p>\r\n<p>&nbsp;</p>\r\n<h2>Dizilebilir Komponentler</h2>\r\n<h2>(26mm veya 52mm genişliğinde şerit &uuml;zerimde)</h2>\r\n<h2>&nbsp;</h2>\r\n<ul style=\"list-style-type: circle;\">\r\n<li style=\"text-align: left;\">Karbon Diren&ccedil;ler</li>\r\n<li style=\"text-align: left;\">Silindirik seramik kapasiteler</li>\r\n<li style=\"text-align: left;\">Diyotlar</li>\r\n<li style=\"text-align: left;\">G&uuml;&ccedil; diren&ccedil;leri, vs</li>\r\n</ul>\r\n<p style=\"text-align: left;\">&nbsp;</p>\r\n</div>','AVB','','','','avb'),(18,'Axial Insertion','<h2 style=\"text-align: left;\">Panasonic Axial Insertion Machine - AVF</h2>\r\n<h2 style=\"text-align: left;\"><img src=\"images/2el/avb.jpg\" alt=\"\" width=\"300\" border=\"0\" /></h2>\r\n<h2>&nbsp;</h2>\r\n<h3 style=\"text-align: left;\">Genel &Ouml;zellikler</h3>\r\n<ul>\r\n<li style=\"text-align: left;\">Aksiyel bacaklı malzemeleri istenilen bacak aralığı ve y&uuml;kseklikte dizer</li>\r\n<li style=\"text-align: left;\">Delik pozisyonlarının kamera sistemi ile doğrulanması yapılır</li>\r\n<li style=\"text-align: left;\">5mm kalınlık ve 20mm\'nin &uuml;zerinde g&ouml;ve uzunluğuna sahip malzemeler dizebilir</li>\r\n<li style=\"text-align: left;\">26 veya 52mm lik şeritler doğrudan makineye bağlanabilir.</li>\r\n<li style=\"text-align: left;\">Auto Recovery fonksiyonu ile hatalı dizilen malzemenin pozisyonu kamera ile kontrol edilip yeniden dizilir. B&ouml;ylece kesintisiz &uuml;retim ve daha az duruş zamanı sağlanır.</li>\r\n<li style=\"text-align: left;\">Kısa devre teli dizmek i&ccedil;in &ouml;zel besleyici &uuml;nitesi</li>\r\n</ul>\r\n<div>\r\n<div>&nbsp;</div>\r\n<table>\r\n<tbody>\r\n<tr>\r\n<td><img src=\"images/2el/avb-arka.jpg\" alt=\"\" width=\"200\" style=\"font-size: 10px;\" border=\"0\" /></td>\r\n<td><img src=\"images/2el/avb-head.jpg\" alt=\"\" width=\"100\" style=\"font-size: 10px;\" border=\"0\" /></td>\r\n</tr>\r\n<tr>\r\n<td><img src=\"images/2el/avb-feeder.jpg\" alt=\"\" width=\"200\" border=\"0\" /></td>\r\n<td><img src=\"images/2el/avb-monitor.jpg\" alt=\"\" width=\"100\" border=\"0\" /></td>\r\n</tr>\r\n<tr>\r\n<td colspan=\"2\"><img src=\"images/2el/avb-komp.jpg\" alt=\"\" width=\"300\" border=\"0\" /></td>\r\n</tr>\r\n</tbody>\r\n</table>\r\n<p>&nbsp;</p>\r\n<table border=\"0\" id=\"zebra-blue\" dir=\"ltr\" cellspacing=\"0\" cellpadding=\"0\">\r\n<tbody>\r\n<tr>\r\n<td colspan=\"2\">Makine İsmi</td>\r\n<td>PANASONIC AVF</td>\r\n</tr>\r\n<tr>\r\n<td colspan=\"2\">Model İsmi</td>\r\n<td>NM-2011F</td>\r\n</tr>\r\n<tr>\r\n<td colspan=\"2\">Delik Doğrulama Sistemi</td>\r\n<td>Kamera ile tanıma</td>\r\n</tr>\r\n<tr>\r\n<td rowspan=\"3\">PCB Boyutları</td>\r\n<td>Kart Boyutları</td>\r\n<td>\r\n<div>508x381mm (max.) </div>\r\n<div>90x &nbsp;60mm (min.)</div>\r\n</td>\r\n</tr>\r\n<tr>\r\n<td>Dizgi Boyutları</td>\r\n<td>508x371mm (max.)</td>\r\n</tr>\r\n<tr>\r\n<td>Kart Kalınlığı</td>\r\n<td>1.6 &plusmn;0.15 mm</td>\r\n</tr>\r\n<tr>\r\n<td colspan=\"2\">Dizgi Delik &Ccedil;apı (mm)</td>\r\n<td>1&nbsp;&plusmn;0.05</td>\r\n</tr>\r\n<tr>\r\n<td colspan=\"2\">Malzeme Yerleştirme Y&ouml;n&uuml;</td>\r\n<td>2 Y&ouml;nl&uuml; 0&deg;, 90&deg;</td>\r\n</tr>\r\n<tr>\r\n<td colspan=\"2\">Giriş (Feeder) Sayısı</td>\r\n<td>\r\n<div>48+Jumper Wire (26mm şerit)</div>\r\n<div>24+Jumper Wire (52mm şerit)</div>\r\n</td>\r\n</tr>\r\n<tr>\r\n<td colspan=\"2\">Dizgi Hızı (sn/malzeme)</td>\r\n<td>\r\n<div>0.48 sn/malzeme (26mm şerit)</div>\r\n<div>0.68 sn/malzeme (52mm şerit)</div>\r\n</td>\r\n</tr>\r\n<tr>\r\n<td colspan=\"2\">Maksimum Malzeme Y&uuml;ksekliği (mm)</td>\r\n<td>0 - 5mm arası ayarlanabilir</td>\r\n</tr>\r\n<tr>\r\n<td colspan=\"2\">Malzeme Bacak Aralığı (mm)</td>\r\n<td>5 - 26mm arası ayarlanabilir</td>\r\n</tr>\r\n<tr>\r\n<td rowspan=\"3\">\r\n<p>Kesme ve</p>\r\n<p>Per&ccedil;inlemeMetodu</p>\r\n</td>\r\n<td width=\"83\" height=\"25\">Per&ccedil;inleme BacakUzunlu&Auml;u</td>\r\n<td>1.5&nbsp;&plusmn;0.3 mm</td>\r\n</tr>\r\n<tr>\r\n<td>Per&ccedil;inleme A&ccedil;ısı</td>\r\n<td>~15&deg;</td>\r\n</tr>\r\n<tr>\r\n<td>B&uuml;kme A&ccedil;ısı</td>\r\n<td>~35&deg;&nbsp;veya 45&deg;</td>\r\n</tr>\r\n<tr>\r\n<td colspan=\"2\">Kontrol Sistemi</td>\r\n<td>Panadac 783A controller; DC servomotorlu yarı&nbsp;kapalı &ccedil;evrim kontrol, CRT monit&ouml;r</td>\r\n</tr>\r\n<tr>\r\n<td colspan=\"2\">Hava Beslemesi ve T&uuml;ketimi</td>\r\n<td>5kg/cm2, 80N&acirc;/dak</td>\r\n</tr>\r\n<tr>\r\n<td colspan=\"2\">G&uuml;&ccedil; Beslemesi</td>\r\n<td>AC 3-faz380V 50 Hz</td>\r\n</tr>\r\n<tr>\r\n<td colspan=\"2\">&Ccedil;alışma g&uuml;c&uuml;</td>\r\n<td>5.7KVA</td>\r\n</tr>\r\n<tr>\r\n<td colspan=\"2\">Makine Boyutları (Boy x En x Y&uuml;kseklik)</td>\r\n<td>5900 x 1750 x 1460mm</td>\r\n</tr>\r\n<tr>\r\n<td>Ağırlık</td>\r\n<td>2250kg</td>\r\n</tr>\r\n</tbody>\r\n</table>\r\n<p>&nbsp;</p>\r\n<p>&nbsp;</p>\r\n<h2>Dizilebilir Komponentler</h2>\r\n<h2>(26mm veya 52mm genişliğinde şerit &uuml;zerimde)</h2>\r\n<h2>&nbsp;</h2>\r\n<ul style=\"list-style-type: circle;\">\r\n<li style=\"text-align: left;\">Karbon Diren&ccedil;ler</li>\r\n<li style=\"text-align: left;\">Silindirik seramik kapasiteler</li>\r\n<li style=\"text-align: left;\">Diyotlar</li>\r\n<li style=\"text-align: left;\">G&uuml;&ccedil; diren&ccedil;leri, vs</li>\r\n</ul>\r\n<p style=\"text-align: left;\">&nbsp;</p>\r\n</div>','AVF','','','','avf'),(19,'Radial Insertion','<h2 style=\"text-align: left;\">Panasonic Radial Insertion Machine - RH6</h2>\r\n<table border=\"0\" align=\"center\">\r\n<tbody>\r\n<tr>\r\n<td style=\"font-size: 10px;\"><img src=\"images/2el/rh6.jpg\" alt=\"\" width=\"300\" border=\"0\" /></td>\r\n<td style=\"font-size: 10px;\"><img src=\"images/2el/rh6-arka.jpg\" alt=\"\" width=\"250\" border=\"0\" /></td>\r\n</tr>\r\n</tbody>\r\n</table>\r\n<h3 style=\"text-align: left;\">Genel &Ouml;zellikler</h3>\r\n<ul>\r\n<li style=\"text-align: left;\">40 farklı &ccedil;eşit radyal malzeme tek bir makine ile dizilebilir.</li>\r\n<li style=\"text-align: left;\">Malzeme dizgisi iki y&ouml;nde (0&deg;, 90&deg;)</li>\r\n<li style=\"text-align: left;\">Yaklaşık 0.6 saniye/malzeme dizgi hızı</li>\r\n</ul>\r\n<div class=\"O\" style=\"color: #333333; font-family: Tahoma, Helvetica, Arial, sans-serif; font-size: 12px; line-height: 15.807999610900879px; text-align: start;\">\r\n<div style=\"text-align: left;\"><img src=\"images/2el/rh6-komp.jpg\" alt=\"\" width=\"250\" /></div>\r\n</div>\r\n<div>\r\n<ul>\r\n<li style=\"text-align: left;\">V cut metodu k&uuml;&ccedil;&uuml;k &ccedil;aplı deliklerde dahi daha kararlı bir dizgi sağlar</li>\r\n<li style=\"text-align: left;\">\r\n<div>Hatalı dizilen malzemenin tekrar dizilebilmesi i&ccedil;in hatalı malzemeyi &ccedil;ıkartmak yeterlidir</div>\r\n</li>\r\n<li style=\"text-align: left;\">\r\n<div>Y&uuml;ksek g&uuml;venilirlikli malzeme kasetleriyle kararlı bir malzeme beslemesi sağlar ve malzeme değişimi&nbsp;olduk&ccedil;a kolaydır</div>\r\n</li>\r\n<li style=\"text-align: left;\">\r\n<div>Kılavuz Pin Sistemi ile malzeme uygun pozisyondaki her yere dizilebilir</div>\r\n</li>\r\n<li>\r\n<div style=\"text-align: left;\">2.5 ve 5 mm olarak iki farklı bacak aralıklı malzeme dizgi metodu mevcuttur</div>\r\n</li>\r\n</ul>\r\n</div>\r\n<table border=\"0\" style=\"font-family: Tahoma, Helvetica, Arial, sans-serif;\" align=\"center\">\r\n<tbody>\r\n<tr>\r\n<td><img src=\"images/2el/rh6-head.jpg\" alt=\"\" width=\"200\" border=\"0\" /></td>\r\n<td>&nbsp;</td>\r\n</tr>\r\n<tr>\r\n<td>&nbsp;</td>\r\n<td>&nbsp;</td>\r\n</tr>\r\n</tbody>\r\n</table>\r\n<h2>&nbsp;</h2>\r\n<div style=\"text-align: left;\"><img src=\"images/2el/rh6-angle.jpg\" alt=\"\" width=\"300\" border=\"0\" /></div>\r\n<div class=\"O\" style=\"color: #333333; font-family: Tahoma, Helvetica, Arial, sans-serif; font-size: 12px; line-height: 15.807999610900879px; text-align: start;\">&nbsp;</div>\r\n<h2 class=\"O\" style=\"font-size: 14px; font-family: Arial, Helvetica, sans-serif; font-weight: normal; color: #333333; line-height: 15.807999610900879px; text-align: start;\">&nbsp;</h2>\r\n<p>&nbsp;</p>\r\n<table border=\"0\" id=\"zebra-blue\" dir=\"ltr\" cellspacing=\"0\" cellpadding=\"0\">\r\n<tbody>\r\n<tr>\r\n<td colspan=\"2\">Makine İsmi</td>\r\n<td>PANASONIC RH6</td>\r\n</tr>\r\n<tr>\r\n<td colspan=\"2\">Model İsmi</td>\r\n<td>NM-8201</td>\r\n</tr>\r\n<tr>\r\n<td rowspan=\"3\">PCB Boyutları</td>\r\n<td>Kart Boyutları</td>\r\n<td>\r\n<div>330x250mm (max.)</div>\r\n<div>150x80mm (min.)</div>\r\n</td>\r\n</tr>\r\n<tr>\r\n<td>Dizgi Boyutları</td>\r\n<td>\r\n<div>330x240mm (max.)</div>\r\n<div>150x70mm (min.)</div>\r\n</td>\r\n</tr>\r\n<tr>\r\n<td>Kart Kalınlığı</td>\r\n<td>1.6 &plusmn;0.15 mm</td>\r\n</tr>\r\n<tr style=\"margin-left: 30px;\">\r\n<td colspan=\"2\">Kart Transfer S&uuml;resi (sn)</td>\r\n<td>~4.5sn</td>\r\n</tr>\r\n<tr>\r\n<td colspan=\"2\">Malzeme Yerleştirme Y&ouml;n&uuml;</td>\r\n<td>2 Y&ouml;nl&uuml; 0&deg;, 90&deg;</td>\r\n</tr>\r\n<tr>\r\n<td colspan=\"2\">Giriş (Feeder) Sayısı</td>\r\n<td>40</td>\r\n</tr>\r\n<tr>\r\n<td colspan=\"2\">Dizgi Hızı (sn/malzeme)</td>\r\n<td>0.6</td>\r\n</tr>\r\n<tr>\r\n<td colspan=\"2\">Maksimum Malzeme Y&uuml;ksekliği (mm)</td>\r\n<td>16</td>\r\n</tr>\r\n<tr>\r\n<td colspan=\"2\">Malzeme Bacak Aralığı (mm)</td>\r\n<td>2.5 veya 5.0</td>\r\n</tr>\r\n<tr>\r\n<td rowspan=\"3\">Kesme vePer&ccedil;inlemeMetodu</td>\r\n<td>Per&ccedil;inleme Bacak&nbsp;Uzunluğu</td>\r\n<td>1.5&nbsp;&plusmn;0.3 mm</td>\r\n</tr>\r\n<tr>\r\n<td>Per&ccedil;inleme A&ccedil;ısı</td>\r\n<td>~15&deg;</td>\r\n</tr>\r\n<tr>\r\n<td>B&uuml;kme A&ccedil;ısı</td>\r\n<td>~35&deg;&nbsp;veya 45&deg;</td>\r\n</tr>\r\n<tr>\r\n<td colspan=\"2\">Kontrol Sistemi</td>\r\n<td>Panadac 770 microcomputer; X, Y ve Z eksenleri&nbsp;DC servomotorlu yarı kapalı &ccedil;evrim kontrol</td>\r\n</tr>\r\n<tr>\r\n<td colspan=\"2\">Hava Beslemesi ve T&uuml;ketimi</td>\r\n<td>5kg/cm2, 250N/dak</td>\r\n</tr>\r\n<tr>\r\n<td colspan=\"2\">G&uuml;&ccedil; Beslemesi</td>\r\n<td>AC 3-faz380V 50 Hz</td>\r\n</tr>\r\n<tr>\r\n<td colspan=\"2\">&Ccedil;alışma g&uuml;c&uuml;</td>\r\n<td>2.3 KVA</td>\r\n</tr>\r\n<tr>\r\n<td colspan=\"2\">Makine Boyutları (Boy x En x Y&uuml;kseklik)</td>\r\n<td>3860 x 1590 x 1845mm</td>\r\n</tr>\r\n<tr>\r\n<td colspan=\"2\">Ağırlık</td>\r\n<td>1750kg</td>\r\n</tr>\r\n</tbody>\r\n</table>\r\n<p>&nbsp;</p>\r\n<h3 class=\"O\" style=\"text-align: left;\"><span>Dizilebilir Komponentler</span></h3>\r\n<h3 class=\"O\" style=\"text-align: left;\"><span>(12.7 mm aralıklı şerit &uuml;zerinde)</span></h3>\r\n<ul>\r\n<li style=\"text-align: left;\"><span></span>K&uuml;&ccedil;&uuml;k Komponentler (LCD:2.5mm);&nbsp;Seramik Kapasit&ouml;rler (<span style=\"text-align: left;\">&Phi;</span>3-5mm), Elektrolitik Kapasit&ouml;rler (<span style=\"text-align: left;\">&Phi;</span>3-6.3mm),&nbsp;radyal bacaklı diren&ccedil;ler, vb</li>\r\n<li style=\"text-align: left;\">Standart Komponentler&nbsp;(LCD:5mm);&nbsp;Seramik Kapasit&ouml;rler (<span style=\"text-align: left;\">&Phi;</span>3-11mm), Elektrolitik Kapasit&ouml;rler (<span style=\"text-align: left;\">&Phi;</span>3-10mm),&nbsp;Film Kapasit&ouml;rler (3W-12W), radyal bacaklı diren&ccedil;ler, transist&ouml;rler (TO-92), vb</li>\r\n<li style=\"text-align: left;\">Diğerleri; LED\'er, k&uuml;&ccedil;&uuml;k dik diren&ccedil;ler, potansiyometreler, basmalı switchler, ayarlı kapasit&ouml;rler, radyal&nbsp;bobinler, SIP IC\'ler, vb&nbsp;</li>\r\n</ul>\r\n<p>&nbsp;</p>','RH6','','','','rh6'),(20,'Radial Insertion','<h2 style=\"text-align: left;\">Panasonic Radial Insertion Machine - RHII</h2>\r\n<table border=\"0\" align=\"center\">\r\n<tbody>\r\n<tr>\r\n<td><img src=\"images/2el/rh2.jpg\" alt=\"\" width=\"300\" height=\"220\" /></td>\r\n<td><img src=\"images/2el/rh2-arka.jpg\" alt=\"\" width=\"300\" height=\"225\" />&nbsp;</td>\r\n</tr>\r\n<tr>\r\n<td>&nbsp;</td>\r\n<td>&nbsp;</td>\r\n</tr>\r\n</tbody>\r\n</table>\r\n<h2>Genel &Ouml;zellikler</h2>\r\n<ul>\r\n<li>\r\n<div style=\"text-align: left;\">Delik pozisyonlarının kamera sistemi ile tanımlanması</div>\r\n</li>\r\n<li style=\"text-align: left;\">62 farklı &ccedil;eşit radyal malzeme i&ccedil;in besleme slotları</li>\r\n<li style=\"text-align: left;\">Yaklaşık 0.45 saniye/malzeme dizgi hızı</li>\r\n<li style=\"text-align: left;\">Servo motor kontrol sistemi ile daha kararlı ve sessiz &ccedil;alışma</li>\r\n<li style=\"text-align: left;\">Kılavuz pin sistemi ile y&uuml;ksek yoğunlukta dizgi ve 0.45 saniye/malzeme hıza ulaşır</li>\r\n<li style=\"text-align: left;\">V cut metodu k&uuml;&ccedil;&uuml;k &ccedil;aplı deliklerde dahi daha kararlı bir dizgi sağlar</li>\r\n<li style=\"text-align: left;\">Auto Recovery fonksiyonu ile hatalı dizilen malzemenin pozisyonu kamera ile kontrol edilip yeniden&nbsp;dizilir. B&ouml;ylece kesintisiz &uuml;retim ve daha az duruş zamanı sağlanır</li>\r\n<li style=\"text-align: left;\">2.5 ve 5 mm bacak aralıklı malzemeler 21mm y&uuml;ksekliğe kadar monte edilebilir-</li>\r\n</ul>\r\n<p>-</p>\r\n<table border=\"0\" align=\"center\">\r\n<tbody>\r\n<tr>\r\n<td>\r\n<div><img src=\"images/2el/rh2-head.jpg\" alt=\"\" width=\"200\" border=\"0\" /></div>\r\n</td>\r\n<td>&nbsp;</td>\r\n</tr>\r\n<tr>\r\n<td><br />\r\n<div><img src=\"images/2el/rh2-komp.jpg\" alt=\"\" width=\"400\" border=\"0\" /></div>\r\n</td>\r\n<td>&nbsp;</td>\r\n</tr>\r\n<tr>\r\n<td><br />\r\n<div><img src=\"images/2el/rh2-feeder.jpg\" alt=\"\" width=\"400\" border=\"0\" /></div>\r\n</td>\r\n<td>&nbsp;</td>\r\n</tr>\r\n</tbody>\r\n</table>\r\n<h2>&nbsp;</h2>\r\n<h2>&nbsp;</h2>\r\n<table border=\"0\" id=\"zebra-blue\" dir=\"ltr\" cellspacing=\"0\" cellpadding=\"0\">\r\n<tbody>\r\n<tr>\r\n<td colspan=\"2\">Makine İsmi</td>\r\n<td>PANASONIC RHII</td>\r\n</tr>\r\n<tr>\r\n<td colspan=\"2\">Model İsmi</td>\r\n<td>NM-8821</td>\r\n</tr>\r\n<tr>\r\n<td colspan=\"2\">Delik Doğrulama Sistemi</td>\r\n<td>Kamera ile tanıma</td>\r\n</tr>\r\n<tr>\r\n<td rowspan=\"3\">PCB Boyutları</td>\r\n<td>Kart Boyutları</td>\r\n<td>\r\n<div>330x250mm (max.)</div>\r\n<div>150x80mm (min.)</div>\r\n</td>\r\n</tr>\r\n<tr>\r\n<td>Dizgi Boyutları</td>\r\n<td>\r\n<div>330x240mm (max.)</div>\r\n<div>150x70mm (min.)</div>\r\n</td>\r\n</tr>\r\n<tr>\r\n<td>Kart Kalınlığı</td>\r\n<td>1.6 &plusmn;0.15 mm</td>\r\n</tr>\r\n<tr>\r\n<td colspan=\"2\">Dizgi Delik &Ccedil;apı (mm)</td>\r\n<td>0.95&nbsp;&plusmn;0.05</td>\r\n</tr>\r\n<tr>\r\n<td colspan=\"2\">Malzeme Yerleştirme Y&ouml;n&uuml;</td>\r\n<td>2 Y&ouml;nl&uuml; 0&deg;, 90&deg;</td>\r\n</tr>\r\n<tr>\r\n<td colspan=\"2\">Giriş (Feeder) Sayısı</td>\r\n<td>62 (Max)</td>\r\n</tr>\r\n<tr>\r\n<td colspan=\"2\" >Dizgi Hızı (sn/malzeme)</td>\r\n<td>0.45 / 0.6 / 0.8</td>\r\n</tr>\r\n<tr>\r\n<td colspan=\"2\">Malzeme G&ouml;vde Boyutu (mm)</td>\r\n<td>&Atilde;3 ile&nbsp;&Atilde;13</td>\r\n</tr>\r\n<tr>\r\n<td colspan=\"2\" >Maksimum Malzeme Y&uuml;ksekliği (mm)</td>\r\n<td >21</td>\r\n</tr>\r\n<tr>\r\n<td colspan=\"2\">Malzeme Bacak Aralığı (mm)</td>\r\n<td>2.5 veya 5.0</td>\r\n</tr>\r\n<tr>\r\n<td rowspan=\"3\">Kesme vePer&ccedil;inlemeMetodu</td>\r\n<td>Per&ccedil;inleme Bacak&nbsp;Uzunluğu</td>\r\n<td>1.5&nbsp;&plusmn;0.3 mm</td>\r\n</tr>\r\n<tr>\r\n<td>Per&ccedil;inleme A&ccedil;ısı</td>\r\n<td>~15&deg;</td>\r\n</tr>\r\n<tr>\r\n<td width=\"83\" height=\"15\">B&uuml;kme A&ccedil;ısı</td>\r\n<td>~35&deg;&nbsp;veya 45&deg;</td>\r\n</tr>\r\n<tr>\r\n<td colspan=\"2\">Kontrol Sistemi</td>\r\n<td>Microcomputer; AC servomotorlu yarı kapalı &ccedil;evrim kontrol, 10 renkli monit&ouml;r</td>\r\n</tr>\r\n<tr>\r\n<td colspan=\"2\">Hava Beslemesi ve T&uuml;ketimi</td>\r\n<td>5kg/cm2, 120N&acirc;/dak</td>\r\n</tr>\r\n<tr>\r\n<td colspan=\"2\">G&uuml;&ccedil; Beslemesi</td>\r\n<td>AC 3-faz380V 50 Hz</td>\r\n</tr>\r\n<tr>\r\n<td colspan=\"2\">&Ccedil;alışma g&uuml;c&uuml;</td>\r\n<td>3.4 KVA</td>\r\n</tr>\r\n<tr>\r\n<td colspan=\"2\">Makine Boyutları (Boy x En x Y&uuml;kseklik)</td>\r\n<td>4525 x 1831 x 1650mm</td>\r\n</tr>\r\n<tr>\r\n<td colspan=\"2\">Ağırlık</td>\r\n<td>2100kg</td>\r\n</tr>\r\n</tbody>\r\n</table>\r\n<p><span style=\"font-size: 1.5em;\"></span></p>\r\n<h2 style=\"text-align: left;\">Dizilebilir Komponentler</h2>\r\n<h2 style=\"text-align: left;\">(12.7 mm aralıklı şerit &uuml;zerinde)</h2>\r\n<ul style=\"list-style-type: circle;\">\r\n<li style=\"text-align: left;\">K&uuml;&ccedil;&uuml;k Komponentler (LCD:2.5mm);&nbsp;Seramik Kapasit&ouml;rler (&Phi;3-5mm), Elektrolitik Kapasit&ouml;rler (&Phi;3-6.5mm),&nbsp;radyal bacaklı diren&ccedil;ler, vb</li>\r\n<li style=\"text-align: left;\">Standart Komponentler&nbsp;(LCD:5mm);&nbsp;Seramik Kapasit&ouml;r (&Phi;3-&Phi;13mm), Elektrolitik Kapasit&ouml;rler (&Phi;3 - 12.5mm), Film Kapasit&ouml;rler (3W-14W), radyal bacaklı diren&ccedil;ler, transist&ouml;rler (TO-92), vb</li>\r\n<li style=\"text-align: left;\">Diğerleri; LED\'ler, k&uuml;&ccedil;&uuml;k dik diren&ccedil;ler, potansiyometreler, basmalı switchler, ayarlı kapasit&ouml;rler, radyal&nbsp;bobinler, SIP IC\'er, vb</li>\r\n</ul>','RH2','','','','rh2'),(21,'Radyal Dizgi','<h2 style=\"text-align: left;\">Panasonic Radial Insertion Machine - RHIII</h2>\r\n<table border=\"0\" align=\"center\">\r\n<tbody>\r\n<tr>\r\n<td><img src=\"images/2el/rh2.jpg\" alt=\"\" width=\"300\" height=\"220\" /></td>\r\n<td><img src=\"images/2el/rh2-arka.jpg\" alt=\"\" width=\"300\" height=\"225\" style=\"font-size: 10px; text-align: start;\" />&nbsp;</td>\r\n</tr>\r\n<tr>\r\n<td style=\"font-size: 10px;\">&nbsp;</td>\r\n<td style=\"font-size: 10px;\">&nbsp;</td>\r\n</tr>\r\n</tbody>\r\n</table>\r\n<h3 style=\"text-align: left;\">Genel &Ouml;zellikler</h3>\r\n<ul style=\"text-align: left;\">\r\n<li>\r\n<div class=\"O\"><span>Delik pozisyonlarının kamera sistemi ile tanımlanması</span></div>\r\n</li>\r\n<li><span>62 farklı &ccedil;eşit radyal malzeme i&ccedil;in besleme slotları</span></li>\r\n<li><span>Yaklaşık 0.45 saniye/malzeme dizgi hızı</span></li>\r\n<li><span>Servo motor kontrol sistemi ile daha kararlı ve sessiz &ccedil;alışma</span></li>\r\n<li><span>Kılavuz pin sistemi ile y&uuml;ksek yoğunlukta dizgi ve 0.45 saniye/malzeme hıza ulaşır</span></li>\r\n<li><span>V cut metodu k&uuml;&ccedil;&uuml;k &ccedil;aplı deliklerde dahi daha kararlı bir dizgi sağlar</span></li>\r\n<li><span><span><span><span>Auto Recovery fonksiyonu ile hatalı dizilen malzemenin pozisyonu kamera ile kontrol edilip yeniden&nbsp;</span><span>dizilir. B&ouml;ylece kesintisiz &uuml;retim ve daha az duruş zamanı sağlanır</span></span></span></span></li>\r\n<li><span>2.5 ve 5 mm bacak aralıklı malzemeler 21mm y&uuml;ksekliğe kadar monte edilebilir</span><span>-</span></li>\r\n</ul>\r\n<p class=\"O\" style=\"text-align: left;\"><span>-</span></p>\r\n<table border=\"0\" align=\"center\">\r\n<tbody>\r\n<tr>\r\n<td>\r\n<div style=\"text-align: left;\"><img src=\"images/2el/rh2-head.jpg\" alt=\"\" width=\"200\" border=\"0\" /></div>\r\n</td>\r\n<td style=\"text-align: left;\">&nbsp;</td>\r\n</tr>\r\n<tr>\r\n<td><br />\r\n<div style=\"text-align: center;\"><img src=\"images/2el/rh2-komp.jpg\" alt=\"\" width=\"400\" border=\"0\" /></div>\r\n</td>\r\n<td>&nbsp;</td>\r\n</tr>\r\n<tr>\r\n<td style=\"text-align: left;\"><br />\r\n<div style=\"text-align: center;\"><img src=\"images/2el/rh2-feeder.jpg\" alt=\"\" width=\"400\" border=\"0\" /></div>\r\n</td>\r\n<td>&nbsp;</td>\r\n</tr>\r\n</tbody>\r\n</table>\r\n<p>&nbsp;</p>\r\n<table border=\"0\" id=\"zebra-blue\" dir=\"ltr\" cellspacing=\"0\" cellpadding=\"0\">\r\n<tbody>\r\n<tr>\r\n<td colspan=\"2\">Makine İsmi</td>\r\n<td>PANASONIC RHIII</td>\r\n</tr>\r\n<tr>\r\n<td colspan=\"2\">Model İsmi</td>\r\n<td>NM-8224B</td>\r\n</tr>\r\n<tr>\r\n<td colspan=\"2\">Delik Doğrulama Sistemi</td>\r\n<td>Kamera ile tanıma</td>\r\n</tr>\r\n<tr>\r\n<td rowspan=\"3\">PCB Boyutları</td>\r\n<td>Kart Boyutları</td>\r\n<td>\r\n<div>330x250mm (max.)</div>\r\n<div>150x80mm (min.)</div>\r\n</td>\r\n</tr>\r\n<tr>\r\n<td>Dizgi Boyutları</td>\r\n<td>\r\n<div>330x240mm (max.)</div>\r\n<div>150x70mm (min.)</div>\r\n</td>\r\n</tr>\r\n<tr>\r\n<td>Kart Kalınlığı</td>\r\n<td>1.6 &plusmn;0.15 mm</td>\r\n</tr>\r\n<tr>\r\n<td colspan=\"2\">Dizgi Delik &Ccedil;apı (mm)</td>\r\n<td>0.95&nbsp;&plusmn;0.05</td>\r\n</tr>\r\n<tr>\r\n<td colspan=\"2\">Malzeme Yerleştirme Y&ouml;n&uuml;</td>\r\n<td>2 Y&ouml;nl&uuml; 0&deg;, 90&deg;</td>\r\n</tr>\r\n<tr>\r\n<td colspan=\"2\">Giriş (Feeder) Sayısı</td>\r\n<td>62 (Max)</td>\r\n</tr>\r\n<tr>\r\n<td colspan=\"2\">Dizgi Hızı (sn/malzeme)</td>\r\n<td>0.45 / 0.6 / 0.8</td>\r\n</tr>\r\n<tr>\r\n<td colspan=\"2\">Malzeme G&ouml;vde Boyutu (mm)</td>\r\n<td>&Phi;3 ile <span style=\"font-size: 16px; text-align: left;\">&Phi;</span>13mm</td>\r\n</tr>\r\n<tr>\r\n<td colspan=\"2\">Maksimum Malzeme Y&uuml;ksekliği (mm)</td>\r\n<td>21</td>\r\n</tr>\r\n<tr>\r\n<td colspan=\"2\">Malzeme Bacak Aralığı (mm)</td>\r\n<td>2.5 veya 5.0</td>\r\n</tr>\r\n<tr>\r\n<td rowspan=\"3\">Kesme vePer&ccedil;inlemeMetodu</td>\r\n<td>Per&ccedil;inleme Bacak&nbsp;Uzunluğu</td>\r\n<td>1.5&nbsp;&plusmn;0.3 mm</td>\r\n</tr>\r\n<tr>\r\n<td>Per&ccedil;inleme A&ccedil;ısı</td>\r\n<td>~15<span style=\"font-size: 16px; text-align: left;\">&deg;</span></td>\r\n</tr>\r\n<tr>\r\n<td>B&uuml;kme A&ccedil;ısı</td>\r\n<td>~35&deg;&nbsp;veya 45&deg;</td>\r\n</tr>\r\n<tr>\r\n<td colspan=\"2\">Kontrol Sistemi</td>\r\n<td>Microcomputer; AC servomotorlu yarı kapalı &ccedil;evrim kontrol, 10 renkli monit&ouml;r</td>\r\n</tr>\r\n<tr>\r\n<td colspan=\"2\">Hava Beslemesi ve T&uuml;ketimi</td>\r\n<td>5kg/cm2, 120N/dak</td>\r\n</tr>\r\n<tr>\r\n<td colspan=\"2\">G&uuml;&ccedil; Beslemesi</td>\r\n<td>AC 3-faz380V 50 Hz</td>\r\n</tr>\r\n<tr>\r\n<td colspan=\"2\">&Ccedil;alışma g&uuml;c&uuml;</td>\r\n<td>3.4 KVA</td>\r\n</tr>\r\n<tr>\r\n<td colspan=\"2\">Makine Boyutları (Boy x En x Y&uuml;kseklik)</td>\r\n<td>4525 x 1831 x 1650mm</td>\r\n</tr>\r\n<tr>\r\n<td colspan=\"2\">Ağırlık</td>\r\n<td>2100kg</td>\r\n</tr>\r\n</tbody>\r\n</table>\r\n<p>&nbsp;</p>\r\n<h3 style=\"text-align: left;\"><span style=\"font-size: 12pt;\">Dizilebilir Komponentler</span></h3>\r\n<h3 style=\"text-align: left;\"><span style=\"font-size: 10pt;\">(12.7 mm aralıklı şerit &uuml;zerinde)</span></h3>\r\n<ul>\r\n<li style=\"text-align: left;\">K&uuml;&ccedil;&uuml;k Komponentler (LCD:2.5mm);&nbsp;Seramik Kapasit&ouml;rler (<span style=\"text-align: left;\">&Phi;</span>3-<span style=\"text-align: left;\">&Phi;</span>5mm), Elektrolitik Kapasit&ouml;rler (<span style=\"text-align: left;\">&Phi;</span>3-<span style=\"text-align: left;\">&Phi;</span>6.5mm),&nbsp;radyal bacaklı diren&ccedil;ler, vb</li>\r\n<li style=\"text-align: left;\">Standart Komponentler&nbsp;(LCD:5mm);&nbsp;Seramik Kapasit&ouml;r (<span style=\"text-align: left;\">&Phi;</span>3-<span style=\"text-align: left;\">&Phi;</span>13mm), Elektrolitik Kapasit&ouml;rler (<span style=\"text-align: left;\">&Phi;</span>3-<span style=\"text-align: left;\">&Phi;</span>12.5mm), Film Kapasit&ouml;rler (3W-14W), radyal bacaklı diren&ccedil;ler, transist&ouml;rler (TO-92), vb</li>\r\n<li style=\"text-align: left;\">Diğerleri; LED\'ler, k&uuml;&ccedil;&uuml;k dik diren&ccedil;ler, potansiyometreler, basmalı switchler, ayarlı kapasit&ouml;rler, radyal&nbsp;bobinler, SIP IC\'er, vb</li>\r\n</ul>','RH3','','','','rh2-20'),(60,'Max: 77,000cph / Modular','<h2>Panasonic SMD Machine (Ultra High-Speed)</h2>\r\n<p> </p>\r\n<p>Maksimum Hızı: 77,000cph </p>\r\n<p>Maksimum Hızı: 77,000cph </p>\r\n<p>Maksimum Hızı: 77,000cph </p>\r\n<p>Maksimum Hızı: 77,000cph </p>\r\n<p>Maksimum Hızı: 77,000cph </p>\r\n<p> </p>','NPM-D3A','','','','npm-d3a'),(22,'Jumper Wire Insertion','<h2 style=\"text-align: left;\">Panasonic Jumper Wire Insertion Machine - JVK</h2>\r\n<table border=\"0\" style=\"float: left;\" align=\"center\">\r\n<tbody>\r\n<tr>\r\n<td><img src=\"images/2el/jvk.jpg\" alt=\"\" width=\"300\" border=\"0\" /></td>\r\n<td>&nbsp;<img src=\"images/2el/jvk-arka.jpg\" alt=\"\" width=\"300\" style=\"text-align: start;\" border=\"0\" /></td>\r\n</tr>\r\n</tbody>\r\n</table>\r\n<h2 style=\"font-weight: normal; text-align: left;\">&nbsp;</h2>\r\n<h3 style=\"text-align: left;\">&nbsp;Genel &Ouml;zellikler</h3>\r\n<ul>\r\n<li>\r\n<p style=\"text-align: left;\">Makaradan gelen 0.6mm &ccedil;apında kısa devre tellerini hızlı ve hatasız şekilde dizer</p>\r\n</li>\r\n<li style=\"text-align: left;\">\r\n<p>-S&uuml;rekli &ccedil;alışmada 0.2 saniye/kısa devre teli dizgi hızına sahiptir</p>\r\n</li>\r\n<li style=\"text-align: left;\">\r\n<p>-Offset tanımlama sistemi ile y&uuml;ksek dizgi verimliliği sağlar</p>\r\n</li>\r\n<li style=\"text-align: left;\">\r\n<p>-AC Servomotorlar ile daha hızlı ve kararlı &ccedil;alışma</p>\r\n</li>\r\n<li style=\"text-align: left;\">\r\n<p>-Renkli CRT monit&ouml;r ile kolay operat&ouml;r kullanımı sağlar</p>\r\n</li>\r\n<li>\r\n<p style=\"text-align: left;\">-&nbsp;0&deg;&nbsp;ve 90&deg;&nbsp;iki farklı a&ccedil;ıda dizgi ger&ccedil;ekleştirebilir</p>\r\n</li>\r\n</ul>\r\n<table border=\"0\" align=\"center\">\r\n<tbody>\r\n<tr>\r\n<td><img src=\"images/2el/jvk-diagram1.jpg\" alt=\"\" width=\"250\" /></td>\r\n<td><img src=\"images/2el/jvk-diagram2.jpg\" alt=\"\" width=\"250\" /></td>\r\n</tr>\r\n<tr>\r\n<td><img src=\"images/2el/jvk-feed.jpg\" alt=\"\" width=\"250\" height=\"187\" style=\"text-align: left;\" /></td>\r\n<td><img src=\"images/2el/jvk-monitor.jpg\" alt=\"\" width=\"250\" height=\"386\" style=\"text-align: left;\" /></td>\r\n</tr>\r\n</tbody>\r\n</table>\r\n<h2>&nbsp;</h2>\r\n<table border=\"0\" id=\"zebra-blue\" dir=\"ltr\" cellspacing=\"0\" cellpadding=\"0\">\r\n<tbody>\r\n<tr>\r\n<td colspan=\"2\">Makine İsmi</td>\r\n<td>PANASONIC JVK</td>\r\n</tr>\r\n<tr>\r\n<td colspan=\"2\">Model İsmi</td>\r\n<td>NM-2037</td>\r\n</tr>\r\n<tr>\r\n<td colspan=\"2\">Delik Doğrulama Sistemi</td>\r\n<td>Kamera ile tanıma</td>\r\n</tr>\r\n<tr>\r\n<td rowspan=\"3\">PCB Boyutları</td>\r\n<td>Kart Boyutları</td>\r\n<td>508x381mm (max.) 90x60mm (min.)</td>\r\n</tr>\r\n<tr>\r\n<td>Dizgi Boyutları</td>\r\n<td>508x371mm (max.)</td>\r\n</tr>\r\n<tr>\r\n<td>Kart Kalınlığı</td>\r\n<td>1.6 &plusmn;0.15 mm</td>\r\n</tr>\r\n<tr>\r\n<td colspan=\"2\">Dizgi Delik &Ccedil;apı (mm)</td>\r\n<td>1.05&nbsp;&plusmn;0.05</td>\r\n</tr>\r\n<tr>\r\n<td colspan=\"2\">Kısa Devre Teli Kalınlığı</td>\r\n<td>0.6&plusmn;0.02</td>\r\n</tr>\r\n<tr>\r\n<td colspan=\"2\" >Malzeme Yerleştirme Y&ouml;n&uuml;</td>\r\n<td>2 Y&ouml;ne 0&deg;, 90&deg;</td>\r\n</tr>\r\n<tr>\r\n<td colspan=\"2\">Besleme Şekli</td>\r\n<td >Yer makarası</td>\r\n</tr>\r\n<tr>\r\n<td colspan=\"2\" >Dizgi Hızı (sn/malzeme)</td>\r\n<td >0.2 (S&uuml;rekli &ccedil;alışmada)</td>\r\n</tr>\r\n<tr>\r\n<td colspan=\"2\" >Kısa Devre Teli Bacak Aralığı (mm)</td>\r\n<td>5-31 ayarlanabilir</td>\r\n</tr>\r\n<tr>\r\n<td rowspan=\"3\" width=\"79\" height=\"54\">\r\n<p>Kesme ve</p>\r\n<p>Per&ccedil;inlemeMetodu</p>\r\n</td>\r\n<td >Per&ccedil;inleme BacakUzunluğu</td>\r\n<td>1.5&nbsp;&plusmn;0.3 mm</td>\r\n</tr>\r\n<tr>\r\n<td>Per&ccedil;inleme A&ccedil;ısı</td>\r\n<td >~15&deg;</td>\r\n</tr>\r\n<tr>\r\n<td >B&uuml;kmek A&ccedil;ısı</td>\r\n<td >~35&deg;&nbsp;veya 45&deg;</td>\r\n</tr>\r\n<tr>\r\n<td colspan=\"2\" >Kontrol Sistemi</td>\r\n<td >Panadac 783A microcomputer; AC servomotorlu&nbsp;yarı kapalı &ccedil;evrim kontrol (6-eksen)</td>\r\n</tr>\r\n<tr>\r\n<td colspan=\"2\" >Hava Beslemesi ve T&uuml;ketimi</td>\r\n<td>5kg/cm2, 15N&acirc;/dak</td>\r\n</tr>\r\n<tr>\r\n<td colspan=\"2\" >G&uuml;&ccedil; Beslemesi</td>\r\n<td>AC 3 faz380V 50 Hz</td>\r\n</tr>\r\n<tr>\r\n<td colspan=\"2\" >&Ccedil;alışma g&uuml;c&uuml;</td>\r\n<td >3KVA</td>\r\n</tr>\r\n<tr>\r\n<td colspan=\"2\" >Makine Boyutları (Boy x En x Y&uuml;kseklik)</td>\r\n<td >1810 x 1465 x 1350mm</td>\r\n</tr>\r\n<tr>\r\n<td colspan=\"2\" >Ağırlık</td>\r\n<td>1450kg</td>\r\n</tr>\r\n</tbody>\r\n</table>\r\n<p>&nbsp;&nbsp;</p>\r\n<p style=\"text-align: left;\">&nbsp;</p>\r\n<p>Yere konulan makaradaki kısa-devre telleri</p>\r\n<p style=\"text-align: left;\">&nbsp;</p>','JVK','','','','jvk'),(23,'PCB Cleaning','<p>&nbsp;</p>\r\n<h5 style=\"color: #333333; font-family: Tahoma, Helvetica, Arial, sans-serif; line-height: 15.807999610900879px; text-align: start;\">Full Automatic PCB Cleaning Machines</h5>\r\n<hr class=\"system-pagebreak\" title=\"Ürün Bilgisi\" />\r\n<p>&nbsp;</p>\r\n<table style=\"font-family: Tahoma, Helvetica, Arial, sans-serif;\" border=\"0\">\r\n<tbody>\r\n<tr>\r\n<td style=\"font-size: 10px;\">&nbsp;<img src=\"images/aqueous/Trident_Full_View.jpg\" alt=\"\" /></td>\r\n<td style=\"font-size: 10px;\">\r\n<ul>\r\n<li><strong>Tüm flux artıklarını&nbsp;(reçine, suda çözünen, No-Clean) mükemmel temizler</strong></li>\r\n<li><strong>Elektronik dizgi prosesi için özel olarak dizayn edilmiştir</strong></li>\r\n<li><strong>Askeri, IPC, medikal ve diğer yüksek hassasiyet gerektiren temizlik standartlarını karşılayan temizleme</strong></li>\r\n<li><strong>Focus-Wash temizleme teknolojisiyle yoğun kartlarda dahi&nbsp;mükemmel performans</strong></li>\r\n<li><strong>Hareketli PCB kasası ve asimetrik sprey kolları ile gölgeleme etkisini giderir</strong></li>\r\n<li><strong>Dahili temizlik test sistemi</strong></li>\r\n</ul>\r\n<p>&nbsp;</p>\r\n</td>\r\n</tr>\r\n</tbody>\r\n</table>\r\n<p>&nbsp;</p>\r\n<hr class=\"system-pagebreak\" title=\"Teknik Bilgiler\" />\r\n<p>&nbsp;</p>\r\n<p>&nbsp;</p>\r\n<p style=\"text-align: left;\"><img src=\"images/aqueous/Trident_tablo_1.jpg\" alt=\"\" width=\"600\" height=\"359\" /></p>\r\n<p style=\"text-align: left;\"><img src=\"images/aqueous/Trident_tablo_2.jpg\" alt=\"\" width=\"600\" height=\"467\" /></p>','Trident','','','','trident'),(24,'Selective Soldering','<h2>ESS-500 Selective Soldering Machine</h2>\r\n<p style=\"text-align: left;\">&nbsp;</p>\r\n<ul style=\"text-align: left;\">\r\n<li>El ile lehimleme prosesinden kurtulmak i&ccedil;in&nbsp;ekonomik &ccedil;&ouml;z&uuml;m&nbsp;</li>\r\n<li>Flux uygulama, &ouml;n ısıtma ve b&ouml;lgesel lehimleme mod&uuml;lleriyle b&uuml;t&uuml;nleşik lehimleme sistemi</li>\r\n<li>&nbsp;\'PhotoScan\' yazılımıyla dakikalar i&ccedil;inde program hazırlama</li>\r\n<li>M&uuml;kemmel hassasiyet ve tekrar edebilirlik&nbsp;</li>\r\n<li>18m/dak eksen hızıyla end&uuml;strideki en hızlı sistemler arasındadır</li>\r\n<li>Değişik komponentler i&ccedil;in geniş nozzle se&ccedil;enekleri</li>\r\n<li>Dahili Siemens S7 dokunmatik ekran paneli ile t&uuml;m fonksiyonların otomatik kontrol&uuml; sağlanır</li>\r\n<li>&Ccedil;iftli sprey nozzle ve fluxer opsiyonu ile &uuml;retim iki katına &ccedil;ıkartılabilir</li>\r\n</ul>\r\n<table border=\"0\">\r\n<tbody>\r\n<tr>\r\n<td>&nbsp;<img src=\"images/ddm/ESS_kafa-400x476.jpg\" alt=\"\" /></td>\r\n</tr>\r\n</tbody>\r\n</table>\r\n<p>&nbsp;</p>\r\n<p>&nbsp;</p>\r\n<p>&lt;tr \"&gt;Maksimum Sıcaklık400<sup>o</sup>C</p>\r\n<table border=\"0\" id=\"zebra-blue\" cellspacing=\"0\" cellpadding=\"0\">\r\n<tbody>\r\n<tr>\r\n<td>MODEL ADI</td>\r\n<td>ESS-500</td>\r\n</tr>\r\n<tr>\r\n<td>Maksimum PCB Boyutları</td>\r\n<td>500mm x 500mm</td>\r\n</tr>\r\n<tr>\r\n<td>Lehim Tarafında maks. y&uuml;kseklik</td>\r\n<td>25mm</td>\r\n</tr>\r\n<tr>\r\n<td>Maksimum hız</td>\r\n<td style=\"margin-left: 30px;\" width=\"335\">6m/dk</td>\r\n</tr>\r\n<tr>\r\n<td>Taşıma a&ccedil;ısı</td>\r\n<td>0 derece</td>\r\n</tr>\r\n<tr>\r\n<td>Pozisyonel hassasiyet</td>\r\n<td>+/-0.1mm</td>\r\n</tr>\r\n<tr>\r\n<td>Flux tank</td>\r\n<td>2L Paslanmaz &ccedil;elik - flux seviyesi monit&ouml;r &ouml;zellikli</td>\r\n</tr>\r\n<tr>\r\n<td>Flux maksimum hız</td>\r\n<td style=\"margin-left: 30px;\" width=\"335\">6m/dk</td>\r\n</tr>\r\n<tr style=\"margin-left: 30px;\">\r\n<td style=\"margin-left: 30px;\" width=\"192\" height=\"19\">Spray genişliği</td>\r\n<td style=\"margin-left: 30px;\" width=\"335\">3mm - 6mm</td>\r\n</tr>\r\n<tr>\r\n<td>&Ouml;n-ısıtma</td>\r\n<td>100% IR - 900W</td>\r\n</tr>\r\n<tr>\r\n<td>Lehimleme mod&uuml;l&uuml;</td>\r\n<td>Nozzle</td>\r\n</tr>\r\n<tr>\r\n<td>En k&uuml;&ccedil;&uuml;k nozzle &ccedil;apı</td>\r\n<td>4mm</td>\r\n</tr>\r\n<tr>\r\n<td>Min. yandaki malzeme mesafi</td>\r\n<td>1.5 - 3mm (nozzle\'a g&ouml;re değişir)</td>\r\n</tr>\r\n<tr>\r\n<td>Lehim kapasitesi</td>\r\n<td>15kg</td>\r\n</tr>\r\n<tr>\r\n<td>Isınma s&uuml;resi</td>\r\n<td>Yaklaşık 45 dk</td>\r\n</tr>\r\n<tr>\r\n<td>Nitrojen</td>\r\n<td>Şişe, tank veya jenerat&ouml;r (lehim banyosu ve pompa &uuml;nitesi &uuml;st&uuml;nde)</td>\r\n</tr>\r\n<tr>\r\n<td>Nitrojen basıncı</td>\r\n<td>2 bar</td>\r\n</tr>\r\n<tr>\r\n<td>Nitrojen t&uuml;ketimi</td>\r\n<td>\r\n<p>0.8 - 1.7 cfm (23-49 litre/dk) - nozzle g&ouml;re değişir</p>\r\n</td>\r\n</tr>\r\n<tr>\r\n<td>Hava basıncı</td>\r\n<td>5.5 bar</td>\r\n</tr>\r\n<tr>\r\n<td>Elektriksel</td>\r\n<td>220VAC, tek faz, 15A</td>\r\n</tr>\r\n<tr style=\"margin-left: 30px;\">\r\n<td>Boyutlar</td>\r\n<td>1440 L x 1250 W x 1400mm H</td>\r\n</tr>\r\n<tr>\r\n<td>Ağırlık</td>\r\n<td>403kg</td>\r\n</tr>\r\n</tbody>\r\n</table>','ESS-500','','','','ess-310'),(25,'Bölgesel Lehimleme','<h2 style=\"text-align: left;\">ESS-310 Selective Soldering Machine</h2>\r\n<ul style=\"text-align: left;\">\r\n<li>El ile lehimleme prosesinden kurtulmak i&ccedil;in&nbsp;ekonomik &ccedil;&ouml;z&uuml;m&nbsp;</li>\r\n<li>Flux uygulama, &ouml;n ısıtma ve b&ouml;lgesel lehimleme mod&uuml;lleriyle b&uuml;t&uuml;nleşik lehimleme sistemi</li>\r\n<li>&nbsp;\'PhotoScan\' yazılımıyla dakikalar i&ccedil;inde program hazırlama</li>\r\n<li>M&uuml;kemmel hassasiyet ve tekrar edebilirlik&nbsp;</li>\r\n<li>18m/dak eksen hızıyla end&uuml;strideki en hızlı sistemler arasındadır</li>\r\n<li>Değişik komponentler i&ccedil;in geniş nozzle se&ccedil;enekleri</li>\r\n<li>Dahili Siemens S7 dokunmatik ekran paneli ile t&uuml;m fonksiyonların otomatik kontrol&uuml; sağlanır</li>\r\n<li>&Ccedil;iftli sprey nozzle ve fluxer opsiyonu ile &uuml;retim iki katına &ccedil;ıkartılabilir</li>\r\n</ul>\r\n<table>\r\n<tbody>\r\n<tr>\r\n<td>&nbsp;<img src=\"images/ddm/ESS_kafa-400x476.jpg\" alt=\"\" /></td>\r\n</tr>\r\n</tbody>\r\n</table>\r\n<table border=\"0\" id=\"zebra-blue\" cellspacing=\"0\" cellpadding=\"0\">\r\n<tbody>\r\n<tr>\r\n<td>MODEL ADI</td>\r\n<td>ESS-310</td>\r\n</tr>\r\n<tr>\r\n<td>Maksimum PCB Boyutları</td>\r\n<td>300mm x 300mm</td>\r\n</tr>\r\n<tr>\r\n<td>Lehim Tarafında maks. y&uuml;kseklik</td>\r\n<td>25mm</td>\r\n</tr>\r\n<tr>\r\n<td>Maksimum hız</td>\r\n<td>6m/dk</td>\r\n</tr>\r\n<tr>\r\n<td>Taşıma a&ccedil;ısı</td>\r\n<td>0 derece</td>\r\n</tr>\r\n<tr>\r\n<td>Pozisyonel hassasiyet</td>\r\n<td>+/-0.1mm</td>\r\n</tr>\r\n<tr>\r\n<td>Flux tank</td>\r\n<td>2L Paslanmaz &ccedil;elik - flux seviyesi monit&ouml;r &ouml;zellikli</td>\r\n</tr>\r\n<tr>\r\n<td>Flux maksimum hız</td>\r\n<td>6m/dk</td>\r\n</tr>\r\n<tr>\r\n<td>Spray genişliği</td>\r\n<td>3mm - 6mm</td>\r\n</tr>\r\n<tr>\r\n<td>&Ouml;n-ısıtma</td>\r\n<td>100% IR - 900W</td>\r\n</tr>\r\n<tr>\r\n<td width=\"192\" height=\"19\">Lehimleme mod&uuml;l&uuml;</td>\r\n<td width=\"335\">Nozzle</td>\r\n</tr>\r\n<tr>\r\n<td>En k&uuml;&ccedil;&uuml;k nozzle &ccedil;apı</td>\r\n<td>4mm</td>\r\n</tr>\r\n<tr>\r\n<td>Min. yandaki malzeme mesafi</td>\r\n<td>1.5 - 3mm (nozzle\'a g&ouml;re değişir)</td>\r\n</tr>\r\n<tr>\r\n<td>Lehim kapasitesi</td>\r\n<td>15kg</td>\r\n</tr>\r\n<tr>\r\n<td>Maksimum Sıcaklık</td>\r\n<td>400oC</td>\r\n</tr>\r\n<tr>\r\n<td>Isınma s&uuml;resi</td>\r\n<td>Yaklaşık 45 dk</td>\r\n</tr>\r\n<tr>\r\n<td>Nitrojen</td>\r\n<td>Şişe, tank veya jenerat&ouml;r (lehim banyosu ve pompa &uuml;nitesi &uuml;st&uuml;nde)</td>\r\n</tr>\r\n<tr>\r\n<td>Nitrojen basıncı</td>\r\n<td>2 bar</td>\r\n</tr>\r\n<tr>\r\n<td>Nitrojen t&uuml;ketimi</td>\r\n<td>\r\n<p>0.8 - 1.7 cfm (23-49 litre/dk) - nozzle g&ouml;re değişir</p>\r\n</td>\r\n</tr>\r\n<tr>\r\n<td>Hava basıncı</td>\r\n<td>5.5 bar</td>\r\n</tr>\r\n<tr>\r\n<td>Elektriksel</td>\r\n<td>220VAC, tek faz, 15A</td>\r\n</tr>\r\n<tr>\r\n<td>Boyutlar</td>\r\n<td>1240 L x 1050 W x 1400mm H</td>\r\n</tr>\r\n<tr>\r\n<td>Ağırlık</td>\r\n<td>354kg</td>\r\n</tr>\r\n</tbody>\r\n</table>','ESS-310','','','','ess-310-24'),(26,'E-BAR SAC305','<p style=\"color: #333333; font-family: Tahoma, Helvetica, Arial, sans-serif; font-size: 12px; line-height: 15.807999610900879px; text-align: start;\"><strong>KESTER E-BAR&nbsp;SOLDER BAR</strong></p>\r\n<p style=\"color: #333333; font-family: Tahoma, Helvetica, Arial, sans-serif; font-size: 12px; line-height: 15.807999610900879px; text-align: start;\">&nbsp;</p>\r\n<hr class=\"system-pagebreak\" title=\"Ürün Bilgisi\" />\r\n<p style=\"color: #333333; font-family: Tahoma, Helvetica, Arial, sans-serif; font-size: 12px; line-height: 15.807999610900879px; text-align: start;\">&nbsp;</p>\r\n<p style=\"color: #333333; font-family: Tahoma, Helvetica, Arial, sans-serif; font-size: 12px; line-height: 15.807999610900879px; text-align: start;\">Karmaşık elektronik devreler ve PCB\'ler sadece endüstriyal metaryellerin uyumluluğunu istemezler, bununla birlikte kullanılan alaşımların tamamen metalik oksitlerden arındırılmış olması da gereklidir. KESTER E-Bar\'ın üretiminde sadece en yüksek saflıktaki daha önce işlenmemiş metaller kullanılır. KESTER E-Bar günümüz endüstri standartlarının çok üstünde saflıkta ürünler sunarak, tam metalik devamlılık, gelişmiş akışkanlık ve azaltılmış yüzey gerilimi sağlar.</p>\r\n<p style=\"color: #333333; font-family: Tahoma, Helvetica, Arial, sans-serif; font-size: 12px; line-height: 15.807999610900879px; text-align: start;\">&nbsp; &nbsp;<img src=\"images/kester/kester_sb1.png\" alt=\"\" border=\"0\" />&nbsp;&nbsp;&nbsp;<img src=\"images/kester/kester_sb_3.png\" alt=\"\" width=\"146\" height=\"76\" border=\"0\" />&nbsp;<img src=\"images/kester/kester_sb_2.png\" alt=\"\" width=\"210\" height=\"102\" border=\"0\" />&nbsp;&nbsp;&nbsp;&nbsp;&nbsp;&nbsp;&nbsp;&nbsp;&nbsp;&nbsp;&nbsp;&nbsp;&nbsp;&nbsp;&nbsp;&nbsp;</p>\r\n<p style=\"color: #333333; font-family: Tahoma, Helvetica, Arial, sans-serif; font-size: 12px; line-height: 15.807999610900879px; text-align: start;\">&nbsp;</p>\r\n<hr class=\"system-pagebreak\" title=\"Teknik Bilgiler\" />\r\n<p style=\"color: #333333; font-family: Tahoma, Helvetica, Arial, sans-serif; font-size: 12px; line-height: 15.807999610900879px; text-align: start;\">&nbsp;</p>\r\n<p style=\"color: #333333; font-family: Tahoma, Helvetica, Arial, sans-serif; font-size: 12px; line-height: 15.807999610900879px; text-align: start;\">&nbsp;</p>\r\n<table>\r\n<tbody>\r\n<tr>\r\n<td>&nbsp;</td>\r\n<td>K100LD&nbsp;</td>\r\n<td>K100&nbsp;</td>\r\n<td>SAC305&nbsp;</td>\r\n</tr>\r\n<tr>\r\n<td>Kalay %&nbsp;</td>\r\n<td style=\"text-align: center;\">&nbsp;99.3</td>\r\n<td style=\"text-align: center;\">99.4&nbsp;</td>\r\n<td style=\"text-align: center;\">96.5&nbsp;</td>\r\n</tr>\r\n<tr>\r\n<td>Gümüş %&nbsp;</td>\r\n<td style=\"text-align: center;\">0&nbsp;</td>\r\n<td style=\"text-align: center;\">0&nbsp;</td>\r\n<td style=\"text-align: center;\">3.0&nbsp;</td>\r\n</tr>\r\n<tr>\r\n<td>Bakır %&nbsp;</td>\r\n<td style=\"text-align: center;\">0.7&nbsp;</td>\r\n<td style=\"text-align: center;\">0.6&nbsp;</td>\r\n<td style=\"text-align: center;\">0.5&nbsp;</td>\r\n</tr>\r\n<tr>\r\n<td>Nikel içerir</td>\r\n<td style=\"text-align: center;\">Evet</td>\r\n<td style=\"text-align: center;\">Evet</td>\r\n<td style=\"text-align: center;\">Hayır</td>\r\n</tr>\r\n<tr>\r\n<td>Bismuth içerir</td>\r\n<td style=\"text-align: center;\">Evet</td>\r\n<td style=\"text-align: center;\">Hayır</td>\r\n<td style=\"text-align: center;\">Hayır</td>\r\n</tr>\r\n<tr>\r\n<td>Erime Sıcaklığı</td>\r\n<td style=\"text-align: center;\">227<sup>o</sup>C</td>\r\n<td style=\"text-align: center;\">227<sup>o</sup>C</td>\r\n<td style=\"text-align: center;\">217-220<sup>o</sup>C</td>\r\n</tr>\r\n<tr>\r\n<td>Tavsiye Edilen Pota Sıcaklığı</td>\r\n<td style=\"text-align: center;\">255-265<sup>o</sup>C</td>\r\n<td style=\"text-align: center;\">255-265<sup>o</sup>C</td>\r\n<td style=\"text-align: center;\">250-260<sup>o</sup>C</td>\r\n</tr>\r\n<tr>\r\n<td>Ekleme</td>\r\n<td style=\"text-align: center;\">K100LDa</td>\r\n<td style=\"text-align: center;\">K100a</td>\r\n<td style=\"text-align: center;\">SAC300</td>\r\n</tr>\r\n</tbody>\r\n</table>\r\n<p style=\"color: #333333; font-family: Tahoma, Helvetica, Arial, sans-serif; font-size: 12px; line-height: 15.807999610900879px; text-align: start;\"><img src=\"images/kester/kester_unpurities.png\" alt=\"\" border=\"0\" /></p>\r\n<p style=\"color: #333333; font-family: Tahoma, Helvetica, Arial, sans-serif; font-size: 12px; line-height: 15.807999610900879px; text-align: start;\">&nbsp;</p>\r\n<hr class=\"system-pagebreak\" style=\"width: 1255.3125px; word-spacing: 0px;\" title=\"Alaşımlar\" />\r\n<p style=\"color: #333333; font-family: Tahoma, Helvetica, Arial, sans-serif; font-size: 12px; line-height: 15.807999610900879px; text-align: start; margin-left: 30px;\"><strong>Mevcut Alaşımlar</strong></p>\r\n<table style=\"margin-left: 30px;\" border=\"1\">\r\n<tbody style=\"margin-left: 30px;\">\r\n<tr style=\"margin-left: 30px;\">\r\n<td>&nbsp;</td>\r\n<td style=\"margin-left: 30px;\">Erime Sıcaklıkları&nbsp;&nbsp;</td>\r\n</tr>\r\n<tr style=\"margin-left: 30px;\">\r\n<td style=\"margin-left: 30px;\">Kurşunlu Alaşımlar&nbsp;</td>\r\n<td>&nbsp;</td>\r\n</tr>\r\n<tr style=\"margin-left: 30px;\">\r\n<td style=\"margin-left: 30px;\">&nbsp;Sn63Pb37</td>\r\n<td style=\"margin-left: 30px;\">\r\n<p style=\"margin-left: 30px;\" align=\"center\">&nbsp;183°C</p>\r\n</td>\r\n</tr>\r\n<tr style=\"margin-left: 30px;\">\r\n<td style=\"margin-left: 30px;\">&nbsp;Sn60Pb40</td>\r\n<td style=\"margin-left: 30px;\">\r\n<p style=\"margin-left: 30px;\" align=\"center\">&nbsp;183-190°C</p>\r\n</td>\r\n</tr>\r\n<tr style=\"margin-left: 30px;\">\r\n<td style=\"margin-left: 30px;\">&nbsp;Kurşunsuz Alaşımlar&nbsp;</td>\r\n<td>&nbsp;</td>\r\n</tr>\r\n<tr style=\"margin-left: 30px;\">\r\n<td style=\"margin-left: 30px;\">&nbsp;Sn96.5Ag3.5</td>\r\n<td style=\"margin-left: 30px;\">\r\n<p style=\"margin-left: 30px;\" align=\"center\">&nbsp;221°C</p>\r\n</td>\r\n</tr>\r\n<tr style=\"margin-left: 30px;\">\r\n<td style=\"margin-left: 30px;\">&nbsp;Sn96.5Ag3.0Cu0.5</td>\r\n<td style=\"margin-left: 30px;\">\r\n<p style=\"margin-left: 30px;\" align=\"center\">&nbsp;217-220°C</p>\r\n</td>\r\n</tr>\r\n<tr style=\"margin-left: 30px;\">\r\n<td style=\"margin-left: 30px;\">&nbsp;Sn95.5Ag3.8Cu0.7</td>\r\n<td style=\"margin-left: 30px;\">\r\n<p style=\"margin-left: 30px;\" align=\"center\">&nbsp;217-221°C</p>\r\n</td>\r\n</tr>\r\n<tr style=\"margin-left: 30px;\">\r\n<td style=\"margin-left: 30px;\">&nbsp;Sn99.3Cu0.7</td>\r\n<td style=\"margin-left: 30px;\">\r\n<p style=\"margin-left: 30px;\" align=\"center\">&nbsp;227°C</p>\r\n</td>\r\n</tr>\r\n<tr style=\"margin-left: 30px;\">\r\n<td style=\"margin-left: 30px;\">&nbsp;Sn100</td>\r\n<td style=\"margin-left: 30px;\">\r\n<p style=\"margin-left: 30px;\" align=\"center\">&nbsp;232°C</p>\r\n</td>\r\n</tr>\r\n<tr style=\"margin-left: 30px;\">\r\n<td style=\"margin-left: 30px;\">&nbsp;K100</td>\r\n<td style=\"margin-left: 30px; text-align: right;\">&nbsp;<span style=\"font-size: 11px;\">227°C</span></td>\r\n</tr>\r\n</tbody>\r\n</table>','E-BAR SAC305','','','','e-bar'),(46,'Stencil Washer','<h5 style=\"color: #333333; font-family: Tahoma, Helvetica, Arial, sans-serif; line-height: 15.807999610900879px; text-align: start;\">Semi-Automatic Stencil Washer</h5>\r\n<hr class=\"system-pagebreak\" title=\"Ürün Bilgisi\" />\r\n<p>&nbsp;</p>\r\n<p>/</p>\r\n<table style=\"font-family: Tahoma, Helvetica, Arial, sans-serif;\" border=\"0\">\r\n<tbody>\r\n<tr>\r\n<td style=\"font-size: 10px;\"><img src=\"images/aqueous/A_StencilWasher-ECO_s.jpg\" alt=\"\" />&nbsp;</td>\r\n<td style=\"font-size: 10px;\">\r\n<ul>\r\n<li><strong>Tam fonksiyonlu ultrasonic temizleme sistemi&nbsp;</strong></li>\r\n<li><strong>Krem lehim temizliği için hızlı, etkili ve ekonomik bir çözümdür</strong></li>\r\n<li><strong>Standart ekipman temizleme için gerekli tüm opsiyonları (yıkama, durulama, kurutma ve filtreleme)&nbsp;içerir</strong></li>\r\n<li><strong>Yarı otomatik kontrol</strong></li>\r\n</ul>\r\n</td>\r\n</tr>\r\n</tbody>\r\n</table>\r\n<p style=\"color: #333333; font-family: Tahoma, Helvetica, Arial, sans-serif; font-size: 12px; line-height: 15.807999610900879px; text-align: start;\"><a href=\"http://www.aqueoustech.com/StencilWasher-Series.html\" style=\"color: #1b57b1; text-decoration: none;\"><span style=\"text-decoration: underline;\"><span style=\"color: #810081;\">&nbsp;</span></span></a></p>\r\n<hr class=\"system-pagebreak\" title=\"Teknik Bilgiler\" />\r\n<p style=\"color: #333333; font-family: Tahoma, Helvetica, Arial, sans-serif; font-size: 12px; line-height: 15.807999610900879px; text-align: start;\">&nbsp;</p>\r\n<p>&nbsp;</p>\r\n<table cellspacing=\"0\">\r\n<tbody>\r\n<tr>\r\n<td>Product</td>\r\n<td>Stencil Washer - ECO</td>\r\n</tr>\r\n<tr>\r\n<td>Application</td>\r\n<td>Solder Paste Removal</td>\r\n</tr>\r\n<tr>\r\n<td>Dimensions</td>\r\n<td>39\" L x 25\" W x 32\" H</td>\r\n</tr>\r\n<tr>\r\n<td>Weight</td>\r\n<td>350 lbs</td>\r\n</tr>\r\n<tr>\r\n<td>Construction</td>\r\n<td>Welded Tube Steel Frame<br />16 Gauge Steel Panels</td>\r\n</tr>\r\n<tr>\r\n<td>Finish</td>\r\n<td>Powder-Coating Epoxy</td>\r\n</tr>\r\n<tr>\r\n<td>Internal Plumbing</td>\r\n<td>Stainless Steel Polypropylene</td>\r\n</tr>\r\n<tr>\r\n<td>Electrical Requirements</td>\r\n<td>110 VAC 10 amps</td>\r\n</tr>\r\n<tr>\r\n<td>Wash Tank Capacity</td>\r\n<td>20 Gallons (76 Liters)</td>\r\n</tr>\r\n<tr>\r\n<td>Maximum Stencil Size</td>\r\n<td>29\" x 29\" (74cm x 74cm)<br />25\" x 29\" Immersion</td>\r\n</tr>\r\n<tr>\r\n<td>Drain Requirements</td>\r\n<td>3/4\" NPT</td>\r\n</tr>\r\n<tr>\r\n<td>Wash Cycle Timer</td>\r\n<td>Analog 1-99 Minutes</td>\r\n</tr>\r\n<tr>\r\n<td>Ultrasonics</td>\r\n<td>500 Watt Side Mounted&nbsp;<br />Transducers</td>\r\n</tr>\r\n<tr>\r\n<td>Hand-Held Rinse Wand</td>\r\n<td>Standard</td>\r\n</tr>\r\n<tr>\r\n<td>Hand-Held Airknife</td>\r\n<td>Standard</td>\r\n</tr>\r\n<tr>\r\n<td>Wash Solution Heating System</td>\r\n<td>N/A</td>\r\n</tr>\r\n<tr>\r\n<td>Rinse Water Filtration System</td>\r\n<td>Optional</td>\r\n</tr>\r\n</tbody>\r\n</table>','Stencil Washer - ECO','','','','stencil-washer-eco'),(27,'E-BAR K100','<p style=\"color: #333333; font-family: Tahoma, Helvetica, Arial, sans-serif; font-size: 12px; line-height: 15.807999610900879px; text-align: start;\"><strong>KESTER E-BAR&nbsp;SOLDER BAR</strong></p>\r\n<p style=\"color: #333333; font-family: Tahoma, Helvetica, Arial, sans-serif; font-size: 12px; line-height: 15.807999610900879px; text-align: start;\">&nbsp;</p>\r\n<hr class=\"system-pagebreak\" title=\"Ürün Bilgisi\" />\r\n<p style=\"color: #333333; font-family: Tahoma, Helvetica, Arial, sans-serif; font-size: 12px; line-height: 15.807999610900879px; text-align: start;\">&nbsp;</p>\r\n<p style=\"color: #333333; font-family: Tahoma, Helvetica, Arial, sans-serif; font-size: 12px; line-height: 15.807999610900879px; text-align: start;\">Karmaşık elektronik devreler ve PCB\'ler sadece endüstriyal metaryellerin uyumluluğunu istemezler, bununla birlikte kullanılan alaşımların tamamen metalik oksitlerden arındırılmış olması da gereklidir. KESTER E-Bar\'ın üretiminde sadece en yüksek saflıktaki daha önce işlenmemiş metaller kullanılır. KESTER E-Bar günümüz endüstri standartlarının çok üstünde saflıkta ürünler sunarak, tam metalik devamlılık, gelişmiş akışkanlık ve azaltılmış yüzey gerilimi sağlar.</p>\r\n<p style=\"color: #333333; font-family: Tahoma, Helvetica, Arial, sans-serif; font-size: 12px; line-height: 15.807999610900879px; text-align: start;\">&nbsp; &nbsp;<img src=\"images/kester/kester_sb1.png\" alt=\"\" border=\"0\" />&nbsp;&nbsp;&nbsp;<img src=\"images/kester/kester_sb_3.png\" alt=\"\" width=\"146\" height=\"76\" border=\"0\" />&nbsp;<img src=\"images/kester/kester_sb_2.png\" alt=\"\" width=\"210\" height=\"102\" border=\"0\" />&nbsp;&nbsp;&nbsp;&nbsp;&nbsp;&nbsp;&nbsp;&nbsp;&nbsp;&nbsp;&nbsp;&nbsp;&nbsp;&nbsp;&nbsp;&nbsp;</p>\r\n<p style=\"color: #333333; font-family: Tahoma, Helvetica, Arial, sans-serif; font-size: 12px; line-height: 15.807999610900879px; text-align: start;\">&nbsp;</p>\r\n<hr class=\"system-pagebreak\" title=\"Teknik Bilgiler\" />\r\n<p style=\"color: #333333; font-family: Tahoma, Helvetica, Arial, sans-serif; font-size: 12px; line-height: 15.807999610900879px; text-align: start;\">&nbsp;</p>\r\n<p style=\"color: #333333; font-family: Tahoma, Helvetica, Arial, sans-serif; font-size: 12px; line-height: 15.807999610900879px; text-align: start;\">&nbsp;</p>\r\n<table>\r\n<tbody>\r\n<tr>\r\n<td>&nbsp;</td>\r\n<td>K100LD&nbsp;</td>\r\n<td>K100&nbsp;</td>\r\n<td>SAC305&nbsp;</td>\r\n</tr>\r\n<tr>\r\n<td>Kalay %&nbsp;</td>\r\n<td style=\"text-align: center;\">&nbsp;99.3</td>\r\n<td style=\"text-align: center;\">99.4&nbsp;</td>\r\n<td style=\"text-align: center;\">96.5&nbsp;</td>\r\n</tr>\r\n<tr>\r\n<td>Gümüş %&nbsp;</td>\r\n<td style=\"text-align: center;\">0&nbsp;</td>\r\n<td style=\"text-align: center;\">0&nbsp;</td>\r\n<td style=\"text-align: center;\">3.0&nbsp;</td>\r\n</tr>\r\n<tr>\r\n<td>Bakır %&nbsp;</td>\r\n<td style=\"text-align: center;\">0.7&nbsp;</td>\r\n<td style=\"text-align: center;\">0.6&nbsp;</td>\r\n<td style=\"text-align: center;\">0.5&nbsp;</td>\r\n</tr>\r\n<tr>\r\n<td>Nikel içerir</td>\r\n<td style=\"text-align: center;\">Evet</td>\r\n<td style=\"text-align: center;\">Evet</td>\r\n<td style=\"text-align: center;\">Hayır</td>\r\n</tr>\r\n<tr>\r\n<td>Bismuth içerir</td>\r\n<td style=\"text-align: center;\">Evet</td>\r\n<td style=\"text-align: center;\">Hayır</td>\r\n<td style=\"text-align: center;\">Hayır</td>\r\n</tr>\r\n<tr>\r\n<td>Erime Sıcaklığı</td>\r\n<td style=\"text-align: center;\">227<sup>o</sup>C</td>\r\n<td style=\"text-align: center;\">227<sup>o</sup>C</td>\r\n<td style=\"text-align: center;\">217-220<sup>o</sup>C</td>\r\n</tr>\r\n<tr>\r\n<td>Tavsiye Edilen Pota Sıcaklığı</td>\r\n<td style=\"text-align: center;\">255-265<sup>o</sup>C</td>\r\n<td style=\"text-align: center;\">255-265<sup>o</sup>C</td>\r\n<td style=\"text-align: center;\">250-260<sup>o</sup>C</td>\r\n</tr>\r\n<tr>\r\n<td>Ekleme</td>\r\n<td style=\"text-align: center;\">K100LDa</td>\r\n<td style=\"text-align: center;\">K100a</td>\r\n<td style=\"text-align: center;\">SAC300</td>\r\n</tr>\r\n</tbody>\r\n</table>\r\n<p style=\"color: #333333; font-family: Tahoma, Helvetica, Arial, sans-serif; font-size: 12px; line-height: 15.807999610900879px; text-align: start;\"><img src=\"images/kester/kester_unpurities.png\" alt=\"\" border=\"0\" /></p>\r\n<p style=\"color: #333333; font-family: Tahoma, Helvetica, Arial, sans-serif; font-size: 12px; line-height: 15.807999610900879px; text-align: start;\">&nbsp;</p>\r\n<hr class=\"system-pagebreak\" style=\"width: 1255.3125px; word-spacing: 0px;\" title=\"Alaşımlar\" />\r\n<p style=\"color: #333333; font-family: Tahoma, Helvetica, Arial, sans-serif; font-size: 12px; line-height: 15.807999610900879px; text-align: start; margin-left: 30px;\"><strong>Mevcut Alaşımlar</strong></p>\r\n<table style=\"margin-left: 30px;\" border=\"1\">\r\n<tbody style=\"margin-left: 30px;\">\r\n<tr style=\"margin-left: 30px;\">\r\n<td>&nbsp;</td>\r\n<td style=\"margin-left: 30px;\">Erime Sıcaklıkları&nbsp;&nbsp;</td>\r\n</tr>\r\n<tr style=\"margin-left: 30px;\">\r\n<td style=\"margin-left: 30px;\">Kurşunlu Alaşımlar&nbsp;</td>\r\n<td>&nbsp;</td>\r\n</tr>\r\n<tr style=\"margin-left: 30px;\">\r\n<td style=\"margin-left: 30px;\">&nbsp;Sn63Pb37</td>\r\n<td style=\"margin-left: 30px;\">\r\n<p style=\"margin-left: 30px;\" align=\"center\">&nbsp;183°C</p>\r\n</td>\r\n</tr>\r\n<tr style=\"margin-left: 30px;\">\r\n<td style=\"margin-left: 30px;\">&nbsp;Sn60Pb40</td>\r\n<td style=\"margin-left: 30px;\">\r\n<p style=\"margin-left: 30px;\" align=\"center\">&nbsp;183-190°C</p>\r\n</td>\r\n</tr>\r\n<tr style=\"margin-left: 30px;\">\r\n<td style=\"margin-left: 30px;\">&nbsp;Kurşunsuz Alaşımlar&nbsp;</td>\r\n<td>&nbsp;</td>\r\n</tr>\r\n<tr style=\"margin-left: 30px;\">\r\n<td style=\"margin-left: 30px;\">&nbsp;Sn96.5Ag3.5</td>\r\n<td style=\"margin-left: 30px;\">\r\n<p style=\"margin-left: 30px;\" align=\"center\">&nbsp;221°C</p>\r\n</td>\r\n</tr>\r\n<tr style=\"margin-left: 30px;\">\r\n<td style=\"margin-left: 30px;\">&nbsp;Sn96.5Ag3.0Cu0.5</td>\r\n<td style=\"margin-left: 30px;\">\r\n<p style=\"margin-left: 30px;\" align=\"center\">&nbsp;217-220°C</p>\r\n</td>\r\n</tr>\r\n<tr style=\"margin-left: 30px;\">\r\n<td style=\"margin-left: 30px;\">&nbsp;Sn95.5Ag3.8Cu0.7</td>\r\n<td style=\"margin-left: 30px;\">\r\n<p style=\"margin-left: 30px;\" align=\"center\">&nbsp;217-221°C</p>\r\n</td>\r\n</tr>\r\n<tr style=\"margin-left: 30px;\">\r\n<td style=\"margin-left: 30px;\">&nbsp;Sn99.3Cu0.7</td>\r\n<td style=\"margin-left: 30px;\">\r\n<p style=\"margin-left: 30px;\" align=\"center\">&nbsp;227°C</p>\r\n</td>\r\n</tr>\r\n<tr style=\"margin-left: 30px;\">\r\n<td style=\"margin-left: 30px;\">&nbsp;Sn100</td>\r\n<td style=\"margin-left: 30px;\">\r\n<p style=\"margin-left: 30px;\" align=\"center\">&nbsp;232°C</p>\r\n</td>\r\n</tr>\r\n<tr style=\"margin-left: 30px;\">\r\n<td style=\"margin-left: 30px;\">&nbsp;K100</td>\r\n<td style=\"margin-left: 30px; text-align: right;\">&nbsp;<span style=\"font-size: 11px;\">227°C</span></td>\r\n</tr>\r\n</tbody>\r\n</table>','E-BAR K100','','','','e-bar-26'),(28,'Lead-free Solder Wire - 1.2mm','<p style=\"color: #333333; font-family: Tahoma, Helvetica, Arial, sans-serif; font-size: 12px; line-height: 15.807999610900879px; text-align: start;\"><strong>KESTER SOLDER WIRE</strong></p>\r\n<hr class=\"system-pagebreak\" title=\"Ürün Bilgisi\" />\r\n<p style=\"color: #333333; font-family: Tahoma, Helvetica, Arial, sans-serif; font-size: 12px; line-height: 15.807999610900879px; text-align: start;\">&nbsp;</p>\r\n<p style=\"color: #333333; font-family: Tahoma, Helvetica, Arial, sans-serif; font-size: 12px; line-height: 15.807999610900879px; text-align: start;\">\"Cored Wire\" ın mucidi olan KESTER, mükemmel flux förmülleri ve kullanığı saf alaşımlarla dünyanın en büyük üreticilerindendir. Uzun yıllara dayanan tecrübesi ve her üretime uygun flux ve alaşım çeşitleriyle tüm ihtiyaçlarınıza uygun çözümler sunar.</p>\r\n<p style=\"color: #333333; font-family: Tahoma, Helvetica, Arial, sans-serif; font-size: 12px; line-height: 15.807999610900879px; text-align: start;\">&nbsp;&nbsp;&nbsp;&nbsp;&nbsp;&nbsp;&nbsp;&nbsp;&nbsp;&nbsp;&nbsp;&nbsp;&nbsp;&nbsp;&nbsp;&nbsp;&nbsp;&nbsp;<img src=\"images/kester/kester_tel_formul.png\" alt=\"\" border=\"0\" /></p>\r\n<p style=\"color: #333333; font-family: Tahoma, Helvetica, Arial, sans-serif; font-size: 12px; line-height: 15.807999610900879px; text-align: start;\">&nbsp;&nbsp;<img style=\"color: #333333; font-family: Tahoma, Helvetica, Arial, sans-serif; font-size: 12px; line-height: 15.807999610900879px; text-align: start;\" src=\"images/kester/kester_tel.jpg\" alt=\"\" border=\"0\" /></p>\r\n<hr class=\"system-pagebreak\" title=\"Tel Çapları\" />\r\n<p style=\"color: #333333; font-family: Tahoma, Helvetica, Arial, sans-serif; font-size: 12px; line-height: 15.807999610900879px; text-align: start;\">&nbsp;</p>\r\n<p style=\"color: #333333; font-family: Tahoma, Helvetica, Arial, sans-serif; font-size: 12px; line-height: 15.807999610900879px; text-align: start;\">&nbsp;&nbsp;&nbsp;&nbsp;&nbsp;&nbsp;&nbsp;&nbsp;&nbsp;<strong>Standart Tel Çapları &nbsp; &nbsp; &nbsp; &nbsp; &nbsp; &nbsp; &nbsp; &nbsp; &nbsp; &nbsp; &nbsp; &nbsp; &nbsp; &nbsp; &nbsp; &nbsp; &nbsp; &nbsp; &nbsp; &nbsp; &nbsp; &nbsp; &nbsp;&nbsp;</strong></p>\r\n<p style=\"color: #333333; font-family: Tahoma, Helvetica, Arial, sans-serif; font-size: 12px; line-height: 15.807999610900879px; text-align: start;\">&nbsp;&nbsp;&nbsp;&nbsp;&nbsp;<img src=\"images/kester/kester_wire%20diameter.png\" alt=\"\" border=\"0\" />&nbsp;&nbsp;&nbsp;&nbsp;&nbsp;&nbsp;&nbsp;&nbsp;&nbsp;&nbsp;&nbsp;&nbsp;&nbsp;&nbsp;&nbsp;&nbsp;&nbsp;&nbsp;&nbsp;&nbsp;&nbsp;&nbsp;&nbsp;&nbsp;&nbsp;&nbsp;</p>\r\n<hr class=\"system-pagebreak\" title=\"Flux Oranları\" />\r\n<p style=\"color: #333333; font-family: Tahoma, Helvetica, Arial, sans-serif; font-size: 12px; line-height: 15.807999610900879px; text-align: start;\">&nbsp;</p>\r\n<p style=\"color: #333333; font-family: Tahoma, Helvetica, Arial, sans-serif; font-size: 12px; line-height: 15.807999610900879px; text-align: start;\">&nbsp;</p>\r\n<p style=\"color: #333333; font-family: Tahoma, Helvetica, Arial, sans-serif; font-size: 12px; line-height: 15.807999610900879px; text-align: start; margin-left: 30px;\"><strong style=\"color: #333333; font-family: Tahoma, Helvetica, Arial, sans-serif; font-size: 12px; line-height: 15.807999610900879px; text-align: start;\">Standart&nbsp;Flux Dolgu Boyutları</strong></p>\r\n<p style=\"color: #333333; font-family: Tahoma, Helvetica, Arial, sans-serif; font-size: 12px; line-height: 15.807999610900879px; text-align: start;\">&nbsp;&nbsp;&nbsp;&nbsp;<img src=\"images/kester/Kester_Standart%20core%20sizes.png\" alt=\"\" width=\"254\" height=\"160\" border=\"0\" /></p>\r\n<p style=\"color: #333333; font-family: Tahoma, Helvetica, Arial, sans-serif; font-size: 12px; line-height: 15.807999610900879px; text-align: start;\">&nbsp;</p>','275-K100-1.2mm','','','','275-k100-1.2mm'),(29,'Sn63Pb37 Solder Wire - 0.4mm','<p style=\"color: #333333; font-family: Tahoma, Helvetica, Arial, sans-serif; font-size: 12px; line-height: 15.807999610900879px; text-align: start;\"><strong>KESTER LEHİM TELİ</strong></p>\r\n<hr class=\"system-pagebreak\" title=\"Ürün Bilgisi\" />\r\n<p style=\"color: #333333; font-family: Tahoma, Helvetica, Arial, sans-serif; font-size: 12px; line-height: 15.807999610900879px; text-align: start;\">&nbsp;</p>\r\n<p style=\"color: #333333; font-family: Tahoma, Helvetica, Arial, sans-serif; font-size: 12px; line-height: 15.807999610900879px; text-align: start;\">\"Cored Wire\" ın mucidi olan KESTER, mükemmel flux förmülleri ve kullanığı saf alaşımlarla dünyanın en büyük üreticilerindendir. Uzun yıllara dayanan tecrübesi ve her üretime uygun flux ve alaşım çeşitleriyle tüm ihtiyaçlarınıza uygun çözümler sunar.</p>\r\n<p style=\"color: #333333; font-family: Tahoma, Helvetica, Arial, sans-serif; font-size: 12px; line-height: 15.807999610900879px; text-align: start;\">&nbsp;&nbsp;&nbsp;&nbsp;&nbsp;&nbsp;&nbsp;&nbsp;&nbsp;&nbsp;&nbsp;&nbsp;&nbsp;&nbsp;&nbsp;&nbsp;&nbsp;&nbsp;<img src=\"images/kester/kester_tel_formul.png\" alt=\"\" border=\"0\" /></p>\r\n<p style=\"color: #333333; font-family: Tahoma, Helvetica, Arial, sans-serif; font-size: 12px; line-height: 15.807999610900879px; text-align: start;\">&nbsp;&nbsp;<img style=\"color: #333333; font-family: Tahoma, Helvetica, Arial, sans-serif; font-size: 12px; line-height: 15.807999610900879px; text-align: start;\" src=\"images/kester/kester_tel.jpg\" alt=\"\" border=\"0\" /></p>\r\n<hr class=\"system-pagebreak\" title=\"Tel Çapları\" />\r\n<p style=\"color: #333333; font-family: Tahoma, Helvetica, Arial, sans-serif; font-size: 12px; line-height: 15.807999610900879px; text-align: start;\">&nbsp;</p>\r\n<p style=\"color: #333333; font-family: Tahoma, Helvetica, Arial, sans-serif; font-size: 12px; line-height: 15.807999610900879px; text-align: start;\">&nbsp;&nbsp;&nbsp;&nbsp;&nbsp;&nbsp;&nbsp;&nbsp;&nbsp;<strong>Standart Tel Çapları &nbsp; &nbsp; &nbsp; &nbsp; &nbsp; &nbsp; &nbsp; &nbsp; &nbsp; &nbsp; &nbsp; &nbsp; &nbsp; &nbsp; &nbsp; &nbsp; &nbsp; &nbsp; &nbsp; &nbsp; &nbsp; &nbsp; &nbsp;&nbsp;</strong></p>\r\n<p style=\"color: #333333; font-family: Tahoma, Helvetica, Arial, sans-serif; font-size: 12px; line-height: 15.807999610900879px; text-align: start;\">&nbsp;&nbsp;&nbsp;&nbsp;&nbsp;<img src=\"images/kester/kester_wire%20diameter.png\" alt=\"\" border=\"0\" />&nbsp;&nbsp;&nbsp;&nbsp;&nbsp;&nbsp;&nbsp;&nbsp;&nbsp;&nbsp;&nbsp;&nbsp;&nbsp;&nbsp;&nbsp;&nbsp;&nbsp;&nbsp;&nbsp;&nbsp;&nbsp;&nbsp;&nbsp;&nbsp;&nbsp;&nbsp;</p>\r\n<hr class=\"system-pagebreak\" title=\"Flux Oranları\" />\r\n<p style=\"color: #333333; font-family: Tahoma, Helvetica, Arial, sans-serif; font-size: 12px; line-height: 15.807999610900879px; text-align: start;\">&nbsp;</p>\r\n<p style=\"color: #333333; font-family: Tahoma, Helvetica, Arial, sans-serif; font-size: 12px; line-height: 15.807999610900879px; text-align: start;\">&nbsp;</p>\r\n<p style=\"color: #333333; font-family: Tahoma, Helvetica, Arial, sans-serif; font-size: 12px; line-height: 15.807999610900879px; text-align: start; margin-left: 30px;\"><strong style=\"color: #333333; font-family: Tahoma, Helvetica, Arial, sans-serif; font-size: 12px; line-height: 15.807999610900879px; text-align: start;\">Standart&nbsp;Flux Dolgu Boyutları</strong></p>\r\n<p style=\"color: #333333; font-family: Tahoma, Helvetica, Arial, sans-serif; font-size: 12px; line-height: 15.807999610900879px; text-align: start;\">&nbsp;&nbsp;&nbsp;&nbsp;<img src=\"images/kester/Kester_Standart%20core%20sizes.png\" alt=\"\" width=\"254\" height=\"160\" border=\"0\" /></p>\r\n<p style=\"color: #333333; font-family: Tahoma, Helvetica, Arial, sans-serif; font-size: 12px; line-height: 15.807999610900879px; text-align: start;\">&nbsp;</p>','245-Sn63Pb37-0.8mm','','','','245-sn63pb37-0.8mm'),(30,'Sn60Pb40 Solder Wire','<p style=\"color: #333333; font-family: Tahoma, Helvetica, Arial, sans-serif; font-size: 12px; line-height: 15.807999610900879px; text-align: start;\"><strong>KESTER SOLDER WIRE</strong></p>\r\n<hr class=\"system-pagebreak\" title=\"Ürün Bilgisi\" />\r\n<p style=\"color: #333333; font-family: Tahoma, Helvetica, Arial, sans-serif; font-size: 12px; line-height: 15.807999610900879px; text-align: start;\">&nbsp;</p>\r\n<p style=\"color: #333333; font-family: Tahoma, Helvetica, Arial, sans-serif; font-size: 12px; line-height: 15.807999610900879px; text-align: start;\">\"Cored Wire\" ın mucidi olan KESTER, mükemmel flux förmülleri ve kullanığı saf alaşımlarla dünyanın en büyük üreticilerindendir. Uzun yıllara dayanan tecrübesi ve her üretime uygun flux ve alaşım çeşitleriyle tüm ihtiyaçlarınıza uygun çözümler sunar.</p>\r\n<p style=\"color: #333333; font-family: Tahoma, Helvetica, Arial, sans-serif; font-size: 12px; line-height: 15.807999610900879px; text-align: start;\">&nbsp;&nbsp;&nbsp;&nbsp;&nbsp;&nbsp;&nbsp;&nbsp;&nbsp;&nbsp;&nbsp;&nbsp;&nbsp;&nbsp;&nbsp;&nbsp;&nbsp;&nbsp;<img src=\"images/kester/kester_tel_formul.png\" alt=\"\" border=\"0\" /></p>\r\n<p style=\"color: #333333; font-family: Tahoma, Helvetica, Arial, sans-serif; font-size: 12px; line-height: 15.807999610900879px; text-align: start;\">&nbsp;&nbsp;<img style=\"color: #333333; font-family: Tahoma, Helvetica, Arial, sans-serif; font-size: 12px; line-height: 15.807999610900879px; text-align: start;\" src=\"images/kester/kester_tel.jpg\" alt=\"\" border=\"0\" /></p>\r\n<hr class=\"system-pagebreak\" title=\"Tel Çapları\" />\r\n<p style=\"color: #333333; font-family: Tahoma, Helvetica, Arial, sans-serif; font-size: 12px; line-height: 15.807999610900879px; text-align: start;\">&nbsp;</p>\r\n<p style=\"color: #333333; font-family: Tahoma, Helvetica, Arial, sans-serif; font-size: 12px; line-height: 15.807999610900879px; text-align: start;\">&nbsp;&nbsp;&nbsp;&nbsp;&nbsp;&nbsp;&nbsp;&nbsp;&nbsp;<strong>Standart Tel Çapları &nbsp; &nbsp; &nbsp; &nbsp; &nbsp; &nbsp; &nbsp; &nbsp; &nbsp; &nbsp; &nbsp; &nbsp; &nbsp; &nbsp; &nbsp; &nbsp; &nbsp; &nbsp; &nbsp; &nbsp; &nbsp; &nbsp; &nbsp;&nbsp;</strong></p>\r\n<p style=\"color: #333333; font-family: Tahoma, Helvetica, Arial, sans-serif; font-size: 12px; line-height: 15.807999610900879px; text-align: start;\">&nbsp;&nbsp;&nbsp;&nbsp;&nbsp;<img src=\"images/kester/kester_wire%20diameter.png\" alt=\"\" border=\"0\" />&nbsp;&nbsp;&nbsp;&nbsp;&nbsp;&nbsp;&nbsp;&nbsp;&nbsp;&nbsp;&nbsp;&nbsp;&nbsp;&nbsp;&nbsp;&nbsp;&nbsp;&nbsp;&nbsp;&nbsp;&nbsp;&nbsp;&nbsp;&nbsp;&nbsp;&nbsp;</p>\r\n<hr class=\"system-pagebreak\" title=\"Flux Oranları\" />\r\n<p style=\"color: #333333; font-family: Tahoma, Helvetica, Arial, sans-serif; font-size: 12px; line-height: 15.807999610900879px; text-align: start;\">&nbsp;</p>\r\n<p style=\"color: #333333; font-family: Tahoma, Helvetica, Arial, sans-serif; font-size: 12px; line-height: 15.807999610900879px; text-align: start;\">&nbsp;</p>\r\n<p style=\"color: #333333; font-family: Tahoma, Helvetica, Arial, sans-serif; font-size: 12px; line-height: 15.807999610900879px; text-align: start; margin-left: 30px;\"><strong style=\"color: #333333; font-family: Tahoma, Helvetica, Arial, sans-serif; font-size: 12px; line-height: 15.807999610900879px; text-align: start;\">Standart&nbsp;Flux Dolgu Boyutları</strong></p>\r\n<p style=\"color: #333333; font-family: Tahoma, Helvetica, Arial, sans-serif; font-size: 12px; line-height: 15.807999610900879px; text-align: start;\">&nbsp;&nbsp;&nbsp;&nbsp;<img src=\"images/kester/Kester_Standart%20core%20sizes.png\" alt=\"\" width=\"254\" height=\"160\" border=\"0\" /></p>\r\n<p style=\"color: #333333; font-family: Tahoma, Helvetica, Arial, sans-serif; font-size: 12px; line-height: 15.807999610900879px; text-align: start;\">&nbsp;</p>','275-Sn60Pb40','','','','245-k100-28-29'),(32,'Lead-free Solder Paste','<p style=\"color: #333333; font-family: Tahoma, Helvetica, Arial, sans-serif; font-size: 12px; line-height: 15.807999610900879px; text-align: start;\"><strong>KESTER NXG1 LEAD-FREE SOLDER PASTE</strong></p>\r\n<hr class=\"system-pagebreak\" title=\"Ürün Bilgisi\" />\r\n<p style=\"color: #333333; font-family: Tahoma, Helvetica, Arial, sans-serif; font-size: 12px; line-height: 15.807999610900879px; text-align: start;\">Tüm KESTER krem lehim formülleri mevcut en yüksek kaliteli saf materyaller kullanılarak üretilir. KESTER\'in dünya çapındaki araştırma tesislerinin birlikte çalışarak hazırladıkları krem lehim formülleri, tüm elektronik üreticilerine en son teknolojik gelişmeleri getirir.</p>\r\n<p style=\"color: #333333; font-family: Tahoma, Helvetica, Arial, sans-serif; font-size: 12px; line-height: 15.807999610900879px; text-align: start;\"><img src=\"images/kester/Kester_%20KremLehim.png\" alt=\"\" border=\"0\" /></p>\r\n<p style=\"color: #333333; font-family: Tahoma, Helvetica, Arial, sans-serif; font-size: 12px; line-height: 15.807999610900879px; text-align: start;\"><strong>NXG1 KURŞUNSUZ KREM LEHİM</strong></p>\r\n<ul>\r\n<li style=\"color: #333333; font-family: Tahoma, Helvetica, Arial, sans-serif; font-size: 12px; line-height: 15.807999610900879px; text-align: start;\">KESTER NXG1, özellikle kurşunsuz lehimleme termal gereksinimleri düşünülerek üretilmiş</li>\r\n<li style=\"color: #333333; font-family: Tahoma, Helvetica, Arial, sans-serif; font-size: 12px; line-height: 15.807999610900879px; text-align: start;\">Kurşun içermeyen</li>\r\n<li style=\"color: #333333; font-family: Tahoma, Helvetica, Arial, sans-serif; font-size: 12px; line-height: 15.807999610900879px; text-align: start;\">Hava ve nitrojen ortamlarına uygun</li>\r\n<li style=\"color: #333333; font-family: Tahoma, Helvetica, Arial, sans-serif; font-size: 12px; line-height: 15.807999610900879px; text-align: start;\">Temizleme gerektirmez</li>\r\n<li style=\"color: #333333; font-family: Tahoma, Helvetica, Arial, sans-serif; font-size: 12px; line-height: 15.807999610900879px; text-align: start;\">Hassas bacak aralıklı malzemeleriniz (0.4mm pitch) için mükemmel baskı kalitesi verir</li>\r\n<li style=\"color: #333333; font-family: Tahoma, Helvetica, Arial, sans-serif; font-size: 12px; line-height: 15.807999610900879px; text-align: start;\">200mm/s\'ye kadar baskı hızı sağlar.</li>\r\n<li style=\"color: #333333; font-family: Tahoma, Helvetica, Arial, sans-serif; font-size: 12px; line-height: 15.807999610900879px; text-align: start;\">120dk mola sonra bile kusursuz krem lehim baskısı mümkündür.</li>\r\n<li style=\"color: #333333; font-family: Tahoma, Helvetica, Arial, sans-serif; font-size: 12px; line-height: 15.807999610900879px; text-align: start;\">Uzun raf ömrü (8ay)</li>\r\n</ul>\r\n<hr class=\"system-pagebreak\" title=\"Teknik Bilgiler\" />\r\n<p style=\"color: #333333; font-family: Tahoma, Helvetica, Arial, sans-serif; font-size: 12px; line-height: 15.807999610900879px; text-align: start;\">&nbsp;</p>\r\n<p style=\"color: #333333; font-family: Tahoma, Helvetica, Arial, sans-serif; font-size: 12px; line-height: 15.807999610900879px; text-align: left;\">&nbsp;</p>\r\n<table style=\"margin-left: 30px;\">\r\n<tbody style=\"margin-left: 30px;\">\r\n<tr style=\"margin-left: 30px;\">\r\n<td style=\"margin-left: 30px;\">ÜRÜN&nbsp;</td>\r\n<td style=\"margin-left: 30px;\">NXG1&nbsp;</td>\r\n</tr>\r\n<tr style=\"margin-left: 30px;\">\r\n<td style=\"margin-left: 30px;\">&nbsp;Viscosity (tipik)</td>\r\n<td style=\"margin-left: 30px;\">1850 poise&nbsp;</td>\r\n</tr>\r\n<tr style=\"margin-left: 30px;\">\r\n<td style=\"margin-left: 30px;\">&nbsp;İlk tackiness</td>\r\n<td style=\"margin-left: 30px;\">46 gr&nbsp;</td>\r\n</tr>\r\n<tr style=\"margin-left: 30px;\">\r\n<td style=\"margin-left: 30px;\">Sınıflandırma</td>\r\n<td style=\"margin-left: 30px;\">ROL1</td>\r\n</tr>\r\n<tr style=\"margin-left: 30px;\">\r\n<td style=\"margin-left: 30px;\">Raf ömrü</td>\r\n<td style=\"margin-left: 30px;\">8 ay</td>\r\n</tr>\r\n<tr style=\"margin-left: 30px;\">\r\n<td>Wetting özelliği</td>\r\n<td>Mükemmel</td>\r\n</tr>\r\n<tr style=\"margin-left: 30px;\">\r\n<td>Baskı hızı</td>\r\n<td>200mm/sn kadar</td>\r\n</tr>\r\n<tr style=\"margin-left: 30px;\">\r\n<td>Elekten bırakma</td>\r\n<td>Mükemmel</td>\r\n</tr>\r\n<tr style=\"margin-left: 30px;\">\r\n<td>Reflow</td>\r\n<td>Hava veya Nitrojen</td>\r\n</tr>\r\n</tbody>\r\n</table>','NXG1','','','','krem-lehim-31'),(33,'Lead-free Solder paste','<p style=\"color: #333333; font-family: Tahoma, Helvetica, Arial, sans-serif; font-size: 12px; line-height: 15.807999610900879px; text-align: start;\"><strong>KESTER R276 LEAD-FREE SOLDER PASTE</strong></p>\r\n<hr class=\"system-pagebreak\" title=\"Ürün Bilgisi\" />\r\n<p style=\"color: #333333; font-family: Tahoma, Helvetica, Arial, sans-serif; font-size: 12px; line-height: 15.807999610900879px; text-align: start;\">Tüm KESTER krem lehim formülleri mevcut en yüksek kaliteli saf materyaller kullanılarak üretilir. KESTER\'in dünya çapındaki araştırma tesislerinin birlikte çalışarak hazırladıkları krem lehim formülleri, tüm elektronik üreticilerine en son teknolojik gelişmeleri getirir.</p>\r\n<p style=\"color: #333333; font-family: Tahoma, Helvetica, Arial, sans-serif; font-size: 12px; line-height: 15.807999610900879px; text-align: start;\"><img src=\"images/kester/Kester_%20KremLehim.png\" alt=\"\" border=\"0\" /></p>\r\n<p style=\"color: #333333; font-family: Tahoma, Helvetica, Arial, sans-serif; font-size: 12px; line-height: 15.807999610900879px; text-align: start;\"><strong>R276 KURŞUNSUZ KREM LEHİM</strong></p>\r\n<ul>\r\n<li style=\"color: #333333; font-family: Tahoma, Helvetica, Arial, sans-serif; font-size: 12px; line-height: 15.807999610900879px; text-align: start;\">Kurşun içermez</li>\r\n<li style=\"color: #333333; font-family: Tahoma, Helvetica, Arial, sans-serif; font-size: 12px; line-height: 15.807999610900879px; text-align: start;\">Hava ve nitrojen ortamlarına uygun</li>\r\n<li style=\"color: #333333; font-family: Tahoma, Helvetica, Arial, sans-serif; font-size: 12px; line-height: 15.807999610900879px; text-align: start;\">Temizleme gerektirmez</li>\r\n<li style=\"color: #333333; font-family: Tahoma, Helvetica, Arial, sans-serif; font-size: 12px; line-height: 15.807999610900879px; text-align: start;\">Hassas bacak aralıklı malzemeleriniz (0.4mm pitch) için mükemmel baskı kalitesi verir</li>\r\n<li style=\"color: #333333; font-family: Tahoma, Helvetica, Arial, sans-serif; font-size: 12px; line-height: 15.807999610900879px; text-align: start;\">200mm/s\'ye kadar baskı hızı sağlar.</li>\r\n<li style=\"color: #333333; font-family: Tahoma, Helvetica, Arial, sans-serif; font-size: 12px; line-height: 15.807999610900879px; text-align: start;\">120dk mola sonra bile kusursuz krem lehim baskısı mümkündür</li>\r\n<li style=\"color: #333333; font-family: Tahoma, Helvetica, Arial, sans-serif; font-size: 12px; line-height: 15.807999610900879px; text-align: start;\">Krem lehim baskılı kartlar 8 saat bekleyebilir</li>\r\n<li style=\"color: #333333; font-family: Tahoma, Helvetica, Arial, sans-serif; font-size: 12px; line-height: 15.807999610900879px; text-align: start;\">Uzun raf ömrü (6ay)</li>\r\n</ul>\r\n<hr class=\"system-pagebreak\" title=\"Teknik Bilgiler\" />\r\n<p style=\"color: #333333; font-family: Tahoma, Helvetica, Arial, sans-serif; font-size: 12px; line-height: 15.807999610900879px; text-align: start;\">&nbsp;</p>\r\n<p style=\"color: #333333; font-family: Tahoma, Helvetica, Arial, sans-serif; font-size: 12px; line-height: 15.807999610900879px; text-align: left;\">&nbsp;</p>\r\n<table style=\"margin-left: 30px;\">\r\n<tbody style=\"margin-left: 30px;\">\r\n<tr style=\"margin-left: 30px;\">\r\n<td style=\"margin-left: 30px;\">ÜRÜN&nbsp;</td>\r\n<td style=\"margin-left: 30px;\">R276</td>\r\n</tr>\r\n<tr style=\"margin-left: 30px;\">\r\n<td style=\"margin-left: 30px;\">&nbsp;Viscosity (tipik)</td>\r\n<td style=\"margin-left: 30px;\">650 poise&nbsp;</td>\r\n</tr>\r\n<tr style=\"margin-left: 30px;\">\r\n<td style=\"margin-left: 30px;\">&nbsp;İlk tackiness</td>\r\n<td style=\"margin-left: 30px;\">30 gr&nbsp;</td>\r\n</tr>\r\n<tr style=\"margin-left: 30px;\">\r\n<td style=\"margin-left: 30px;\">Sınıflandırma</td>\r\n<td style=\"margin-left: 30px;\">ROL0</td>\r\n</tr>\r\n<tr style=\"margin-left: 30px;\">\r\n<td style=\"margin-left: 30px;\">Raf ömrü</td>\r\n<td style=\"margin-left: 30px;\">6 ay</td>\r\n</tr>\r\n<tr style=\"margin-left: 30px;\">\r\n<td>Wetting özelliği</td>\r\n<td>Mükemmel</td>\r\n</tr>\r\n<tr style=\"margin-left: 30px;\">\r\n<td>Baskı hızı</td>\r\n<td>200mm/sn kadar</td>\r\n</tr>\r\n<tr style=\"margin-left: 30px;\">\r\n<td>Elekten bırakma</td>\r\n<td>Mükemmel</td>\r\n</tr>\r\n<tr style=\"margin-left: 30px;\">\r\n<td>Reflow</td>\r\n<td>Hava veya Nitrojen</td>\r\n</tr>\r\n<tr style=\"margin-left: 30px;\">\r\n<td>Dispensing&nbsp;</td>\r\n<td>Uygun</td>\r\n</tr>\r\n</tbody>\r\n</table>','R275-Leadfree','','','','krem-lehim-31-32'),(34,'Leaded Solder Paste','<p style=\"color: #333333; font-family: Tahoma, Helvetica, Arial, sans-serif; font-size: 12px; line-height: 15.807999610900879px; text-align: start;\"><strong>KESTER R276 LEADED SOLDER PASTE</strong></p>\r\n<hr class=\"system-pagebreak\" title=\"Ürün Bilgisi\" />\r\n<p style=\"color: #333333; font-family: Tahoma, Helvetica, Arial, sans-serif; font-size: 12px; line-height: 15.807999610900879px; text-align: start;\">Tüm KESTER krem lehim formülleri mevcut en yüksek kaliteli saf materyaller kullanılarak üretilir. KESTER\'in dünya çapındaki araştırma tesislerinin birlikte çalışarak hazırladıkları krem lehim formülleri, tüm elektronik üreticilerine en son teknolojik gelişmeleri getirir.</p>\r\n<p style=\"color: #333333; font-family: Tahoma, Helvetica, Arial, sans-serif; font-size: 12px; line-height: 15.807999610900879px; text-align: start;\"><img src=\"images/kester/Kester_%20KremLehim.png\" alt=\"\" border=\"0\" /></p>\r\n<p style=\"color: #333333; font-family: Tahoma, Helvetica, Arial, sans-serif; font-size: 12px; line-height: 15.807999610900879px; text-align: start;\"><strong>R276 KURŞUNSUZ KREM LEHİM</strong></p>\r\n<ul>\r\n<li style=\"color: #333333; font-family: Tahoma, Helvetica, Arial, sans-serif; font-size: 12px; line-height: 15.807999610900879px; text-align: start;\">Kurşunlu üretilebilir</li>\r\n<li style=\"color: #333333; font-family: Tahoma, Helvetica, Arial, sans-serif; font-size: 12px; line-height: 15.807999610900879px; text-align: start;\">Hava ve nitrojen ortamlarına uygun</li>\r\n<li style=\"color: #333333; font-family: Tahoma, Helvetica, Arial, sans-serif; font-size: 12px; line-height: 15.807999610900879px; text-align: start;\">Temizleme gerektirmez</li>\r\n<li style=\"color: #333333; font-family: Tahoma, Helvetica, Arial, sans-serif; font-size: 12px; line-height: 15.807999610900879px; text-align: start;\">Hassas bacak aralıklı malzemeleriniz (0.4mm pitch) için mükemmel baskı kalitesi verir</li>\r\n<li style=\"color: #333333; font-family: Tahoma, Helvetica, Arial, sans-serif; font-size: 12px; line-height: 15.807999610900879px; text-align: start;\">200mm/s\'ye kadar baskı hızı sağlar.</li>\r\n<li style=\"color: #333333; font-family: Tahoma, Helvetica, Arial, sans-serif; font-size: 12px; line-height: 15.807999610900879px; text-align: start;\">120dk mola sonra bile kusursuz krem lehim baskısı mümkündür</li>\r\n<li style=\"color: #333333; font-family: Tahoma, Helvetica, Arial, sans-serif; font-size: 12px; line-height: 15.807999610900879px; text-align: start;\">Krem lehim baskılı kartlar 8 saat bekleyebilir</li>\r\n<li style=\"color: #333333; font-family: Tahoma, Helvetica, Arial, sans-serif; font-size: 12px; line-height: 15.807999610900879px; text-align: start;\">Uzun raf ömrü (6ay)</li>\r\n</ul>\r\n<hr class=\"system-pagebreak\" title=\"Teknik Bilgiler\" />\r\n<p style=\"color: #333333; font-family: Tahoma, Helvetica, Arial, sans-serif; font-size: 12px; line-height: 15.807999610900879px; text-align: start;\">&nbsp;</p>\r\n<p style=\"color: #333333; font-family: Tahoma, Helvetica, Arial, sans-serif; font-size: 12px; line-height: 15.807999610900879px; text-align: left;\">&nbsp;</p>\r\n<table style=\"margin-left: 30px;\">\r\n<tbody style=\"margin-left: 30px;\">\r\n<tr style=\"margin-left: 30px;\">\r\n<td style=\"margin-left: 30px;\">ÜRÜN&nbsp;</td>\r\n<td style=\"margin-left: 30px;\">R276</td>\r\n</tr>\r\n<tr style=\"margin-left: 30px;\">\r\n<td style=\"margin-left: 30px;\">&nbsp;Viscosity (tipik)</td>\r\n<td style=\"margin-left: 30px;\">670 poise&nbsp;</td>\r\n</tr>\r\n<tr style=\"margin-left: 30px;\">\r\n<td style=\"margin-left: 30px;\">&nbsp;İlk tackiness</td>\r\n<td style=\"margin-left: 30px;\">32 gr&nbsp;</td>\r\n</tr>\r\n<tr style=\"margin-left: 30px;\">\r\n<td style=\"margin-left: 30px;\">Sınıflandırma</td>\r\n<td style=\"margin-left: 30px;\">ROL0</td>\r\n</tr>\r\n<tr style=\"margin-left: 30px;\">\r\n<td style=\"margin-left: 30px;\">Raf ömrü</td>\r\n<td style=\"margin-left: 30px;\">6 ay</td>\r\n</tr>\r\n<tr style=\"margin-left: 30px;\">\r\n<td>Wetting özelliği</td>\r\n<td>Mükemmel</td>\r\n</tr>\r\n<tr style=\"margin-left: 30px;\">\r\n<td>Baskı hızı</td>\r\n<td>200mm/sn kadar</td>\r\n</tr>\r\n<tr style=\"margin-left: 30px;\">\r\n<td>Elekten bırakma</td>\r\n<td>Mükemmel</td>\r\n</tr>\r\n<tr style=\"margin-left: 30px;\">\r\n<td>Reflow</td>\r\n<td>Hava veya Nitrojen</td>\r\n</tr>\r\n<tr style=\"margin-left: 30px;\">\r\n<td>Dispensing&nbsp;</td>\r\n<td>Uygun</td>\r\n</tr>\r\n</tbody>\r\n</table>','R275','','','','krem-lehim-31-32-33'),(35,'Leaded Solder Paste','<p style=\"color: #333333; font-family: Tahoma, Helvetica, Arial, sans-serif; font-size: 12px; line-height: 15.807999610900879px; text-align: start;\"><strong>KESTER R256 LEADED SOLDER PASTE</strong></p>\r\n<hr class=\"system-pagebreak\" title=\"Ürün Bilgisi\" />\r\n<p style=\"color: #333333; font-family: Tahoma, Helvetica, Arial, sans-serif; font-size: 12px; line-height: 15.807999610900879px; text-align: start;\">Tüm KESTER krem lehim formülleri mevcut en yüksek kaliteli saf materyaller kullanılarak üretilir. KESTER\'in dünya çapındaki araştırma tesislerinin birlikte çalışarak hazırladıkları krem lehim formülleri, tüm elektronik üreticilerine en son teknolojik gelişmeleri getirir.</p>\r\n<p style=\"color: #333333; font-family: Tahoma, Helvetica, Arial, sans-serif; font-size: 12px; line-height: 15.807999610900879px; text-align: start;\"><img src=\"images/kester/Kester_%20KremLehim.png\" alt=\"\" border=\"0\" /></p>\r\n<p style=\"color: #333333; font-family: Tahoma, Helvetica, Arial, sans-serif; font-size: 12px; line-height: 15.807999610900879px; text-align: start;\"><strong>R256 KURŞUNSUZ KREM LEHİM</strong></p>\r\n<ul>\r\n<li style=\"color: #333333; font-family: Tahoma, Helvetica, Arial, sans-serif; font-size: 12px; line-height: 15.807999610900879px; text-align: start;\">Kurşunlu üretilebilir</li>\r\n<li style=\"color: #333333; font-family: Tahoma, Helvetica, Arial, sans-serif; font-size: 12px; line-height: 15.807999610900879px; text-align: start;\">Hava ve nitrojen ortamlarına uygun</li>\r\n<li style=\"color: #333333; font-family: Tahoma, Helvetica, Arial, sans-serif; font-size: 12px; line-height: 15.807999610900879px; text-align: start;\">Temizleme gerektirmez</li>\r\n<li style=\"color: #333333; font-family: Tahoma, Helvetica, Arial, sans-serif; font-size: 12px; line-height: 15.807999610900879px; text-align: start;\">Hassas bacak aralıklı malzemeleriniz (0.4mm pitch) için mükemmel baskı kalitesi verir</li>\r\n<li style=\"color: #333333; font-family: Tahoma, Helvetica, Arial, sans-serif; font-size: 12px; line-height: 15.807999610900879px; text-align: start;\">200mm/s\'ye kadar baskı hızı sağlar.</li>\r\n<li style=\"color: #333333; font-family: Tahoma, Helvetica, Arial, sans-serif; font-size: 12px; line-height: 15.807999610900879px; text-align: start;\">120dk mola sonra bile kusursuz krem lehim baskısı mümkündür</li>\r\n<li style=\"color: #333333; font-family: Tahoma, Helvetica, Arial, sans-serif; font-size: 12px; line-height: 15.807999610900879px; text-align: start;\">Krem lehim baskılı kartlar 8 saat bekleyebilir</li>\r\n<li style=\"color: #333333; font-family: Tahoma, Helvetica, Arial, sans-serif; font-size: 12px; line-height: 15.807999610900879px; text-align: start;\">Uzun raf ömrü (6ay)</li>\r\n</ul>\r\n<hr class=\"system-pagebreak\" title=\"Teknik Bilgiler\" />\r\n<p style=\"color: #333333; font-family: Tahoma, Helvetica, Arial, sans-serif; font-size: 12px; line-height: 15.807999610900879px; text-align: start;\">&nbsp;</p>\r\n<p style=\"color: #333333; font-family: Tahoma, Helvetica, Arial, sans-serif; font-size: 12px; line-height: 15.807999610900879px; text-align: left;\">&nbsp;</p>\r\n<table style=\"margin-left: 30px;\">\r\n<tbody style=\"margin-left: 30px;\">\r\n<tr style=\"margin-left: 30px;\">\r\n<td style=\"margin-left: 30px;\">ÜRÜN&nbsp;</td>\r\n<td style=\"margin-left: 30px;\">R256</td>\r\n</tr>\r\n<tr style=\"margin-left: 30px;\">\r\n<td style=\"margin-left: 30px;\">&nbsp;Viscosity (tipik)</td>\r\n<td style=\"margin-left: 30px;\">1400 poise&nbsp;</td>\r\n</tr>\r\n<tr style=\"margin-left: 30px;\">\r\n<td style=\"margin-left: 30px;\">&nbsp;İlk tackiness</td>\r\n<td style=\"margin-left: 30px;\">40 gr&nbsp;</td>\r\n</tr>\r\n<tr style=\"margin-left: 30px;\">\r\n<td style=\"margin-left: 30px;\">Sınıflandırma</td>\r\n<td style=\"margin-left: 30px;\">ROL0</td>\r\n</tr>\r\n<tr style=\"margin-left: 30px;\">\r\n<td style=\"margin-left: 30px;\">Raf ömrü</td>\r\n<td style=\"margin-left: 30px;\">6 ay</td>\r\n</tr>\r\n<tr style=\"margin-left: 30px;\">\r\n<td>Wetting özelliği</td>\r\n<td>Mükemmel</td>\r\n</tr>\r\n<tr style=\"margin-left: 30px;\">\r\n<td>Baskı hızı</td>\r\n<td>200mm/sn kadar</td>\r\n</tr>\r\n<tr style=\"margin-left: 30px;\">\r\n<td>Elekten bırakma</td>\r\n<td>Mükemmel</td>\r\n</tr>\r\n<tr style=\"margin-left: 30px;\">\r\n<td>Reflow</td>\r\n<td>Hava veya Nitrojen</td>\r\n</tr>\r\n</tbody>\r\n</table>','R256','','','','krem-lehim-31-32-33-34'),(36,'Flux (Water-based)','<h5 style=\"text-align: left;\">KESTER WATER-BASED FLUX</h5>\r\n<p>&nbsp;</p>\r\n<hr class=\"system-pagebreak\" style=\"width: 1255.3125px; word-spacing: 0px;\" title=\"Ürün Bilgisi\" />\r\n<p>&nbsp;</p>\r\n<p style=\"color: #333333; font-family: Tahoma, Helvetica, Arial, sans-serif; font-size: 12px; line-height: 15.807999610900879px; text-align: start;\"><img src=\"http://www.3s-technologies.com.tr/images/urunler/kester_flux.png\" alt=\"\" border=\"0\" /></p>\r\n<p style=\"color: #333333; font-family: Tahoma, Helvetica, Arial, sans-serif; font-size: 12px; line-height: 15.807999610900879px; text-align: start;\"><strong>&nbsp;</strong></p>\r\n<p style=\"color: #333333; font-family: Tahoma, Helvetica, Arial, sans-serif; font-size: 12px; line-height: 15.807999610900879px; text-align: start;\"><strong>979 FLUX</strong></p>\r\n<ul>\r\n<li style=\"color: #333333; font-family: Tahoma, Helvetica, Arial, sans-serif; font-size: 12px; line-height: 15.807999610900879px; text-align: start;\">Su bazlı</li>\r\n<li style=\"color: #333333; font-family: Tahoma, Helvetica, Arial, sans-serif; font-size: 12px; line-height: 15.807999610900879px; text-align: start;\">Organik</li>\r\n<li style=\"color: #333333; font-family: Tahoma, Helvetica, Arial, sans-serif; font-size: 12px; line-height: 15.807999610900879px; text-align: start;\">Temizleme gerektirmiyen</li>\r\n<li style=\"color: #333333; font-family: Tahoma, Helvetica, Arial, sans-serif; font-size: 12px; line-height: 15.807999610900879px; text-align: start;\">Yüksek kaliteli ve düşük arıza oranlı lehimleme gerçekleştirmek üzere geliştirilmiş bir flux</li>\r\n<li style=\"color: #333333; font-family: Tahoma, Helvetica, Arial, sans-serif; font-size: 12px; line-height: 15.807999610900879px; text-align: start;\">VOC içermeyen fluxlar içinde en iyi ıslatma ve en parlak lehim noktaları sağlamaktadır</li>\r\n<li style=\"color: #333333; font-family: Tahoma, Helvetica, Arial, sans-serif; font-size: 12px; line-height: 15.807999610900879px; text-align: start;\">KESTER 979 güvenilirlikten ödün vermeden mükemmel lehimleme özellikleri sunar.</li>\r\n</ul>\r\n<p style=\"color: #333333; font-family: Tahoma, Helvetica, Arial, sans-serif; font-size: 12px; line-height: 15.807999610900879px; text-align: start;\">&nbsp;</p>\r\n<hr class=\"system-pagebreak\" title=\"Teknik Bilgiler\" />\r\n<p>&nbsp;</p>\r\n<table style=\"margin-left: 30px;\">\r\n<tbody style=\"margin-left: 30px;\">\r\n<tr style=\"margin-left: 30px;\">\r\n<td style=\"margin-left: 30px;\">&nbsp;Ürün</td>\r\n<td style=\"text-align: center; margin-left: 30px;\">979&nbsp;</td>\r\n</tr>\r\n<tr style=\"margin-left: 30px;\">\r\n<td style=\"margin-left: 30px;\">&nbsp;Tip</td>\r\n<td style=\"text-align: center; margin-left: 30px;\">VOC-free&nbsp;</td>\r\n</tr>\r\n<tr style=\"margin-left: 30px;\">\r\n<td style=\"margin-left: 30px;\">&nbsp;No-clean</td>\r\n<td style=\"text-align: center; margin-left: 30px;\">Evet&nbsp;</td>\r\n</tr>\r\n<tr style=\"margin-left: 30px;\">\r\n<td>&nbsp;Specific Gravity</td>\r\n<td style=\"text-align: center;\">1.020 +/- 0.010&nbsp;</td>\r\n</tr>\r\n<tr style=\"margin-left: 30px;\">\r\n<td>Katı madde oranı</td>\r\n<td style=\"text-align: center;\">Tipik 4.5</td>\r\n</tr>\r\n<tr style=\"margin-left: 30px;\">\r\n<td>Asit numarası</td>\r\n<td style=\"text-align: center;\">40.0+/-3.0mg KOH/g</td>\r\n</tr>\r\n<tr style=\"margin-left: 30px;\">\r\n<td>İnceltici</td>\r\n<td style=\"text-align: center;\">DI Su</td>\r\n</tr>\r\n</tbody>\r\n</table>\r\n<p>&nbsp;</p>\r\n<p style=\"color: #333333; font-family: Tahoma, Helvetica, Arial, sans-serif; font-size: 12px; line-height: 15.807999610900879px; text-align: start;\">&nbsp;</p>','979','','','','955lc'),(38,'Flux (Alcohol-based)','<h5 style=\"text-align: left;\">KESTER ALCOHOL-BASED FLUX<span style=\"font-size: 16px; text-align: center;\">&nbsp;</span></h5>\r\n<hr class=\"system-pagebreak\" style=\"width: 1255.3125px; word-spacing: 0px;\" title=\"Ürün Bilgisi\" />\r\n<p>&nbsp;</p>\r\n<p style=\"color: #333333; font-family: Tahoma, Helvetica, Arial, sans-serif; font-size: 12px; line-height: 15.807999610900879px; text-align: start;\"><img src=\"images/kester/kester_flux.png\" alt=\"\" border=\"0\" /></p>\r\n<p style=\"color: #333333; font-family: Tahoma, Helvetica, Arial, sans-serif; font-size: 12px; line-height: 15.807999610900879px; text-align: start;\"><strong>&nbsp;</strong></p>\r\n<p style=\"color: #333333; font-family: Tahoma, Helvetica, Arial, sans-serif; font-size: 12px; line-height: 15.807999610900879px; text-align: start;\"><strong>955LC FLUX</strong></p>\r\n<ul>\r\n<li style=\"color: #333333; font-family: Tahoma, Helvetica, Arial, sans-serif; font-size: 12px; line-height: 15.807999610900879px; text-align: start;\">Alkol bazlı</li>\r\n<li style=\"color: #333333; font-family: Tahoma, Helvetica, Arial, sans-serif; font-size: 12px; line-height: 15.807999610900879px; text-align: start;\">Düşük-katı maddeli</li>\r\n<li style=\"color: #333333; font-family: Tahoma, Helvetica, Arial, sans-serif; font-size: 12px; line-height: 15.807999610900879px; text-align: start;\">Temizleme gerektirmiyen</li>\r\n<li style=\"color: #333333; font-family: Tahoma, Helvetica, Arial, sans-serif; font-size: 12px; line-height: 15.807999610900879px; text-align: start;\">Yüksek kaliteli ve düşük arıza oranlı lehimleme gerçekleştirmek üzere geliştirilmiş bir flux</li>\r\n<li style=\"color: #333333; font-family: Tahoma, Helvetica, Arial, sans-serif; font-size: 12px; line-height: 15.807999610900879px; text-align: start;\">Lehimleme sonrası bıraktığı atık minimumdur ve yapışkan değildir&nbsp;</li>\r\n</ul>\r\n<p style=\"color: #333333; font-family: Tahoma, Helvetica, Arial, sans-serif; font-size: 12px; line-height: 15.807999610900879px; text-align: start;\"><span style=\"color: #333333; font-family: Tahoma, Helvetica, Arial, sans-serif; font-size: 12px; line-height: 15.807999610900879px; text-align: start;\">&nbsp;</span></p>\r\n<p style=\"color: #333333; font-family: Tahoma, Helvetica, Arial, sans-serif; font-size: 12px; line-height: 15.807999610900879px; text-align: start;\">&nbsp;</p>\r\n<hr class=\"system-pagebreak\" title=\"Teknik Bilgiler\" />\r\n<p>&nbsp;</p>\r\n<table style=\"margin-left: 30px;\">\r\n<tbody style=\"margin-left: 30px;\">\r\n<tr style=\"margin-left: 30px;\">\r\n<td style=\"margin-left: 30px;\">&nbsp;Ürün</td>\r\n<td style=\"text-align: center; margin-left: 30px;\">955LC</td>\r\n</tr>\r\n<tr style=\"margin-left: 30px;\">\r\n<td style=\"margin-left: 30px;\">&nbsp;Tip</td>\r\n<td style=\"text-align: center; margin-left: 30px;\">ORL0</td>\r\n</tr>\r\n<tr style=\"margin-left: 30px;\">\r\n<td style=\"margin-left: 30px;\">&nbsp;No-clean</td>\r\n<td style=\"text-align: center; margin-left: 30px;\">Evet&nbsp;</td>\r\n</tr>\r\n<tr style=\"margin-left: 30px;\">\r\n<td>&nbsp;Specific Gravity</td>\r\n<td style=\"text-align: center;\">0.806&nbsp;</td>\r\n</tr>\r\n<tr style=\"margin-left: 30px;\">\r\n<td>Katı madde oranı</td>\r\n<td style=\"text-align: center;\">Tipik 2.1</td>\r\n</tr>\r\n<tr style=\"margin-left: 30px;\">\r\n<td>Asit numarası</td>\r\n<td style=\"text-align: center;\">15</td>\r\n</tr>\r\n<tr style=\"margin-left: 30px;\">\r\n<td>İnceltici</td>\r\n<td style=\"text-align: center;\">Thinner 108-S</td>\r\n</tr>\r\n</tbody>\r\n</table>\r\n<p>&nbsp;</p>\r\n<p style=\"color: #333333; font-family: Tahoma, Helvetica, Arial, sans-serif; font-size: 12px; line-height: 15.807999610900879px; text-align: start;\">&nbsp;</p>','955LC','','','','955lc-37'),(39,'MX400 - IPC: 42,000cph','<h5 style=\"text-align: left;\"><span style=\"font-size: 0.83em; color: #333333; font-family: Tahoma, Helvetica, Arial, sans-serif; line-height: 15.807999610900879px;\">Mirae Mx400/400P SMD Placement Machine&nbsp;</span></h5>\r\n<hr class=\"system-pagebreak\" title=\"Ürün Bilgisi\" />\r\n<p>&nbsp;</p>\r\n<table border=\"0\">\r\n<tbody>\r\n<tr>\r\n<td style=\"font-size: 10px;\"><img src=\"images/mirae/1226656899.jpg\" alt=\"\" border=\"0\" /><img src=\"images/mirae/Mirae%20Mx_400.JPG\" alt=\"\" width=\"300\" height=\"282\" />&nbsp;</td>\r\n<td style=\"font-size: 10px;\">\r\n<ul>\r\n<li><strong>İki kafa üzerine yerleştirilmiş altışar hızlı modül ile 42.000cph dizgi hızı&nbsp;(Mx400)</strong></li>\r\n<li><strong>6 eksen hızlı modül kafası ve 3 eksen esnek modül kafası ile 31.000cph dizgi&nbsp;hızı ve esnek üretim (Mx400P)</strong></li>\r\n<li><strong>Kompakt&nbsp;boyutları ile sınıfında birim alana&nbsp;&nbsp;&nbsp; maksimum üretkenlik</strong></li>\r\n<li><strong>Çiftli konveyör sistemi ile aynı anda iki PCB\'nin dizgisini yapabilme</strong></li>\r\n</ul>\r\n</td>\r\n</tr>\r\n</tbody>\r\n</table>\r\n<p style=\"color: #333333; font-family: Tahoma, Helvetica, Arial, sans-serif; font-size: 12px; line-height: 15.807999610900879px; text-align: start;\">&nbsp;</p>\r\n<hr class=\"system-pagebreak\" title=\"Teknik Bilgiler\" />\r\n<p><a href=\"http://www.mirae.com/product/pro_01_4.asp\">&nbsp;</a></p>\r\n<table style=\"margin-left: 30px;\" border=\"0\" cellspacing=\"0\" cellpadding=\"0\">\r\n<tbody style=\"margin-left: 30px;\">\r\n<tr style=\"margin-left: 30px;\">\r\n<td style=\"margin-left: 30px;\" colspan=\"2\" width=\"261\" height=\"17\">Model İsmi</td>\r\n<td style=\"margin-left: 30px;\" width=\"179\">\r\n<p style=\"margin-left: 30px;\" align=\"center\">Mx400</p>\r\n</td>\r\n<td style=\"margin-left: 30px;\" width=\"180\">\r\n<p style=\"margin-left: 30px;\" align=\"center\">Mx400P</p>\r\n</td>\r\n</tr>\r\n<tr style=\"margin-left: 30px;\">\r\n<td style=\"margin-left: 30px;\" colspan=\"4\" width=\"620\" height=\"17\">Performans</td>\r\n</tr>\r\n<tr style=\"margin-left: 30px;\">\r\n<td style=\"margin-left: 30px;\" rowspan=\"2\" width=\"142\" height=\"34\">Dizgi Hızı (IPC 9850)</td>\r\n<td style=\"margin-left: 30px;\" width=\"119\">Chip (1005)</td>\r\n<td style=\"margin-left: 30px;\" width=\"179\">\r\n<p style=\"margin-left: 30px;\" align=\"center\">42000CPH (0.090sn/chip)</p>\r\n</td>\r\n<td style=\"margin-left: 30px;\" width=\"180\">\r\n<p style=\"margin-left: 30px;\" align=\"center\">31000CPH (0.116sn/chip)</p>\r\n</td>\r\n</tr>\r\n<tr style=\"margin-left: 30px;\">\r\n<td style=\"margin-left: 30px;\" width=\"119\" height=\"17\">QFP (208)</td>\r\n<td style=\"margin-left: 30px;\" width=\"179\">\r\n<p style=\"margin-left: 30px;\" align=\"center\">-</p>\r\n</td>\r\n<td style=\"margin-left: 30px;\">\r\n<p style=\"margin-left: 30px;\" align=\"center\">3500CPH</p>\r\n</td>\r\n</tr>\r\n<tr style=\"margin-left: 30px;\">\r\n<td style=\"margin-left: 30px;\" rowspan=\"2\" width=\"142\" height=\"34\">Dizgi Doğruluğu</td>\r\n<td style=\"margin-left: 30px;\" width=\"119\">Chip (3s)</td>\r\n<td style=\"margin-left: 30px;\" colspan=\"2\" width=\"359\">\r\n<p style=\"margin-left: 30px;\" align=\"center\">±0.050mm</p>\r\n</td>\r\n</tr>\r\n<tr style=\"margin-left: 30px;\">\r\n<td style=\"margin-left: 30px;\" width=\"119\" height=\"17\">QFP (3s)</td>\r\n<td style=\"margin-left: 30px;\" width=\"179\">\r\n<p style=\"margin-left: 30px;\" align=\"center\">-</p>\r\n</td>\r\n<td style=\"margin-left: 30px;\">\r\n<p style=\"margin-left: 30px;\" align=\"center\">±0,025mm</p>\r\n</td>\r\n</tr>\r\n<tr style=\"margin-left: 30px;\">\r\n<td style=\"margin-left: 30px;\" colspan=\"4\" width=\"620\" height=\"17\">Malzeme Aralığı</td>\r\n</tr>\r\n<tr style=\"margin-left: 30px;\">\r\n<td style=\"margin-left: 30px;\" width=\"142\" height=\"17\">Sabit Kamera (FOV 24)</td>\r\n<td style=\"margin-left: 30px;\" width=\"119\">Tek FOV</td>\r\n<td style=\"margin-left: 30px;\" colspan=\"2\" width=\"359\">\r\n<p style=\"margin-left: 30px;\" align=\"center\">0603~18mm kare (24x18mm dikdörtgen) / 0402mm Opsiyon</p>\r\n</td>\r\n</tr>\r\n<tr style=\"margin-left: 30px;\">\r\n<td style=\"margin-left: 30px;\" rowspan=\"2\" width=\"142\" height=\"34\">Sabit Kamera (FOV 36)</td>\r\n<td style=\"margin-left: 30px;\" width=\"119\">Tek FOV</td>\r\n<td style=\"margin-left: 30px;\" width=\"179\">\r\n<p style=\"margin-left: 30px;\" align=\"center\">-</p>\r\n</td>\r\n<td style=\"margin-left: 30px;\">\r\n<p style=\"margin-left: 30px;\" align=\"center\">~32mm kare (42x32mm dikdörtgen)</p>\r\n</td>\r\n</tr>\r\n<tr style=\"margin-left: 30px;\">\r\n<td style=\"margin-left: 30px;\" width=\"119\" height=\"17\">Çoklu FOV</td>\r\n<td style=\"margin-left: 30px;\" width=\"179\">\r\n<p style=\"margin-left: 30px;\" align=\"center\">-</p>\r\n</td>\r\n<td style=\"margin-left: 30px;\">\r\n<p style=\"margin-left: 30px;\" align=\"center\">~50mm kare (90x30mm dikdörtgen)</p>\r\n</td>\r\n</tr>\r\n<tr style=\"margin-left: 30px;\">\r\n<td style=\"margin-left: 30px;\" rowspan=\"2\" width=\"142\" height=\"34\">Minimum Bacak Aralığı</td>\r\n<td style=\"margin-left: 30px;\" width=\"119\">FOV24 Kamera</td>\r\n<td style=\"margin-left: 30px;\" colspan=\"2\" width=\"359\">\r\n<p style=\"margin-left: 30px;\" align=\"center\">0.30mm</p>\r\n</td>\r\n</tr>\r\n<tr style=\"margin-left: 30px;\">\r\n<td style=\"margin-left: 30px;\" width=\"119\" height=\"17\">FOV36 Kamera</td>\r\n<td style=\"margin-left: 30px;\" width=\"179\">\r\n<p style=\"margin-left: 30px;\" align=\"center\">-</p>\r\n</td>\r\n<td style=\"margin-left: 30px;\">\r\n<p style=\"margin-left: 30px;\" align=\"center\">0.38mm</p>\r\n</td>\r\n</tr>\r\n<tr style=\"margin-left: 30px;\">\r\n<td style=\"margin-left: 30px;\" colspan=\"4\" width=\"620\" height=\"17\">Kart ve Transfer Parametreleri</td>\r\n</tr>\r\n<tr style=\"margin-left: 30px;\">\r\n<td style=\"margin-left: 30px;\" rowspan=\"3\" width=\"142\" height=\"51\">Kart Boyutları</td>\r\n<td style=\"margin-left: 30px;\" width=\"119\">Minimum&nbsp;&nbsp;(LxWxT)</td>\r\n<td style=\"margin-left: 30px;\" colspan=\"2\" width=\"359\">\r\n<p style=\"margin-left: 30px;\" align=\"center\">50x50x0.4mm</p>\r\n</td>\r\n</tr>\r\n<tr style=\"margin-left: 30px;\">\r\n<td style=\"margin-left: 30px;\" width=\"119\" height=\"17\">Maximum&nbsp;&nbsp;(LxWxT)</td>\r\n<td style=\"margin-left: 30px;\" colspan=\"2\" width=\"359\">\r\n<p style=\"margin-left: 30px;\" align=\"center\">410x460x5.0mm / 680x460x5.0mm Opsiyon</p>\r\n</td>\r\n</tr>\r\n<tr style=\"margin-left: 30px;\">\r\n<td style=\"margin-left: 30px;\" width=\"119\" height=\"17\">Maximum&nbsp;&nbsp;Ağırlık</td>\r\n<td style=\"margin-left: 30px;\" colspan=\"2\" width=\"359\">\r\n<p style=\"margin-left: 30px;\" align=\"center\">2kg</p>\r\n</td>\r\n</tr>\r\n<tr style=\"margin-left: 30px;\">\r\n<td style=\"margin-left: 30px;\" colspan=\"2\" width=\"261\" height=\"17\">Kart En Ayar</td>\r\n<td style=\"margin-left: 30px;\" colspan=\"2\" width=\"359\">\r\n<p style=\"margin-left: 30px;\" align=\"center\">Manüel</p>\r\n</td>\r\n</tr>\r\n<tr style=\"margin-left: 30px;\">\r\n<td style=\"margin-left: 30px;\" colspan=\"4\" width=\"620\" height=\"17\">Genel Özellikler</td>\r\n</tr>\r\n<tr style=\"margin-left: 30px;\">\r\n<td style=\"margin-left: 30px;\" colspan=\"2\" width=\"261\" height=\"17\">Kafa Sayısı</td>\r\n<td style=\"margin-left: 30px;\" width=\"179\">\r\n<p style=\"margin-left: 30px;\" align=\"center\">6 Modül + 6 Modül</p>\r\n</td>\r\n<td style=\"margin-left: 30px;\">\r\n<p style=\"margin-left: 30px;\" align=\"center\">6 Modül + 3 Hassas&nbsp;</p>\r\n</td>\r\n</tr>\r\n<tr style=\"margin-left: 30px;\">\r\n<td style=\"margin-left: 30px;\" colspan=\"2\" width=\"261\" height=\"17\">Maksimum Feeder Sayısı (8mm)</td>\r\n<td style=\"margin-left: 30px;\" colspan=\"2\">\r\n<p style=\"margin-left: 30px;\" align=\"center\">80</p>\r\n</td>\r\n</tr>\r\n<tr style=\"margin-left: 30px;\">\r\n<td style=\"margin-left: 30px;\" rowspan=\"3\" width=\"142\" height=\"51\">Feeder Tipleri</td>\r\n<td style=\"margin-left: 30px;\" width=\"119\">Makara Tip</td>\r\n<td style=\"margin-left: 30px;\" colspan=\"2\" width=\"359\">\r\n<p style=\"margin-left: 30px;\" align=\"center\">8 (2P,4P), 12, 16, 24, 32, 44, 56, 72, 88mm</p>\r\n</td>\r\n</tr>\r\n<tr style=\"margin-left: 30px;\">\r\n<td style=\"margin-left: 30px;\" width=\"119\" height=\"17\">\r\n<p style=\"margin-left: 30px;\">Tray</p>\r\n</td>\r\n<td style=\"margin-left: 30px;\" width=\"179\">\r\n<p style=\"margin-left: 30px;\" align=\"center\">-</p>\r\n</td>\r\n<td style=\"margin-left: 30px;\" width=\"180\">\r\n<p style=\"margin-left: 30px;\" align=\"center\">TF5 (20 Tray Feeder Unit)</p>\r\n</td>\r\n</tr>\r\n<tr style=\"margin-left: 30px;\">\r\n<td style=\"margin-left: 30px;\" width=\"119\" height=\"17\">Diğer</td>\r\n<td style=\"margin-left: 30px;\" colspan=\"2\" width=\"359\">\r\n<p style=\"margin-left: 30px;\" align=\"center\">Vibration Stick Feeder, Manual Tray</p>\r\n</td>\r\n</tr>\r\n<tr style=\"margin-left: 30px;\">\r\n<td style=\"margin-left: 30px;\" colspan=\"2\" width=\"261\" height=\"17\">Güç Bağlantısı</td>\r\n<td style=\"margin-left: 30px;\" colspan=\"2\" width=\"359\">\r\n<p style=\"margin-left: 30px;\" align=\"center\">3 Faz 200/208/220/230/240/380/400/415/430 Volts</p>\r\n</td>\r\n</tr>\r\n<tr style=\"margin-left: 30px;\">\r\n<td style=\"margin-left: 30px;\" colspan=\"2\" width=\"261\" height=\"17\">Güç Tüketimi</td>\r\n<td style=\"margin-left: 30px;\" colspan=\"2\" width=\"359\">\r\n<p style=\"margin-left: 30px;\" align=\"center\">~5 KVA</p>\r\n</td>\r\n</tr>\r\n<tr style=\"margin-left: 30px;\">\r\n<td style=\"margin-left: 30px;\" colspan=\"2\" width=\"261\" height=\"17\">Hava Bağlantısı</td>\r\n<td style=\"margin-left: 30px;\" colspan=\"2\" width=\"359\">\r\n<p style=\"margin-left: 30px;\" align=\"center\">0.54Mps (5.4bar)</p>\r\n</td>\r\n</tr>\r\n<tr style=\"margin-left: 30px;\">\r\n<td style=\"margin-left: 30px;\" colspan=\"2\" width=\"261\" height=\"17\">Hava Tüketimi</td>\r\n<td style=\"margin-left: 30px;\" width=\"179\">\r\n<p style=\"margin-left: 30px;\" align=\"center\">~300N?/min</p>\r\n</td>\r\n<td style=\"margin-left: 30px;\" width=\"180\">\r\n<p style=\"margin-left: 30px;\" align=\"center\">~2400N?/min</p>\r\n</td>\r\n</tr>\r\n<tr style=\"margin-left: 30px;\">\r\n<td style=\"margin-left: 30px;\" colspan=\"2\" width=\"261\" height=\"17\">Ağırlık</td>\r\n<td style=\"margin-left: 30px;\" colspan=\"2\" width=\"359\">\r\n<p style=\"margin-left: 30px;\" align=\"center\">~1550kg</p>\r\n</td>\r\n</tr>\r\n<tr style=\"margin-left: 30px;\">\r\n<td style=\"margin-left: 30px;\" colspan=\"2\" width=\"261\" height=\"17\">Makine Boyutları (WxDxH)</td>\r\n<td style=\"margin-left: 30px;\" colspan=\"2\" width=\"359\">\r\n<p style=\"margin-left: 30px;\" align=\"center\">1200x1900x1500mm</p>\r\n<p>&nbsp;</p>\r\n</td>\r\n</tr>\r\n</tbody>\r\n</table>\r\n<p>&nbsp;</p>\r\n<div style=\"text-align: left;\">&nbsp;</div>\r\n<div style=\"text-align: left; margin-left: 30px;\"><br /><hr class=\"system-pagebreak\" style=\"width: 850.40625px; word-spacing: 0px;\" title=\"Malzemeler\" />&nbsp;\r\n<ul style=\"list-style-type: square; text-align: left;\">\r\n<li style=\"list-style-type: none;\">\r\n<ul style=\"list-style-type: square;\">\r\n<li style=\"text-align: left;\">Boyut Olarak;\r\n<ul style=\"list-style-type: circle;\">\r\n<li style=\"text-align: left;\">0201 chip – 35mm kare IC (standart) veya 50mm kare IC (Vision Opsiyonu ile)</li>\r\n</ul>\r\n</li>\r\n</ul>\r\n</li>\r\n</ul>\r\n<ul style=\"list-style-type: square; text-align: left;\">\r\n<li style=\"list-style-type: none;\">\r\n<ul style=\"list-style-type: square;\">\r\n<li style=\"text-align: left;\">Malzeme paketlenmesi</li>\r\n</ul>\r\n<ul>\r\n<li style=\"list-style-type: none;\">\r\n<ul style=\"list-style-type: circle;\">\r\n<li style=\"text-align: left;\">Makara</li>\r\n<li style=\"text-align: left;\">Tüp</li>\r\n<li style=\"text-align: left;\">Dökme</li>\r\n<li style=\"text-align: left;\">Kesik</li>\r\n<li style=\"text-align: left;\">Şerit</li>\r\n<li style=\"text-align: left;\">Tepsi&nbsp;</li>\r\n</ul>\r\n</li>\r\n</ul>\r\n</li>\r\n</ul>\r\n<ul style=\"list-style-type: square; text-align: left;\">\r\n<li style=\"list-style-type: none;\">\r\n<ul style=\"list-style-type: square;\">\r\n<li style=\"text-align: left;\">Malzeme Paket Tipi</li>\r\n</ul>\r\n<ul>\r\n<li style=\"list-style-type: none;\">\r\n<ul style=\"list-style-type: circle;\">\r\n<li style=\"text-align: left;\">Chip (0201,0402,0603,…)</li>\r\n<li style=\"text-align: left;\">SOIC</li>\r\n<li style=\"text-align: left;\">PLCCQ</li>\r\n<li style=\"text-align: left;\">FPBGA,</li>\r\n<li style=\"text-align: left;\">CSP (Vision Opsiyonu ile)</li>\r\n</ul>\r\n</li>\r\n</ul>\r\n</li>\r\n</ul>\r\n</div>','MX400','','','','mx200lp-3'),(40,'Max: 77,000cph / Modular','<h2><span style=\"text-align: left;\">PANASONIC SMD  Placement Machine (Ultra High-Speed)</span></h2>\r\n<ul>\r\n<li style=\"text-align: left; margin-left: 30px;\">Maximum speed: 77,000cph</li>\r\n<li style=\"text-align: left; margin-left: 30px;\">16, 12, 8 or 3 nozzle head options</li>\r\n<li style=\"text-align: left; margin-left: 30px;\">Maximum of 750 x 550mm PCB</li>\r\n<li style=\"text-align: left; margin-left: 30px;\">0.030mm placement accuracy</li>\r\n<li style=\"text-align: left; margin-left: 30px;\">01005 ile 100x90mm range of components</li>\r\n<li style=\"text-align: left; margin-left: 30px;\">8 - 104mm feeders + Tray unit</li>\r\n<li style=\"text-align: left; margin-left: 30px;\">Superior MMI</li>\r\n<li style=\"text-align: left; margin-left: 30px;\">Modular and flexible</li>\r\n<li style=\"text-align: left; margin-left: 30px;\">Fast product switching</li>\r\n</ul>\r\n<p style=\"text-align: left; margin-left: 30px;\"> </p>\r\n<table id=\"zebra-blue\" border=\"0\" cellspacing=\"0\" cellpadding=\"0\">\r\n<tbody>\r\n<tr>\r\n<td>\r\n<p>MODEL NAME</p>\r\n</td>\r\n<td colspan=\"4\">\r\n<p style=\"text-align: center;\">NPM-W2 / NM-EJM7D</p>\r\n</td>\r\n</tr>\r\n<tr>\r\n<td>\r\n<p>Head</p>\r\n</td>\r\n<td style=\"text-align: center;\">\r\n<p>16-nozzle</p>\r\n</td>\r\n<td style=\"text-align: center;\">12-nozzle</td>\r\n<td style=\"text-align: center;\">8-nozzle</td>\r\n<td style=\"text-align: center;\">3-nozzle</td>\r\n</tr>\r\n<tr>\r\n<td>\r\n<p>PCB Dimensions</p>\r\n</td>\r\n<td style=\"text-align: center;\" colspan=\"4\">\r\n<p>50x50mm - 750 x 550mm</p>\r\n</td>\r\n</tr>\r\n<tr>\r\n<td>\r\n<p>Speed (Max)</p>\r\n</td>\r\n<td style=\"text-align: center;\">\r\n<p>77,000cph</p>\r\n</td>\r\n<td style=\"text-align: center;\">64,500cph</td>\r\n<td style=\"text-align: center;\">40,000cph</td>\r\n<td style=\"text-align: center;\">8,500cph</td>\r\n</tr>\r\n<tr>\r\n<td>\r\n<p>Speed (IPC) - Single lane</p>\r\n</td>\r\n<td style=\"text-align: center;\">\r\n<p>59,200cph</p>\r\n</td>\r\n<td style=\"text-align: center;\">49,500cph</td>\r\n<td style=\"text-align: center;\">-</td>\r\n<td style=\"text-align: center;\">-</td>\r\n</tr>\r\n<tr>\r\n<td>\r\n<p>Component Range</p>\r\n</td>\r\n<td style=\"text-align: center;\">\r\n<p>01005\" chip -</p>\r\n<p>L6xW6xT3mm</p>\r\n</td>\r\n<td style=\"text-align: center;\">\r\n<p>01005\" chip -</p>\r\n<p>L12xW12XT6.5mm </p>\r\n</td>\r\n<td style=\"text-align: center;\">\r\n<p> 01005\" chip -</p>\r\n<p>L32xW32xT12mm</p>\r\n</td>\r\n<td style=\"text-align: center;\">\r\n<p> 0201\" chip -</p>\r\n<p>L100xW90XT28mm</p>\r\n</td>\r\n</tr>\r\n<tr>\r\n<td>\r\n<p>Placement Accuracy</p>\r\n</td>\r\n<td style=\"text-align: center;\">\r\n<p>±0.040 mm</p>\r\n</td>\r\n<td style=\"text-align: center;\">\r\n<p>±0.040 mm</p>\r\n</td>\r\n<td style=\"text-align: center;\">\r\n<p> </p>\r\n<p>±0.040 mm/chip</p>\r\n<p> </p>\r\n<p>±0.030 mm/QFP</p>\r\n<p> </p>\r\n<p>±0.050 mm/QFP&lt;12mm</p>\r\n</td>\r\n<td style=\"text-align: center;\">\r\n<p>±0.030 mm</p>\r\n</td>\r\n</tr>\r\n<tr>\r\n<td>\r\n<p>Max. Feeder No</p>\r\n</td>\r\n<td style=\"text-align: center;\" colspan=\"4\">\r\n<p>120 pcs (8mm tape)   </p>\r\n</td>\r\n</tr>\r\n<tr>\r\n<td>\r\n<p>Component Supply </p>\r\n</td>\r\n<td style=\"text-align: center;\">\r\n<p>8 - 56mm feeder</p>\r\n</td>\r\n<td style=\"text-align: center;\"><span style=\"font-size: 11px;\">8 - 56mm feeder</span> </td>\r\n<td style=\"text-align: center;\">\r\n<p><span style=\"font-size: 11px;\">8 - 56mm feeder</span> </p>\r\n<p>Stick: Max 8 pcs</p>\r\n<p>Tray</p>\r\n</td>\r\n<td style=\"text-align: center;\">\r\n<p><span style=\"font-size: 11px;\">8 - 104mm feeder</span> </p>\r\n<p>Stick: Max 8 pcs</p>\r\n<p>Tray</p>\r\n</td>\r\n</tr>\r\n<tr>\r\n<td>\r\n<p>Matrix Tray</p>\r\n</td>\r\n<td style=\"text-align: center;\">\r\n<p>Single tray</p>\r\n</td>\r\n<td style=\"text-align: center;\"> </td>\r\n<td style=\"text-align: center;\"> </td>\r\n<td style=\"text-align: center;\"> </td>\r\n</tr>\r\n<tr>\r\n<td>\r\n<p>Dimensions</p>\r\n</td>\r\n<td style=\"text-align: center;\" colspan=\"4\">\r\n<p>W 1280mm x D 2332mm x H 1444mm</p>\r\n</td>\r\n</tr>\r\n<tr>\r\n<td>\r\n<p>Weight</p>\r\n</td>\r\n<td style=\"text-align: center;\" colspan=\"4\">\r\n<p>2,470kg (only body)</p>\r\n</td>\r\n</tr>\r\n</tbody>\r\n</table>\r\n<p> </p>\r\n<p style=\"text-align: left;\"> </p>','NPM-W2','','','','npm'),(63,'Max: 38,500cph / Modular','<h2><span style=\"text-align: left;\">PANASONIC SMD  Placement Machine (Ultra High-Speed)</span></h2>\r\n<ul>\r\n<li style=\"text-align: left; margin-left: 30px;\">Maximum speed: 38,500cph</li>\r\n<li style=\"text-align: left; margin-left: 30px;\">16, 12, 8 or 3 nozzle head options</li>\r\n<li style=\"text-align: left; margin-left: 30px;\">Single gantry</li>\r\n<li style=\"text-align: left; margin-left: 30px;\">Maximum of 750 x 550mm PCB</li>\r\n<li style=\"text-align: left; margin-left: 30px;\">0.030mm placement accuracy</li>\r\n<li style=\"text-align: left; margin-left: 30px;\">01005 ile 100x90mm range of components</li>\r\n<li style=\"text-align: left; margin-left: 30px;\">8 - 104mm feeders + Tray unit</li>\r\n<li style=\"text-align: left; margin-left: 30px;\">Superior MMI</li>\r\n<li style=\"text-align: left; margin-left: 30px;\">Modular and flexible</li>\r\n<li style=\"text-align: left; margin-left: 30px;\">Fast product switching</li>\r\n</ul>\r\n<p style=\"text-align: left; margin-left: 30px;\"> </p>\r\n<table id=\"zebra-blue\" border=\"0\" cellspacing=\"0\" cellpadding=\"0\">\r\n<tbody>\r\n<tr>\r\n<td>\r\n<p>MODEL NAME</p>\r\n</td>\r\n<td colspan=\"4\">\r\n<p style=\"text-align: center;\">NPM-W2S / NM-EJM5E</p>\r\n</td>\r\n</tr>\r\n<tr>\r\n<td>\r\n<p>Head</p>\r\n</td>\r\n<td style=\"text-align: center;\">\r\n<p>16-nozzle</p>\r\n</td>\r\n<td style=\"text-align: center;\">12-nozzle</td>\r\n<td style=\"text-align: center;\">8-nozzle</td>\r\n<td style=\"text-align: center;\">3-nozzle</td>\r\n</tr>\r\n<tr>\r\n<td>\r\n<p>PCB Dimensions</p>\r\n</td>\r\n<td style=\"text-align: center;\" colspan=\"4\">\r\n<p>50x50mm - 750 x 550mm</p>\r\n</td>\r\n</tr>\r\n<tr>\r\n<td>\r\n<p>Speed (Max)</p>\r\n</td>\r\n<td style=\"text-align: center;\">\r\n<p>38,500cph</p>\r\n</td>\r\n<td style=\"text-align: center;\">32,250cph</td>\r\n<td style=\"text-align: center;\">20,800cph</td>\r\n<td style=\"text-align: center;\">6,500cph</td>\r\n</tr>\r\n<tr>\r\n<td>\r\n<p>Component Range</p>\r\n</td>\r\n<td style=\"text-align: center;\">\r\n<p>03015\" chip -</p>\r\n<p>L6xW6xT3mm</p>\r\n</td>\r\n<td style=\"text-align: center;\">\r\n<p>0402\" chip -</p>\r\n<p>L12xW12XT6.5mm </p>\r\n</td>\r\n<td style=\"text-align: center;\">\r\n<p> 0402\" chip -</p>\r\n<p>L32xW32xT12mm</p>\r\n</td>\r\n<td style=\"text-align: center;\">\r\n<p> 0603\" chip -</p>\r\n<p>L150xW25XT30mm</p>\r\n</td>\r\n</tr>\r\n<tr>\r\n<td>\r\n<p>Placement Accuracy</p>\r\n</td>\r\n<td style=\"text-align: center;\">\r\n<p>±0.030 mm</p>\r\n</td>\r\n<td style=\"text-align: center;\">\r\n<p>±0.030 mm</p>\r\n</td>\r\n<td style=\"text-align: center;\">\r\n<p> </p>\r\n<p>±0.030 mm/chip</p>\r\n<p> </p>\r\n<p>±0.030 mm/QFP</p>\r\n<p> </p>\r\n<p>±0.050 mm/QFP&lt;12mm</p>\r\n</td>\r\n<td style=\"text-align: center;\">\r\n<p>±0.030 mm</p>\r\n</td>\r\n</tr>\r\n<tr>\r\n<td>\r\n<p>Max. Feeder No</p>\r\n</td>\r\n<td style=\"text-align: center;\" colspan=\"4\">\r\n<p>120 pcs (8mm tape)   </p>\r\n</td>\r\n</tr>\r\n<tr>\r\n<td>\r\n<p>Component Supply </p>\r\n</td>\r\n<td style=\"text-align: center;\">\r\n<p>8 - 56mm feeder</p>\r\n</td>\r\n<td style=\"text-align: center;\"><span style=\"font-size: 11px;\">8 - 56mm feeder</span> </td>\r\n<td style=\"text-align: center;\">\r\n<p><span style=\"font-size: 11px;\">8 - 56mm feeder</span> </p>\r\n<p>Stick: Max 8 pcs</p>\r\n<p>Tray</p>\r\n</td>\r\n<td style=\"text-align: center;\">\r\n<p><span style=\"font-size: 11px;\">8 - 104mm feeder</span> </p>\r\n<p>Stick: Max 8 pcs</p>\r\n<p>Tray</p>\r\n</td>\r\n</tr>\r\n<tr>\r\n<td>\r\n<p>Matrix Tray</p>\r\n</td>\r\n<td style=\"text-align: center;\">\r\n<p>Single tray</p>\r\n</td>\r\n<td style=\"text-align: center;\"> </td>\r\n<td style=\"text-align: center;\"> </td>\r\n<td style=\"text-align: center;\"> </td>\r\n</tr>\r\n<tr>\r\n<td>\r\n<p>Dimensions</p>\r\n</td>\r\n<td style=\"text-align: center;\" colspan=\"4\">\r\n<p>W 1280mm x D 2447mm x H 1444mm</p>\r\n</td>\r\n</tr>\r\n<tr>\r\n<td>\r\n<p>Weight</p>\r\n</td>\r\n<td style=\"text-align: center;\" colspan=\"4\">\r\n<p>2,390kg (only body)</p>\r\n</td>\r\n</tr>\r\n</tbody>\r\n</table>\r\n<p> </p>\r\n<p style=\"text-align: left;\"> </p>','NPM-W2S','','','','npm-w2s'),(41,'Manual - 508x432mm','<h2 style=\"text-align: left;\">DDM NOVASTAR - MANUAL SCREEN PRINTER</h2>\r\n<p style=\"text-align: left;\">Masa&uuml;st&uuml; man&uuml;el stencil printer</p>\r\n<ul style=\"text-align: left;\">\r\n<li>X,Y,Z ve theta ayar kontrol&uuml;</li>\r\n<li>Hizalamayı kolaylaştıran ger&ccedil;ek orta noktadan a&ccedil;ı ayarı</li>\r\n<li>G&uuml;venilir ve tekrarlanabilir sonu&ccedil;lar</li>\r\n<li>Z eksenini 4 bağımsız noktadan ayarlama</li>\r\n<li>&Ccedil;ift taraflı baskı ve FoilFrame opsiyonları</li>\r\n</ul>\r\n<p style=\"text-align: left;\">&nbsp;</p>\r\n<p>&nbsp;</p>\r\n<table border=\"0\" id=\"zebra-blue\" cellspacing=\"0\" cellpadding=\"0\">\r\n<tbody>\r\n<tr>\r\n<td>&Uuml;r&uuml;n Kodu</td>\r\n<td>SPR-20</td>\r\n</tr>\r\n<tr>\r\n<td>Doğrusal Baskı Desteği</td>\r\n<td>Yok</td>\r\n</tr>\r\n<tr>\r\n<td>Tahrikli Baskı Bı&ccedil;akları</td>\r\n<td>Yok</td>\r\n</tr>\r\n<tr>\r\n<td>&Ccedil;ift Baskı Bı&ccedil;ağı</td>\r\n<td>\r\n<p>Yok</p>\r\n</td>\r\n</tr>\r\n<tr>\r\n<td>\r\n<p>Ayarlanabilir Baskı A&ccedil;ısı</p>\r\n</td>\r\n<td>\r\n<p>Man&uuml;el</p>\r\n</td>\r\n</tr>\r\n<tr>\r\n<td>\r\n<p>Ayarlanabilir Baskı Hızı ve G&uuml;c&uuml;</p>\r\n</td>\r\n<td>\r\n<p>Man&uuml;el</p>\r\n</td>\r\n</tr>\r\n<tr>\r\n<td>\r\n<p>Otomatik &Ccedil;er&ccedil;eve Kaldırma Desteği</p>\r\n</td>\r\n<td>\r\n<p>Yok</p>\r\n</td>\r\n</tr>\r\n<tr>\r\n<td>\r\n<p>X &amp; Y Ayar Aralığı</p>\r\n</td>\r\n<td>\r\n<p>12.7mm</p>\r\n</td>\r\n</tr>\r\n<tr>\r\n<td>\r\n<p>Z Eksen Ayar Aralığı</p>\r\n</td>\r\n<td>\r\n<p>19mm</p>\r\n</td>\r\n</tr>\r\n<tr>\r\n<td>\r\n<p>A&ccedil;ı Ayar Aralığı</p>\r\n</td>\r\n<td>\r\n<p>Tek Noktadan &plusmn;3&deg;</p>\r\n</td>\r\n</tr>\r\n<tr>\r\n<td>\r\n<p>Maksimum Baskı Alanı</p>\r\n</td>\r\n<td>\r\n<p>305x380mm</p>\r\n</td>\r\n</tr>\r\n<tr>\r\n<td>\r\n<p>Maksimum &Ccedil;er&ccedil;eve Boyutu</p>\r\n</td>\r\n<td>\r\n<p>508x432mm</p>\r\n</td>\r\n</tr>\r\n<tr>\r\n<td>\r\n<p>SMTrue G&ouml;r&uuml;nt&uuml; Desteği</p>\r\n</td>\r\n<td>\r\n<p>Yok</p>\r\n</td>\r\n</tr>\r\n<tr>\r\n<td>\r\n<p>FoilFrame Opsiyonu</p>\r\n</td>\r\n<td>\r\n<p>Var</p>\r\n</td>\r\n</tr>\r\n<tr>\r\n<td>\r\n<p>&Ccedil;ift Y&uuml;zl&uuml; PCB Opsiyonu</p>\r\n</td>\r\n<td>\r\n<p>Var</p>\r\n</td>\r\n</tr>\r\n<tr>\r\n<td>\r\n<p>Metal Bı&ccedil;ak Opsiyonu</p>\r\n</td>\r\n<td>\r\n<p>Var</p>\r\n</td>\r\n</tr>\r\n<tr>\r\n<td>\r\n<p>Vakum PCB Tutucu Opsiyonu</p>\r\n</td>\r\n<td>\r\n<p>Yok</p>\r\n</td>\r\n</tr>\r\n<tr>\r\n<td>\r\n<p>G&uuml;&ccedil; Bağlantısı</p>\r\n</td>\r\n<td>\r\n<p>Yok</p>\r\n</td>\r\n</tr>\r\n<tr>\r\n<td>\r\n<p>Hava Bağlantısı</p>\r\n</td>\r\n<td>\r\n<p>Yok</p>\r\n</td>\r\n</tr>\r\n<tr>\r\n<td>\r\n<p>Ağırlık</p>\r\n</td>\r\n<td>\r\n<p>~22.7kg</p>\r\n</td>\r\n</tr>\r\n<tr>\r\n<td>\r\n<p>Boyutlar</p>\r\n</td>\r\n<td>\r\n<p>533x711x280mm</p>\r\n</td>\r\n</tr>\r\n</tbody>\r\n</table>','SPR-20','','','','spr-20'),(42,'Manual - 584x584mm','<h2 style=\"text-align: left;\">DDM NOVASTAR - MANUAL SCREEN PRINTER</h2>\r\n<p style=\"text-align: left;\">Masa&uuml;st&uuml; man&uuml;el stencil printer</p>\r\n<ul>\r\n<li style=\"text-align: left;\">Hassas X,Y,Z ve theta ayar kontrol&uuml; ile fine-pitch bask</li>\r\n<li style=\"text-align: left;\">&Ccedil;iftli baskı bı&ccedil;ağı ile rahat ve temiz kullanım</li>\r\n<li style=\"text-align: left;\">Lineer yataklı rulman ile d&uuml;zg&uuml;n baskı hareketi</li>\r\n<li style=\"text-align: left;\">584x584mm &lsquo;ye kadar &ccedil;er&ccedil;eveler i&ccedil;in boyutları ayarlanabilir</li>\r\n<li style=\"text-align: left;\">Piston destekli kolay &ccedil;er&ccedil;eve kaldırma</li>\r\n<li style=\"text-align: left;\">Poli&uuml;retan veya metal bı&ccedil;ak se&ccedil;enekleri</li>\r\n<li style=\"text-align: left;\">PCB vakum tutma, &ccedil;ift taraflı baskı ve FoilFrame opsiyonları</li>\r\n</ul>\r\n<p>&nbsp;</p>\r\n<table border=\"0\" id=\"zebra-blue\" cellspacing=\"0\" cellpadding=\"0\">\r\n<tbody>\r\n<tr>\r\n<td>&Uuml;r&uuml;n Kodu</td>\r\n<td>\r\n<p>SPR-25</p>\r\n</td>\r\n</tr>\r\n<tr>\r\n<td>\r\n<p>Doğrusal Baskı Desteği</p>\r\n</td>\r\n<td>\r\n<p>Var</p>\r\n</td>\r\n</tr>\r\n<tr>\r\n<td>\r\n<p>Tahrikli Baskı Bı&ccedil;akları</p>\r\n</td>\r\n<td>\r\n<p>Yok</p>\r\n</td>\r\n</tr>\r\n<tr>\r\n<td>\r\n<p>&Ccedil;ift Baskı Bı&ccedil;ağı</p>\r\n</td>\r\n<td>\r\n<p>Var</p>\r\n</td>\r\n</tr>\r\n<tr>\r\n<td>\r\n<p>Ayarlanabilir Baskı A&ccedil;ısı</p>\r\n</td>\r\n<td>\r\n<p>Var</p>\r\n</td>\r\n</tr>\r\n<tr>\r\n<td>\r\n<p>Ayarlanabilir Baskı Hızı ve G&uuml;c&uuml;</p>\r\n</td>\r\n<td>\r\n<p>Man&uuml;el</p>\r\n</td>\r\n</tr>\r\n<tr>\r\n<td>\r\n<p>Otomatik &Ccedil;er&ccedil;eve Kaldırma Desteği</p>\r\n</td>\r\n<td>\r\n<p>Man&uuml;el</p>\r\n</td>\r\n</tr>\r\n<tr>\r\n<td>\r\n<p>X &amp; Y Ayar Aralığı</p>\r\n</td>\r\n<td>\r\n<p>12.7mm</p>\r\n</td>\r\n</tr>\r\n<tr>\r\n<td>\r\n<p>Z Eksen Ayar Aralığı</p>\r\n</td>\r\n<td>\r\n<p>16mm</p>\r\n</td>\r\n</tr>\r\n<tr>\r\n<td>\r\n<p>A&ccedil;ı Ayar Aralığı</p>\r\n</td>\r\n<td>\r\n<p>&Ccedil;ift Noktadan &plusmn;5&deg;</p>\r\n</td>\r\n</tr>\r\n<tr>\r\n<td>\r\n<p>Maksimum Baskı Alanı</p>\r\n</td>\r\n<td>\r\n<p>406x457mm</p>\r\n</td>\r\n</tr>\r\n<tr>\r\n<td>\r\n<p>Maksimum &Ccedil;er&ccedil;eve Boyutu</p>\r\n</td>\r\n<td>\r\n<p>584x584mm</p>\r\n</td>\r\n</tr>\r\n<tr>\r\n<td>\r\n<p>SMTrue G&ouml;r&uuml;nt&uuml; Desteği</p>\r\n</td>\r\n<td>\r\n<p>Yok</p>\r\n</td>\r\n</tr>\r\n<tr>\r\n<td>\r\n<p>FoilFrame Opsiyonu</p>\r\n</td>\r\n<td>\r\n<p>Var</p>\r\n</td>\r\n</tr>\r\n<tr>\r\n<td>\r\n<p>&Ccedil;ift Y&uuml;zl&uuml; PCB Opsiyonu</p>\r\n</td>\r\n<td>\r\n<p>Var</p>\r\n</td>\r\n</tr>\r\n<tr>\r\n<td>\r\n<p>Metal Bı&ccedil;ak Opsiyonu</p>\r\n</td>\r\n<td>\r\n<p>Var</p>\r\n</td>\r\n</tr>\r\n<tr>\r\n<td>\r\n<p>Vakum PCB Tutucu Opsiyonu</p>\r\n</td>\r\n<td>\r\n<p>Yok</p>\r\n</td>\r\n</tr>\r\n<tr>\r\n<td>\r\n<p>G&uuml;&ccedil; Bağlantısı</p>\r\n</td>\r\n<td>\r\n<p>Yok</p>\r\n</td>\r\n</tr>\r\n<tr>\r\n<td>\r\n<p>Hava Bağlantısı</p>\r\n</td>\r\n<td>\r\n<p>Yok</p>\r\n</td>\r\n</tr>\r\n<tr>\r\n<td>\r\n<p>Ağırlık</p>\r\n</td>\r\n<td>\r\n<p>~53.1kg</p>\r\n</td>\r\n</tr>\r\n<tr>\r\n<td>\r\n<p>Boyutlar</p>\r\n</td>\r\n<td>\r\n<p>711x838x355mm</p>\r\n</td>\r\n</tr>\r\n</tbody>\r\n</table>','SPR-25','','','','spr-20-41'),(43,'Semi-Automatic Screen Printer','<h2 style=\"text-align: left;\">DDM NOVASTAR - SEMI-AUTOMATIC SCREEN PRINTER</h2>\r\n<p style=\"text-align: left;\">Masa&uuml;st&uuml; Yarı-Otomatik stencil printer</p>\r\n<ul>\r\n<li style=\"text-align: left;\">Ayarlanabilir pn&ouml;matik tahrikli baskı bı&ccedil;akları</li>\r\n<li style=\"text-align: left;\">Baskı a&ccedil;ısı ayarlanabilen &ccedil;iftli baskı bı&ccedil;ağı ile rahat ve temiz kullanım</li>\r\n<li style=\"text-align: left;\">Hassas X,Y,Z ve theta ayar kontrol&uuml; ile y&uuml;ksek tekrar edilebilirlik</li>\r\n<li style=\"text-align: left;\">584x584mm &lsquo;ye kadar &ccedil;er&ccedil;eveler i&ccedil;in boyutları ayarlanabilir</li>\r\n<li style=\"text-align: left;\">Piston destekli kolay &ccedil;er&ccedil;eve kaldırma</li>\r\n<li style=\"text-align: left;\">Vakum PCB tutma, &ccedil;ift taraflı baskı ve FoilFrame opsiyonları</li>\r\n</ul>\r\n<p style=\"text-align: left;\">&nbsp; <span style=\"text-decoration: underline;\"><strong>45VA i&ccedil;in</strong></span></p>\r\n<ul>\r\n<li style=\"text-align: left;\">SMTrue g&ouml;r&uuml;nt&uuml; desteği 10 kata kadar g&ouml;r&uuml;nt&uuml;y&uuml; b&uuml;y&uuml;terek PCB ve eleğin tam eşleşmesini garantiler</li>\r\n<li style=\"text-align: left;\">0.30mm (12mil) bacak aralıklı malzemeler i&ccedil;in hizalama sağlar</li>\r\n</ul>\r\n<p style=\"text-align: left;\">&nbsp;</p>\r\n<p>&nbsp;</p>\r\n<table border=\"0\" id=\"zebra-blue\" cellspacing=\"0\" cellpadding=\"0\">\r\n<tbody>\r\n<tr>\r\n<td>&Uuml;r&uuml;n Kodu</td>\r\n<td>\r\n<p>SPR-45/45VA</p>\r\n</td>\r\n</tr>\r\n<tr>\r\n<td>\r\n<p>Doğrusal Baskı Desteği</p>\r\n</td>\r\n<td>\r\n<p>Var</p>\r\n</td>\r\n</tr>\r\n<tr>\r\n<td>\r\n<p>Tahrikli Baskı Bı&ccedil;akları</p>\r\n</td>\r\n<td>\r\n<p>Var</p>\r\n</td>\r\n</tr>\r\n<tr>\r\n<td>\r\n<p>&Ccedil;ift Baskı Bı&ccedil;ağı</p>\r\n</td>\r\n<td>\r\n<p>Var</p>\r\n</td>\r\n</tr>\r\n<tr>\r\n<td>\r\n<p>Ayarlanabilir Baskı A&ccedil;ısı</p>\r\n</td>\r\n<td>\r\n<p>Var</p>\r\n</td>\r\n</tr>\r\n<tr>\r\n<td>\r\n<p>Ayarlanabilir Baskı Hızı ve G&uuml;c&uuml;</p>\r\n</td>\r\n<td>\r\n<p>Pn&ouml;matik</p>\r\n</td>\r\n</tr>\r\n<tr>\r\n<td>\r\n<p>Otomatik &Ccedil;er&ccedil;eve Kaldırma Desteği</p>\r\n</td>\r\n<td>\r\n<p>Otomatik</p>\r\n</td>\r\n</tr>\r\n<tr>\r\n<td>\r\n<p>X &amp; Y Ayar Aralığı</p>\r\n</td>\r\n<td>\r\n<p>12.7mm</p>\r\n</td>\r\n</tr>\r\n<tr>\r\n<td>\r\n<p>Z Eksen Ayar Aralığı</p>\r\n</td>\r\n<td>\r\n<p>16mm</p>\r\n</td>\r\n</tr>\r\n<tr>\r\n<td>\r\n<p>A&ccedil;ı Ayar Aralığı</p>\r\n</td>\r\n<td>\r\n<p>&Ccedil;ift Noktadan &plusmn;5&deg;</p>\r\n</td>\r\n</tr>\r\n<tr>\r\n<td>\r\n<p>Maksimum Baskı Alanı</p>\r\n</td>\r\n<td>\r\n<p>406x457mm</p>\r\n</td>\r\n</tr>\r\n<tr>\r\n<td>\r\n<p>Maksimum &Ccedil;er&ccedil;eve Boyutu</p>\r\n</td>\r\n<td>\r\n<p>584x584mm</p>\r\n</td>\r\n</tr>\r\n<tr>\r\n<td>\r\n<p>SMTrue G&ouml;r&uuml;nt&uuml; Desteği</p>\r\n</td>\r\n<td>\r\n<p>Var (SPR-45VA)</p>\r\n</td>\r\n</tr>\r\n<tr>\r\n<td>\r\n<p>FoilFrame Opsiyonu</p>\r\n</td>\r\n<td>\r\n<p>Var</p>\r\n</td>\r\n</tr>\r\n<tr>\r\n<td>\r\n<p>&Ccedil;ift Y&uuml;zl&uuml; PCB Opsiyonu</p>\r\n</td>\r\n<td>\r\n<p>Var</p>\r\n</td>\r\n</tr>\r\n<tr>\r\n<td>\r\n<p>Metal Bı&ccedil;ak Opsiyonu</p>\r\n</td>\r\n<td>\r\n<p>Var</p>\r\n</td>\r\n</tr>\r\n<tr>\r\n<td>\r\n<p>Vakum PCB Tutucu Opsiyonu</p>\r\n</td>\r\n<td>\r\n<p>Var</p>\r\n</td>\r\n</tr>\r\n<tr>\r\n<td>\r\n<p>G&uuml;&ccedil; Bağlantısı</p>\r\n</td>\r\n<td>\r\n<p>220VAC, 1A</p>\r\n</td>\r\n</tr>\r\n<tr>\r\n<td>\r\n<p>Hava Bağlantısı</p>\r\n</td>\r\n<td>\r\n<p>5 Bar</p>\r\n</td>\r\n</tr>\r\n<tr>\r\n<td>\r\n<p>Ağırlık</p>\r\n</td>\r\n<td>\r\n<p>~73kg</p>\r\n</td>\r\n</tr>\r\n<tr>\r\n<td>\r\n<p>Boyutlar</p>\r\n</td>\r\n<td>\r\n<p>762x90x406mm</p>\r\n</td>\r\n</tr>\r\n</tbody>\r\n</table>','SPR-45','','','','spr-20-41-42'),(44,'Desktop','<h2 style=\"text-align: left;\">SPARTAN 12S/12D Wave-soldering Machine</h2>\r\n<ul>\r\n<li style=\"text-align: left;\">K&uuml;&ccedil;&uuml;k bir alanda tam otomatik bilgisayar kontroll&uuml; lehimleme sistemi</li>\r\n<li style=\"text-align: left;\">M&uuml;kemmel doğruluk ve tekrar edilebilirlik sağlayan gelişmiş teknoloji</li>\r\n<li style=\"text-align: left;\">Tek veya &ccedil;ift dalga se&ccedil;ilebilir</li>\r\n<li style=\"text-align: left;\">Kurşunlu veya kurşunsuz &uuml;retime uygun se&ccedil;ilebilir</li>\r\n<li style=\"text-align: left;\">Kolay kullanım ve bakım</li>\r\n<li style=\"text-align: left;\">Nitrojen opsiyonu</li>\r\n</ul>\r\n<table border=\"0\" id=\"zebra-blue\" cellspacing=\"0\" cellpadding=\"0\">\r\n<tbody>\r\n<tr>\r\n<td>MODEL ADI</td>\r\n<td>SPARTAN 12S</td>\r\n<td>SPARTAN 12D</td>\r\n</tr>\r\n<tr>\r\n<td>Kontrol Sistemi</td>\r\n<td>Novastar Bilgisayar Sistemi</td>\r\n<td>Novastar Bilgisayar Sistemi</td>\r\n</tr>\r\n<tr>\r\n<td>Dalga Genişliği</td>\r\n<td>300mm</td>\r\n<td>300mm</td>\r\n</tr>\r\n<tr>\r\n<td>Dalga Y&uuml;ksekliği</td>\r\n<td>0-10mm</td>\r\n<td>0-10mm</td>\r\n</tr>\r\n<tr>\r\n<td>Konvey&ouml;r Hızı</td>\r\n<td>2000mm/dakika</td>\r\n<td>2000mm/dakika</td>\r\n</tr>\r\n<tr>\r\n<td>&Ouml;nısıtıcı Maks. Sıc. ve G&uuml;c&uuml;</td>\r\n<td>150&ordm;C / 6.00kW</td>\r\n<td>150&ordm;C / 6.00kW</td>\r\n</tr>\r\n<tr>\r\n<td>Lehim Pota Kapasitesi</td>\r\n<td>90kg</td>\r\n<td>170kg</td>\r\n</tr>\r\n<tr>\r\n<td>Pota Maks. Sıcaklığı</td>\r\n<td>300&ordm;C</td>\r\n<td>300&ordm;C</td>\r\n</tr>\r\n<tr>\r\n<td>Pota Maks. Sıcaklığı (Kurşunsuz)</td>\r\n<td>350&ordm;C</td>\r\n<td>350&ordm;C</td>\r\n</tr>\r\n<tr>\r\n<td>Pota Maksimum G&uuml;c&uuml;</td>\r\n<td>3.6kW</td>\r\n<td>7.2kW</td>\r\n</tr>\r\n<tr>\r\n<td>K&ouml;p&uuml;k Flux Tankı</td>\r\n<td>3 lt</td>\r\n<td>3 lt</td>\r\n</tr>\r\n<tr>\r\n<td>G&uuml;&ccedil; Kaynağı</td>\r\n<td>1 faz - 220VAC&nbsp;</td>\r\n<td>3 faz - 220VAC&nbsp;</td>\r\n</tr>\r\n</tbody>\r\n</table>','Spartan 12S/12D','','','','spartan-12s-12d'),(49,'Sn63Pb37 Solder Wire - 0.6mm','<p style=\"color: #333333; font-family: Tahoma, Helvetica, Arial, sans-serif; font-size: 12px; line-height: 15.807999610900879px; text-align: start;\"><strong>KESTER LEHİM TELİ</strong></p>\r\n<hr class=\"system-pagebreak\" title=\"Ürün Bilgisi\" />\r\n<p style=\"color: #333333; font-family: Tahoma, Helvetica, Arial, sans-serif; font-size: 12px; line-height: 15.807999610900879px; text-align: start;\">&nbsp;</p>\r\n<p style=\"color: #333333; font-family: Tahoma, Helvetica, Arial, sans-serif; font-size: 12px; line-height: 15.807999610900879px; text-align: start;\">\"Cored Wire\" ın mucidi olan KESTER, mükemmel flux förmülleri ve kullanığı saf alaşımlarla dünyanın en büyük üreticilerindendir. Uzun yıllara dayanan tecrübesi ve her üretime uygun flux ve alaşım çeşitleriyle tüm ihtiyaçlarınıza uygun çözümler sunar.</p>\r\n<p style=\"color: #333333; font-family: Tahoma, Helvetica, Arial, sans-serif; font-size: 12px; line-height: 15.807999610900879px; text-align: start;\">&nbsp;&nbsp;&nbsp;&nbsp;&nbsp;&nbsp;&nbsp;&nbsp;&nbsp;&nbsp;&nbsp;&nbsp;&nbsp;&nbsp;&nbsp;&nbsp;&nbsp;&nbsp;<img src=\"images/kester/kester_tel_formul.png\" alt=\"\" border=\"0\" /></p>\r\n<p style=\"color: #333333; font-family: Tahoma, Helvetica, Arial, sans-serif; font-size: 12px; line-height: 15.807999610900879px; text-align: start;\">&nbsp;&nbsp;<img style=\"color: #333333; font-family: Tahoma, Helvetica, Arial, sans-serif; font-size: 12px; line-height: 15.807999610900879px; text-align: start;\" src=\"images/kester/kester_tel.jpg\" alt=\"\" border=\"0\" /></p>\r\n<hr class=\"system-pagebreak\" title=\"Tel Çapları\" />\r\n<p style=\"color: #333333; font-family: Tahoma, Helvetica, Arial, sans-serif; font-size: 12px; line-height: 15.807999610900879px; text-align: start;\">&nbsp;</p>\r\n<p style=\"color: #333333; font-family: Tahoma, Helvetica, Arial, sans-serif; font-size: 12px; line-height: 15.807999610900879px; text-align: start;\">&nbsp;&nbsp;&nbsp;&nbsp;&nbsp;&nbsp;&nbsp;&nbsp;&nbsp;<strong>Standart Tel Çapları &nbsp; &nbsp; &nbsp; &nbsp; &nbsp; &nbsp; &nbsp; &nbsp; &nbsp; &nbsp; &nbsp; &nbsp; &nbsp; &nbsp; &nbsp; &nbsp; &nbsp; &nbsp; &nbsp; &nbsp; &nbsp; &nbsp; &nbsp;&nbsp;</strong></p>\r\n<p style=\"color: #333333; font-family: Tahoma, Helvetica, Arial, sans-serif; font-size: 12px; line-height: 15.807999610900879px; text-align: start;\">&nbsp;&nbsp;&nbsp;&nbsp;&nbsp;<img src=\"images/kester/kester_wire%20diameter.png\" alt=\"\" border=\"0\" />&nbsp;&nbsp;&nbsp;&nbsp;&nbsp;&nbsp;&nbsp;&nbsp;&nbsp;&nbsp;&nbsp;&nbsp;&nbsp;&nbsp;&nbsp;&nbsp;&nbsp;&nbsp;&nbsp;&nbsp;&nbsp;&nbsp;&nbsp;&nbsp;&nbsp;&nbsp;</p>\r\n<hr class=\"system-pagebreak\" title=\"Flux Oranları\" />\r\n<p style=\"color: #333333; font-family: Tahoma, Helvetica, Arial, sans-serif; font-size: 12px; line-height: 15.807999610900879px; text-align: start;\">&nbsp;</p>\r\n<p style=\"color: #333333; font-family: Tahoma, Helvetica, Arial, sans-serif; font-size: 12px; line-height: 15.807999610900879px; text-align: start;\">&nbsp;</p>\r\n<p style=\"color: #333333; font-family: Tahoma, Helvetica, Arial, sans-serif; font-size: 12px; line-height: 15.807999610900879px; text-align: start; margin-left: 30px;\"><strong style=\"color: #333333; font-family: Tahoma, Helvetica, Arial, sans-serif; font-size: 12px; line-height: 15.807999610900879px; text-align: start;\">Standart&nbsp;Flux Dolgu Boyutları</strong></p>\r\n<p style=\"color: #333333; font-family: Tahoma, Helvetica, Arial, sans-serif; font-size: 12px; line-height: 15.807999610900879px; text-align: start;\">&nbsp;&nbsp;&nbsp;&nbsp;<img src=\"images/kester/Kester_Standart%20core%20sizes.png\" alt=\"\" width=\"254\" height=\"160\" border=\"0\" /></p>\r\n<p style=\"color: #333333; font-family: Tahoma, Helvetica, Arial, sans-serif; font-size: 12px; line-height: 15.807999610900879px; text-align: start;\">&nbsp;</p>','245-Sn63Pb37-0.6mm','','','','245-sn63pb37-0.6mm'),(48,'Sn63Pb37 Solder Wire - 0.4mm','<p style=\"color: #333333; font-family: Tahoma, Helvetica, Arial, sans-serif; font-size: 12px; line-height: 15.807999610900879px; text-align: start;\"><strong>KESTER LEHİM TELİ</strong></p>\r\n<hr class=\"system-pagebreak\" title=\"Ürün Bilgisi\" />\r\n<p style=\"color: #333333; font-family: Tahoma, Helvetica, Arial, sans-serif; font-size: 12px; line-height: 15.807999610900879px; text-align: start;\">&nbsp;</p>\r\n<p style=\"color: #333333; font-family: Tahoma, Helvetica, Arial, sans-serif; font-size: 12px; line-height: 15.807999610900879px; text-align: start;\">\"Cored Wire\" ın mucidi olan KESTER, mükemmel flux förmülleri ve kullanığı saf alaşımlarla dünyanın en büyük üreticilerindendir. Uzun yıllara dayanan tecrübesi ve her üretime uygun flux ve alaşım çeşitleriyle tüm ihtiyaçlarınıza uygun çözümler sunar.</p>\r\n<p style=\"color: #333333; font-family: Tahoma, Helvetica, Arial, sans-serif; font-size: 12px; line-height: 15.807999610900879px; text-align: start;\">&nbsp;&nbsp;&nbsp;&nbsp;&nbsp;&nbsp;&nbsp;&nbsp;&nbsp;&nbsp;&nbsp;&nbsp;&nbsp;&nbsp;&nbsp;&nbsp;&nbsp;&nbsp;<img src=\"images/kester/kester_tel_formul.png\" alt=\"\" border=\"0\" /></p>\r\n<p style=\"color: #333333; font-family: Tahoma, Helvetica, Arial, sans-serif; font-size: 12px; line-height: 15.807999610900879px; text-align: start;\">&nbsp;&nbsp;<img style=\"color: #333333; font-family: Tahoma, Helvetica, Arial, sans-serif; font-size: 12px; line-height: 15.807999610900879px; text-align: start;\" src=\"images/kester/kester_tel.jpg\" alt=\"\" border=\"0\" /></p>\r\n<hr class=\"system-pagebreak\" title=\"Tel Çapları\" />\r\n<p style=\"color: #333333; font-family: Tahoma, Helvetica, Arial, sans-serif; font-size: 12px; line-height: 15.807999610900879px; text-align: start;\">&nbsp;</p>\r\n<p style=\"color: #333333; font-family: Tahoma, Helvetica, Arial, sans-serif; font-size: 12px; line-height: 15.807999610900879px; text-align: start;\">&nbsp;&nbsp;&nbsp;&nbsp;&nbsp;&nbsp;&nbsp;&nbsp;&nbsp;<strong>Standart Tel Çapları &nbsp; &nbsp; &nbsp; &nbsp; &nbsp; &nbsp; &nbsp; &nbsp; &nbsp; &nbsp; &nbsp; &nbsp; &nbsp; &nbsp; &nbsp; &nbsp; &nbsp; &nbsp; &nbsp; &nbsp; &nbsp; &nbsp; &nbsp;&nbsp;</strong></p>\r\n<p style=\"color: #333333; font-family: Tahoma, Helvetica, Arial, sans-serif; font-size: 12px; line-height: 15.807999610900879px; text-align: start;\">&nbsp;&nbsp;&nbsp;&nbsp;&nbsp;<img src=\"images/kester/kester_wire%20diameter.png\" alt=\"\" border=\"0\" />&nbsp;&nbsp;&nbsp;&nbsp;&nbsp;&nbsp;&nbsp;&nbsp;&nbsp;&nbsp;&nbsp;&nbsp;&nbsp;&nbsp;&nbsp;&nbsp;&nbsp;&nbsp;&nbsp;&nbsp;&nbsp;&nbsp;&nbsp;&nbsp;&nbsp;&nbsp;</p>\r\n<hr class=\"system-pagebreak\" title=\"Flux Oranları\" />\r\n<p style=\"color: #333333; font-family: Tahoma, Helvetica, Arial, sans-serif; font-size: 12px; line-height: 15.807999610900879px; text-align: start;\">&nbsp;</p>\r\n<p style=\"color: #333333; font-family: Tahoma, Helvetica, Arial, sans-serif; font-size: 12px; line-height: 15.807999610900879px; text-align: start;\">&nbsp;</p>\r\n<p style=\"color: #333333; font-family: Tahoma, Helvetica, Arial, sans-serif; font-size: 12px; line-height: 15.807999610900879px; text-align: start; margin-left: 30px;\"><strong style=\"color: #333333; font-family: Tahoma, Helvetica, Arial, sans-serif; font-size: 12px; line-height: 15.807999610900879px; text-align: start;\">Standart&nbsp;Flux Dolgu Boyutları</strong></p>\r\n<p style=\"color: #333333; font-family: Tahoma, Helvetica, Arial, sans-serif; font-size: 12px; line-height: 15.807999610900879px; text-align: start;\">&nbsp;&nbsp;&nbsp;&nbsp;<img src=\"images/kester/Kester_Standart%20core%20sizes.png\" alt=\"\" width=\"254\" height=\"160\" border=\"0\" /></p>\r\n<p style=\"color: #333333; font-family: Tahoma, Helvetica, Arial, sans-serif; font-size: 12px; line-height: 15.807999610900879px; text-align: start;\">&nbsp;</p>','245-Sn63Pb37-0.4mm','','','','245-sn63pb37-0.4mm-29'),(50,'Leadfree Solder Wire - 1mm','<p style=\"color: #333333; font-family: Tahoma, Helvetica, Arial, sans-serif; font-size: 12px; line-height: 15.807999610900879px; text-align: start;\"><strong>KESTER LEHİM TELİ</strong></p>\r\n<hr class=\"system-pagebreak\" title=\"Ürün Bilgisi\" />\r\n<p style=\"color: #333333; font-family: Tahoma, Helvetica, Arial, sans-serif; font-size: 12px; line-height: 15.807999610900879px; text-align: start;\">&nbsp;</p>\r\n<p style=\"color: #333333; font-family: Tahoma, Helvetica, Arial, sans-serif; font-size: 12px; line-height: 15.807999610900879px; text-align: start;\">\"Cored Wire\" ın mucidi olan KESTER, mükemmel flux förmülleri ve kullanığı saf alaşımlarla dünyanın en büyük üreticilerindendir. Uzun yıllara dayanan tecrübesi ve her üretime uygun flux ve alaşım çeşitleriyle tüm ihtiyaçlarınıza uygun çözümler sunar.</p>\r\n<p style=\"color: #333333; font-family: Tahoma, Helvetica, Arial, sans-serif; font-size: 12px; line-height: 15.807999610900879px; text-align: start;\">&nbsp;&nbsp;&nbsp;&nbsp;&nbsp;&nbsp;&nbsp;&nbsp;&nbsp;&nbsp;&nbsp;&nbsp;&nbsp;&nbsp;&nbsp;&nbsp;&nbsp;&nbsp;<img src=\"images/kester/kester_tel_formul.png\" alt=\"\" border=\"0\" /></p>\r\n<p style=\"color: #333333; font-family: Tahoma, Helvetica, Arial, sans-serif; font-size: 12px; line-height: 15.807999610900879px; text-align: start;\">&nbsp;&nbsp;<img style=\"color: #333333; font-family: Tahoma, Helvetica, Arial, sans-serif; font-size: 12px; line-height: 15.807999610900879px; text-align: start;\" src=\"images/kester/kester_tel.jpg\" alt=\"\" border=\"0\" /></p>\r\n<hr class=\"system-pagebreak\" title=\"Tel Çapları\" />\r\n<p style=\"color: #333333; font-family: Tahoma, Helvetica, Arial, sans-serif; font-size: 12px; line-height: 15.807999610900879px; text-align: start;\">&nbsp;</p>\r\n<p style=\"color: #333333; font-family: Tahoma, Helvetica, Arial, sans-serif; font-size: 12px; line-height: 15.807999610900879px; text-align: start;\">&nbsp;&nbsp;&nbsp;&nbsp;&nbsp;&nbsp;&nbsp;&nbsp;&nbsp;<strong>Standart Tel Çapları &nbsp; &nbsp; &nbsp; &nbsp; &nbsp; &nbsp; &nbsp; &nbsp; &nbsp; &nbsp; &nbsp; &nbsp; &nbsp; &nbsp; &nbsp; &nbsp; &nbsp; &nbsp; &nbsp; &nbsp; &nbsp; &nbsp; &nbsp;&nbsp;</strong></p>\r\n<p style=\"color: #333333; font-family: Tahoma, Helvetica, Arial, sans-serif; font-size: 12px; line-height: 15.807999610900879px; text-align: start;\">&nbsp;&nbsp;&nbsp;&nbsp;&nbsp;<img src=\"images/kester/kester_wire%20diameter.png\" alt=\"\" border=\"0\" />&nbsp;&nbsp;&nbsp;&nbsp;&nbsp;&nbsp;&nbsp;&nbsp;&nbsp;&nbsp;&nbsp;&nbsp;&nbsp;&nbsp;&nbsp;&nbsp;&nbsp;&nbsp;&nbsp;&nbsp;&nbsp;&nbsp;&nbsp;&nbsp;&nbsp;&nbsp;</p>\r\n<hr class=\"system-pagebreak\" title=\"Flux Oranları\" />\r\n<p style=\"color: #333333; font-family: Tahoma, Helvetica, Arial, sans-serif; font-size: 12px; line-height: 15.807999610900879px; text-align: start;\">&nbsp;</p>\r\n<p style=\"color: #333333; font-family: Tahoma, Helvetica, Arial, sans-serif; font-size: 12px; line-height: 15.807999610900879px; text-align: start;\">&nbsp;</p>\r\n<p style=\"color: #333333; font-family: Tahoma, Helvetica, Arial, sans-serif; font-size: 12px; line-height: 15.807999610900879px; text-align: start; margin-left: 30px;\"><strong style=\"color: #333333; font-family: Tahoma, Helvetica, Arial, sans-serif; font-size: 12px; line-height: 15.807999610900879px; text-align: start;\">Standart&nbsp;Flux Dolgu Boyutları</strong></p>\r\n<p style=\"color: #333333; font-family: Tahoma, Helvetica, Arial, sans-serif; font-size: 12px; line-height: 15.807999610900879px; text-align: start;\">&nbsp;&nbsp;&nbsp;&nbsp;<img src=\"images/kester/Kester_Standart%20core%20sizes.png\" alt=\"\" width=\"254\" height=\"160\" border=\"0\" /></p>\r\n<p style=\"color: #333333; font-family: Tahoma, Helvetica, Arial, sans-serif; font-size: 12px; line-height: 15.807999610900879px; text-align: start;\">&nbsp;</p>','275-K100-1mm','','','','275-k100-1mm'),(51,'Economical CNC machine\r\n750x750mm dimensions','<h2>Eko Series CNC</h2>\r\n<ul>\r\n<li style=\"text-align: left;\">Model: 3S-CNC-01-750x750</li>\r\n<li style=\"text-align: left;\">Dimensions: 750x750mm</li>\r\n<li style=\"text-align: left;\">Working are: 550x520x122mm</li>\r\n<li style=\"text-align: left;\">No. of axes: 4 (X,Y1,Y2,Z)</li>\r\n<li style=\"text-align: left;\">Spindle: 1.5kW 220VAC Hava-Soğutmalı (24,000 rpm)</li>\r\n<li style=\"text-align: left;\">Inverter: PI kontrol, RS485, Mono-faze veya Trifaze</li>\r\n<li style=\"text-align: left;\">PC: Raspberry</li>\r\n<li style=\"text-align: left;\">Operating System: Linux</li>\r\n<li style=\"text-align: left;\">Monitor: 17\" LCD Ekran</li>\r\n<li style=\"text-align: left;\">Keyboard, mouse: included</li>\r\n<li style=\"text-align: left;\">Origin: Turkey</li>\r\n<li style=\"text-align: left;\">Manufacturer: 3S Technologies</li>\r\n</ul>\r\n<p style=\"text-align: left;\">&nbsp;</p>\r\n<h2>Applications</h2>\r\n<ul>\r\n<li style=\"text-align: left;\">Prototype PCB&nbsp; (tek taraflı / &ccedil;ift taraflı)</li>\r\n<li style=\"text-align: left;\">Wood processing</li>\r\n<li style=\"text-align: left;\">Polycarbon / Acrylic cutting</li>\r\n<li style=\"text-align: left;\">Aluminum processing / drilling</li>\r\n</ul>\r\n<p style=\"text-align: left;\">&nbsp;</p>\r\n<p>&nbsp;</p>\r\n<table border=\"0\" style=\"border-collapse: collapse;\" cellspacing=\"0\" cellpadding=\"0\"><colgroup><col span=\"6\" /> </colgroup>\r\n<tbody>\r\n<tr style=\"line-height: 200%; background-color: #d22060; color: #ffffff;\">\r\n<td style=\"text-align: center;\">&nbsp; Model&nbsp; &nbsp;&nbsp;</td>\r\n<td style=\"text-align: center;\">&nbsp; X-Width&nbsp;</td>\r\n<td style=\"text-align: center;\">&nbsp; X-Working Area&nbsp;</td>\r\n<td style=\"text-align: center;\">&nbsp; Y-Width&nbsp;&nbsp;</td>\r\n<td style=\"text-align: center;\">&nbsp; Y-Working Area&nbsp; &nbsp;</td>\r\n<td style=\"text-align: center;\">&nbsp; Z-Working Height&nbsp;&nbsp;</td>\r\n</tr>\r\n<tr style=\"line-height: 150%;\">\r\n<td style=\"text-align: center;\">750x750</td>\r\n<td style=\"text-align: center;\">750mm</td>\r\n<td style=\"text-align: center;\">550mm</td>\r\n<td style=\"text-align: center;\">750mm</td>\r\n<td style=\"text-align: center;\">520mm</td>\r\n<td style=\"text-align: center;\">122mm</td>\r\n</tr>\r\n<tr style=\"line-height: 150%; background-color: #d07193; color: #ffffff;\">\r\n<td style=\"text-align: center;\">1000x1000</td>\r\n<td style=\"text-align: center;\">1000mm</td>\r\n<td style=\"text-align: center;\">800mm</td>\r\n<td style=\"text-align: center;\">1000mm</td>\r\n<td style=\"text-align: center;\">770mm</td>\r\n<td style=\"text-align: center;\">122mm</td>\r\n</tr>\r\n<tr>\r\n<td style=\"text-align: center;\">1500x1500</td>\r\n<td style=\"text-align: center;\">1500mm</td>\r\n<td style=\"text-align: center;\">1300mm</td>\r\n<td style=\"text-align: center;\">1500mm</td>\r\n<td style=\"text-align: center;\">1270mm</td>\r\n<td style=\"text-align: center;\">122mm</td>\r\n</tr>\r\n</tbody>\r\n</table>\r\n<p style=\"text-align: left;\">&nbsp;</p>\r\n<p>&nbsp;</p>','3S-CNC-01-750x750','','','','3s-cnc-01-750x750'),(52,'Economical CNC machine\r\n750x750mm dimensions','<h2>Eko Series CNC</h2>\r\n<ul>\r\n<li style=\"text-align: left;\">Model: 3S-CNC-01-750x750</li>\r\n<li style=\"text-align: left;\">Dimensions: 750x750mm</li>\r\n<li style=\"text-align: left;\">Working are: 550x520x122mm</li>\r\n<li style=\"text-align: left;\">No. of axes: 4 (X,Y1,Y2,Z)</li>\r\n<li style=\"text-align: left;\">Spindle: 1.5kW 220VAC Hava-Soğutmalı (24,000 rpm)</li>\r\n<li style=\"text-align: left;\">Inverter: PI kontrol, RS485, Mono-faze veya Trifaze</li>\r\n<li style=\"text-align: left;\">PC: Raspberry</li>\r\n<li style=\"text-align: left;\">Operating System: Linux</li>\r\n<li style=\"text-align: left;\">Monitor: 17\" LCD Ekran</li>\r\n<li style=\"text-align: left;\">Keyboard, mouse: included</li>\r\n<li style=\"text-align: left;\">Origin: Turkey</li>\r\n<li style=\"text-align: left;\">Manufacturer: 3S Technologies</li>\r\n</ul>\r\n<p style=\"text-align: left;\">&nbsp;</p>\r\n<h2>Applications</h2>\r\n<ul>\r\n<li style=\"text-align: left;\">Prototype PCB&nbsp; (tek taraflı / &ccedil;ift taraflı)</li>\r\n<li style=\"text-align: left;\">Wood processing</li>\r\n<li style=\"text-align: left;\">Polycarbon / Acrylic cutting</li>\r\n<li style=\"text-align: left;\">Aluminum processing / drilling</li>\r\n</ul>\r\n<p style=\"text-align: left;\">&nbsp;</p>\r\n<p>&nbsp;</p>\r\n<table border=\"0\" style=\"border-collapse: collapse;\" cellspacing=\"0\" cellpadding=\"0\"><colgroup><col span=\"6\" /> </colgroup>\r\n<tbody>\r\n<tr style=\"line-height: 200%; background-color: #d22060; color: #ffffff;\">\r\n<td style=\"text-align: center;\">&nbsp; Model&nbsp; &nbsp;&nbsp;</td>\r\n<td style=\"text-align: center;\">&nbsp; X-Width&nbsp;</td>\r\n<td style=\"text-align: center;\">&nbsp; X-Working Area&nbsp;</td>\r\n<td style=\"text-align: center;\">&nbsp; Y-Width&nbsp;&nbsp;</td>\r\n<td style=\"text-align: center;\">&nbsp; Y-Working Area&nbsp; &nbsp;</td>\r\n<td style=\"text-align: center;\">&nbsp; Z-Working Height&nbsp;&nbsp;</td>\r\n</tr>\r\n<tr style=\"line-height: 150%;\">\r\n<td style=\"text-align: center;\">750x750</td>\r\n<td style=\"text-align: center;\">750mm</td>\r\n<td style=\"text-align: center;\">550mm</td>\r\n<td style=\"text-align: center;\">750mm</td>\r\n<td style=\"text-align: center;\">520mm</td>\r\n<td style=\"text-align: center;\">122mm</td>\r\n</tr>\r\n<tr style=\"line-height: 150%; background-color: #d07193; color: #ffffff;\">\r\n<td style=\"text-align: center;\">1000x1000</td>\r\n<td style=\"text-align: center;\">1000mm</td>\r\n<td style=\"text-align: center;\">800mm</td>\r\n<td style=\"text-align: center;\">1000mm</td>\r\n<td style=\"text-align: center;\">770mm</td>\r\n<td style=\"text-align: center;\">122mm</td>\r\n</tr>\r\n<tr>\r\n<td style=\"text-align: center;\">1500x1500</td>\r\n<td style=\"text-align: center;\">1500mm</td>\r\n<td style=\"text-align: center;\">1300mm</td>\r\n<td style=\"text-align: center;\">1500mm</td>\r\n<td style=\"text-align: center;\">1270mm</td>\r\n<td style=\"text-align: center;\">122mm</td>\r\n</tr>\r\n</tbody>\r\n</table>\r\n<p style=\"text-align: left;\">&nbsp;</p>\r\n<p>&nbsp;</p>','3S-CNC-01-1500x1500','','','','3s-cnc-01-1500x1500'),(53,'Laser Marking Machine','<h2 style=\"text-align: left;\">Panasonic Laser Marking Machine</h2>\r\n<ul style=\"font-family: Tahoma, Helvetica, Arial, sans-serif; text-align: start;\">\r\n<li style=\"text-align: left;\">\r\n<p>Lazer Markalama Makinesi</p>\r\n</li>\r\n<li style=\"text-align: left;\">\r\n<p>Y&uuml;ksek Hızlı (3000 mm/s)</p>\r\n</li>\r\n<li style=\"text-align: left;\">\r\n<p>Full otomatik ve inline</p>\r\n</li>\r\n<li style=\"text-align: left;\">\r\n<p>Min. 0.1 x 0.1mm karakter boyutu</p>\r\n</li>\r\n<li style=\"text-align: left;\">\r\n<p>2D barkod basma kabiliyeti</p>\r\n</li>\r\n</ul>\r\n<p style=\"text-align: left;\">&nbsp;</p>\r\n<table id=\"zebra-blue\" style=\"margin-left: 30px; border: 0px solid #00b8ff; border-color: 000000; border-width: 0px;\" cellspacing=\"0\" cellpadding=\"0\">\r\n<tbody>\r\n<tr>\r\n<td style=\"margin-left: 30px;\">\r\n<div><span>PCB Dimensions</span></div>\r\n</td>\r\n<td>\r\n<div>L 50mm xW50mm - L510mm x W460mm</div>\r\n</td>\r\n</tr>\r\n<tr>\r\n<td>\r\n<div>PCB Weight</div>\r\n</td>\r\n<td>\r\n<div>Max. 3 kg</div>\r\n</td>\r\n</tr>\r\n<tr>\r\n<td>\r\n<div>PCB Thickness</div>\r\n</td>\r\n<td>\r\n<div><span>0..3 - 8mm</span></div>\r\n</td>\r\n</tr>\r\n<tr>\r\n<td>\r\n<div>PCB Exchange Time</div>\r\n</td>\r\n<td>\r\n<div>Max. 4 sn</div>\r\n</td>\r\n</tr>\r\n<tr>\r\n<td>\r\n<div>Weight</div>\r\n</td>\r\n<td>\r\n<div>540 kg (Main body), 31kg (Fume extractor)</div>\r\n</td>\r\n</tr>\r\n<tr>\r\n<td>\r\n<div><span>Dimensions</span></div>\r\n</td>\r\n<td>\r\n<div><span>W912mm x D1772mm x H1487mm (fume extractor@rear)&nbsp; &nbsp; &nbsp;</span></div>\r\n<div><span>W1422mm x D1545mm x H1487 (fume extractor@side)</span></div>\r\n</td>\r\n</tr>\r\n<tr>\r\n<td>&nbsp;</td>\r\n<td>&nbsp;</td>\r\n</tr>\r\n<tr>\r\n<td>\r\n<div><span>Marking Field</span></div>\r\n</td>\r\n<td>\r\n<div><span>55mm x 55mm</span></div>\r\n</td>\r\n</tr>\r\n<tr>\r\n<td>\r\n<div><span>Character Width / Height</span></div>\r\n</td>\r\n<td>\r\n<div>&lt;span\"&gt;0.1mm - 55m2</div>\r\n</td>\r\n</tr>\r\n<tr>\r\n<td>\r\n<div><span>Min. Cell Size</span></div>\r\n</td>\r\n<td>\r\n<div><span>Min. 0.1mm x 0.1mm</span></div>\r\n</td>\r\n</tr>\r\n<tr>\r\n<td>\r\n<div><span>Marking Speed</span></div>\r\n</td>\r\n<td>\r\n<div><span>Max. 3000mm/s</span></div>\r\n</td>\r\n</tr>\r\n<tr>\r\n<td>\r\n<div><span>Character Type</span></div>\r\n</td>\r\n<td>\r\n<div><span>English alphabet &amp; numerals</span></div>\r\n</td>\r\n</tr>\r\n<tr>\r\n<td>\r\n<div><span>Barcode Types</span></div>\r\n</td>\r\n<td>\r\n<div><span>CODE39, CODE128, ITF, NW-7, JAN (EAN) / UPC</span></div>\r\n</td>\r\n</tr>\r\n<tr>\r\n<td>\r\n<div><span>2D barcode Types</span></div>\r\n</td>\r\n<td>\r\n<div><span>QR Code, Micro QR Code, iQR Code, Data Matrix, GS1 Data Matrix</span></div>\r\n</td>\r\n</tr>\r\n</tbody>\r\n</table>','LPS-C','','','','lps-c'),(56,'Screen Printer - Automatic','<h2>Panasonic SPG Automatic Screen Printer</h2>\r\n<p>&nbsp;</p>\r\n<ul style=\"font-family: Tahoma, Helvetica, Arial, sans-serif; text-align: start;\">\r\n<li>\r\n<p class=\"O\" style=\"text-align: left;\"><span>Uni-Floating baskı metodu ile kartın eğikliğinden bağımsız m&uuml;kemmel dolgu performansı</span></p>\r\n</li>\r\n</ul>\r\n<ul>\r\n<li style=\"text-align: left;\">\r\n<p><span style=\"position: absolute; left: -53.1719px;\">?</span><span>Hafif temizlik y&ouml;ntemi ile a&ccedil;ıklıklardaki flux kurumaz ve kararlı miktarda lehim ge&ccedil;işi&nbsp;sağlanır</span></p>\r\n</li>\r\n<li style=\"text-align: left;\">\r\n<p class=\"O\"><span style=\"font-size: 6px;\"><span style=\"position: absolute; left: -53.1719px;\">?</span></span><span>Gelişmiş bı&ccedil;ak yapısı lehimin baskı alanı dışına &ccedil;ıkmasını engeller ve lehim israfını &ouml;nler</span></p>\r\n</li>\r\n<li>\r\n<p class=\"O\" style=\"text-align: left;\"><span style=\"font-size: 6px;\"><span style=\"position: absolute; left: -53.1719px;\">?</span></span><span>Geniş baskı veritabanı ile baskı parametreleri otomatik ayarlanır</span></p>\r\n</li>\r\n</ul>\r\n<p>&nbsp;&nbsp;</p>\r\n<p style=\"text-align: left;\">&nbsp;</p>\r\n<table border=\"0\" id=\"zebra-blue\" style=\"font-family: Tahoma, Helvetica, Arial, sans-serif; width: 463px; border-collapse: collapse; margin-left: 30px;\" cellspacing=\"0\" cellpadding=\"0\">\r\n<tbody style=\"margin-left: 30px;\">\r\n<tr style=\"height: 17.25pt; margin-left: 30px;\">\r\n<td style=\"margin-left: 30px;\" width=\"128\" height=\"23\">MODEL ADI</td>\r\n<td style=\"margin-left: 30px;\" width=\"335\">SPG</td>\r\n</tr>\r\n<tr style=\"height: 14.25pt; margin-left: 30px;\">\r\n<td style=\"margin-left: 30px;\" width=\"128\" height=\"19\">Model No</td>\r\n<td style=\"margin-left: 30px;\" width=\"335\">NM-EJP6A</td>\r\n</tr>\r\n<tr style=\"height: 14.25pt; margin-left: 30px;\">\r\n<td style=\"margin-left: 30px;\" width=\"128\" height=\"19\">PCB Boyutları</td>\r\n<td style=\"margin-left: 30px;\" width=\"335\">L 50mm x W 50mm -&nbsp; L 510mm x W 460mm</td>\r\n</tr>\r\n<tr style=\"height: 14.25pt; margin-left: 30px;\">\r\n<td style=\"margin-left: 30px;\" width=\"128\" height=\"19\">D&ouml;ng&uuml; Zamanı</td>\r\n<td style=\"margin-left: 30px;\" width=\"335\">6.5 sn + Baskı S&uuml;resi</td>\r\n</tr>\r\n<tr style=\"height: 14.25pt; margin-left: 30px;\">\r\n<td style=\"margin-left: 30px;\" width=\"128\" height=\"19\">Hassasiyet</td>\r\n<td style=\"margin-left: 30px;\" width=\"335\">&plusmn;12.5 &micro;m</td>\r\n</tr>\r\n<tr style=\"height: 14.25pt; margin-left: 30px;\">\r\n<td style=\"margin-left: 30px;\" width=\"128\" height=\"19\">&Ccedil;er&ccedil;eve Boyutları</td>\r\n<td style=\"margin-left: 30px;\" width=\"335\">L 736 x W 736, L 650 x W 550 (Dikey Durumda)</td>\r\n</tr>\r\n<tr style=\"height: 14.25pt; margin-left: 30px;\">\r\n<td style=\"margin-left: 30px;\" width=\"128\" height=\"19\">G&uuml;&ccedil; Kaynağı</td>\r\n<td style=\"margin-left: 30px;\" width=\"335\">1 faz AC 200 V&nbsp; 1.4 kVA</td>\r\n</tr>\r\n<tr style=\"height: 14.25pt; margin-left: 30px;\">\r\n<td style=\"margin-left: 30px;\" width=\"128\" height=\"19\">Hava Kaynağı</td>\r\n<td style=\"margin-left: 30px;\" width=\"335\">0,5 MPa, 30 L/min (A.N.R)</td>\r\n</tr>\r\n<tr style=\"height: 14.25pt; margin-left: 30px;\">\r\n<td style=\"margin-left: 30px;\" width=\"128\" height=\"19\">Boyutlar</td>\r\n<td style=\"margin-left: 30px;\" width=\"335\">W 1580 mm x D 1800mm x H 1500mm</td>\r\n</tr>\r\n<tr style=\"height: 14.25pt; margin-left: 30px;\">\r\n<td style=\"margin-left: 30px;\" width=\"128\" height=\"19\">Ağırlık</td>\r\n<td style=\"margin-left: 30px;\" width=\"335\">1500kg</td>\r\n</tr>\r\n</tbody>\r\n</table>','SPG','','','','spg'),(55,'NPM-VF Odd-Form Inserter','<h2>NPM-VF ODD-FORM INSERTION MACHINE</h2>\r\n<p> </p>\r\n<p> </p>\r\n<table id=\"zebra-blue\">\r\n<tbody>\r\n<tr>\r\n<td>PCB dimensions </td>\r\n<td><span style=\"text-align: start;\">L50mm x W50mm - L510mm x W460mm</span> </td>\r\n</tr>\r\n<tr>\r\n<td>Max. PCB mass</td>\r\n<td>Upto 3kg </td>\r\n</tr>\r\n<tr>\r\n<td>PCB thickness </td>\r\n<td>0.3 - 8mm </td>\r\n</tr>\r\n<tr>\r\n<td>PCB Flow</td>\r\n<td>Left =&gt; Right / Left &lt;= Right </td>\r\n</tr>\r\n<tr>\r\n<td>Insertion direction </td>\r\n<td>360 (+/- 180) degrees </td>\r\n</tr>\r\n<tr>\r\n<td>Insertion push force </td>\r\n<td>Upto 100N </td>\r\n</tr>\r\n<tr>\r\n<td>PCB Exchange time </td>\r\n<td>4.5s </td>\r\n</tr>\r\n<tr>\r\n<td>Applicable components </td>\r\n<td>\r\n<p>Max. dimensions: L130mm x W35mm x H60mm / L150mm x W38mm x H29mm</p>\r\n<p>Max. component mass: 200g </p>\r\n</td>\r\n</tr>\r\n<tr>\r\n<td>3-stations head</td>\r\n<td>\r\n<p>Tact: Max. 0.65s / component</p>\r\n<p>Body chuck + Nozzle + Nozzle</p>\r\n<p>Body chuck + Nozzle + Swing nozzle</p>\r\n<p>Body chuck + Nozzle + Lead chuck</p>\r\n<p>Body chuck + Swing nozzle + Lead chuck</p>\r\n</td>\r\n</tr>\r\n<tr>\r\n<td>2-station head</td>\r\n<td>\r\n<p>Tact: Max. 0.9s / component</p>\r\n<p>Body chuck + Body chuck</p>\r\n</td>\r\n</tr>\r\n<tr>\r\n<td> </td>\r\n<td> </td>\r\n</tr>\r\n<tr>\r\n<td>Stick</td>\r\n<td>\r\n<p>S =&gt; Max. component dim: W20 x L80 xH20mm / Max. stick width: 24mm /</p>\r\n<p>         Max. component mass of 2kg in total</p>\r\n<p>L =&gt; Max. component dim: W60 x L80 x H45mm / Max. stick width: 64mm /</p>\r\n<p>        Max. component mass of 2kg in total</p>\r\n</td>\r\n</tr>\r\n<tr>\r\n<td>Radial Tape</td>\r\n<td>Max. body dimension: Radius = 20mm &amp; H30mm / Lead pitch: 2.5 / 5.0 / 7.5 / 10.0mm </td>\r\n</tr>\r\n<tr>\r\n<td>Tray</td>\r\n<td>Max. tray dimension: L230 xW335 x D69mm / Max. pallets per feeder: 20 / Max. mass: 20kg </td>\r\n</tr>\r\n<tr>\r\n<td>Bulk</td>\r\n<td>Customized specs </td>\r\n</tr>\r\n<tr>\r\n<td>Machine Configuration</td>\r\n<td>\r\n<p>Front: 30-slots</p>\r\n<p>Rear: 30-slot fixed supply</p>\r\n<p> </p>\r\n</td>\r\n</tr>\r\n<tr>\r\n<td> </td>\r\n<td> </td>\r\n</tr>\r\n<tr>\r\n<td> </td>\r\n<td> </td>\r\n</tr>\r\n</tbody>\r\n</table>','NPM-VF','','','','npm-vf'),(45,'Masaüstü','<h2>SPARTAN 8S/8D&nbsp;Masa &Uuml;st&uuml;&nbsp;Dalga Lehimleme&nbsp;Makinesi</h2>\r\n<ul text-align: start;\">\r\n<li>K&uuml;&ccedil;&uuml;k bir alanda tam otomatik bilgisayar kontroll&uuml; lehimleme sistemi</li>\r\n<li>M&uuml;kemmel doğruluk ve tekrar edilebilirlik sağlayan gelişmiş teknoloji</li>\r\n<li>Tek veya &ccedil;ift dalga se&ccedil;ilebilir</li>\r\n<li>Kurşunlu veya kurşunsuz &uuml;retime uygun se&ccedil;ilebilir</li>\r\n<li>Kolay kullanım ve bakım</li>\r\n<li>Nitrojen opsiyonu</li>\r\n</ul>\r\n<p><span ></span></p>\r\n<table border=\"0\" id=\"zebra-blue\" cellspacing=\"0\" cellpadding=\"0\">\r\n<tbody>\r\n<tr>\r\n<td >MODEL ADI</td>\r\n<td >SPARTAN 8S</td>\r\n<td>SPARTAN 8D</td>\r\n</tr>\r\n<tr>\r\n<td>Kontrol Sistemi</td>\r\n<td >Novastar Bilgisayar Sistemi</td>\r\n<td>Novastar Bilgisayar Sistemi</td>\r\n</tr>\r\n<tr>\r\n<td>Dalga Genişliği</td>\r\n<td >203mm</td>\r\n<td>203mm</td>\r\n</tr>\r\n<tr>\r\n<td >Dalga Y&uuml;ksekliği</td>\r\n<td >0-10mm</td>\r\n<td >0-10mm</td>\r\n</tr>\r\n<tr>\r\n<td >Konvey&ouml;r Hızı</td>\r\n<td>2000mm/dakika</td>\r\n<td>2000mm/dakika</td>\r\n</tr>\r\n<tr>\r\n<td>&Ouml;nısıtıcı Maks. Sıc. ve G&uuml;c&uuml;</td>\r\n<td>150&ordm;C / 3.75kW</td>\r\n<td>150&ordm;C / 3.75kW</td>\r\n</tr>\r\n<tr>\r\n<td >Lehim Pota Kapasitesi</td>\r\n<td >57kg</td>\r\n<td >136kg</td>\r\n</tr>\r\n<tr>\r\n<td >Pota Maks. Sıcaklığı</td>\r\n<td>300&ordm;C</td>\r\n<td >300&ordm;C</td>\r\n</tr>\r\n<tr>\r\n<td >Pota Maks. Sıcaklığı (Kurşunsuz)</td>\r\n<td >350&ordm;C</td>\r\n<td >350&ordm;C</td>\r\n</tr>\r\n<tr>\r\n<td>Pota Maksimum G&uuml;c&uuml;</td>\r\n<td >2.5kW</td>\r\n<td >3.2kW</td>\r\n</tr>\r\n<tr>\r\n<td>K&ouml;p&uuml;k Flux Tankı</td>\r\n<td >2 lt</td>\r\n<td >2 lt</td>\r\n</tr>\r\n<tr>\r\n<td >G&uuml;&ccedil; Kaynağı</td>\r\n<td>1 Faz 220VAC&nbsp;</td>\r\n<td >1 Faz 220VAC&nbsp;</td>\r\n</tr>\r\n</tbody>\r\n</table>','Spartan 8S/8D','','','','spartan-8s-8d-44'),(61,'Max. 92,000cph / Modular / Dual gantry / Single-lane or dual-lane','<h2><span style=\"text-align: left;\">PANASONIC SMD  Placement Machine (Ultra High-Speed)</span></h2>\r\n<ul>\r\n<li style=\"text-align: left; margin-left: 30px;\">Maximum speed: 92,000cph</li>\r\n<li style=\"text-align: left; margin-left: 30px;\">16, 12 or 2 nozzle head options</li>\r\n<li style=\"text-align: left; margin-left: 30px;\">Dual gantry</li>\r\n<li style=\"text-align: left; margin-left: 30px;\">Single-lane or double-lane modes</li>\r\n<li style=\"text-align: left; margin-left: 30px;\">Maximum of 510 x 590mm PCB</li>\r\n<li style=\"text-align: left; margin-left: 30px;\">0.030mm placement accuracy</li>\r\n<li style=\"text-align: left; margin-left: 30px;\">01005 ile 100x90mm range of components</li>\r\n<li style=\"text-align: left; margin-left: 30px;\">8 - 104mm feeders + Tray unit</li>\r\n<li style=\"text-align: left; margin-left: 30px;\">Superior MMI</li>\r\n<li style=\"text-align: left; margin-left: 30px;\">Modular and flexible</li>\r\n<li style=\"text-align: left; margin-left: 30px;\">Fast product switching</li>\r\n</ul>\r\n<p style=\"text-align: left; margin-left: 30px;\"> </p>\r\n<table id=\"zebra-blue\" border=\"0\" cellspacing=\"0\" cellpadding=\"0\">\r\n<tbody>\r\n<tr>\r\n<td>\r\n<p>MODEL NAME</p>\r\n</td>\r\n<td colspan=\"3\">\r\n<p style=\"text-align: center;\">NPM-D3A / NM-EJM6E</p>\r\n</td>\r\n</tr>\r\n<tr>\r\n<td>\r\n<p>Head</p>\r\n</td>\r\n<td style=\"text-align: center;\">\r\n<p>16-nozzle</p>\r\n</td>\r\n<td style=\"text-align: center;\">8-nozzle</td>\r\n<td style=\"text-align: center;\">2-nozzle</td>\r\n</tr>\r\n<tr>\r\n<td>\r\n<p>PCB Dimensions</p>\r\n</td>\r\n<td style=\"text-align: center;\" colspan=\"3\">\r\n<p>50x50mm - 510 x 590mm</p>\r\n</td>\r\n</tr>\r\n<tr>\r\n<td>\r\n<p>Speed (Max)</p>\r\n</td>\r\n<td style=\"text-align: center;\">\r\n<p>92,000cph</p>\r\n</td>\r\n<td style=\"text-align: center;\">43,000cph</td>\r\n<td style=\"text-align: center;\">8,500cph</td>\r\n</tr>\r\n<tr>\r\n<td>\r\n<p>Component Range</p>\r\n</td>\r\n<td style=\"text-align: center;\">\r\n<p>03015\" chip -</p>\r\n<p>L6xW6xT3mm</p>\r\n</td>\r\n<td style=\"text-align: center;\">\r\n<p>0402\" chip -</p>\r\n<p>L32xW32XT12mm </p>\r\n</td>\r\n<td style=\"text-align: center;\">\r\n<p> 0603\" chip -</p>\r\n<p>L100xW90XT28mm</p>\r\n</td>\r\n</tr>\r\n<tr>\r\n<td>\r\n<p>Placement Accuracy</p>\r\n</td>\r\n<td style=\"text-align: center;\">\r\n<p>±0.037 mm</p>\r\n</td>\r\n<td style=\"text-align: center;\">\r\n<p>±0.030 mm</p>\r\n</td>\r\n<td style=\"text-align: center;\">\r\n<p>±0.030 mm</p>\r\n</td>\r\n</tr>\r\n<tr>\r\n<td>\r\n<p>Max. Feeder No</p>\r\n</td>\r\n<td style=\"text-align: center;\" colspan=\"3\">\r\n<p>68 pcs (8mm tape)   </p>\r\n</td>\r\n</tr>\r\n<tr>\r\n<td>\r\n<p>Component Supply </p>\r\n</td>\r\n<td style=\"text-align: center;\">\r\n<p>8 - 56mm feeder</p>\r\n</td>\r\n<td style=\"text-align: center;\"><span style=\"font-size: 11px;\">8 - 56mm feeder</span> </td>\r\n<td style=\"text-align: center;\">\r\n<p><span style=\"font-size: 11px;\">8 - 104mm feeder</span> </p>\r\n<p>Stick: Max 8 pcs</p>\r\n<p>Tray</p>\r\n</td>\r\n</tr>\r\n<tr>\r\n<td>\r\n<p>Matrix Tray</p>\r\n</td>\r\n<td style=\"text-align: center;\">\r\n<p>Single tray</p>\r\n</td>\r\n<td style=\"text-align: center;\"> </td>\r\n<td style=\"text-align: center;\"> </td>\r\n</tr>\r\n<tr>\r\n<td>\r\n<p>Dimensions</p>\r\n</td>\r\n<td style=\"text-align: center;\" colspan=\"3\">\r\n<p>W 832mm x D 2448mm x H 1444mm</p>\r\n</td>\r\n</tr>\r\n<tr>\r\n<td>\r\n<p>Weight</p>\r\n</td>\r\n<td style=\"text-align: center;\" colspan=\"3\">\r\n<p>1,680kg (only body)</p>\r\n</td>\r\n</tr>\r\n</tbody>\r\n</table>\r\n<p> </p>\r\n<p style=\"text-align: left;\"> </p>','NPM-D3A','','','','npm-d3a-1'),(66,'Radial Insertion','<h2 style=\"color: #333333; font-family: Tahoma, Helvetica, Arial, sans-serif; line-height: 15.807999610900879px; text-align: start;\">Panasonic High-Speed Radial Insertion Machine (High-density insertion)</h2>\r\n<p style=\"text-align: left;\"> </p>\r\n<table border=\"0\">\r\n<tbody>\r\n<tr>\r\n<td style=\"font-size: 10px;\"><img src=\"images/panasonic/pana_rh2sb.gif\" alt=\"\" border=\"0\" /> </td>\r\n<td style=\"font-size: 10px;\">\r\n<ul>\r\n<li><strong>0.25 s/component insertion</strong></li>\r\n<li><strong>2.5/5.0/7.5/10 mm pitch component insertion</strong></li>\r\n<li><strong>High-density insertion with the use of guide pins</strong></li>\r\n<li><strong>4 direction insertion (0, 90, -90, 180 degrees)</strong></li>\r\n<li><strong>Component exhaust warning enables non-stop operation</strong></li>\r\n<li><strong>%100 placement with automatic recovery function</strong></li>\r\n<li><strong>LCD touch screen</strong></li>\r\n</ul>\r\n</td>\r\n</tr>\r\n</tbody>\r\n</table>\r\n<p>  </p>\r\n<table id=\"zebra-blue\" style=\"font-family: Tahoma, Helvetica, Arial, sans-serif; margin: auto 4.8pt; border: 1pt outset;\" border=\"1\" cellpadding=\"0\" align=\"center\">\r\n<tbody>\r\n<tr>\r\n<td style=\"font-size: 10px; padding: 0cm 5.4pt; border: 1pt inset #ece9d8; background-color: transparent;\"><strong><span style=\"font-family: Arial; color: #655d5b; font-size: 9pt;\"><span style=\"color: #333333;\">MODEL ADI</span></span></strong></td>\r\n<td style=\"font-size: 10px; padding: 0cm 5.4pt; border: 1pt inset #ece9d8; background-color: transparent;\">\r\n<p style=\"text-align: center; line-height: 14.25pt; margin: 0cm 0cm 0pt;\" align=\"center\"><strong><span style=\"font-family: Arial; color: #655d5b; font-size: 9pt;\"><span style=\"color: #333333;\">RG131</span></span></strong></p>\r\n</td>\r\n</tr>\r\n<tr>\r\n<td style=\"font-size: 10px; padding: 0cm 5.4pt; border: 1pt inset #ece9d8; background-color: transparent;\"><strong><span style=\"font-family: Arial; color: #655d5b; font-size: 9pt;\"><span style=\"color: #333333;\">Model No</span></span></strong></td>\r\n<td style=\"font-size: 10px; padding: 0cm 5.4pt; border: 1pt inset #ece9d8; background-color: transparent;\">\r\n<p style=\"text-align: center; line-height: 14.25pt; margin: 0cm 0cm 0pt;\" align=\"center\"><strong><span style=\"font-family: Arial; color: #655d5b; font-size: 9pt;\"><span style=\"color: #333333;\">NM-EJR3A   -   NM-EJR4A</span></span></strong></p>\r\n</td>\r\n</tr>\r\n<tr>\r\n<td style=\"font-size: 10px; padding: 0cm 5.4pt; border: 1pt inset #ece9d8; background-color: transparent;\"><strong><span style=\"font-family: Arial; color: #655d5b; font-size: 9pt;\"><span style=\"color: #333333;\">PCB Dimensions</span></span></strong></td>\r\n<td style=\"font-size: 10px; padding: 0cm 5.4pt; border: 1pt inset #ece9d8; background-color: transparent;\"><span style=\"font-family: Arial; color: #655d5b; font-size: 9pt;\"><span style=\"color: #333333;\">L 50mm x W 50mm -  L 508mm x W 381mm</span></span></td>\r\n</tr>\r\n<tr>\r\n<td style=\"font-size: 10px; padding: 0cm 5.4pt; border: 1pt inset #ece9d8; background-color: transparent;\"><strong><span style=\"font-family: Arial; color: #655d5b; font-size: 9pt;\"><span style=\"color: #333333;\">Max. speed</span></span></strong></td>\r\n<td style=\"font-size: 10px; padding: 0cm 5.4pt; border: 1pt inset #ece9d8; background-color: transparent;\"><span style=\"font-family: Arial; color: #655d5b; font-size: 9pt;\"><span style=\"color: #333333;\">0,25 s / piece (14,400 CPH)</span></span></td>\r\n</tr>\r\n<tr>\r\n<td style=\"font-size: 10px; padding: 0cm 5.4pt; border: 1pt inset #ece9d8; background-color: transparent;\"><strong><span style=\"font-family: Arial; color: #655d5b; font-size: 9pt;\"><span style=\"color: #333333;\">No. of component inputs</span></span></strong></td>\r\n<td style=\"font-size: 10px; padding: 0cm 5.4pt; border: 1pt inset #ece9d8; background-color: transparent;\"><span style=\"font-family: Arial; color: #655d5b; font-size: 9pt;\"><span style=\"color: #333333;\">NM-EJR3A =&gt; 40 / NM-EJR4&gt; =&gt; 80 feeders</span></span></td>\r\n</tr>\r\n<tr>\r\n<td style=\"font-size: 10px; padding: 0cm 5.4pt; border: 1pt inset #ece9d8; background-color: transparent;\"><strong><span style=\"font-family: Arial; color: #655d5b; font-size: 9pt;\"><span style=\"color: #333333;\">Range of components</span></span></strong></td>\r\n<td style=\"font-size: 10px; padding: 0cm 5.4pt; border: 1pt inset #ece9d8; background-color: transparent;\"><span style=\"font-family: Arial; color: #655d5b; font-size: 9pt;\"><span style=\"color: #333333;\">Resistors, Electrolytic capacitors, Ceramic capacitors, LEDs, Transistors, Filters, Resistor networks, JIS C0805 (1989) ?Electronic Component Taping?, standard components</span></span></td>\r\n</tr>\r\n<tr>\r\n<td style=\"font-size: 10px; padding: 0cm 5.4pt; border: 1pt inset #ece9d8; background-color: transparent;\"><strong><span style=\"font-family: Arial; color: #655d5b; font-size: 9pt;\"><span style=\"color: #333333;\">PCB Exchange Time</span></span></strong></td>\r\n<td style=\"font-size: 10px; padding: 0cm 5.4pt; border: 1pt inset #ece9d8; background-color: transparent;\"><span style=\"font-family: Arial; color: #655d5b; font-size: 9pt;\"><span style=\"color: #333333;\">Approx. 2.0 s</span></span></td>\r\n</tr>\r\n<tr>\r\n<td style=\"font-size: 10px; padding: 0cm 5.4pt; border: 1pt inset #ece9d8; background-color: transparent;\"><strong><span style=\"font-family: Arial; color: #655d5b; font-size: 9pt;\"><span style=\"color: #333333;\">Placement directions</span></span></strong></td>\r\n<td style=\"font-size: 10px; padding: 0cm 5.4pt; border: 1pt inset #ece9d8; background-color: transparent;\"><span style=\"font-family: Arial; color: #655d5b; font-size: 9pt;\"><span style=\"color: #333333;\"><span style=\"font-size: 10pt;\">0°, 90°, -90°, 180°</span></span></span></td>\r\n</tr>\r\n<tr>\r\n<td style=\"font-size: 10px; padding: 0cm 5.4pt; border: 1pt inset #ece9d8; background-color: transparent;\"><span style=\"font-family: Arial;\"><span style=\"font-size: 12px;\"><b>Electrical source</b></span></span></td>\r\n<td style=\"font-size: 10px; padding: 0cm 5.4pt; border: 1pt inset #ece9d8; background-color: transparent;\"><span style=\"font-family: Arial; color: #655d5b; font-size: 9pt;\"><span style=\"color: #333333;\">3 faz AC 200 V 5 kVA</span></span></td>\r\n</tr>\r\n<tr>\r\n<td style=\"font-size: 10px; padding: 0cm 5.4pt; border: 1pt inset #ece9d8; background-color: transparent;\"><span style=\"font-family: Arial;\"><span style=\"font-size: 12px;\"><b>Pneumatic</b></span></span></td>\r\n<td style=\"font-size: 10px; padding: 0cm 5.4pt; border: 1pt inset #ece9d8; background-color: transparent;\"><span style=\"font-family: Arial; color: #655d5b; font-size: 9pt;\"><span style=\"color: #333333;\">0,5 MPa, 80 L/min (A.N.R)</span></span></td>\r\n</tr>\r\n<tr>\r\n<td style=\"font-size: 10px; padding: 0cm 5.4pt; border: 1pt inset #ece9d8; background-color: transparent;\"><span style=\"font-family: Arial;\"><span style=\"font-size: 12px;\"><b>Dimensions</b></span></span></td>\r\n<td style=\"font-size: 10px; padding: 0cm 5.4pt; border: 1pt inset #ece9d8; background-color: transparent;\"><span style=\"font-family: Arial; color: #655d5b; font-size: 9pt;\"><span style=\"color: #333333;\">W 3200 mm x D 2417mm x H 1575mm</span></span></td>\r\n</tr>\r\n<tr>\r\n<td style=\"font-size: 10px; padding: 0cm 5.4pt; border: 1pt inset #ece9d8; background-color: transparent;\"><span style=\"font-family: Arial;\"><span style=\"font-size: 12px;\"><b>Mass</b></span></span></td>\r\n<td style=\"font-size: 10px; padding: 0cm 5.4pt; border: 1pt inset #ece9d8; background-color: transparent;\"><span style=\"font-family: Arial; color: #655d5b; font-size: 9pt;\"><span style=\"color: #333333;\">2,250kg</span></span></td>\r\n</tr>\r\n</tbody>\r\n</table>\r\n<p style=\"text-align: left;\"> </p>\r\n<p> </p>','RG131','','','','rg131');
